74.7.227.39 - - [19/Aug/2026:13:18:48 -0600] "GET /?path=/home4/fazzewmy/public_html/lteacademy/wp-content HTTP/1.1" 200 57426 "https://mail.dentstardentalclinic.com/?path=/home4/fazzewmy/public_html/lteacademy" "Mozilla/5.0 AppleWebKit/537.36 (KHTML, like Gecko; compatible; GPTBot/1.4; +https://openai.com/gptbot)" mail.dentstardentalclinic.com 10.36.254.103
74.7.227.39 - - [19/Aug/2026:13:18:48 -0600] "GET /?path=/home4/fazzewmy/public_html/lteacademy/wp-content HTTP/2.0" 200 57426 "https://mail.dentstardentalclinic.com/?path=/home4/fazzewmy/public_html/lteacademy" "Mozilla/5.0 AppleWebKit/537.36 (KHTML, like Gecko; compatible; GPTBot/1.4; +https://openai.com/gptbot)" mail.dentstardentalclinic.com 10.36.254.103
74.7.243.214 - - [19/Aug/2026:13:18:49 -0600] "GET /?filesrc=//sys/class/net/lo/subsystem/lo/subsystem/eth0/statistics/rx_frame_errors&path=//sys/class/net/lo/subsystem/lo/subsystem/eth0/statistics HTTP/1.1" 200 1126 "https://www.dentstardentalclinic.com/?path=//sys/class/net/lo/subsystem/lo/subsystem/eth0/statistics" "Mozilla/5.0 AppleWebKit/537.36 (KHTML, like Gecko; compatible; GPTBot/1.4; +https://openai.com/gptbot)" www.dentstardentalclinic.com 10.36.254.103
74.7.243.214 - - [19/Aug/2026:13:18:49 -0600] "GET /?filesrc=//sys/class/net/lo/subsystem/lo/subsystem/eth0/statistics/rx_frame_errors&path=//sys/class/net/lo/subsystem/lo/subsystem/eth0/statistics HTTP/2.0" 200 1126 "https://www.dentstardentalclinic.com/?path=//sys/class/net/lo/subsystem/lo/subsystem/eth0/statistics" "Mozilla/5.0 AppleWebKit/537.36 (KHTML, like Gecko; compatible; GPTBot/1.4; +https://openai.com/gptbot)" www.dentstardentalclinic.com 10.36.254.103
74.7.227.39 - - [19/Aug/2026:13:18:49 -0600] "GET /?path=/home4/fazzewmy/public_html/faceandfollicle/cgi-bin/.well-known HTTP/1.1" 200 54924 "https://mail.dentstardentalclinic.com/?path=/home4/fazzewmy/public_html/faceandfollicle/cgi-bin" "Mozilla/5.0 AppleWebKit/537.36 (KHTML, like Gecko; compatible; GPTBot/1.4; +https://openai.com/gptbot)" mail.dentstardentalclinic.com 10.36.254.103
74.7.227.39 - - [19/Aug/2026:13:18:49 -0600] "GET /?path=/home4/fazzewmy/public_html/faceandfollicle/cgi-bin/.well-known HTTP/2.0" 200 54924 "https://mail.dentstardentalclinic.com/?path=/home4/fazzewmy/public_html/faceandfollicle/cgi-bin" "Mozilla/5.0 AppleWebKit/537.36 (KHTML, like Gecko; compatible; GPTBot/1.4; +https://openai.com/gptbot)" mail.dentstardentalclinic.com 10.36.254.103
74.7.243.214 - - [19/Aug/2026:13:18:50 -0600] "GET /?filesrc=//sys/class/net/lo/subsystem/lo/subsystem/eth0/statistics/tx_aborted_errors&path=//sys/class/net/lo/subsystem/lo/subsystem/eth0/statistics HTTP/1.1" 200 1128 "https://www.dentstardentalclinic.com/?path=//sys/class/net/lo/subsystem/lo/subsystem/eth0/statistics" "Mozilla/5.0 AppleWebKit/537.36 (KHTML, like Gecko; compatible; GPTBot/1.4; +https://openai.com/gptbot)" www.dentstardentalclinic.com 10.36.254.103
74.7.243.214 - - [19/Aug/2026:13:18:50 -0600] "GET /?filesrc=//sys/class/net/lo/subsystem/lo/subsystem/eth0/statistics/tx_aborted_errors&path=//sys/class/net/lo/subsystem/lo/subsystem/eth0/statistics HTTP/2.0" 200 1128 "https://www.dentstardentalclinic.com/?path=//sys/class/net/lo/subsystem/lo/subsystem/eth0/statistics" "Mozilla/5.0 AppleWebKit/537.36 (KHTML, like Gecko; compatible; GPTBot/1.4; +https://openai.com/gptbot)" www.dentstardentalclinic.com 10.36.254.103
74.7.227.39 - - [19/Aug/2026:13:18:50 -0600] "GET /?path=/home4/fazzewmy/public_html/faceandfollicle/cgi-bin/.trash7309 HTTP/1.1" 200 54950 "https://mail.dentstardentalclinic.com/?path=/home4/fazzewmy/public_html/faceandfollicle/cgi-bin" "Mozilla/5.0 AppleWebKit/537.36 (KHTML, like Gecko; compatible; GPTBot/1.4; +https://openai.com/gptbot)" mail.dentstardentalclinic.com 10.36.254.103
74.7.227.39 - - [19/Aug/2026:13:18:50 -0600] "GET /?path=/home4/fazzewmy/public_html/faceandfollicle/cgi-bin/.trash7309 HTTP/2.0" 200 54950 "https://mail.dentstardentalclinic.com/?path=/home4/fazzewmy/public_html/faceandfollicle/cgi-bin" "Mozilla/5.0 AppleWebKit/537.36 (KHTML, like Gecko; compatible; GPTBot/1.4; +https://openai.com/gptbot)" mail.dentstardentalclinic.com 10.36.254.103
74.7.243.214 - - [19/Aug/2026:13:18:51 -0600] "GET /?go=cabs&path=//sys/class/net/lo/subsystem/eth0/subsystem/lo/statistics HTTP/1.1" 200 5473 "https://www.dentstardentalclinic.com/?path=//sys/class/net/lo/subsystem/eth0/subsystem/lo/statistics" "Mozilla/5.0 AppleWebKit/537.36 (KHTML, like Gecko; compatible; GPTBot/1.4; +https://openai.com/gptbot)" www.dentstardentalclinic.com 10.36.254.103
74.7.243.214 - - [19/Aug/2026:13:18:51 -0600] "GET /?go=cabs&path=//sys/class/net/lo/subsystem/eth0/subsystem/lo/statistics HTTP/2.0" 200 5473 "https://www.dentstardentalclinic.com/?path=//sys/class/net/lo/subsystem/eth0/subsystem/lo/statistics" "Mozilla/5.0 AppleWebKit/537.36 (KHTML, like Gecko; compatible; GPTBot/1.4; +https://openai.com/gptbot)" www.dentstardentalclinic.com 10.36.254.103
74.7.227.39 - - [19/Aug/2026:13:18:52 -0600] "GET /?go=cabs&path=//home2 HTTP/1.1" 200 54559 "https://mail.dentstardentalclinic.com/?path=//home2" "Mozilla/5.0 AppleWebKit/537.36 (KHTML, like Gecko; compatible; GPTBot/1.4; +https://openai.com/gptbot)" mail.dentstardentalclinic.com 10.36.254.103
74.7.227.39 - - [19/Aug/2026:13:18:52 -0600] "GET /?go=cabs&path=//home2 HTTP/2.0" 200 54559 "https://mail.dentstardentalclinic.com/?path=//home2" "Mozilla/5.0 AppleWebKit/537.36 (KHTML, like Gecko; compatible; GPTBot/1.4; +https://openai.com/gptbot)" mail.dentstardentalclinic.com 10.36.254.103
74.7.243.214 - - [19/Aug/2026:13:18:52 -0600] "GET /?go=cabs&path=//sys/class/net/lo/subsystem/lo/subsystem/eth0/statistics HTTP/1.1" 200 5468 "https://www.dentstardentalclinic.com/?path=//sys/class/net/lo/subsystem/lo/subsystem/eth0/statistics" "Mozilla/5.0 AppleWebKit/537.36 (KHTML, like Gecko; compatible; GPTBot/1.4; +https://openai.com/gptbot)" www.dentstardentalclinic.com 10.36.254.103
74.7.243.214 - - [19/Aug/2026:13:18:52 -0600] "GET /?go=cabs&path=//sys/class/net/lo/subsystem/lo/subsystem/eth0/statistics HTTP/2.0" 200 5468 "https://www.dentstardentalclinic.com/?path=//sys/class/net/lo/subsystem/lo/subsystem/eth0/statistics" "Mozilla/5.0 AppleWebKit/537.36 (KHTML, like Gecko; compatible; GPTBot/1.4; +https://openai.com/gptbot)" www.dentstardentalclinic.com 10.36.254.103
74.7.227.39 - - [19/Aug/2026:13:18:52 -0600] "GET /?path=/home4/fazzewmy/public_html/ashrayadiagnostics/.well-known HTTP/1.1" 200 55318 "https://mail.dentstardentalclinic.com/?path=/home4/fazzewmy/public_html/ashrayadiagnostics" "Mozilla/5.0 AppleWebKit/537.36 (KHTML, like Gecko; compatible; GPTBot/1.4; +https://openai.com/gptbot)" mail.dentstardentalclinic.com 10.36.254.103
74.7.227.39 - - [19/Aug/2026:13:18:52 -0600] "GET /?path=/home4/fazzewmy/public_html/ashrayadiagnostics/.well-known HTTP/2.0" 200 55318 "https://mail.dentstardentalclinic.com/?path=/home4/fazzewmy/public_html/ashrayadiagnostics" "Mozilla/5.0 AppleWebKit/537.36 (KHTML, like Gecko; compatible; GPTBot/1.4; +https://openai.com/gptbot)" mail.dentstardentalclinic.com 10.36.254.103
74.7.243.214 - - [19/Aug/2026:13:18:53 -0600] "GET /?go=cabs&path=//sys/class/net/lo/subsystem/lo/subsystem/eth0/subsystem HTTP/1.1" 200 1484 "https://www.dentstardentalclinic.com/?path=//sys/class/net/lo/subsystem/lo/subsystem/eth0/subsystem" "Mozilla/5.0 AppleWebKit/537.36 (KHTML, like Gecko; compatible; GPTBot/1.4; +https://openai.com/gptbot)" www.dentstardentalclinic.com 10.36.254.103
74.7.243.214 - - [19/Aug/2026:13:18:53 -0600] "GET /?go=cabs&path=//sys/class/net/lo/subsystem/lo/subsystem/eth0/subsystem HTTP/2.0" 200 1484 "https://www.dentstardentalclinic.com/?path=//sys/class/net/lo/subsystem/lo/subsystem/eth0/subsystem" "Mozilla/5.0 AppleWebKit/537.36 (KHTML, like Gecko; compatible; GPTBot/1.4; +https://openai.com/gptbot)" www.dentstardentalclinic.com 10.36.254.103
74.7.243.214 - - [19/Aug/2026:13:18:54 -0600] "GET /?filesrc=//sys/class/net/lo/subsystem/eth0/subsystem/lo/statistics/rx_bytes&path=//sys/class/net/lo/subsystem/eth0/subsystem/lo/statistics HTTP/1.1" 200 1137 "https://www.dentstardentalclinic.com/?path=//sys/class/net/lo/subsystem/eth0/subsystem/lo/statistics" "Mozilla/5.0 AppleWebKit/537.36 (KHTML, like Gecko; compatible; GPTBot/1.4; +https://openai.com/gptbot)" www.dentstardentalclinic.com 10.36.254.103
74.7.243.214 - - [19/Aug/2026:13:18:54 -0600] "GET /?filesrc=//sys/class/net/lo/subsystem/eth0/subsystem/lo/statistics/rx_bytes&path=//sys/class/net/lo/subsystem/eth0/subsystem/lo/statistics HTTP/2.0" 200 1137 "https://www.dentstardentalclinic.com/?path=//sys/class/net/lo/subsystem/eth0/subsystem/lo/statistics" "Mozilla/5.0 AppleWebKit/537.36 (KHTML, like Gecko; compatible; GPTBot/1.4; +https://openai.com/gptbot)" www.dentstardentalclinic.com 10.36.254.103
74.7.227.39 - - [19/Aug/2026:13:18:53 -0600] "GET /?path=/home4/fazzewmy/public_html/ohemaatech/.well-known HTTP/1.1" 200 55303 "https://mail.dentstardentalclinic.com/?path=/home4/fazzewmy/public_html/ohemaatech" "Mozilla/5.0 AppleWebKit/537.36 (KHTML, like Gecko; compatible; GPTBot/1.4; +https://openai.com/gptbot)" mail.dentstardentalclinic.com 10.36.254.103
74.7.227.39 - - [19/Aug/2026:13:18:53 -0600] "GET /?path=/home4/fazzewmy/public_html/ohemaatech/.well-known HTTP/2.0" 200 55303 "https://mail.dentstardentalclinic.com/?path=/home4/fazzewmy/public_html/ohemaatech" "Mozilla/5.0 AppleWebKit/537.36 (KHTML, like Gecko; compatible; GPTBot/1.4; +https://openai.com/gptbot)" mail.dentstardentalclinic.com 10.36.254.103
74.7.243.214 - - [19/Aug/2026:13:18:54 -0600] "GET /?filesrc=//sys/class/net/lo/subsystem/eth0/subsystem/lo/statistics/tx_bytes&path=//sys/class/net/lo/subsystem/eth0/subsystem/lo/statistics HTTP/1.1" 200 1138 "https://www.dentstardentalclinic.com/?path=//sys/class/net/lo/subsystem/eth0/subsystem/lo/statistics" "Mozilla/5.0 AppleWebKit/537.36 (KHTML, like Gecko; compatible; GPTBot/1.4; +https://openai.com/gptbot)" www.dentstardentalclinic.com 10.36.254.103
74.7.243.214 - - [19/Aug/2026:13:18:54 -0600] "GET /?filesrc=//sys/class/net/lo/subsystem/eth0/subsystem/lo/statistics/tx_bytes&path=//sys/class/net/lo/subsystem/eth0/subsystem/lo/statistics HTTP/2.0" 200 1138 "https://www.dentstardentalclinic.com/?path=//sys/class/net/lo/subsystem/eth0/subsystem/lo/statistics" "Mozilla/5.0 AppleWebKit/537.36 (KHTML, like Gecko; compatible; GPTBot/1.4; +https://openai.com/gptbot)" www.dentstardentalclinic.com 10.36.254.103
74.7.227.39 - - [19/Aug/2026:13:18:54 -0600] "GET /?filesrc=//.mig-testfile&path=/ HTTP/1.1" 200 54447 "https://mail.dentstardentalclinic.com/?path=/" "Mozilla/5.0 AppleWebKit/537.36 (KHTML, like Gecko; compatible; GPTBot/1.4; +https://openai.com/gptbot)" mail.dentstardentalclinic.com 10.36.254.103
74.7.227.39 - - [19/Aug/2026:13:18:54 -0600] "GET /?filesrc=//.mig-testfile&path=/ HTTP/2.0" 200 54447 "https://mail.dentstardentalclinic.com/?path=/" "Mozilla/5.0 AppleWebKit/537.36 (KHTML, like Gecko; compatible; GPTBot/1.4; +https://openai.com/gptbot)" mail.dentstardentalclinic.com 10.36.254.103
74.7.243.214 - - [19/Aug/2026:13:18:55 -0600] "GET /?filesrc=//sys/class/net/lo/subsystem/lo/subsystem/eth0/statistics/tx_bytes&path=//sys/class/net/lo/subsystem/lo/subsystem/eth0/statistics HTTP/1.1" 200 1134 "https://www.dentstardentalclinic.com/?path=//sys/class/net/lo/subsystem/lo/subsystem/eth0/statistics" "Mozilla/5.0 AppleWebKit/537.36 (KHTML, like Gecko; compatible; GPTBot/1.4; +https://openai.com/gptbot)" www.dentstardentalclinic.com 10.36.254.103
74.7.243.214 - - [19/Aug/2026:13:18:55 -0600] "GET /?filesrc=//sys/class/net/lo/subsystem/lo/subsystem/eth0/statistics/tx_bytes&path=//sys/class/net/lo/subsystem/lo/subsystem/eth0/statistics HTTP/2.0" 200 1134 "https://www.dentstardentalclinic.com/?path=//sys/class/net/lo/subsystem/lo/subsystem/eth0/statistics" "Mozilla/5.0 AppleWebKit/537.36 (KHTML, like Gecko; compatible; GPTBot/1.4; +https://openai.com/gptbot)" www.dentstardentalclinic.com 10.36.254.103
74.7.227.39 - - [19/Aug/2026:13:18:55 -0600] "GET /?path=/home4/fazzewmy/public_html/drsachinsdentalclinic/wordpress/.well-known HTTP/1.1" 200 55168 "https://mail.dentstardentalclinic.com/?path=/home4/fazzewmy/public_html/drsachinsdentalclinic/wordpress" "Mozilla/5.0 AppleWebKit/537.36 (KHTML, like Gecko; compatible; GPTBot/1.4; +https://openai.com/gptbot)" mail.dentstardentalclinic.com 10.36.254.103
74.7.227.39 - - [19/Aug/2026:13:18:55 -0600] "GET /?path=/home4/fazzewmy/public_html/drsachinsdentalclinic/wordpress/.well-known HTTP/2.0" 200 55168 "https://mail.dentstardentalclinic.com/?path=/home4/fazzewmy/public_html/drsachinsdentalclinic/wordpress" "Mozilla/5.0 AppleWebKit/537.36 (KHTML, like Gecko; compatible; GPTBot/1.4; +https://openai.com/gptbot)" mail.dentstardentalclinic.com 10.36.254.103
74.7.243.214 - - [19/Aug/2026:13:18:56 -0600] "GET /?filesrc=//sys/class/net/lo/subsystem/lo/subsystem/eth0/statistics/rx_bytes&path=//sys/class/net/lo/subsystem/lo/subsystem/eth0/statistics HTTP/1.1" 200 1134 "https://www.dentstardentalclinic.com/?path=//sys/class/net/lo/subsystem/lo/subsystem/eth0/statistics" "Mozilla/5.0 AppleWebKit/537.36 (KHTML, like Gecko; compatible; GPTBot/1.4; +https://openai.com/gptbot)" www.dentstardentalclinic.com 10.36.254.103
74.7.243.214 - - [19/Aug/2026:13:18:56 -0600] "GET /?filesrc=//sys/class/net/lo/subsystem/lo/subsystem/eth0/statistics/rx_bytes&path=//sys/class/net/lo/subsystem/lo/subsystem/eth0/statistics HTTP/2.0" 200 1134 "https://www.dentstardentalclinic.com/?path=//sys/class/net/lo/subsystem/lo/subsystem/eth0/statistics" "Mozilla/5.0 AppleWebKit/537.36 (KHTML, like Gecko; compatible; GPTBot/1.4; +https://openai.com/gptbot)" www.dentstardentalclinic.com 10.36.254.103
74.7.227.39 - - [19/Aug/2026:13:18:56 -0600] "GET /?path=/home4/fazzewmy/public_html/dbehub/.well-known HTTP/1.1" 200 55199 "https://mail.dentstardentalclinic.com/?path=/home4/fazzewmy/public_html/dbehub" "Mozilla/5.0 AppleWebKit/537.36 (KHTML, like Gecko; compatible; GPTBot/1.4; +https://openai.com/gptbot)" mail.dentstardentalclinic.com 10.36.254.103
74.7.227.39 - - [19/Aug/2026:13:18:56 -0600] "GET /?path=/home4/fazzewmy/public_html/dbehub/.well-known HTTP/2.0" 200 55199 "https://mail.dentstardentalclinic.com/?path=/home4/fazzewmy/public_html/dbehub" "Mozilla/5.0 AppleWebKit/537.36 (KHTML, like Gecko; compatible; GPTBot/1.4; +https://openai.com/gptbot)" mail.dentstardentalclinic.com 10.36.254.103
74.7.243.214 - - [19/Aug/2026:13:18:57 -0600] "GET /?filesrc=//sys/class/net/lo/subsystem/eth0/subsystem/lo/statistics/rx_errors&path=//sys/class/net/lo/subsystem/eth0/subsystem/lo/statistics HTTP/1.1" 200 1125 "https://www.dentstardentalclinic.com/?path=//sys/class/net/lo/subsystem/eth0/subsystem/lo/statistics" "Mozilla/5.0 AppleWebKit/537.36 (KHTML, like Gecko; compatible; GPTBot/1.4; +https://openai.com/gptbot)" www.dentstardentalclinic.com 10.36.254.103
74.7.227.39 - - [19/Aug/2026:13:18:57 -0600] "GET /?path=/home4/fazzewmy/public_html/viruppel HTTP/1.1" 200 60359 "https://mail.dentstardentalclinic.com/?path=/home4/fazzewmy/public_html" "Mozilla/5.0 AppleWebKit/537.36 (KHTML, like Gecko; compatible; GPTBot/1.4; +https://openai.com/gptbot)" mail.dentstardentalclinic.com 10.36.254.103
74.7.243.214 - - [19/Aug/2026:13:18:57 -0600] "GET /?filesrc=//sys/class/net/lo/subsystem/eth0/subsystem/lo/statistics/rx_errors&path=//sys/class/net/lo/subsystem/eth0/subsystem/lo/statistics HTTP/2.0" 200 1125 "https://www.dentstardentalclinic.com/?path=//sys/class/net/lo/subsystem/eth0/subsystem/lo/statistics" "Mozilla/5.0 AppleWebKit/537.36 (KHTML, like Gecko; compatible; GPTBot/1.4; +https://openai.com/gptbot)" www.dentstardentalclinic.com 10.36.254.103
74.7.227.39 - - [19/Aug/2026:13:18:57 -0600] "GET /?path=/home4/fazzewmy/public_html/viruppel HTTP/2.0" 200 60359 "https://mail.dentstardentalclinic.com/?path=/home4/fazzewmy/public_html" "Mozilla/5.0 AppleWebKit/537.36 (KHTML, like Gecko; compatible; GPTBot/1.4; +https://openai.com/gptbot)" mail.dentstardentalclinic.com 10.36.254.103
74.7.227.39 - - [19/Aug/2026:13:18:58 -0600] "GET /?filesrc=/home4/fazzewmy/public_html/lteacademy/wp-includes/spl-autoload-compat.php&path=/home4/fazzewmy/public_html/lteacademy/wp-includes HTTP/2.0" 409 83 "https://mail.dentstardentalclinic.com/?path=/home4/fazzewmy/public_html/lteacademy/wp-includes" "Mozilla/5.0 AppleWebKit/537.36 (KHTML, like Gecko; compatible; GPTBot/1.4; +https://openai.com/gptbot)" mail.dentstardentalclinic.com 10.36.254.103
74.7.227.39 - - [19/Aug/2026:13:18:59 -0600] "GET /?filesrc=/home4/fazzewmy/public_html/lteacademy/wp-includes/class-wp-post.php&path=/home4/fazzewmy/public_html/lteacademy/wp-includes HTTP/2.0" 409 83 "https://mail.dentstardentalclinic.com/?path=/home4/fazzewmy/public_html/lteacademy/wp-includes" "Mozilla/5.0 AppleWebKit/537.36 (KHTML, like Gecko; compatible; GPTBot/1.4; +https://openai.com/gptbot)" mail.dentstardentalclinic.com 10.36.254.103
74.7.243.214 - - [19/Aug/2026:13:18:58 -0600] "GET /?filesrc=//sys/class/net/lo/subsystem/eth0/subsystem/lo/statistics/tx_errors&path=//sys/class/net/lo/subsystem/eth0/subsystem/lo/statistics HTTP/1.1" 200 1125 "https://www.dentstardentalclinic.com/?path=//sys/class/net/lo/subsystem/eth0/subsystem/lo/statistics" "Mozilla/5.0 AppleWebKit/537.36 (KHTML, like Gecko; compatible; GPTBot/1.4; +https://openai.com/gptbot)" www.dentstardentalclinic.com 10.36.254.103
74.7.243.214 - - [19/Aug/2026:13:18:58 -0600] "GET /?filesrc=//sys/class/net/lo/subsystem/eth0/subsystem/lo/statistics/tx_errors&path=//sys/class/net/lo/subsystem/eth0/subsystem/lo/statistics HTTP/2.0" 200 1125 "https://www.dentstardentalclinic.com/?path=//sys/class/net/lo/subsystem/eth0/subsystem/lo/statistics" "Mozilla/5.0 AppleWebKit/537.36 (KHTML, like Gecko; compatible; GPTBot/1.4; +https://openai.com/gptbot)" www.dentstardentalclinic.com 10.36.254.103
74.7.243.214 - - [19/Aug/2026:13:18:59 -0600] "GET /?filesrc=//sys/class/net/lo/subsystem/lo/subsystem/eth0/statistics/rx_errors&path=//sys/class/net/lo/subsystem/lo/subsystem/eth0/statistics HTTP/1.1" 200 1122 "https://www.dentstardentalclinic.com/?path=//sys/class/net/lo/subsystem/lo/subsystem/eth0/statistics" "Mozilla/5.0 AppleWebKit/537.36 (KHTML, like Gecko; compatible; GPTBot/1.4; +https://openai.com/gptbot)" www.dentstardentalclinic.com 10.36.254.103
74.7.243.214 - - [19/Aug/2026:13:18:59 -0600] "GET /?filesrc=//sys/class/net/lo/subsystem/lo/subsystem/eth0/statistics/rx_errors&path=//sys/class/net/lo/subsystem/lo/subsystem/eth0/statistics HTTP/2.0" 200 1122 "https://www.dentstardentalclinic.com/?path=//sys/class/net/lo/subsystem/lo/subsystem/eth0/statistics" "Mozilla/5.0 AppleWebKit/537.36 (KHTML, like Gecko; compatible; GPTBot/1.4; +https://openai.com/gptbot)" www.dentstardentalclinic.com 10.36.254.103
74.7.227.39 - - [19/Aug/2026:13:19:00 -0600] "GET /?filesrc=/home4/fazzewmy/public_html/lteacademy/wp-includes/class-wp-roles.php&path=/home4/fazzewmy/public_html/lteacademy/wp-includes HTTP/2.0" 409 83 "https://mail.dentstardentalclinic.com/?path=/home4/fazzewmy/public_html/lteacademy/wp-includes" "Mozilla/5.0 AppleWebKit/537.36 (KHTML, like Gecko; compatible; GPTBot/1.4; +https://openai.com/gptbot)" mail.dentstardentalclinic.com 10.36.254.103
74.7.243.214 - - [19/Aug/2026:13:19:00 -0600] "GET /?filesrc=//sys/class/net/lo/subsystem/lo/subsystem/eth0/statistics/tx_errors&path=//sys/class/net/lo/subsystem/lo/subsystem/eth0/statistics HTTP/1.1" 200 1122 "https://www.dentstardentalclinic.com/?path=//sys/class/net/lo/subsystem/lo/subsystem/eth0/statistics" "Mozilla/5.0 AppleWebKit/537.36 (KHTML, like Gecko; compatible; GPTBot/1.4; +https://openai.com/gptbot)" www.dentstardentalclinic.com 10.36.254.103
74.7.243.214 - - [19/Aug/2026:13:19:00 -0600] "GET /?filesrc=//sys/class/net/lo/subsystem/lo/subsystem/eth0/statistics/tx_errors&path=//sys/class/net/lo/subsystem/lo/subsystem/eth0/statistics HTTP/2.0" 200 1122 "https://www.dentstardentalclinic.com/?path=//sys/class/net/lo/subsystem/lo/subsystem/eth0/statistics" "Mozilla/5.0 AppleWebKit/537.36 (KHTML, like Gecko; compatible; GPTBot/1.4; +https://openai.com/gptbot)" www.dentstardentalclinic.com 10.36.254.103
74.7.243.214 - - [19/Aug/2026:13:19:01 -0600] "GET /?filesrc=//sys/class/net/lo/subsystem/eth0/subsystem/lo/statistics/rx_over_errors&path=//sys/class/net/lo/subsystem/eth0/subsystem/lo/statistics HTTP/1.1" 200 1130 "https://www.dentstardentalclinic.com/?path=//sys/class/net/lo/subsystem/eth0/subsystem/lo/statistics" "Mozilla/5.0 AppleWebKit/537.36 (KHTML, like Gecko; compatible; GPTBot/1.4; +https://openai.com/gptbot)" www.dentstardentalclinic.com 10.36.254.103
74.7.243.214 - - [19/Aug/2026:13:19:01 -0600] "GET /?filesrc=//sys/class/net/lo/subsystem/eth0/subsystem/lo/statistics/rx_over_errors&path=//sys/class/net/lo/subsystem/eth0/subsystem/lo/statistics HTTP/2.0" 200 1130 "https://www.dentstardentalclinic.com/?path=//sys/class/net/lo/subsystem/eth0/subsystem/lo/statistics" "Mozilla/5.0 AppleWebKit/537.36 (KHTML, like Gecko; compatible; GPTBot/1.4; +https://openai.com/gptbot)" www.dentstardentalclinic.com 10.36.254.103
74.7.243.214 - - [19/Aug/2026:13:19:02 -0600] "GET /?filesrc=//sys/class/net/lo/subsystem/eth0/subsystem/lo/statistics/rx_crc_errors&path=//sys/class/net/lo/subsystem/eth0/subsystem/lo/statistics HTTP/1.1" 200 1129 "https://www.dentstardentalclinic.com/?path=//sys/class/net/lo/subsystem/eth0/subsystem/lo/statistics" "Mozilla/5.0 AppleWebKit/537.36 (KHTML, like Gecko; compatible; GPTBot/1.4; +https://openai.com/gptbot)" www.dentstardentalclinic.com 10.36.254.103
74.7.243.214 - - [19/Aug/2026:13:19:02 -0600] "GET /?filesrc=//sys/class/net/lo/subsystem/eth0/subsystem/lo/statistics/rx_crc_errors&path=//sys/class/net/lo/subsystem/eth0/subsystem/lo/statistics HTTP/2.0" 200 1129 "https://www.dentstardentalclinic.com/?path=//sys/class/net/lo/subsystem/eth0/subsystem/lo/statistics" "Mozilla/5.0 AppleWebKit/537.36 (KHTML, like Gecko; compatible; GPTBot/1.4; +https://openai.com/gptbot)" www.dentstardentalclinic.com 10.36.254.103
74.7.243.214 - - [19/Aug/2026:13:19:02 -0600] "GET /?filesrc=//sys/class/net/lo/subsystem/lo/subsystem/eth0/statistics/rx_over_errors&path=//sys/class/net/lo/subsystem/lo/subsystem/eth0/statistics HTTP/1.1" 200 1126 "https://www.dentstardentalclinic.com/?path=//sys/class/net/lo/subsystem/lo/subsystem/eth0/statistics" "Mozilla/5.0 AppleWebKit/537.36 (KHTML, like Gecko; compatible; GPTBot/1.4; +https://openai.com/gptbot)" www.dentstardentalclinic.com 10.36.254.103
74.7.243.214 - - [19/Aug/2026:13:19:02 -0600] "GET /?filesrc=//sys/class/net/lo/subsystem/lo/subsystem/eth0/statistics/rx_over_errors&path=//sys/class/net/lo/subsystem/lo/subsystem/eth0/statistics HTTP/2.0" 200 1126 "https://www.dentstardentalclinic.com/?path=//sys/class/net/lo/subsystem/lo/subsystem/eth0/statistics" "Mozilla/5.0 AppleWebKit/537.36 (KHTML, like Gecko; compatible; GPTBot/1.4; +https://openai.com/gptbot)" www.dentstardentalclinic.com 10.36.254.103
74.7.243.214 - - [19/Aug/2026:13:19:03 -0600] "GET /?filesrc=//sys/class/net/lo/subsystem/eth0/subsystem/lo/statistics/tx_fifo_errors&path=//sys/class/net/lo/subsystem/eth0/subsystem/lo/statistics HTTP/1.1" 200 1130 "https://www.dentstardentalclinic.com/?path=//sys/class/net/lo/subsystem/eth0/subsystem/lo/statistics" "Mozilla/5.0 AppleWebKit/537.36 (KHTML, like Gecko; compatible; GPTBot/1.4; +https://openai.com/gptbot)" www.dentstardentalclinic.com 10.36.254.103
74.7.243.214 - - [19/Aug/2026:13:19:03 -0600] "GET /?filesrc=//sys/class/net/lo/subsystem/eth0/subsystem/lo/statistics/tx_fifo_errors&path=//sys/class/net/lo/subsystem/eth0/subsystem/lo/statistics HTTP/2.0" 200 1130 "https://www.dentstardentalclinic.com/?path=//sys/class/net/lo/subsystem/eth0/subsystem/lo/statistics" "Mozilla/5.0 AppleWebKit/537.36 (KHTML, like Gecko; compatible; GPTBot/1.4; +https://openai.com/gptbot)" www.dentstardentalclinic.com 10.36.254.103
74.7.227.39 - - [19/Aug/2026:13:19:05 -0600] "GET /?filesrc=/home4/fazzewmy/public_html/lteacademy/wp-includes/class-wp-theme.php&path=/home4/fazzewmy/public_html/lteacademy/wp-includes HTTP/2.0" 409 83 "https://mail.dentstardentalclinic.com/?path=/home4/fazzewmy/public_html/lteacademy/wp-includes" "Mozilla/5.0 AppleWebKit/537.36 (KHTML, like Gecko; compatible; GPTBot/1.4; +https://openai.com/gptbot)" mail.dentstardentalclinic.com 10.36.254.103
74.7.243.214 - - [19/Aug/2026:13:19:04 -0600] "GET /?filesrc=//sys/class/net/lo/subsystem/eth0/subsystem/lo/statistics/rx_fifo_errors&path=//sys/class/net/lo/subsystem/eth0/subsystem/lo/statistics HTTP/1.1" 200 1130 "https://www.dentstardentalclinic.com/?path=//sys/class/net/lo/subsystem/eth0/subsystem/lo/statistics" "Mozilla/5.0 AppleWebKit/537.36 (KHTML, like Gecko; compatible; GPTBot/1.4; +https://openai.com/gptbot)" www.dentstardentalclinic.com 10.36.254.103
74.7.243.214 - - [19/Aug/2026:13:19:04 -0600] "GET /?filesrc=//sys/class/net/lo/subsystem/eth0/subsystem/lo/statistics/rx_fifo_errors&path=//sys/class/net/lo/subsystem/eth0/subsystem/lo/statistics HTTP/2.0" 200 1130 "https://www.dentstardentalclinic.com/?path=//sys/class/net/lo/subsystem/eth0/subsystem/lo/statistics" "Mozilla/5.0 AppleWebKit/537.36 (KHTML, like Gecko; compatible; GPTBot/1.4; +https://openai.com/gptbot)" www.dentstardentalclinic.com 10.36.254.103
74.7.243.214 - - [19/Aug/2026:13:19:05 -0600] "GET /?filesrc=//sys/class/net/lo/subsystem/lo/subsystem/eth0/statistics/tx_fifo_errors&path=//sys/class/net/lo/subsystem/lo/subsystem/eth0/statistics HTTP/1.1" 200 1126 "https://www.dentstardentalclinic.com/?path=//sys/class/net/lo/subsystem/lo/subsystem/eth0/statistics" "Mozilla/5.0 AppleWebKit/537.36 (KHTML, like Gecko; compatible; GPTBot/1.4; +https://openai.com/gptbot)" www.dentstardentalclinic.com 10.36.254.103
74.7.243.214 - - [19/Aug/2026:13:19:05 -0600] "GET /?filesrc=//sys/class/net/lo/subsystem/lo/subsystem/eth0/statistics/tx_fifo_errors&path=//sys/class/net/lo/subsystem/lo/subsystem/eth0/statistics HTTP/2.0" 200 1126 "https://www.dentstardentalclinic.com/?path=//sys/class/net/lo/subsystem/lo/subsystem/eth0/statistics" "Mozilla/5.0 AppleWebKit/537.36 (KHTML, like Gecko; compatible; GPTBot/1.4; +https://openai.com/gptbot)" www.dentstardentalclinic.com 10.36.254.103
74.7.243.214 - - [19/Aug/2026:13:19:06 -0600] "GET /?filesrc=//sys/class/net/lo/subsystem/lo/subsystem/eth0/statistics/rx_fifo_errors&path=//sys/class/net/lo/subsystem/lo/subsystem/eth0/statistics HTTP/1.1" 200 1126 "https://www.dentstardentalclinic.com/?path=//sys/class/net/lo/subsystem/lo/subsystem/eth0/statistics" "Mozilla/5.0 AppleWebKit/537.36 (KHTML, like Gecko; compatible; GPTBot/1.4; +https://openai.com/gptbot)" www.dentstardentalclinic.com 10.36.254.103
74.7.243.214 - - [19/Aug/2026:13:19:06 -0600] "GET /?filesrc=//sys/class/net/lo/subsystem/lo/subsystem/eth0/statistics/rx_fifo_errors&path=//sys/class/net/lo/subsystem/lo/subsystem/eth0/statistics HTTP/2.0" 200 1126 "https://www.dentstardentalclinic.com/?path=//sys/class/net/lo/subsystem/lo/subsystem/eth0/statistics" "Mozilla/5.0 AppleWebKit/537.36 (KHTML, like Gecko; compatible; GPTBot/1.4; +https://openai.com/gptbot)" www.dentstardentalclinic.com 10.36.254.103
74.7.243.214 - - [19/Aug/2026:13:19:07 -0600] "GET /?filesrc=//sys/class/net/lo/subsystem/lo/subsystem/eth0/statistics/rx_crc_errors&path=//sys/class/net/lo/subsystem/lo/subsystem/eth0/statistics HTTP/1.1" 200 1125 "https://www.dentstardentalclinic.com/?path=//sys/class/net/lo/subsystem/lo/subsystem/eth0/statistics" "Mozilla/5.0 AppleWebKit/537.36 (KHTML, like Gecko; compatible; GPTBot/1.4; +https://openai.com/gptbot)" www.dentstardentalclinic.com 10.36.254.103
74.7.243.214 - - [19/Aug/2026:13:19:07 -0600] "GET /?filesrc=//sys/class/net/lo/subsystem/lo/subsystem/eth0/statistics/rx_crc_errors&path=//sys/class/net/lo/subsystem/lo/subsystem/eth0/statistics HTTP/2.0" 200 1125 "https://www.dentstardentalclinic.com/?path=//sys/class/net/lo/subsystem/lo/subsystem/eth0/statistics" "Mozilla/5.0 AppleWebKit/537.36 (KHTML, like Gecko; compatible; GPTBot/1.4; +https://openai.com/gptbot)" www.dentstardentalclinic.com 10.36.254.103
74.7.243.214 - - [19/Aug/2026:13:19:08 -0600] "GET /?filesrc=//sys/class/net/lo/subsystem/eth0/subsystem/lo/statistics/tx_heartbeat_errors&path=//sys/class/net/lo/subsystem/eth0/subsystem/lo/statistics HTTP/1.1" 200 1132 "https://www.dentstardentalclinic.com/?path=//sys/class/net/lo/subsystem/eth0/subsystem/lo/statistics" "Mozilla/5.0 AppleWebKit/537.36 (KHTML, like Gecko; compatible; GPTBot/1.4; +https://openai.com/gptbot)" www.dentstardentalclinic.com 10.36.254.103
74.7.243.214 - - [19/Aug/2026:13:19:08 -0600] "GET /?filesrc=//sys/class/net/lo/subsystem/eth0/subsystem/lo/statistics/tx_heartbeat_errors&path=//sys/class/net/lo/subsystem/eth0/subsystem/lo/statistics HTTP/2.0" 200 1132 "https://www.dentstardentalclinic.com/?path=//sys/class/net/lo/subsystem/eth0/subsystem/lo/statistics" "Mozilla/5.0 AppleWebKit/537.36 (KHTML, like Gecko; compatible; GPTBot/1.4; +https://openai.com/gptbot)" www.dentstardentalclinic.com 10.36.254.103
74.7.243.214 - - [19/Aug/2026:13:19:09 -0600] "GET /?filesrc=//sys/class/net/lo/subsystem/lo/subsystem/eth0/statistics/tx_heartbeat_errors&path=//sys/class/net/lo/subsystem/lo/subsystem/eth0/statistics HTTP/1.1" 200 1129 "https://www.dentstardentalclinic.com/?path=//sys/class/net/lo/subsystem/lo/subsystem/eth0/statistics" "Mozilla/5.0 AppleWebKit/537.36 (KHTML, like Gecko; compatible; GPTBot/1.4; +https://openai.com/gptbot)" www.dentstardentalclinic.com 10.36.254.103
74.7.243.214 - - [19/Aug/2026:13:19:09 -0600] "GET /?filesrc=//sys/class/net/lo/subsystem/lo/subsystem/eth0/statistics/tx_heartbeat_errors&path=//sys/class/net/lo/subsystem/lo/subsystem/eth0/statistics HTTP/2.0" 200 1129 "https://www.dentstardentalclinic.com/?path=//sys/class/net/lo/subsystem/lo/subsystem/eth0/statistics" "Mozilla/5.0 AppleWebKit/537.36 (KHTML, like Gecko; compatible; GPTBot/1.4; +https://openai.com/gptbot)" www.dentstardentalclinic.com 10.36.254.103
74.7.243.214 - - [19/Aug/2026:13:19:10 -0600] "GET /?filesrc=//sys/class/net/lo/subsystem/eth0/subsystem/lo/statistics/collisions&path=//sys/class/net/lo/subsystem/eth0/subsystem/lo/statistics HTTP/1.1" 200 1126 "https://www.dentstardentalclinic.com/?path=//sys/class/net/lo/subsystem/eth0/subsystem/lo/statistics" "Mozilla/5.0 AppleWebKit/537.36 (KHTML, like Gecko; compatible; GPTBot/1.4; +https://openai.com/gptbot)" www.dentstardentalclinic.com 10.36.254.103
74.7.243.214 - - [19/Aug/2026:13:19:10 -0600] "GET /?filesrc=//sys/class/net/lo/subsystem/eth0/subsystem/lo/statistics/collisions&path=//sys/class/net/lo/subsystem/eth0/subsystem/lo/statistics HTTP/2.0" 200 1126 "https://www.dentstardentalclinic.com/?path=//sys/class/net/lo/subsystem/eth0/subsystem/lo/statistics" "Mozilla/5.0 AppleWebKit/537.36 (KHTML, like Gecko; compatible; GPTBot/1.4; +https://openai.com/gptbot)" www.dentstardentalclinic.com 10.36.254.103
74.7.243.214 - - [19/Aug/2026:13:19:11 -0600] "GET /?filesrc=//sys/class/net/lo/subsystem/lo/subsystem/eth0/statistics/rx_packets&path=//sys/class/net/lo/subsystem/lo/subsystem/eth0/statistics HTTP/1.1" 200 1133 "https://www.dentstardentalclinic.com/?path=//sys/class/net/lo/subsystem/lo/subsystem/eth0/statistics" "Mozilla/5.0 AppleWebKit/537.36 (KHTML, like Gecko; compatible; GPTBot/1.4; +https://openai.com/gptbot)" www.dentstardentalclinic.com 10.36.254.103
74.7.243.214 - - [19/Aug/2026:13:19:11 -0600] "GET /?filesrc=//sys/class/net/lo/subsystem/lo/subsystem/eth0/statistics/rx_packets&path=//sys/class/net/lo/subsystem/lo/subsystem/eth0/statistics HTTP/2.0" 200 1133 "https://www.dentstardentalclinic.com/?path=//sys/class/net/lo/subsystem/lo/subsystem/eth0/statistics" "Mozilla/5.0 AppleWebKit/537.36 (KHTML, like Gecko; compatible; GPTBot/1.4; +https://openai.com/gptbot)" www.dentstardentalclinic.com 10.36.254.103
74.7.243.214 - - [19/Aug/2026:13:19:12 -0600] "GET /?filesrc=//sys/class/net/lo/subsystem/eth0/subsystem/lo/statistics/multicast&path=//sys/class/net/lo/subsystem/eth0/subsystem/lo/statistics HTTP/1.1" 200 1124 "https://www.dentstardentalclinic.com/?path=//sys/class/net/lo/subsystem/eth0/subsystem/lo/statistics" "Mozilla/5.0 AppleWebKit/537.36 (KHTML, like Gecko; compatible; GPTBot/1.4; +https://openai.com/gptbot)" www.dentstardentalclinic.com 10.36.254.103
74.7.243.214 - - [19/Aug/2026:13:19:12 -0600] "GET /?filesrc=//sys/class/net/lo/subsystem/eth0/subsystem/lo/statistics/multicast&path=//sys/class/net/lo/subsystem/eth0/subsystem/lo/statistics HTTP/2.0" 200 1124 "https://www.dentstardentalclinic.com/?path=//sys/class/net/lo/subsystem/eth0/subsystem/lo/statistics" "Mozilla/5.0 AppleWebKit/537.36 (KHTML, like Gecko; compatible; GPTBot/1.4; +https://openai.com/gptbot)" www.dentstardentalclinic.com 10.36.254.103
74.7.243.214 - - [19/Aug/2026:13:19:13 -0600] "GET /?filesrc=//sys/class/net/lo/subsystem/lo/subsystem/eth0/statistics/collisions&path=//sys/class/net/lo/subsystem/lo/subsystem/eth0/statistics HTTP/1.1" 200 1122 "https://www.dentstardentalclinic.com/?path=//sys/class/net/lo/subsystem/lo/subsystem/eth0/statistics" "Mozilla/5.0 AppleWebKit/537.36 (KHTML, like Gecko; compatible; GPTBot/1.4; +https://openai.com/gptbot)" www.dentstardentalclinic.com 10.36.254.103
74.7.243.214 - - [19/Aug/2026:13:19:13 -0600] "GET /?filesrc=//sys/class/net/lo/subsystem/lo/subsystem/eth0/statistics/collisions&path=//sys/class/net/lo/subsystem/lo/subsystem/eth0/statistics HTTP/2.0" 200 1122 "https://www.dentstardentalclinic.com/?path=//sys/class/net/lo/subsystem/lo/subsystem/eth0/statistics" "Mozilla/5.0 AppleWebKit/537.36 (KHTML, like Gecko; compatible; GPTBot/1.4; +https://openai.com/gptbot)" www.dentstardentalclinic.com 10.36.254.103
74.7.243.214 - - [19/Aug/2026:13:19:14 -0600] "GET /?filesrc=//sys/class/net/lo/subsystem/eth0/subsystem/lo/statistics/tx_packets&path=//sys/class/net/lo/subsystem/eth0/subsystem/lo/statistics HTTP/1.1" 200 1136 "https://www.dentstardentalclinic.com/?path=//sys/class/net/lo/subsystem/eth0/subsystem/lo/statistics" "Mozilla/5.0 AppleWebKit/537.36 (KHTML, like Gecko; compatible; GPTBot/1.4; +https://openai.com/gptbot)" www.dentstardentalclinic.com 10.36.254.103
74.7.243.214 - - [19/Aug/2026:13:19:14 -0600] "GET /?filesrc=//sys/class/net/lo/subsystem/eth0/subsystem/lo/statistics/tx_packets&path=//sys/class/net/lo/subsystem/eth0/subsystem/lo/statistics HTTP/2.0" 200 1136 "https://www.dentstardentalclinic.com/?path=//sys/class/net/lo/subsystem/eth0/subsystem/lo/statistics" "Mozilla/5.0 AppleWebKit/537.36 (KHTML, like Gecko; compatible; GPTBot/1.4; +https://openai.com/gptbot)" www.dentstardentalclinic.com 10.36.254.103
74.7.243.214 - - [19/Aug/2026:13:19:14 -0600] "GET /?filesrc=//sys/class/net/lo/subsystem/eth0/subsystem/lo/statistics/rx_packets&path=//sys/class/net/lo/subsystem/eth0/subsystem/lo/statistics HTTP/1.1" 200 1136 "https://www.dentstardentalclinic.com/?path=//sys/class/net/lo/subsystem/eth0/subsystem/lo/statistics" "Mozilla/5.0 AppleWebKit/537.36 (KHTML, like Gecko; compatible; GPTBot/1.4; +https://openai.com/gptbot)" www.dentstardentalclinic.com 10.36.254.103
74.7.243.214 - - [19/Aug/2026:13:19:14 -0600] "GET /?filesrc=//sys/class/net/lo/subsystem/eth0/subsystem/lo/statistics/rx_packets&path=//sys/class/net/lo/subsystem/eth0/subsystem/lo/statistics HTTP/2.0" 200 1136 "https://www.dentstardentalclinic.com/?path=//sys/class/net/lo/subsystem/eth0/subsystem/lo/statistics" "Mozilla/5.0 AppleWebKit/537.36 (KHTML, like Gecko; compatible; GPTBot/1.4; +https://openai.com/gptbot)" www.dentstardentalclinic.com 10.36.254.103
74.7.243.214 - - [19/Aug/2026:13:19:15 -0600] "GET /?filesrc=//sys/class/net/lo/subsystem/lo/subsystem/eth0/statistics/multicast&path=//sys/class/net/lo/subsystem/lo/subsystem/eth0/statistics HTTP/1.1" 200 1121 "https://www.dentstardentalclinic.com/?path=//sys/class/net/lo/subsystem/lo/subsystem/eth0/statistics" "Mozilla/5.0 AppleWebKit/537.36 (KHTML, like Gecko; compatible; GPTBot/1.4; +https://openai.com/gptbot)" www.dentstardentalclinic.com 10.36.254.103
74.7.243.214 - - [19/Aug/2026:13:19:15 -0600] "GET /?filesrc=//sys/class/net/lo/subsystem/lo/subsystem/eth0/statistics/multicast&path=//sys/class/net/lo/subsystem/lo/subsystem/eth0/statistics HTTP/2.0" 200 1121 "https://www.dentstardentalclinic.com/?path=//sys/class/net/lo/subsystem/lo/subsystem/eth0/statistics" "Mozilla/5.0 AppleWebKit/537.36 (KHTML, like Gecko; compatible; GPTBot/1.4; +https://openai.com/gptbot)" www.dentstardentalclinic.com 10.36.254.103
74.7.243.214 - - [19/Aug/2026:13:19:16 -0600] "GET /?filesrc=//sys/class/net/lo/subsystem/lo/subsystem/eth0/statistics/tx_packets&path=//sys/class/net/lo/subsystem/lo/subsystem/eth0/statistics HTTP/1.1" 200 1133 "https://www.dentstardentalclinic.com/?path=//sys/class/net/lo/subsystem/lo/subsystem/eth0/statistics" "Mozilla/5.0 AppleWebKit/537.36 (KHTML, like Gecko; compatible; GPTBot/1.4; +https://openai.com/gptbot)" www.dentstardentalclinic.com 10.36.254.103
74.7.243.214 - - [19/Aug/2026:13:19:16 -0600] "GET /?filesrc=//sys/class/net/lo/subsystem/lo/subsystem/eth0/statistics/tx_packets&path=//sys/class/net/lo/subsystem/lo/subsystem/eth0/statistics HTTP/2.0" 200 1133 "https://www.dentstardentalclinic.com/?path=//sys/class/net/lo/subsystem/lo/subsystem/eth0/statistics" "Mozilla/5.0 AppleWebKit/537.36 (KHTML, like Gecko; compatible; GPTBot/1.4; +https://openai.com/gptbot)" www.dentstardentalclinic.com 10.36.254.103
74.7.243.214 - - [19/Aug/2026:13:19:17 -0600] "GET /?filesrc=//sys/class/net/lo/subsystem/lo/subsystem/eth0/statistics/rx_compressed&path=//sys/class/net/lo/subsystem/lo/subsystem/eth0/statistics HTTP/1.1" 200 1124 "https://www.dentstardentalclinic.com/?path=//sys/class/net/lo/subsystem/lo/subsystem/eth0/statistics" "Mozilla/5.0 AppleWebKit/537.36 (KHTML, like Gecko; compatible; GPTBot/1.4; +https://openai.com/gptbot)" www.dentstardentalclinic.com 10.36.254.103
74.7.243.214 - - [19/Aug/2026:13:19:17 -0600] "GET /?filesrc=//sys/class/net/lo/subsystem/lo/subsystem/eth0/statistics/rx_compressed&path=//sys/class/net/lo/subsystem/lo/subsystem/eth0/statistics HTTP/2.0" 200 1124 "https://www.dentstardentalclinic.com/?path=//sys/class/net/lo/subsystem/lo/subsystem/eth0/statistics" "Mozilla/5.0 AppleWebKit/537.36 (KHTML, like Gecko; compatible; GPTBot/1.4; +https://openai.com/gptbot)" www.dentstardentalclinic.com 10.36.254.103
74.7.243.214 - - [19/Aug/2026:13:19:17 -0600] "GET /?filesrc=//sys/class/net/lo/subsystem/eth0/subsystem/lo/statistics/rx_compressed&path=//sys/class/net/lo/subsystem/eth0/subsystem/lo/statistics HTTP/1.1" 200 1128 "https://www.dentstardentalclinic.com/?path=//sys/class/net/lo/subsystem/eth0/subsystem/lo/statistics" "Mozilla/5.0 AppleWebKit/537.36 (KHTML, like Gecko; compatible; GPTBot/1.4; +https://openai.com/gptbot)" www.dentstardentalclinic.com 10.36.254.103
74.7.243.214 - - [19/Aug/2026:13:19:17 -0600] "GET /?filesrc=//sys/class/net/lo/subsystem/eth0/subsystem/lo/statistics/rx_compressed&path=//sys/class/net/lo/subsystem/eth0/subsystem/lo/statistics HTTP/2.0" 200 1128 "https://www.dentstardentalclinic.com/?path=//sys/class/net/lo/subsystem/eth0/subsystem/lo/statistics" "Mozilla/5.0 AppleWebKit/537.36 (KHTML, like Gecko; compatible; GPTBot/1.4; +https://openai.com/gptbot)" www.dentstardentalclinic.com 10.36.254.103
74.7.243.214 - - [19/Aug/2026:13:19:18 -0600] "GET /?filesrc=//sys/class/net/lo/subsystem/lo/subsystem/eth0/statistics/tx_compressed&path=//sys/class/net/lo/subsystem/lo/subsystem/eth0/statistics HTTP/1.1" 200 1124 "https://www.dentstardentalclinic.com/?path=//sys/class/net/lo/subsystem/lo/subsystem/eth0/statistics" "Mozilla/5.0 AppleWebKit/537.36 (KHTML, like Gecko; compatible; GPTBot/1.4; +https://openai.com/gptbot)" www.dentstardentalclinic.com 10.36.254.103
74.7.243.214 - - [19/Aug/2026:13:19:18 -0600] "GET /?filesrc=//sys/class/net/lo/subsystem/lo/subsystem/eth0/statistics/tx_compressed&path=//sys/class/net/lo/subsystem/lo/subsystem/eth0/statistics HTTP/2.0" 200 1124 "https://www.dentstardentalclinic.com/?path=//sys/class/net/lo/subsystem/lo/subsystem/eth0/statistics" "Mozilla/5.0 AppleWebKit/537.36 (KHTML, like Gecko; compatible; GPTBot/1.4; +https://openai.com/gptbot)" www.dentstardentalclinic.com 10.36.254.103
74.7.243.214 - - [19/Aug/2026:13:19:19 -0600] "GET /?filesrc=//sys/class/net/lo/subsystem/eth0/subsystem/lo/statistics/tx_compressed&path=//sys/class/net/lo/subsystem/eth0/subsystem/lo/statistics HTTP/1.1" 200 1127 "https://www.dentstardentalclinic.com/?path=//sys/class/net/lo/subsystem/eth0/subsystem/lo/statistics" "Mozilla/5.0 AppleWebKit/537.36 (KHTML, like Gecko; compatible; GPTBot/1.4; +https://openai.com/gptbot)" www.dentstardentalclinic.com 10.36.254.103
74.7.243.214 - - [19/Aug/2026:13:19:19 -0600] "GET /?filesrc=//sys/class/net/lo/subsystem/eth0/subsystem/lo/statistics/tx_compressed&path=//sys/class/net/lo/subsystem/eth0/subsystem/lo/statistics HTTP/2.0" 200 1127 "https://www.dentstardentalclinic.com/?path=//sys/class/net/lo/subsystem/eth0/subsystem/lo/statistics" "Mozilla/5.0 AppleWebKit/537.36 (KHTML, like Gecko; compatible; GPTBot/1.4; +https://openai.com/gptbot)" www.dentstardentalclinic.com 10.36.254.103
74.7.227.39 - - [19/Aug/2026:13:19:20 -0600] "GET /?path=/home4/fazzewmy/public_html/faceandfollicle/cgi-bin/.well-known/logs233 HTTP/1.1" 200 54977 "https://mail.dentstardentalclinic.com/?path=/home4/fazzewmy/public_html/faceandfollicle/cgi-bin/.well-known" "Mozilla/5.0 AppleWebKit/537.36 (KHTML, like Gecko; compatible; GPTBot/1.4; +https://openai.com/gptbot)" mail.dentstardentalclinic.com 10.36.254.103
74.7.227.39 - - [19/Aug/2026:13:19:20 -0600] "GET /?path=/home4/fazzewmy/public_html/faceandfollicle/cgi-bin/.well-known/logs233 HTTP/2.0" 200 54977 "https://mail.dentstardentalclinic.com/?path=/home4/fazzewmy/public_html/faceandfollicle/cgi-bin/.well-known" "Mozilla/5.0 AppleWebKit/537.36 (KHTML, like Gecko; compatible; GPTBot/1.4; +https://openai.com/gptbot)" mail.dentstardentalclinic.com 10.36.254.103
74.7.243.214 - - [19/Aug/2026:13:19:20 -0600] "GET /?filesrc=//sys/class/net/lo/subsystem/eth0/subsystem/lo/statistics/rx_missed_errors&path=//sys/class/net/lo/subsystem/eth0/subsystem/lo/statistics HTTP/1.1" 200 1131 "https://www.dentstardentalclinic.com/?path=//sys/class/net/lo/subsystem/eth0/subsystem/lo/statistics" "Mozilla/5.0 AppleWebKit/537.36 (KHTML, like Gecko; compatible; GPTBot/1.4; +https://openai.com/gptbot)" www.dentstardentalclinic.com 10.36.254.103
74.7.243.214 - - [19/Aug/2026:13:19:20 -0600] "GET /?filesrc=//sys/class/net/lo/subsystem/eth0/subsystem/lo/statistics/rx_missed_errors&path=//sys/class/net/lo/subsystem/eth0/subsystem/lo/statistics HTTP/2.0" 200 1131 "https://www.dentstardentalclinic.com/?path=//sys/class/net/lo/subsystem/eth0/subsystem/lo/statistics" "Mozilla/5.0 AppleWebKit/537.36 (KHTML, like Gecko; compatible; GPTBot/1.4; +https://openai.com/gptbot)" www.dentstardentalclinic.com 10.36.254.103
74.7.243.214 - - [19/Aug/2026:13:19:21 -0600] "GET /?filesrc=//sys/class/net/lo/subsystem/lo/subsystem/eth0/statistics/rx_missed_errors&path=//sys/class/net/lo/subsystem/lo/subsystem/eth0/statistics HTTP/1.1" 200 1128 "https://www.dentstardentalclinic.com/?path=//sys/class/net/lo/subsystem/lo/subsystem/eth0/statistics" "Mozilla/5.0 AppleWebKit/537.36 (KHTML, like Gecko; compatible; GPTBot/1.4; +https://openai.com/gptbot)" www.dentstardentalclinic.com 10.36.254.103
74.7.243.214 - - [19/Aug/2026:13:19:21 -0600] "GET /?filesrc=//sys/class/net/lo/subsystem/lo/subsystem/eth0/statistics/rx_missed_errors&path=//sys/class/net/lo/subsystem/lo/subsystem/eth0/statistics HTTP/2.0" 200 1128 "https://www.dentstardentalclinic.com/?path=//sys/class/net/lo/subsystem/lo/subsystem/eth0/statistics" "Mozilla/5.0 AppleWebKit/537.36 (KHTML, like Gecko; compatible; GPTBot/1.4; +https://openai.com/gptbot)" www.dentstardentalclinic.com 10.36.254.103
74.7.243.214 - - [19/Aug/2026:13:19:22 -0600] "GET /?filesrc=//sys/class/net/lo/subsystem/eth0/subsystem/lo/statistics/tx_carrier_errors&path=//sys/class/net/lo/subsystem/eth0/subsystem/lo/statistics HTTP/1.1" 200 1131 "https://www.dentstardentalclinic.com/?path=//sys/class/net/lo/subsystem/eth0/subsystem/lo/statistics" "Mozilla/5.0 AppleWebKit/537.36 (KHTML, like Gecko; compatible; GPTBot/1.4; +https://openai.com/gptbot)" www.dentstardentalclinic.com 10.36.254.103
74.7.243.214 - - [19/Aug/2026:13:19:22 -0600] "GET /?filesrc=//sys/class/net/lo/subsystem/eth0/subsystem/lo/statistics/tx_carrier_errors&path=//sys/class/net/lo/subsystem/eth0/subsystem/lo/statistics HTTP/2.0" 200 1131 "https://www.dentstardentalclinic.com/?path=//sys/class/net/lo/subsystem/eth0/subsystem/lo/statistics" "Mozilla/5.0 AppleWebKit/537.36 (KHTML, like Gecko; compatible; GPTBot/1.4; +https://openai.com/gptbot)" www.dentstardentalclinic.com 10.36.254.103
74.7.243.214 - - [19/Aug/2026:13:19:23 -0600] "GET /?filesrc=//sys/class/net/lo/subsystem/lo/subsystem/eth0/statistics/tx_carrier_errors&path=//sys/class/net/lo/subsystem/lo/subsystem/eth0/statistics HTTP/1.1" 200 1128 "https://www.dentstardentalclinic.com/?path=//sys/class/net/lo/subsystem/lo/subsystem/eth0/statistics" "Mozilla/5.0 AppleWebKit/537.36 (KHTML, like Gecko; compatible; GPTBot/1.4; +https://openai.com/gptbot)" www.dentstardentalclinic.com 10.36.254.103
74.7.243.214 - - [19/Aug/2026:13:19:23 -0600] "GET /?filesrc=//sys/class/net/lo/subsystem/lo/subsystem/eth0/statistics/tx_carrier_errors&path=//sys/class/net/lo/subsystem/lo/subsystem/eth0/statistics HTTP/2.0" 200 1128 "https://www.dentstardentalclinic.com/?path=//sys/class/net/lo/subsystem/lo/subsystem/eth0/statistics" "Mozilla/5.0 AppleWebKit/537.36 (KHTML, like Gecko; compatible; GPTBot/1.4; +https://openai.com/gptbot)" www.dentstardentalclinic.com 10.36.254.103
74.7.243.214 - - [19/Aug/2026:13:19:24 -0600] "GET /?filesrc=//var/www/.aaa.ini&path=//var/www HTTP/1.1" 200 3109 "https://www.dentstardentalclinic.com/?path=//var/www" "Mozilla/5.0 AppleWebKit/537.36 (KHTML, like Gecko; compatible; GPTBot/1.4; +https://openai.com/gptbot)" www.dentstardentalclinic.com 10.36.254.103
74.7.243.214 - - [19/Aug/2026:13:19:24 -0600] "GET /?filesrc=//var/www/.aaa.ini&path=//var/www HTTP/2.0" 200 3109 "https://www.dentstardentalclinic.com/?path=//var/www" "Mozilla/5.0 AppleWebKit/537.36 (KHTML, like Gecko; compatible; GPTBot/1.4; +https://openai.com/gptbot)" www.dentstardentalclinic.com 10.36.254.103
74.7.243.214 - - [19/Aug/2026:13:19:25 -0600] "GET /?filesrc=//var/www/.aaa.log&path=//var/www HTTP/2.0" 200 3109 "https://www.dentstardentalclinic.com/?path=//var/www" "Mozilla/5.0 AppleWebKit/537.36 (KHTML, like Gecko; compatible; GPTBot/1.4; +https://openai.com/gptbot)" www.dentstardentalclinic.com 10.36.254.103
74.7.243.214 - - [19/Aug/2026:13:19:26 -0600] "GET /?filesrc=//var/www/.aaa.pdf&path=//var/www HTTP/2.0" 404 - "https://www.dentstardentalclinic.com/?path=//var/www" "Mozilla/5.0 AppleWebKit/537.36 (KHTML, like Gecko; compatible; GPTBot/1.4; +https://openai.com/gptbot)" www.dentstardentalclinic.com 10.36.254.103
74.7.243.214 - - [19/Aug/2026:13:19:28 -0600] "GET /?path=//var/www/html HTTP/1.1" 200 1176 "https://www.dentstardentalclinic.com/?path=//var/www" "Mozilla/5.0 AppleWebKit/537.36 (KHTML, like Gecko; compatible; GPTBot/1.4; +https://openai.com/gptbot)" www.dentstardentalclinic.com 10.36.254.103
74.7.243.214 - - [19/Aug/2026:13:19:28 -0600] "GET /?path=//var/www/html HTTP/2.0" 200 1176 "https://www.dentstardentalclinic.com/?path=//var/www" "Mozilla/5.0 AppleWebKit/537.36 (KHTML, like Gecko; compatible; GPTBot/1.4; +https://openai.com/gptbot)" www.dentstardentalclinic.com 10.36.254.103
74.7.243.214 - - [19/Aug/2026:13:19:30 -0600] "GET /?path=//sys/class/net/lo/subsystem/eth0/subsystem/lo/subsystem/lo HTTP/1.1" 200 7096 "https://www.dentstardentalclinic.com/?path=//sys/class/net/lo/subsystem/eth0/subsystem/lo/subsystem" "Mozilla/5.0 AppleWebKit/537.36 (KHTML, like Gecko; compatible; GPTBot/1.4; +https://openai.com/gptbot)" www.dentstardentalclinic.com 10.36.254.103
74.7.243.214 - - [19/Aug/2026:13:19:29 -0600] "GET /?path=//sys/class/net/lo/subsystem/eth0/subsystem/lo/subsystem/lo HTTP/2.0" 200 7096 "https://www.dentstardentalclinic.com/?path=//sys/class/net/lo/subsystem/eth0/subsystem/lo/subsystem" "Mozilla/5.0 AppleWebKit/537.36 (KHTML, like Gecko; compatible; GPTBot/1.4; +https://openai.com/gptbot)" www.dentstardentalclinic.com 10.36.254.103
74.7.243.214 - - [19/Aug/2026:13:19:31 -0600] "GET /?path=//sys/class/net/lo/subsystem/lo/subsystem/eth0/subsystem/lo HTTP/1.1" 200 7088 "https://www.dentstardentalclinic.com/?path=//sys/class/net/lo/subsystem/lo/subsystem/eth0/subsystem" "Mozilla/5.0 AppleWebKit/537.36 (KHTML, like Gecko; compatible; GPTBot/1.4; +https://openai.com/gptbot)" www.dentstardentalclinic.com 10.36.254.103
74.7.243.214 - - [19/Aug/2026:13:19:31 -0600] "GET /?path=//sys/class/net/lo/subsystem/lo/subsystem/eth0/subsystem/lo HTTP/2.0" 200 7088 "https://www.dentstardentalclinic.com/?path=//sys/class/net/lo/subsystem/lo/subsystem/eth0/subsystem" "Mozilla/5.0 AppleWebKit/537.36 (KHTML, like Gecko; compatible; GPTBot/1.4; +https://openai.com/gptbot)" www.dentstardentalclinic.com 10.36.254.103
74.7.243.214 - - [19/Aug/2026:13:19:32 -0600] "GET /?filesrc=//etc/trusted-key.key&path=//etc HTTP/1.1" 200 1391 "https://www.dentstardentalclinic.com/?path=//etc" "Mozilla/5.0 AppleWebKit/537.36 (KHTML, like Gecko; compatible; GPTBot/1.4; +https://openai.com/gptbot)" www.dentstardentalclinic.com 10.36.254.103
74.7.243.214 - - [19/Aug/2026:13:19:32 -0600] "GET /?filesrc=//etc/trusted-key.key&path=//etc HTTP/2.0" 200 1391 "https://www.dentstardentalclinic.com/?path=//etc" "Mozilla/5.0 AppleWebKit/537.36 (KHTML, like Gecko; compatible; GPTBot/1.4; +https://openai.com/gptbot)" www.dentstardentalclinic.com 10.36.254.103
74.7.243.214 - - [19/Aug/2026:13:19:33 -0600] "GET /?path=//var/www/icons HTTP/1.1" 200 1374 "https://www.dentstardentalclinic.com/?path=//var/www" "Mozilla/5.0 AppleWebKit/537.36 (KHTML, like Gecko; compatible; GPTBot/1.4; +https://openai.com/gptbot)" www.dentstardentalclinic.com 10.36.254.103
