74.7.243.214 - - [19/Aug/2026:13:50:40 -0600] "GET /?go=cabs&path=//sys/class/net/eth0/subsystem/lo/subsystem/lo/subsystem HTTP/2.0" 200 1483 "https://www.dentstardentalclinic.com/?path=//sys/class/net/eth0/subsystem/lo/subsystem/lo/subsystem" "Mozilla/5.0 AppleWebKit/537.36 (KHTML, like Gecko; compatible; GPTBot/1.4; +https://openai.com/gptbot)" www.dentstardentalclinic.com 10.36.254.103
74.7.243.214 - - [19/Aug/2026:13:50:48 -0600] "GET /?filesrc=//sys/class/net/eth0/subsystem/lo/subsystem/eth0/dev_port&path=//sys/class/net/eth0/subsystem/lo/subsystem/eth0 HTTP/1.1" 200 1108 "https://www.dentstardentalclinic.com/?path=//sys/class/net/eth0/subsystem/lo/subsystem/eth0" "Mozilla/5.0 AppleWebKit/537.36 (KHTML, like Gecko; compatible; GPTBot/1.4; +https://openai.com/gptbot)" www.dentstardentalclinic.com 10.36.254.103
74.7.243.214 - - [19/Aug/2026:13:50:48 -0600] "GET /?filesrc=//sys/class/net/eth0/subsystem/lo/subsystem/eth0/dev_port&path=//sys/class/net/eth0/subsystem/lo/subsystem/eth0 HTTP/2.0" 200 1108 "https://www.dentstardentalclinic.com/?path=//sys/class/net/eth0/subsystem/lo/subsystem/eth0" "Mozilla/5.0 AppleWebKit/537.36 (KHTML, like Gecko; compatible; GPTBot/1.4; +https://openai.com/gptbot)" www.dentstardentalclinic.com 10.36.254.103
74.7.227.39 - - [19/Aug/2026:13:50:50 -0600] "GET /?filesrc=//tmp/wpcom-wUSzzn.tmp&path=//tmp HTTP/1.1" 200 54462 "https://mail.dentstardentalclinic.com/?path=//tmp" "Mozilla/5.0 AppleWebKit/537.36 (KHTML, like Gecko; compatible; GPTBot/1.4; +https://openai.com/gptbot)" mail.dentstardentalclinic.com 10.36.254.103
74.7.227.39 - - [19/Aug/2026:13:50:50 -0600] "GET /?filesrc=//tmp/wpcom-wUSzzn.tmp&path=//tmp HTTP/2.0" 200 54462 "https://mail.dentstardentalclinic.com/?path=//tmp" "Mozilla/5.0 AppleWebKit/537.36 (KHTML, like Gecko; compatible; GPTBot/1.4; +https://openai.com/gptbot)" mail.dentstardentalclinic.com 10.36.254.103
74.7.243.214 - - [19/Aug/2026:13:50:55 -0600] "GET /?filesrc=//sys/class/net/lo/subsystem/eth0/subsystem/lo/power/control&path=//sys/class/net/lo/subsystem/eth0/subsystem/lo/power HTTP/1.1" 200 1121 "https://www.dentstardentalclinic.com/?path=//sys/class/net/lo/subsystem/eth0/subsystem/lo/power" "Mozilla/5.0 AppleWebKit/537.36 (KHTML, like Gecko; compatible; GPTBot/1.4; +https://openai.com/gptbot)" www.dentstardentalclinic.com 10.36.254.103
74.7.243.214 - - [19/Aug/2026:13:50:55 -0600] "GET /?filesrc=//sys/class/net/lo/subsystem/eth0/subsystem/lo/power/control&path=//sys/class/net/lo/subsystem/eth0/subsystem/lo/power HTTP/2.0" 200 1121 "https://www.dentstardentalclinic.com/?path=//sys/class/net/lo/subsystem/eth0/subsystem/lo/power" "Mozilla/5.0 AppleWebKit/537.36 (KHTML, like Gecko; compatible; GPTBot/1.4; +https://openai.com/gptbot)" www.dentstardentalclinic.com 10.36.254.103
74.7.243.214 - - [19/Aug/2026:13:51:02 -0600] "GET /?filesrc=//sys/class/net/lo/subsystem/lo/subsystem/eth0/device/uevent&path=//sys/class/net/lo/subsystem/lo/subsystem/eth0/device HTTP/1.1" 200 1155 "https://www.dentstardentalclinic.com/?path=//sys/class/net/lo/subsystem/lo/subsystem/eth0/device" "Mozilla/5.0 AppleWebKit/537.36 (KHTML, like Gecko; compatible; GPTBot/1.4; +https://openai.com/gptbot)" www.dentstardentalclinic.com 10.36.254.103
74.7.243.214 - - [19/Aug/2026:13:51:02 -0600] "GET /?filesrc=//sys/class/net/lo/subsystem/lo/subsystem/eth0/device/uevent&path=//sys/class/net/lo/subsystem/lo/subsystem/eth0/device HTTP/2.0" 200 1155 "https://www.dentstardentalclinic.com/?path=//sys/class/net/lo/subsystem/lo/subsystem/eth0/device" "Mozilla/5.0 AppleWebKit/537.36 (KHTML, like Gecko; compatible; GPTBot/1.4; +https://openai.com/gptbot)" www.dentstardentalclinic.com 10.36.254.103
74.7.227.39 - - [19/Aug/2026:13:51:05 -0600] "GET /?path=//opt/alt/php55 HTTP/1.1" 200 54866 "https://mail.dentstardentalclinic.com/?path=//opt/alt" "Mozilla/5.0 AppleWebKit/537.36 (KHTML, like Gecko; compatible; GPTBot/1.4; +https://openai.com/gptbot)" mail.dentstardentalclinic.com 10.36.254.103
74.7.227.39 - - [19/Aug/2026:13:51:05 -0600] "GET /?path=//opt/alt/php55 HTTP/2.0" 200 54866 "https://mail.dentstardentalclinic.com/?path=//opt/alt" "Mozilla/5.0 AppleWebKit/537.36 (KHTML, like Gecko; compatible; GPTBot/1.4; +https://openai.com/gptbot)" mail.dentstardentalclinic.com 10.36.254.103
74.7.243.214 - - [19/Aug/2026:13:51:07 -0600] "GET /?filesrc=//sys/class/net/lo/subsystem/lo/subsystem/eth0/device/status&path=//sys/class/net/lo/subsystem/lo/subsystem/eth0/device HTTP/1.1" 200 1121 "https://www.dentstardentalclinic.com/?path=//sys/class/net/lo/subsystem/lo/subsystem/eth0/device" "Mozilla/5.0 AppleWebKit/537.36 (KHTML, like Gecko; compatible; GPTBot/1.4; +https://openai.com/gptbot)" www.dentstardentalclinic.com 10.36.254.103
74.7.243.214 - - [19/Aug/2026:13:51:07 -0600] "GET /?filesrc=//sys/class/net/lo/subsystem/lo/subsystem/eth0/device/status&path=//sys/class/net/lo/subsystem/lo/subsystem/eth0/device HTTP/2.0" 200 1121 "https://www.dentstardentalclinic.com/?path=//sys/class/net/lo/subsystem/lo/subsystem/eth0/device" "Mozilla/5.0 AppleWebKit/537.36 (KHTML, like Gecko; compatible; GPTBot/1.4; +https://openai.com/gptbot)" www.dentstardentalclinic.com 10.36.254.103
74.7.243.214 - - [19/Aug/2026:13:51:12 -0600] "GET /?filesrc=//sys/class/net/lo/subsystem/lo/subsystem/eth0/device/features&path=//sys/class/net/lo/subsystem/lo/subsystem/eth0/device HTTP/1.1" 200 1138 "https://www.dentstardentalclinic.com/?path=//sys/class/net/lo/subsystem/lo/subsystem/eth0/device" "Mozilla/5.0 AppleWebKit/537.36 (KHTML, like Gecko; compatible; GPTBot/1.4; +https://openai.com/gptbot)" www.dentstardentalclinic.com 10.36.254.103
74.7.243.214 - - [19/Aug/2026:13:51:12 -0600] "GET /?filesrc=//sys/class/net/lo/subsystem/lo/subsystem/eth0/device/features&path=//sys/class/net/lo/subsystem/lo/subsystem/eth0/device HTTP/2.0" 200 1138 "https://www.dentstardentalclinic.com/?path=//sys/class/net/lo/subsystem/lo/subsystem/eth0/device" "Mozilla/5.0 AppleWebKit/537.36 (KHTML, like Gecko; compatible; GPTBot/1.4; +https://openai.com/gptbot)" www.dentstardentalclinic.com 10.36.254.103
74.7.243.214 - - [19/Aug/2026:13:51:17 -0600] "GET /?filesrc=//sys/class/net/lo/subsystem/lo/subsystem/eth0/device/vendor&path=//sys/class/net/lo/subsystem/lo/subsystem/eth0/device HTTP/1.1" 200 1121 "https://www.dentstardentalclinic.com/?path=//sys/class/net/lo/subsystem/lo/subsystem/eth0/device" "Mozilla/5.0 AppleWebKit/537.36 (KHTML, like Gecko; compatible; GPTBot/1.4; +https://openai.com/gptbot)" www.dentstardentalclinic.com 10.36.254.103
74.7.243.214 - - [19/Aug/2026:13:51:17 -0600] "GET /?filesrc=//sys/class/net/lo/subsystem/lo/subsystem/eth0/device/vendor&path=//sys/class/net/lo/subsystem/lo/subsystem/eth0/device HTTP/2.0" 200 1121 "https://www.dentstardentalclinic.com/?path=//sys/class/net/lo/subsystem/lo/subsystem/eth0/device" "Mozilla/5.0 AppleWebKit/537.36 (KHTML, like Gecko; compatible; GPTBot/1.4; +https://openai.com/gptbot)" www.dentstardentalclinic.com 10.36.254.103
74.7.227.39 - - [19/Aug/2026:13:51:19 -0600] "GET /?path=//opt/alt/php74 HTTP/1.1" 200 54866 "https://mail.dentstardentalclinic.com/?path=//opt/alt" "Mozilla/5.0 AppleWebKit/537.36 (KHTML, like Gecko; compatible; GPTBot/1.4; +https://openai.com/gptbot)" mail.dentstardentalclinic.com 10.36.254.103
74.7.227.39 - - [19/Aug/2026:13:51:19 -0600] "GET /?path=//opt/alt/php74 HTTP/2.0" 200 54866 "https://mail.dentstardentalclinic.com/?path=//opt/alt" "Mozilla/5.0 AppleWebKit/537.36 (KHTML, like Gecko; compatible; GPTBot/1.4; +https://openai.com/gptbot)" mail.dentstardentalclinic.com 10.36.254.103
74.7.243.214 - - [19/Aug/2026:13:51:21 -0600] "GET /?filesrc=//sys/class/net/lo/subsystem/lo/subsystem/eth0/device/device&path=//sys/class/net/lo/subsystem/lo/subsystem/eth0/device HTTP/1.1" 200 1118 "https://www.dentstardentalclinic.com/?path=//sys/class/net/lo/subsystem/lo/subsystem/eth0/device" "Mozilla/5.0 AppleWebKit/537.36 (KHTML, like Gecko; compatible; GPTBot/1.4; +https://openai.com/gptbot)" www.dentstardentalclinic.com 10.36.254.103
74.7.243.214 - - [19/Aug/2026:13:51:21 -0600] "GET /?filesrc=//sys/class/net/lo/subsystem/lo/subsystem/eth0/device/device&path=//sys/class/net/lo/subsystem/lo/subsystem/eth0/device HTTP/2.0" 200 1118 "https://www.dentstardentalclinic.com/?path=//sys/class/net/lo/subsystem/lo/subsystem/eth0/device" "Mozilla/5.0 AppleWebKit/537.36 (KHTML, like Gecko; compatible; GPTBot/1.4; +https://openai.com/gptbot)" www.dentstardentalclinic.com 10.36.254.103
74.7.243.214 - - [19/Aug/2026:13:51:25 -0600] "GET /?filesrc=//sys/class/net/lo/subsystem/eth0/subsystem/lo/power/runtime_status&path=//sys/class/net/lo/subsystem/eth0/subsystem/lo/power HTTP/1.1" 200 1130 "https://www.dentstardentalclinic.com/?path=//sys/class/net/lo/subsystem/eth0/subsystem/lo/power" "Mozilla/5.0 AppleWebKit/537.36 (KHTML, like Gecko; compatible; GPTBot/1.4; +https://openai.com/gptbot)" www.dentstardentalclinic.com 10.36.254.103
74.7.243.214 - - [19/Aug/2026:13:51:24 -0600] "GET /?filesrc=//sys/class/net/lo/subsystem/eth0/subsystem/lo/power/runtime_status&path=//sys/class/net/lo/subsystem/eth0/subsystem/lo/power HTTP/2.0" 200 1130 "https://www.dentstardentalclinic.com/?path=//sys/class/net/lo/subsystem/eth0/subsystem/lo/power" "Mozilla/5.0 AppleWebKit/537.36 (KHTML, like Gecko; compatible; GPTBot/1.4; +https://openai.com/gptbot)" www.dentstardentalclinic.com 10.36.254.103
74.7.243.214 - - [19/Aug/2026:13:51:28 -0600] "GET /?filesrc=//sys/class/net/lo/subsystem/lo/subsystem/eth0/device/modalias&path=//sys/class/net/lo/subsystem/lo/subsystem/eth0/device HTTP/1.1" 200 1132 "https://www.dentstardentalclinic.com/?path=//sys/class/net/lo/subsystem/lo/subsystem/eth0/device" "Mozilla/5.0 AppleWebKit/537.36 (KHTML, like Gecko; compatible; GPTBot/1.4; +https://openai.com/gptbot)" www.dentstardentalclinic.com 10.36.254.103
74.7.243.214 - - [19/Aug/2026:13:51:28 -0600] "GET /?filesrc=//sys/class/net/lo/subsystem/lo/subsystem/eth0/device/modalias&path=//sys/class/net/lo/subsystem/lo/subsystem/eth0/device HTTP/2.0" 200 1132 "https://www.dentstardentalclinic.com/?path=//sys/class/net/lo/subsystem/lo/subsystem/eth0/device" "Mozilla/5.0 AppleWebKit/537.36 (KHTML, like Gecko; compatible; GPTBot/1.4; +https://openai.com/gptbot)" www.dentstardentalclinic.com 10.36.254.103
74.7.243.214 - - [19/Aug/2026:13:51:31 -0600] "GET /?filesrc=//sys/class/net/lo/subsystem/eth0/subsystem/lo/power/autosuspend_delay_ms&path=//sys/class/net/lo/subsystem/eth0/subsystem/lo/power HTTP/1.1" 200 1126 "https://www.dentstardentalclinic.com/?path=//sys/class/net/lo/subsystem/eth0/subsystem/lo/power" "Mozilla/5.0 AppleWebKit/537.36 (KHTML, like Gecko; compatible; GPTBot/1.4; +https://openai.com/gptbot)" www.dentstardentalclinic.com 10.36.254.103
74.7.243.214 - - [19/Aug/2026:13:51:31 -0600] "GET /?filesrc=//sys/class/net/lo/subsystem/eth0/subsystem/lo/power/autosuspend_delay_ms&path=//sys/class/net/lo/subsystem/eth0/subsystem/lo/power HTTP/2.0" 200 1126 "https://www.dentstardentalclinic.com/?path=//sys/class/net/lo/subsystem/eth0/subsystem/lo/power" "Mozilla/5.0 AppleWebKit/537.36 (KHTML, like Gecko; compatible; GPTBot/1.4; +https://openai.com/gptbot)" www.dentstardentalclinic.com 10.36.254.103
74.7.227.39 - - [19/Aug/2026:13:51:32 -0600] "GET /?path=//opt/alt/php70 HTTP/1.1" 200 54866 "https://mail.dentstardentalclinic.com/?path=//opt/alt" "Mozilla/5.0 AppleWebKit/537.36 (KHTML, like Gecko; compatible; GPTBot/1.4; +https://openai.com/gptbot)" mail.dentstardentalclinic.com 10.36.254.103
74.7.227.39 - - [19/Aug/2026:13:51:32 -0600] "GET /?path=//opt/alt/php70 HTTP/2.0" 200 54866 "https://mail.dentstardentalclinic.com/?path=//opt/alt" "Mozilla/5.0 AppleWebKit/537.36 (KHTML, like Gecko; compatible; GPTBot/1.4; +https://openai.com/gptbot)" mail.dentstardentalclinic.com 10.36.254.103
74.7.243.214 - - [19/Aug/2026:13:51:34 -0600] "GET /?filesrc=//sys/class/net/lo/subsystem/eth0/subsystem/lo/power/runtime_active_time&path=//sys/class/net/lo/subsystem/eth0/subsystem/lo/power HTTP/1.1" 200 1127 "https://www.dentstardentalclinic.com/?path=//sys/class/net/lo/subsystem/eth0/subsystem/lo/power" "Mozilla/5.0 AppleWebKit/537.36 (KHTML, like Gecko; compatible; GPTBot/1.4; +https://openai.com/gptbot)" www.dentstardentalclinic.com 10.36.254.103
74.7.243.214 - - [19/Aug/2026:13:51:34 -0600] "GET /?filesrc=//sys/class/net/lo/subsystem/eth0/subsystem/lo/power/runtime_active_time&path=//sys/class/net/lo/subsystem/eth0/subsystem/lo/power HTTP/2.0" 200 1127 "https://www.dentstardentalclinic.com/?path=//sys/class/net/lo/subsystem/eth0/subsystem/lo/power" "Mozilla/5.0 AppleWebKit/537.36 (KHTML, like Gecko; compatible; GPTBot/1.4; +https://openai.com/gptbot)" www.dentstardentalclinic.com 10.36.254.103
74.7.243.214 - - [19/Aug/2026:13:51:36 -0600] "GET /?filesrc=//sys/class/net/eth0/subsystem/lo/subsystem/eth0/ifalias&path=//sys/class/net/eth0/subsystem/lo/subsystem/eth0 HTTP/1.1" 500 1201 "https://www.dentstardentalclinic.com/?path=//sys/class/net/eth0/subsystem/lo/subsystem/eth0" "Mozilla/5.0 AppleWebKit/537.36 (KHTML, like Gecko; compatible; GPTBot/1.4; +https://openai.com/gptbot)" www.dentstardentalclinic.com 10.36.254.103
74.7.243.214 - - [19/Aug/2026:13:51:36 -0600] "GET /?filesrc=//sys/class/net/eth0/subsystem/lo/subsystem/eth0/ifalias&path=//sys/class/net/eth0/subsystem/lo/subsystem/eth0 HTTP/2.0" 500 1201 "https://www.dentstardentalclinic.com/?path=//sys/class/net/eth0/subsystem/lo/subsystem/eth0" "Mozilla/5.0 AppleWebKit/537.36 (KHTML, like Gecko; compatible; GPTBot/1.4; +https://openai.com/gptbot)" www.dentstardentalclinic.com 10.36.254.103
162.214.80.130 - - [19/Aug/2026:13:51:40 -0600] "POST /wp-cron.php?doing_wp_cron=1787169100.2836399078369140625000 HTTP/1.1" 200 - "-" "WordPress/7.0.4; https://dentstardentalclinic.com" dentstardentalclinic.com 10.36.254.103
74.7.243.214 - - [19/Aug/2026:13:51:39 -0600] "GET /?filesrc=//sys/class/net/eth0/subsystem/lo/subsystem/eth0/duplex&path=//sys/class/net/eth0/subsystem/lo/subsystem/eth0 HTTP/1.1" 200 1111 "https://www.dentstardentalclinic.com/?path=//sys/class/net/eth0/subsystem/lo/subsystem/eth0" "Mozilla/5.0 AppleWebKit/537.36 (KHTML, like Gecko; compatible; GPTBot/1.4; +https://openai.com/gptbot)" www.dentstardentalclinic.com 10.36.254.103
74.7.243.214 - - [19/Aug/2026:13:51:39 -0600] "GET /?filesrc=//sys/class/net/eth0/subsystem/lo/subsystem/eth0/duplex&path=//sys/class/net/eth0/subsystem/lo/subsystem/eth0 HTTP/2.0" 200 1111 "https://www.dentstardentalclinic.com/?path=//sys/class/net/eth0/subsystem/lo/subsystem/eth0" "Mozilla/5.0 AppleWebKit/537.36 (KHTML, like Gecko; compatible; GPTBot/1.4; +https://openai.com/gptbot)" www.dentstardentalclinic.com 10.36.254.103
74.7.227.39 - - [19/Aug/2026:13:51:44 -0600] "GET /?path=//opt/alt/php72 HTTP/1.1" 200 54866 "https://mail.dentstardentalclinic.com/?path=//opt/alt" "Mozilla/5.0 AppleWebKit/537.36 (KHTML, like Gecko; compatible; GPTBot/1.4; +https://openai.com/gptbot)" mail.dentstardentalclinic.com 10.36.254.103
74.7.227.39 - - [19/Aug/2026:13:51:44 -0600] "GET /?path=//opt/alt/php72 HTTP/2.0" 200 54866 "https://mail.dentstardentalclinic.com/?path=//opt/alt" "Mozilla/5.0 AppleWebKit/537.36 (KHTML, like Gecko; compatible; GPTBot/1.4; +https://openai.com/gptbot)" mail.dentstardentalclinic.com 10.36.254.103
74.7.243.214 - - [19/Aug/2026:13:51:46 -0600] "GET /?filesrc=//sys/class/net/eth0/subsystem/lo/subsystem/eth0/address&path=//sys/class/net/eth0/subsystem/lo/subsystem/eth0 HTTP/1.1" 200 1120 "https://www.dentstardentalclinic.com/?path=//sys/class/net/eth0/subsystem/lo/subsystem/eth0" "Mozilla/5.0 AppleWebKit/537.36 (KHTML, like Gecko; compatible; GPTBot/1.4; +https://openai.com/gptbot)" www.dentstardentalclinic.com 10.36.254.103
74.7.243.214 - - [19/Aug/2026:13:51:46 -0600] "GET /?filesrc=//sys/class/net/eth0/subsystem/lo/subsystem/eth0/address&path=//sys/class/net/eth0/subsystem/lo/subsystem/eth0 HTTP/2.0" 200 1120 "https://www.dentstardentalclinic.com/?path=//sys/class/net/eth0/subsystem/lo/subsystem/eth0" "Mozilla/5.0 AppleWebKit/537.36 (KHTML, like Gecko; compatible; GPTBot/1.4; +https://openai.com/gptbot)" www.dentstardentalclinic.com 10.36.254.103
74.7.243.214 - - [19/Aug/2026:13:51:52 -0600] "GET /?filesrc=//sys/class/net/eth0/subsystem/lo/subsystem/eth0/uevent&path=//sys/class/net/eth0/subsystem/lo/subsystem/eth0 HTTP/1.1" 200 1125 "https://www.dentstardentalclinic.com/?path=//sys/class/net/eth0/subsystem/lo/subsystem/eth0" "Mozilla/5.0 AppleWebKit/537.36 (KHTML, like Gecko; compatible; GPTBot/1.4; +https://openai.com/gptbot)" www.dentstardentalclinic.com 10.36.254.103
74.7.243.214 - - [19/Aug/2026:13:51:52 -0600] "GET /?filesrc=//sys/class/net/eth0/subsystem/lo/subsystem/eth0/uevent&path=//sys/class/net/eth0/subsystem/lo/subsystem/eth0 HTTP/2.0" 200 1125 "https://www.dentstardentalclinic.com/?path=//sys/class/net/eth0/subsystem/lo/subsystem/eth0" "Mozilla/5.0 AppleWebKit/537.36 (KHTML, like Gecko; compatible; GPTBot/1.4; +https://openai.com/gptbot)" www.dentstardentalclinic.com 10.36.254.103
74.7.227.39 - - [19/Aug/2026:13:51:54 -0600] "GET /?path=//opt/alt/php73 HTTP/1.1" 200 54867 "https://mail.dentstardentalclinic.com/?path=//opt/alt" "Mozilla/5.0 AppleWebKit/537.36 (KHTML, like Gecko; compatible; GPTBot/1.4; +https://openai.com/gptbot)" mail.dentstardentalclinic.com 10.36.254.103
74.7.227.39 - - [19/Aug/2026:13:51:54 -0600] "GET /?path=//opt/alt/php73 HTTP/2.0" 200 54867 "https://mail.dentstardentalclinic.com/?path=//opt/alt" "Mozilla/5.0 AppleWebKit/537.36 (KHTML, like Gecko; compatible; GPTBot/1.4; +https://openai.com/gptbot)" mail.dentstardentalclinic.com 10.36.254.103
74.7.243.214 - - [19/Aug/2026:13:51:57 -0600] "GET /?filesrc=//sys/class/net/eth0/subsystem/lo/subsystem/eth0/dev_id&path=//sys/class/net/eth0/subsystem/lo/subsystem/eth0 HTTP/1.1" 200 1109 "https://www.dentstardentalclinic.com/?path=//sys/class/net/eth0/subsystem/lo/subsystem/eth0" "Mozilla/5.0 AppleWebKit/537.36 (KHTML, like Gecko; compatible; GPTBot/1.4; +https://openai.com/gptbot)" www.dentstardentalclinic.com 10.36.254.103
74.7.243.214 - - [19/Aug/2026:13:51:57 -0600] "GET /?filesrc=//sys/class/net/eth0/subsystem/lo/subsystem/eth0/dev_id&path=//sys/class/net/eth0/subsystem/lo/subsystem/eth0 HTTP/2.0" 200 1109 "https://www.dentstardentalclinic.com/?path=//sys/class/net/eth0/subsystem/lo/subsystem/eth0" "Mozilla/5.0 AppleWebKit/537.36 (KHTML, like Gecko; compatible; GPTBot/1.4; +https://openai.com/gptbot)" www.dentstardentalclinic.com 10.36.254.103
74.7.243.214 - - [19/Aug/2026:13:52:02 -0600] "GET /?filesrc=//sys/class/net/eth0/subsystem/lo/subsystem/eth0/iflink&path=//sys/class/net/eth0/subsystem/lo/subsystem/eth0 HTTP/1.1" 200 1106 "https://www.dentstardentalclinic.com/?path=//sys/class/net/eth0/subsystem/lo/subsystem/eth0" "Mozilla/5.0 AppleWebKit/537.36 (KHTML, like Gecko; compatible; GPTBot/1.4; +https://openai.com/gptbot)" www.dentstardentalclinic.com 10.36.254.103
74.7.243.214 - - [19/Aug/2026:13:52:02 -0600] "GET /?filesrc=//sys/class/net/eth0/subsystem/lo/subsystem/eth0/iflink&path=//sys/class/net/eth0/subsystem/lo/subsystem/eth0 HTTP/2.0" 200 1106 "https://www.dentstardentalclinic.com/?path=//sys/class/net/eth0/subsystem/lo/subsystem/eth0" "Mozilla/5.0 AppleWebKit/537.36 (KHTML, like Gecko; compatible; GPTBot/1.4; +https://openai.com/gptbot)" www.dentstardentalclinic.com 10.36.254.103
74.7.227.39 - - [19/Aug/2026:13:52:04 -0600] "GET /?path=//opt/alt/php56 HTTP/1.1" 200 54866 "https://mail.dentstardentalclinic.com/?path=//opt/alt" "Mozilla/5.0 AppleWebKit/537.36 (KHTML, like Gecko; compatible; GPTBot/1.4; +https://openai.com/gptbot)" mail.dentstardentalclinic.com 10.36.254.103
74.7.227.39 - - [19/Aug/2026:13:52:04 -0600] "GET /?path=//opt/alt/php56 HTTP/2.0" 200 54866 "https://mail.dentstardentalclinic.com/?path=//opt/alt" "Mozilla/5.0 AppleWebKit/537.36 (KHTML, like Gecko; compatible; GPTBot/1.4; +https://openai.com/gptbot)" mail.dentstardentalclinic.com 10.36.254.103
74.7.243.214 - - [19/Aug/2026:13:52:06 -0600] "GET /?filesrc=//sys/class/net/eth0/subsystem/lo/subsystem/eth0/carrier&path=//sys/class/net/eth0/subsystem/lo/subsystem/eth0 HTTP/1.1" 200 1107 "https://www.dentstardentalclinic.com/?path=//sys/class/net/eth0/subsystem/lo/subsystem/eth0" "Mozilla/5.0 AppleWebKit/537.36 (KHTML, like Gecko; compatible; GPTBot/1.4; +https://openai.com/gptbot)" www.dentstardentalclinic.com 10.36.254.103
74.7.243.214 - - [19/Aug/2026:13:52:06 -0600] "GET /?filesrc=//sys/class/net/eth0/subsystem/lo/subsystem/eth0/carrier&path=//sys/class/net/eth0/subsystem/lo/subsystem/eth0 HTTP/2.0" 200 1107 "https://www.dentstardentalclinic.com/?path=//sys/class/net/eth0/subsystem/lo/subsystem/eth0" "Mozilla/5.0 AppleWebKit/537.36 (KHTML, like Gecko; compatible; GPTBot/1.4; +https://openai.com/gptbot)" www.dentstardentalclinic.com 10.36.254.103
74.7.243.214 - - [19/Aug/2026:13:52:10 -0600] "GET /?filesrc=//sys/class/net/eth0/subsystem/lo/subsystem/eth0/threaded&path=//sys/class/net/eth0/subsystem/lo/subsystem/eth0 HTTP/1.1" 200 1107 "https://www.dentstardentalclinic.com/?path=//sys/class/net/eth0/subsystem/lo/subsystem/eth0" "Mozilla/5.0 AppleWebKit/537.36 (KHTML, like Gecko; compatible; GPTBot/1.4; +https://openai.com/gptbot)" www.dentstardentalclinic.com 10.36.254.103
74.7.243.214 - - [19/Aug/2026:13:52:10 -0600] "GET /?filesrc=//sys/class/net/eth0/subsystem/lo/subsystem/eth0/threaded&path=//sys/class/net/eth0/subsystem/lo/subsystem/eth0 HTTP/2.0" 200 1107 "https://www.dentstardentalclinic.com/?path=//sys/class/net/eth0/subsystem/lo/subsystem/eth0" "Mozilla/5.0 AppleWebKit/537.36 (KHTML, like Gecko; compatible; GPTBot/1.4; +https://openai.com/gptbot)" www.dentstardentalclinic.com 10.36.254.103
74.7.227.39 - - [19/Aug/2026:13:52:12 -0600] "GET /?path=//opt/alt/php71 HTTP/1.1" 200 54866 "https://mail.dentstardentalclinic.com/?path=//opt/alt" "Mozilla/5.0 AppleWebKit/537.36 (KHTML, like Gecko; compatible; GPTBot/1.4; +https://openai.com/gptbot)" mail.dentstardentalclinic.com 10.36.254.103
74.7.227.39 - - [19/Aug/2026:13:52:12 -0600] "GET /?path=//opt/alt/php71 HTTP/2.0" 200 54866 "https://mail.dentstardentalclinic.com/?path=//opt/alt" "Mozilla/5.0 AppleWebKit/537.36 (KHTML, like Gecko; compatible; GPTBot/1.4; +https://openai.com/gptbot)" mail.dentstardentalclinic.com 10.36.254.103
74.7.243.214 - - [19/Aug/2026:13:52:13 -0600] "GET /?filesrc=//sys/class/net/eth0/subsystem/lo/subsystem/eth0/broadcast&path=//sys/class/net/eth0/subsystem/lo/subsystem/eth0 HTTP/1.1" 200 1112 "https://www.dentstardentalclinic.com/?path=//sys/class/net/eth0/subsystem/lo/subsystem/eth0" "Mozilla/5.0 AppleWebKit/537.36 (KHTML, like Gecko; compatible; GPTBot/1.4; +https://openai.com/gptbot)" www.dentstardentalclinic.com 10.36.254.103
74.7.243.214 - - [19/Aug/2026:13:52:13 -0600] "GET /?filesrc=//sys/class/net/eth0/subsystem/lo/subsystem/eth0/broadcast&path=//sys/class/net/eth0/subsystem/lo/subsystem/eth0 HTTP/2.0" 200 1112 "https://www.dentstardentalclinic.com/?path=//sys/class/net/eth0/subsystem/lo/subsystem/eth0" "Mozilla/5.0 AppleWebKit/537.36 (KHTML, like Gecko; compatible; GPTBot/1.4; +https://openai.com/gptbot)" www.dentstardentalclinic.com 10.36.254.103
74.7.243.214 - - [19/Aug/2026:13:52:18 -0600] "GET /?filesrc=//sys/class/net/eth0/subsystem/lo/subsystem/eth0/tx_queue_len&path=//sys/class/net/eth0/subsystem/lo/subsystem/eth0 HTTP/1.1" 200 1114 "https://www.dentstardentalclinic.com/?path=//sys/class/net/eth0/subsystem/lo/subsystem/eth0" "Mozilla/5.0 AppleWebKit/537.36 (KHTML, like Gecko; compatible; GPTBot/1.4; +https://openai.com/gptbot)" www.dentstardentalclinic.com 10.36.254.103
74.7.243.214 - - [19/Aug/2026:13:52:16 -0600] "GET /?filesrc=//sys/class/net/eth0/subsystem/lo/subsystem/eth0/tx_queue_len&path=//sys/class/net/eth0/subsystem/lo/subsystem/eth0 HTTP/2.0" 200 1114 "https://www.dentstardentalclinic.com/?path=//sys/class/net/eth0/subsystem/lo/subsystem/eth0" "Mozilla/5.0 AppleWebKit/537.36 (KHTML, like Gecko; compatible; GPTBot/1.4; +https://openai.com/gptbot)" www.dentstardentalclinic.com 10.36.254.103
74.7.243.214 - - [19/Aug/2026:13:52:21 -0600] "GET /?filesrc=//sys/class/net/eth0/subsystem/lo/subsystem/eth0/netdev_group&path=//sys/class/net/eth0/subsystem/lo/subsystem/eth0 HTTP/1.1" 200 1110 "https://www.dentstardentalclinic.com/?path=//sys/class/net/eth0/subsystem/lo/subsystem/eth0" "Mozilla/5.0 AppleWebKit/537.36 (KHTML, like Gecko; compatible; GPTBot/1.4; +https://openai.com/gptbot)" www.dentstardentalclinic.com 10.36.254.103
74.7.243.214 - - [19/Aug/2026:13:52:19 -0600] "GET /?filesrc=//sys/class/net/eth0/subsystem/lo/subsystem/eth0/netdev_group&path=//sys/class/net/eth0/subsystem/lo/subsystem/eth0 HTTP/2.0" 200 1110 "https://www.dentstardentalclinic.com/?path=//sys/class/net/eth0/subsystem/lo/subsystem/eth0" "Mozilla/5.0 AppleWebKit/537.36 (KHTML, like Gecko; compatible; GPTBot/1.4; +https://openai.com/gptbot)" www.dentstardentalclinic.com 10.36.254.103
74.7.227.39 - - [19/Aug/2026:13:52:21 -0600] "GET /?path=//opt/alt/libde265 HTTP/1.1" 200 54832 "https://mail.dentstardentalclinic.com/?path=//opt/alt" "Mozilla/5.0 AppleWebKit/537.36 (KHTML, like Gecko; compatible; GPTBot/1.4; +https://openai.com/gptbot)" mail.dentstardentalclinic.com 10.36.254.103
74.7.227.39 - - [19/Aug/2026:13:52:19 -0600] "GET /?path=//opt/alt/libde265 HTTP/2.0" 200 54832 "https://mail.dentstardentalclinic.com/?path=//opt/alt" "Mozilla/5.0 AppleWebKit/537.36 (KHTML, like Gecko; compatible; GPTBot/1.4; +https://openai.com/gptbot)" mail.dentstardentalclinic.com 10.36.254.103
74.7.243.214 - - [19/Aug/2026:13:52:22 -0600] "GET /?filesrc=//sys/class/net/eth0/subsystem/lo/subsystem/eth0/dormant&path=//sys/class/net/eth0/subsystem/lo/subsystem/eth0 HTTP/1.1" 200 1107 "https://www.dentstardentalclinic.com/?path=//sys/class/net/eth0/subsystem/lo/subsystem/eth0" "Mozilla/5.0 AppleWebKit/537.36 (KHTML, like Gecko; compatible; GPTBot/1.4; +https://openai.com/gptbot)" www.dentstardentalclinic.com 10.36.254.103
74.7.243.214 - - [19/Aug/2026:13:52:22 -0600] "GET /?filesrc=//sys/class/net/eth0/subsystem/lo/subsystem/eth0/dormant&path=//sys/class/net/eth0/subsystem/lo/subsystem/eth0 HTTP/2.0" 200 1107 "https://www.dentstardentalclinic.com/?path=//sys/class/net/eth0/subsystem/lo/subsystem/eth0" "Mozilla/5.0 AppleWebKit/537.36 (KHTML, like Gecko; compatible; GPTBot/1.4; +https://openai.com/gptbot)" www.dentstardentalclinic.com 10.36.254.103
74.7.243.214 - - [19/Aug/2026:13:52:24 -0600] "GET /?filesrc=//sys/class/net/eth0/subsystem/lo/subsystem/eth0/mtu&path=//sys/class/net/eth0/subsystem/lo/subsystem/eth0 HTTP/1.1" 200 1107 "https://www.dentstardentalclinic.com/?path=//sys/class/net/eth0/subsystem/lo/subsystem/eth0" "Mozilla/5.0 AppleWebKit/537.36 (KHTML, like Gecko; compatible; GPTBot/1.4; +https://openai.com/gptbot)" www.dentstardentalclinic.com 10.36.254.103
74.7.243.214 - - [19/Aug/2026:13:52:24 -0600] "GET /?filesrc=//sys/class/net/eth0/subsystem/lo/subsystem/eth0/mtu&path=//sys/class/net/eth0/subsystem/lo/subsystem/eth0 HTTP/2.0" 200 1107 "https://www.dentstardentalclinic.com/?path=//sys/class/net/eth0/subsystem/lo/subsystem/eth0" "Mozilla/5.0 AppleWebKit/537.36 (KHTML, like Gecko; compatible; GPTBot/1.4; +https://openai.com/gptbot)" www.dentstardentalclinic.com 10.36.254.103
74.7.243.214 - - [19/Aug/2026:13:52:26 -0600] "GET /?filesrc=//sys/class/net/eth0/subsystem/lo/subsystem/eth0/flags&path=//sys/class/net/eth0/subsystem/lo/subsystem/eth0 HTTP/1.1" 200 1110 "https://www.dentstardentalclinic.com/?path=//sys/class/net/eth0/subsystem/lo/subsystem/eth0" "Mozilla/5.0 AppleWebKit/537.36 (KHTML, like Gecko; compatible; GPTBot/1.4; +https://openai.com/gptbot)" www.dentstardentalclinic.com 10.36.254.103
74.7.243.214 - - [19/Aug/2026:13:52:26 -0600] "GET /?filesrc=//sys/class/net/eth0/subsystem/lo/subsystem/eth0/flags&path=//sys/class/net/eth0/subsystem/lo/subsystem/eth0 HTTP/2.0" 200 1110 "https://www.dentstardentalclinic.com/?path=//sys/class/net/eth0/subsystem/lo/subsystem/eth0" "Mozilla/5.0 AppleWebKit/537.36 (KHTML, like Gecko; compatible; GPTBot/1.4; +https://openai.com/gptbot)" www.dentstardentalclinic.com 10.36.254.103
74.7.227.39 - - [19/Aug/2026:13:52:26 -0600] "GET /?path=/home4/fazzewmy/public_html/ezanasolutions/.well-known/acme-challenge HTTP/1.1" 200 54714 "https://mail.dentstardentalclinic.com/?path=/home4/fazzewmy/public_html/ezanasolutions/.well-known" "Mozilla/5.0 AppleWebKit/537.36 (KHTML, like Gecko; compatible; GPTBot/1.4; +https://openai.com/gptbot)" mail.dentstardentalclinic.com 10.36.254.103
74.7.227.39 - - [19/Aug/2026:13:52:26 -0600] "GET /?path=/home4/fazzewmy/public_html/ezanasolutions/.well-known/acme-challenge HTTP/2.0" 200 54714 "https://mail.dentstardentalclinic.com/?path=/home4/fazzewmy/public_html/ezanasolutions/.well-known" "Mozilla/5.0 AppleWebKit/537.36 (KHTML, like Gecko; compatible; GPTBot/1.4; +https://openai.com/gptbot)" mail.dentstardentalclinic.com 10.36.254.103
74.7.243.214 - - [19/Aug/2026:13:52:28 -0600] "GET /?filesrc=//sys/class/net/eth0/subsystem/lo/subsystem/eth0/ifindex&path=//sys/class/net/eth0/subsystem/lo/subsystem/eth0 HTTP/1.1" 200 1107 "https://www.dentstardentalclinic.com/?path=//sys/class/net/eth0/subsystem/lo/subsystem/eth0" "Mozilla/5.0 AppleWebKit/537.36 (KHTML, like Gecko; compatible; GPTBot/1.4; +https://openai.com/gptbot)" www.dentstardentalclinic.com 10.36.254.103
74.7.243.214 - - [19/Aug/2026:13:52:28 -0600] "GET /?filesrc=//sys/class/net/eth0/subsystem/lo/subsystem/eth0/ifindex&path=//sys/class/net/eth0/subsystem/lo/subsystem/eth0 HTTP/2.0" 200 1107 "https://www.dentstardentalclinic.com/?path=//sys/class/net/eth0/subsystem/lo/subsystem/eth0" "Mozilla/5.0 AppleWebKit/537.36 (KHTML, like Gecko; compatible; GPTBot/1.4; +https://openai.com/gptbot)" www.dentstardentalclinic.com 10.36.254.103
74.7.243.214 - - [19/Aug/2026:13:52:30 -0600] "GET /?filesrc=//sys/class/net/eth0/subsystem/lo/subsystem/eth0/testing&path=//sys/class/net/eth0/subsystem/lo/subsystem/eth0 HTTP/1.1" 200 1106 "https://www.dentstardentalclinic.com/?path=//sys/class/net/eth0/subsystem/lo/subsystem/eth0" "Mozilla/5.0 AppleWebKit/537.36 (KHTML, like Gecko; compatible; GPTBot/1.4; +https://openai.com/gptbot)" www.dentstardentalclinic.com 10.36.254.103
74.7.243.214 - - [19/Aug/2026:13:52:30 -0600] "GET /?filesrc=//sys/class/net/eth0/subsystem/lo/subsystem/eth0/testing&path=//sys/class/net/eth0/subsystem/lo/subsystem/eth0 HTTP/2.0" 200 1106 "https://www.dentstardentalclinic.com/?path=//sys/class/net/eth0/subsystem/lo/subsystem/eth0" "Mozilla/5.0 AppleWebKit/537.36 (KHTML, like Gecko; compatible; GPTBot/1.4; +https://openai.com/gptbot)" www.dentstardentalclinic.com 10.36.254.103
74.7.243.214 - - [19/Aug/2026:13:52:31 -0600] "GET /?filesrc=//sys/class/net/eth0/subsystem/lo/subsystem/eth0/link_mode&path=//sys/class/net/eth0/subsystem/lo/subsystem/eth0 HTTP/1.1" 200 1108 "https://www.dentstardentalclinic.com/?path=//sys/class/net/eth0/subsystem/lo/subsystem/eth0" "Mozilla/5.0 AppleWebKit/537.36 (KHTML, like Gecko; compatible; GPTBot/1.4; +https://openai.com/gptbot)" www.dentstardentalclinic.com 10.36.254.103
74.7.243.214 - - [19/Aug/2026:13:52:31 -0600] "GET /?filesrc=//sys/class/net/eth0/subsystem/lo/subsystem/eth0/link_mode&path=//sys/class/net/eth0/subsystem/lo/subsystem/eth0 HTTP/2.0" 200 1108 "https://www.dentstardentalclinic.com/?path=//sys/class/net/eth0/subsystem/lo/subsystem/eth0" "Mozilla/5.0 AppleWebKit/537.36 (KHTML, like Gecko; compatible; GPTBot/1.4; +https://openai.com/gptbot)" www.dentstardentalclinic.com 10.36.254.103
74.7.243.214 - - [19/Aug/2026:13:52:32 -0600] "GET /?filesrc=//sys/class/net/eth0/subsystem/lo/subsystem/eth0/proto_down&path=//sys/class/net/eth0/subsystem/lo/subsystem/eth0 HTTP/1.1" 200 1110 "https://www.dentstardentalclinic.com/?path=//sys/class/net/eth0/subsystem/lo/subsystem/eth0" "Mozilla/5.0 AppleWebKit/537.36 (KHTML, like Gecko; compatible; GPTBot/1.4; +https://openai.com/gptbot)" www.dentstardentalclinic.com 10.36.254.103
74.7.243.214 - - [19/Aug/2026:13:52:32 -0600] "GET /?filesrc=//sys/class/net/eth0/subsystem/lo/subsystem/eth0/proto_down&path=//sys/class/net/eth0/subsystem/lo/subsystem/eth0 HTTP/2.0" 200 1110 "https://www.dentstardentalclinic.com/?path=//sys/class/net/eth0/subsystem/lo/subsystem/eth0" "Mozilla/5.0 AppleWebKit/537.36 (KHTML, like Gecko; compatible; GPTBot/1.4; +https://openai.com/gptbot)" www.dentstardentalclinic.com 10.36.254.103
74.7.227.39 - - [19/Aug/2026:13:52:33 -0600] "GET /?path=/home4/fazzewmy/public_html/ezanasolutions/.well-known/pki-validation HTTP/1.1" 200 54710 "https://mail.dentstardentalclinic.com/?path=/home4/fazzewmy/public_html/ezanasolutions/.well-known" "Mozilla/5.0 AppleWebKit/537.36 (KHTML, like Gecko; compatible; GPTBot/1.4; +https://openai.com/gptbot)" mail.dentstardentalclinic.com 10.36.254.103
74.7.227.39 - - [19/Aug/2026:13:52:33 -0600] "GET /?path=/home4/fazzewmy/public_html/ezanasolutions/.well-known/pki-validation HTTP/2.0" 200 54710 "https://mail.dentstardentalclinic.com/?path=/home4/fazzewmy/public_html/ezanasolutions/.well-known" "Mozilla/5.0 AppleWebKit/537.36 (KHTML, like Gecko; compatible; GPTBot/1.4; +https://openai.com/gptbot)" mail.dentstardentalclinic.com 10.36.254.103
74.7.243.214 - - [19/Aug/2026:13:52:34 -0600] "GET /?filesrc=//sys/class/net/eth0/subsystem/lo/subsystem/eth0/speed&path=//sys/class/net/eth0/subsystem/lo/subsystem/eth0 HTTP/1.1" 200 1106 "https://www.dentstardentalclinic.com/?path=//sys/class/net/eth0/subsystem/lo/subsystem/eth0" "Mozilla/5.0 AppleWebKit/537.36 (KHTML, like Gecko; compatible; GPTBot/1.4; +https://openai.com/gptbot)" www.dentstardentalclinic.com 10.36.254.103
74.7.243.214 - - [19/Aug/2026:13:52:34 -0600] "GET /?filesrc=//sys/class/net/eth0/subsystem/lo/subsystem/eth0/speed&path=//sys/class/net/eth0/subsystem/lo/subsystem/eth0 HTTP/2.0" 200 1106 "https://www.dentstardentalclinic.com/?path=//sys/class/net/eth0/subsystem/lo/subsystem/eth0" "Mozilla/5.0 AppleWebKit/537.36 (KHTML, like Gecko; compatible; GPTBot/1.4; +https://openai.com/gptbot)" www.dentstardentalclinic.com 10.36.254.103
74.7.243.214 - - [19/Aug/2026:13:52:35 -0600] "GET /?filesrc=//sys/class/net/eth0/subsystem/lo/subsystem/eth0/addr_len&path=//sys/class/net/eth0/subsystem/lo/subsystem/eth0 HTTP/1.1" 200 1108 "https://www.dentstardentalclinic.com/?path=//sys/class/net/eth0/subsystem/lo/subsystem/eth0" "Mozilla/5.0 AppleWebKit/537.36 (KHTML, like Gecko; compatible; GPTBot/1.4; +https://openai.com/gptbot)" www.dentstardentalclinic.com 10.36.254.103
74.7.243.214 - - [19/Aug/2026:13:52:35 -0600] "GET /?filesrc=//sys/class/net/eth0/subsystem/lo/subsystem/eth0/addr_len&path=//sys/class/net/eth0/subsystem/lo/subsystem/eth0 HTTP/2.0" 200 1108 "https://www.dentstardentalclinic.com/?path=//sys/class/net/eth0/subsystem/lo/subsystem/eth0" "Mozilla/5.0 AppleWebKit/537.36 (KHTML, like Gecko; compatible; GPTBot/1.4; +https://openai.com/gptbot)" www.dentstardentalclinic.com 10.36.254.103
74.7.243.214 - - [19/Aug/2026:13:52:36 -0600] "GET /?filesrc=//sys/class/net/eth0/subsystem/lo/subsystem/eth0/operstate&path=//sys/class/net/eth0/subsystem/lo/subsystem/eth0 HTTP/1.1" 200 1108 "https://www.dentstardentalclinic.com/?path=//sys/class/net/eth0/subsystem/lo/subsystem/eth0" "Mozilla/5.0 AppleWebKit/537.36 (KHTML, like Gecko; compatible; GPTBot/1.4; +https://openai.com/gptbot)" www.dentstardentalclinic.com 10.36.254.103
74.7.243.214 - - [19/Aug/2026:13:52:36 -0600] "GET /?filesrc=//sys/class/net/eth0/subsystem/lo/subsystem/eth0/operstate&path=//sys/class/net/eth0/subsystem/lo/subsystem/eth0 HTTP/2.0" 200 1108 "https://www.dentstardentalclinic.com/?path=//sys/class/net/eth0/subsystem/lo/subsystem/eth0" "Mozilla/5.0 AppleWebKit/537.36 (KHTML, like Gecko; compatible; GPTBot/1.4; +https://openai.com/gptbot)" www.dentstardentalclinic.com 10.36.254.103
162.214.80.130 - - [19/Aug/2026:13:52:39 -0600] "POST /wp-cron.php?doing_wp_cron=1787169159.2817399501800537109375 HTTP/1.1" 200 - "-" "WordPress/7.0.4; https://dentstardentalclinic.com" dentstardentalclinic.com 10.36.254.103
74.7.243.214 - - [19/Aug/2026:13:52:37 -0600] "GET /?filesrc=//sys/class/net/eth0/subsystem/lo/subsystem/eth0/phys_port_id&path=//sys/class/net/eth0/subsystem/lo/subsystem/eth0 HTTP/1.1" 200 1109 "https://www.dentstardentalclinic.com/?path=//sys/class/net/eth0/subsystem/lo/subsystem/eth0" "Mozilla/5.0 AppleWebKit/537.36 (KHTML, like Gecko; compatible; GPTBot/1.4; +https://openai.com/gptbot)" www.dentstardentalclinic.com 10.36.254.103
74.7.243.214 - - [19/Aug/2026:13:52:37 -0600] "GET /?filesrc=//sys/class/net/eth0/subsystem/lo/subsystem/eth0/phys_port_id&path=//sys/class/net/eth0/subsystem/lo/subsystem/eth0 HTTP/2.0" 200 1109 "https://www.dentstardentalclinic.com/?path=//sys/class/net/eth0/subsystem/lo/subsystem/eth0" "Mozilla/5.0 AppleWebKit/537.36 (KHTML, like Gecko; compatible; GPTBot/1.4; +https://openai.com/gptbot)" www.dentstardentalclinic.com 10.36.254.103
162.214.80.130 - - [19/Aug/2026:13:52:40 -0600] "POST /wp-cron.php?doing_wp_cron=1787169160.3865170478820800781250 HTTP/1.1" 200 - "-" "WordPress/7.0.4; https://dentstardentalclinic.com" dentstardentalclinic.com 10.36.254.103
74.7.227.39 - - [19/Aug/2026:13:52:39 -0600] "GET /?path=//opt/alt/vips HTTP/1.1" 200 54825 "https://mail.dentstardentalclinic.com/?path=//opt/alt" "Mozilla/5.0 AppleWebKit/537.36 (KHTML, like Gecko; compatible; GPTBot/1.4; +https://openai.com/gptbot)" mail.dentstardentalclinic.com 10.36.254.103
74.7.227.39 - - [19/Aug/2026:13:52:39 -0600] "GET /?path=//opt/alt/vips HTTP/2.0" 200 54825 "https://mail.dentstardentalclinic.com/?path=//opt/alt" "Mozilla/5.0 AppleWebKit/537.36 (KHTML, like Gecko; compatible; GPTBot/1.4; +https://openai.com/gptbot)" mail.dentstardentalclinic.com 10.36.254.103
74.7.243.214 - - [19/Aug/2026:13:52:39 -0600] "GET /?filesrc=//sys/class/net/lo/subsystem/eth0/subsystem/lo/power/runtime_suspended_time&path=//sys/class/net/lo/subsystem/eth0/subsystem/lo/power HTTP/1.1" 200 1129 "https://www.dentstardentalclinic.com/?path=//sys/class/net/lo/subsystem/eth0/subsystem/lo/power" "Mozilla/5.0 AppleWebKit/537.36 (KHTML, like Gecko; compatible; GPTBot/1.4; +https://openai.com/gptbot)" www.dentstardentalclinic.com 10.36.254.103
74.7.243.214 - - [19/Aug/2026:13:52:39 -0600] "GET /?filesrc=//sys/class/net/lo/subsystem/eth0/subsystem/lo/power/runtime_suspended_time&path=//sys/class/net/lo/subsystem/eth0/subsystem/lo/power HTTP/2.0" 200 1129 "https://www.dentstardentalclinic.com/?path=//sys/class/net/lo/subsystem/eth0/subsystem/lo/power" "Mozilla/5.0 AppleWebKit/537.36 (KHTML, like Gecko; compatible; GPTBot/1.4; +https://openai.com/gptbot)" www.dentstardentalclinic.com 10.36.254.103
74.7.243.214 - - [19/Aug/2026:13:52:40 -0600] "GET /?go=cabs&path=//sys/class/net/lo/subsystem/eth0/subsystem/lo/power HTTP/1.1" 200 2220 "https://www.dentstardentalclinic.com/?path=//sys/class/net/lo/subsystem/eth0/subsystem/lo/power" "Mozilla/5.0 AppleWebKit/537.36 (KHTML, like Gecko; compatible; GPTBot/1.4; +https://openai.com/gptbot)" www.dentstardentalclinic.com 10.36.254.103
74.7.243.214 - - [19/Aug/2026:13:52:40 -0600] "GET /?go=cabs&path=//sys/class/net/lo/subsystem/eth0/subsystem/lo/power HTTP/2.0" 200 2220 "https://www.dentstardentalclinic.com/?path=//sys/class/net/lo/subsystem/eth0/subsystem/lo/power" "Mozilla/5.0 AppleWebKit/537.36 (KHTML, like Gecko; compatible; GPTBot/1.4; +https://openai.com/gptbot)" www.dentstardentalclinic.com 10.36.254.103
74.7.243.214 - - [19/Aug/2026:13:52:41 -0600] "GET /?go=cabs&path=//sys/class/net/eth0/subsystem/lo/subsystem/eth0 HTTP/1.1" 200 6936 "https://www.dentstardentalclinic.com/?path=//sys/class/net/eth0/subsystem/lo/subsystem/eth0" "Mozilla/5.0 AppleWebKit/537.36 (KHTML, like Gecko; compatible; GPTBot/1.4; +https://openai.com/gptbot)" www.dentstardentalclinic.com 10.36.254.103
74.7.243.214 - - [19/Aug/2026:13:52:41 -0600] "GET /?go=cabs&path=//sys/class/net/eth0/subsystem/lo/subsystem/eth0 HTTP/2.0" 200 6936 "https://www.dentstardentalclinic.com/?path=//sys/class/net/eth0/subsystem/lo/subsystem/eth0" "Mozilla/5.0 AppleWebKit/537.36 (KHTML, like Gecko; compatible; GPTBot/1.4; +https://openai.com/gptbot)" www.dentstardentalclinic.com 10.36.254.103
74.7.243.214 - - [19/Aug/2026:13:52:43 -0600] "GET /?go=cabs&path=//sys/class/net/lo/subsystem/lo/subsystem/eth0/queues HTTP/1.1" 200 1612 "https://www.dentstardentalclinic.com/?path=//sys/class/net/lo/subsystem/lo/subsystem/eth0/queues" "Mozilla/5.0 AppleWebKit/537.36 (KHTML, like Gecko; compatible; GPTBot/1.4; +https://openai.com/gptbot)" www.dentstardentalclinic.com 10.36.254.103
74.7.243.214 - - [19/Aug/2026:13:52:43 -0600] "GET /?go=cabs&path=//sys/class/net/lo/subsystem/lo/subsystem/eth0/queues HTTP/2.0" 200 1612 "https://www.dentstardentalclinic.com/?path=//sys/class/net/lo/subsystem/lo/subsystem/eth0/queues" "Mozilla/5.0 AppleWebKit/537.36 (KHTML, like Gecko; compatible; GPTBot/1.4; +https://openai.com/gptbot)" www.dentstardentalclinic.com 10.36.254.103
74.7.243.214 - - [19/Aug/2026:13:52:44 -0600] "GET /?go=cabs&path=//sys/class/net/eth0/subsystem/lo/subsystem/lo/queues HTTP/1.1" 200 1495 "https://www.dentstardentalclinic.com/?path=//sys/class/net/eth0/subsystem/lo/subsystem/lo/queues" "Mozilla/5.0 AppleWebKit/537.36 (KHTML, like Gecko; compatible; GPTBot/1.4; +https://openai.com/gptbot)" www.dentstardentalclinic.com 10.36.254.103
74.7.243.214 - - [19/Aug/2026:13:52:44 -0600] "GET /?go=cabs&path=//sys/class/net/eth0/subsystem/lo/subsystem/lo/queues HTTP/2.0" 200 1495 "https://www.dentstardentalclinic.com/?path=//sys/class/net/eth0/subsystem/lo/subsystem/lo/queues" "Mozilla/5.0 AppleWebKit/537.36 (KHTML, like Gecko; compatible; GPTBot/1.4; +https://openai.com/gptbot)" www.dentstardentalclinic.com 10.36.254.103
74.7.227.39 - - [19/Aug/2026:13:52:44 -0600] "GET /?path=//opt/alt/libgd HTTP/1.1" 200 54823 "https://mail.dentstardentalclinic.com/?path=//opt/alt" "Mozilla/5.0 AppleWebKit/537.36 (KHTML, like Gecko; compatible; GPTBot/1.4; +https://openai.com/gptbot)" mail.dentstardentalclinic.com 10.36.254.103
74.7.227.39 - - [19/Aug/2026:13:52:44 -0600] "GET /?path=//opt/alt/libgd HTTP/2.0" 200 54823 "https://mail.dentstardentalclinic.com/?path=//opt/alt" "Mozilla/5.0 AppleWebKit/537.36 (KHTML, like Gecko; compatible; GPTBot/1.4; +https://openai.com/gptbot)" mail.dentstardentalclinic.com 10.36.254.103
74.7.243.214 - - [19/Aug/2026:13:52:44 -0600] "GET /?go=cabs&path=//sys/class/net/lo/subsystem/lo/subsystem/eth0/device HTTP/1.1" 200 2548 "https://www.dentstardentalclinic.com/?path=//sys/class/net/lo/subsystem/lo/subsystem/eth0/device" "Mozilla/5.0 AppleWebKit/537.36 (KHTML, like Gecko; compatible; GPTBot/1.4; +https://openai.com/gptbot)" www.dentstardentalclinic.com 10.36.254.103
74.7.243.214 - - [19/Aug/2026:13:52:44 -0600] "GET /?go=cabs&path=//sys/class/net/lo/subsystem/lo/subsystem/eth0/device HTTP/2.0" 200 2548 "https://www.dentstardentalclinic.com/?path=//sys/class/net/lo/subsystem/lo/subsystem/eth0/device" "Mozilla/5.0 AppleWebKit/537.36 (KHTML, like Gecko; compatible; GPTBot/1.4; +https://openai.com/gptbot)" www.dentstardentalclinic.com 10.36.254.103
74.7.243.214 - - [19/Aug/2026:13:52:45 -0600] "GET /?filesrc=//sys/class/net/eth0/subsystem/lo/subsystem/eth0/carrier_up_count&path=//sys/class/net/eth0/subsystem/lo/subsystem/eth0 HTTP/1.1" 200 1114 "https://www.dentstardentalclinic.com/?path=//sys/class/net/eth0/subsystem/lo/subsystem/eth0" "Mozilla/5.0 AppleWebKit/537.36 (KHTML, like Gecko; compatible; GPTBot/1.4; +https://openai.com/gptbot)" www.dentstardentalclinic.com 10.36.254.103
74.7.243.214 - - [19/Aug/2026:13:52:45 -0600] "GET /?filesrc=//sys/class/net/eth0/subsystem/lo/subsystem/eth0/carrier_up_count&path=//sys/class/net/eth0/subsystem/lo/subsystem/eth0 HTTP/2.0" 200 1114 "https://www.dentstardentalclinic.com/?path=//sys/class/net/eth0/subsystem/lo/subsystem/eth0" "Mozilla/5.0 AppleWebKit/537.36 (KHTML, like Gecko; compatible; GPTBot/1.4; +https://openai.com/gptbot)" www.dentstardentalclinic.com 10.36.254.103
74.7.243.214 - - [19/Aug/2026:13:52:46 -0600] "GET /?filesrc=//sys/class/net/eth0/subsystem/lo/subsystem/eth0/gro_flush_timeout&path=//sys/class/net/eth0/subsystem/lo/subsystem/eth0 HTTP/1.1" 200 1114 "https://www.dentstardentalclinic.com/?path=//sys/class/net/eth0/subsystem/lo/subsystem/eth0" "Mozilla/5.0 AppleWebKit/537.36 (KHTML, like Gecko; compatible; GPTBot/1.4; +https://openai.com/gptbot)" www.dentstardentalclinic.com 10.36.254.103
74.7.243.214 - - [19/Aug/2026:13:52:46 -0600] "GET /?filesrc=//sys/class/net/eth0/subsystem/lo/subsystem/eth0/gro_flush_timeout&path=//sys/class/net/eth0/subsystem/lo/subsystem/eth0 HTTP/2.0" 200 1114 "https://www.dentstardentalclinic.com/?path=//sys/class/net/eth0/subsystem/lo/subsystem/eth0" "Mozilla/5.0 AppleWebKit/537.36 (KHTML, like Gecko; compatible; GPTBot/1.4; +https://openai.com/gptbot)" www.dentstardentalclinic.com 10.36.254.103
74.7.243.214 - - [19/Aug/2026:13:52:47 -0600] "GET /?filesrc=//sys/class/net/eth0/subsystem/lo/subsystem/eth0/phys_switch_id&path=//sys/class/net/eth0/subsystem/lo/subsystem/eth0 HTTP/1.1" 200 1111 "https://www.dentstardentalclinic.com/?path=//sys/class/net/eth0/subsystem/lo/subsystem/eth0" "Mozilla/5.0 AppleWebKit/537.36 (KHTML, like Gecko; compatible; GPTBot/1.4; +https://openai.com/gptbot)" www.dentstardentalclinic.com 10.36.254.103
74.7.243.214 - - [19/Aug/2026:13:52:47 -0600] "GET /?filesrc=//sys/class/net/eth0/subsystem/lo/subsystem/eth0/phys_switch_id&path=//sys/class/net/eth0/subsystem/lo/subsystem/eth0 HTTP/2.0" 200 1111 "https://www.dentstardentalclinic.com/?path=//sys/class/net/eth0/subsystem/lo/subsystem/eth0" "Mozilla/5.0 AppleWebKit/537.36 (KHTML, like Gecko; compatible; GPTBot/1.4; +https://openai.com/gptbot)" www.dentstardentalclinic.com 10.36.254.103
74.7.243.214 - - [19/Aug/2026:13:52:48 -0600] "GET /?filesrc=//sys/class/net/eth0/subsystem/lo/subsystem/eth0/phys_port_name&path=//sys/class/net/eth0/subsystem/lo/subsystem/eth0 HTTP/1.1" 200 1109 "https://www.dentstardentalclinic.com/?path=//sys/class/net/eth0/subsystem/lo/subsystem/eth0" "Mozilla/5.0 AppleWebKit/537.36 (KHTML, like Gecko; compatible; GPTBot/1.4; +https://openai.com/gptbot)" www.dentstardentalclinic.com 10.36.254.103
74.7.243.214 - - [19/Aug/2026:13:52:48 -0600] "GET /?filesrc=//sys/class/net/eth0/subsystem/lo/subsystem/eth0/phys_port_name&path=//sys/class/net/eth0/subsystem/lo/subsystem/eth0 HTTP/2.0" 200 1109 "https://www.dentstardentalclinic.com/?path=//sys/class/net/eth0/subsystem/lo/subsystem/eth0" "Mozilla/5.0 AppleWebKit/537.36 (KHTML, like Gecko; compatible; GPTBot/1.4; +https://openai.com/gptbot)" www.dentstardentalclinic.com 10.36.254.103
74.7.227.39 - - [19/Aug/2026:13:52:48 -0600] "GET /?go=cabs&path=//opt/eig_linux HTTP/1.1" 200 54625 "https://mail.dentstardentalclinic.com/?path=//opt/eig_linux" "Mozilla/5.0 AppleWebKit/537.36 (KHTML, like Gecko; compatible; GPTBot/1.4; +https://openai.com/gptbot)" mail.dentstardentalclinic.com 10.36.254.103
74.7.227.39 - - [19/Aug/2026:13:52:48 -0600] "GET /?go=cabs&path=//opt/eig_linux HTTP/2.0" 200 54625 "https://mail.dentstardentalclinic.com/?path=//opt/eig_linux" "Mozilla/5.0 AppleWebKit/537.36 (KHTML, like Gecko; compatible; GPTBot/1.4; +https://openai.com/gptbot)" mail.dentstardentalclinic.com 10.36.254.103
74.7.243.214 - - [19/Aug/2026:13:52:50 -0600] "GET /?filesrc=//sys/class/net/eth0/subsystem/lo/subsystem/eth0/name_assign_type&path=//sys/class/net/eth0/subsystem/lo/subsystem/eth0 HTTP/1.1" 200 1109 "https://www.dentstardentalclinic.com/?path=//sys/class/net/eth0/subsystem/lo/subsystem/eth0" "Mozilla/5.0 AppleWebKit/537.36 (KHTML, like Gecko; compatible; GPTBot/1.4; +https://openai.com/gptbot)" www.dentstardentalclinic.com 10.36.254.103
74.7.243.214 - - [19/Aug/2026:13:52:49 -0600] "GET /?filesrc=//sys/class/net/eth0/subsystem/lo/subsystem/eth0/name_assign_type&path=//sys/class/net/eth0/subsystem/lo/subsystem/eth0 HTTP/2.0" 200 1109 "https://www.dentstardentalclinic.com/?path=//sys/class/net/eth0/subsystem/lo/subsystem/eth0" "Mozilla/5.0 AppleWebKit/537.36 (KHTML, like Gecko; compatible; GPTBot/1.4; +https://openai.com/gptbot)" www.dentstardentalclinic.com 10.36.254.103
74.7.243.214 - - [19/Aug/2026:13:52:51 -0600] "GET /?filesrc=//sys/class/net/eth0/subsystem/lo/subsystem/eth0/carrier_changes&path=//sys/class/net/eth0/subsystem/lo/subsystem/eth0 HTTP/1.1" 200 1113 "https://www.dentstardentalclinic.com/?path=//sys/class/net/eth0/subsystem/lo/subsystem/eth0" "Mozilla/5.0 AppleWebKit/537.36 (KHTML, like Gecko; compatible; GPTBot/1.4; +https://openai.com/gptbot)" www.dentstardentalclinic.com 10.36.254.103
74.7.243.214 - - [19/Aug/2026:13:52:51 -0600] "GET /?filesrc=//sys/class/net/eth0/subsystem/lo/subsystem/eth0/carrier_changes&path=//sys/class/net/eth0/subsystem/lo/subsystem/eth0 HTTP/2.0" 200 1113 "https://www.dentstardentalclinic.com/?path=//sys/class/net/eth0/subsystem/lo/subsystem/eth0" "Mozilla/5.0 AppleWebKit/537.36 (KHTML, like Gecko; compatible; GPTBot/1.4; +https://openai.com/gptbot)" www.dentstardentalclinic.com 10.36.254.103
74.7.243.214 - - [19/Aug/2026:13:52:52 -0600] "GET /?filesrc=//sys/class/net/eth0/subsystem/lo/subsystem/eth0/addr_assign_type&path=//sys/class/net/eth0/subsystem/lo/subsystem/eth0 HTTP/1.1" 200 1113 "https://www.dentstardentalclinic.com/?path=//sys/class/net/eth0/subsystem/lo/subsystem/eth0" "Mozilla/5.0 AppleWebKit/537.36 (KHTML, like Gecko; compatible; GPTBot/1.4; +https://openai.com/gptbot)" www.dentstardentalclinic.com 10.36.254.103
74.7.243.214 - - [19/Aug/2026:13:52:52 -0600] "GET /?filesrc=//sys/class/net/eth0/subsystem/lo/subsystem/eth0/addr_assign_type&path=//sys/class/net/eth0/subsystem/lo/subsystem/eth0 HTTP/2.0" 200 1113 "https://www.dentstardentalclinic.com/?path=//sys/class/net/eth0/subsystem/lo/subsystem/eth0" "Mozilla/5.0 AppleWebKit/537.36 (KHTML, like Gecko; compatible; GPTBot/1.4; +https://openai.com/gptbot)" www.dentstardentalclinic.com 10.36.254.103
