74.7.227.39 - - [19/Aug/2026:12:55:37 -0600] "GET /?path=/home4/fazzewmy/public_html/projects-honestgroup-in-net/.well-known HTTP/1.1" 409 83 "https://mail.dentstardentalclinic.com/?path=/home4/fazzewmy/public_html/projects-honestgroup-in-net" "Mozilla/5.0 AppleWebKit/537.36 (KHTML, like Gecko; compatible; GPTBot/1.4; +https://openai.com/gptbot)" mail.dentstardentalclinic.com 10.36.254.103
74.7.227.39 - - [19/Aug/2026:12:55:37 -0600] "GET /?path=/home4/fazzewmy/public_html/projects-honestgroup-in-net/.well-known HTTP/2.0" 409 83 "https://mail.dentstardentalclinic.com/?path=/home4/fazzewmy/public_html/projects-honestgroup-in-net" "Mozilla/5.0 AppleWebKit/537.36 (KHTML, like Gecko; compatible; GPTBot/1.4; +https://openai.com/gptbot)" mail.dentstardentalclinic.com 10.36.254.103
74.7.243.214 - - [19/Aug/2026:12:55:58 -0600] "GET /?path=/home4/fazzewmy/public_html/lteacademy/.well-known/acme-challenge HTTP/1.1" 409 83 "https://www.dentstardentalclinic.com/?path=/home4/fazzewmy/public_html/lteacademy/.well-known" "Mozilla/5.0 AppleWebKit/537.36 (KHTML, like Gecko; compatible; GPTBot/1.4; +https://openai.com/gptbot)" www.dentstardentalclinic.com 10.36.254.103
74.7.243.214 - - [19/Aug/2026:12:55:57 -0600] "GET /?path=/home4/fazzewmy/public_html/lteacademy/.well-known/acme-challenge HTTP/2.0" 409 83 "https://www.dentstardentalclinic.com/?path=/home4/fazzewmy/public_html/lteacademy/.well-known" "Mozilla/5.0 AppleWebKit/537.36 (KHTML, like Gecko; compatible; GPTBot/1.4; +https://openai.com/gptbot)" www.dentstardentalclinic.com 10.36.254.103
74.7.227.39 - - [19/Aug/2026:12:56:39 -0600] "GET /?path=//backup4 HTTP/1.1" 409 83 "https://mail.dentstardentalclinic.com/?path=/" "Mozilla/5.0 AppleWebKit/537.36 (KHTML, like Gecko; compatible; GPTBot/1.4; +https://openai.com/gptbot)" mail.dentstardentalclinic.com 10.36.254.103
74.7.227.39 - - [19/Aug/2026:12:56:39 -0600] "GET /?path=//backup4 HTTP/2.0" 409 83 "https://mail.dentstardentalclinic.com/?path=/" "Mozilla/5.0 AppleWebKit/537.36 (KHTML, like Gecko; compatible; GPTBot/1.4; +https://openai.com/gptbot)" mail.dentstardentalclinic.com 10.36.254.103
74.7.243.214 - - [19/Aug/2026:12:56:58 -0600] "GET /?path=/home4/fazzewmy/public_html/lteacademy/.well-known/pki-validation HTTP/1.1" 409 83 "https://www.dentstardentalclinic.com/?path=/home4/fazzewmy/public_html/lteacademy/.well-known" "Mozilla/5.0 AppleWebKit/537.36 (KHTML, like Gecko; compatible; GPTBot/1.4; +https://openai.com/gptbot)" www.dentstardentalclinic.com 10.36.254.103
74.7.243.214 - - [19/Aug/2026:12:56:58 -0600] "GET /?path=/home4/fazzewmy/public_html/lteacademy/.well-known/pki-validation HTTP/2.0" 409 83 "https://www.dentstardentalclinic.com/?path=/home4/fazzewmy/public_html/lteacademy/.well-known" "Mozilla/5.0 AppleWebKit/537.36 (KHTML, like Gecko; compatible; GPTBot/1.4; +https://openai.com/gptbot)" www.dentstardentalclinic.com 10.36.254.103
74.7.227.39 - - [19/Aug/2026:12:57:40 -0600] "GET /?path=//backup1 HTTP/1.1" 409 83 "https://mail.dentstardentalclinic.com/?path=/" "Mozilla/5.0 AppleWebKit/537.36 (KHTML, like Gecko; compatible; GPTBot/1.4; +https://openai.com/gptbot)" mail.dentstardentalclinic.com 10.36.254.103
74.7.227.39 - - [19/Aug/2026:12:57:40 -0600] "GET /?path=//backup1 HTTP/2.0" 409 83 "https://mail.dentstardentalclinic.com/?path=/" "Mozilla/5.0 AppleWebKit/537.36 (KHTML, like Gecko; compatible; GPTBot/1.4; +https://openai.com/gptbot)" mail.dentstardentalclinic.com 10.36.254.103
74.7.243.214 - - [19/Aug/2026:12:57:58 -0600] "GET /?path=/home4/fazzewmy/public_html/samsonsdentalcare/.trash7309 HTTP/1.1" 409 83 "https://www.dentstardentalclinic.com/?path=/home4/fazzewmy/public_html/samsonsdentalcare" "Mozilla/5.0 AppleWebKit/537.36 (KHTML, like Gecko; compatible; GPTBot/1.4; +https://openai.com/gptbot)" www.dentstardentalclinic.com 10.36.254.103
74.7.243.214 - - [19/Aug/2026:12:57:58 -0600] "GET /?path=/home4/fazzewmy/public_html/samsonsdentalcare/.trash7309 HTTP/2.0" 409 83 "https://www.dentstardentalclinic.com/?path=/home4/fazzewmy/public_html/samsonsdentalcare" "Mozilla/5.0 AppleWebKit/537.36 (KHTML, like Gecko; compatible; GPTBot/1.4; +https://openai.com/gptbot)" www.dentstardentalclinic.com 10.36.254.103
74.7.227.39 - - [19/Aug/2026:12:58:41 -0600] "GET /?path=//lost+found HTTP/1.1" 409 83 "https://mail.dentstardentalclinic.com/?path=/" "Mozilla/5.0 AppleWebKit/537.36 (KHTML, like Gecko; compatible; GPTBot/1.4; +https://openai.com/gptbot)" mail.dentstardentalclinic.com 10.36.254.103
74.7.227.39 - - [19/Aug/2026:12:58:41 -0600] "GET /?path=//lost+found HTTP/2.0" 409 83 "https://mail.dentstardentalclinic.com/?path=/" "Mozilla/5.0 AppleWebKit/537.36 (KHTML, like Gecko; compatible; GPTBot/1.4; +https://openai.com/gptbot)" mail.dentstardentalclinic.com 10.36.254.103
74.7.243.214 - - [19/Aug/2026:12:59:01 -0600] "GET /?path=/home4/fazzewmy/public_html/prcontractingoman/cgi-bin HTTP/1.1" 409 83 "https://www.dentstardentalclinic.com/?path=/home4/fazzewmy/public_html/prcontractingoman" "Mozilla/5.0 AppleWebKit/537.36 (KHTML, like Gecko; compatible; GPTBot/1.4; +https://openai.com/gptbot)" www.dentstardentalclinic.com 10.36.254.103
74.7.243.214 - - [19/Aug/2026:12:59:01 -0600] "GET /?path=/home4/fazzewmy/public_html/prcontractingoman/cgi-bin HTTP/2.0" 409 83 "https://www.dentstardentalclinic.com/?path=/home4/fazzewmy/public_html/prcontractingoman" "Mozilla/5.0 AppleWebKit/537.36 (KHTML, like Gecko; compatible; GPTBot/1.4; +https://openai.com/gptbot)" www.dentstardentalclinic.com 10.36.254.103
74.7.227.39 - - [19/Aug/2026:12:59:47 -0600] "GET /?path=//home4 HTTP/1.1" 409 83 "https://mail.dentstardentalclinic.com/?path=/" "Mozilla/5.0 AppleWebKit/537.36 (KHTML, like Gecko; compatible; GPTBot/1.4; +https://openai.com/gptbot)" mail.dentstardentalclinic.com 10.36.254.103
74.7.227.39 - - [19/Aug/2026:12:59:47 -0600] "GET /?path=//home4 HTTP/2.0" 409 83 "https://mail.dentstardentalclinic.com/?path=/" "Mozilla/5.0 AppleWebKit/537.36 (KHTML, like Gecko; compatible; GPTBot/1.4; +https://openai.com/gptbot)" mail.dentstardentalclinic.com 10.36.254.103
74.7.243.214 - - [19/Aug/2026:13:00:03 -0600] "GET /?path=/home4/fazzewmy/public_html/samsonsdentalcare/cgi-bin HTTP/1.1" 409 83 "https://www.dentstardentalclinic.com/?path=/home4/fazzewmy/public_html/samsonsdentalcare" "Mozilla/5.0 AppleWebKit/537.36 (KHTML, like Gecko; compatible; GPTBot/1.4; +https://openai.com/gptbot)" www.dentstardentalclinic.com 10.36.254.103
74.7.243.214 - - [19/Aug/2026:13:00:03 -0600] "GET /?path=/home4/fazzewmy/public_html/samsonsdentalcare/cgi-bin HTTP/2.0" 409 83 "https://www.dentstardentalclinic.com/?path=/home4/fazzewmy/public_html/samsonsdentalcare" "Mozilla/5.0 AppleWebKit/537.36 (KHTML, like Gecko; compatible; GPTBot/1.4; +https://openai.com/gptbot)" www.dentstardentalclinic.com 10.36.254.103
74.7.227.39 - - [19/Aug/2026:13:00:51 -0600] "GET /?path=//home1 HTTP/1.1" 409 83 "https://mail.dentstardentalclinic.com/?path=/" "Mozilla/5.0 AppleWebKit/537.36 (KHTML, like Gecko; compatible; GPTBot/1.4; +https://openai.com/gptbot)" mail.dentstardentalclinic.com 10.36.254.103
74.7.227.39 - - [19/Aug/2026:13:00:51 -0600] "GET /?path=//home1 HTTP/2.0" 409 83 "https://mail.dentstardentalclinic.com/?path=/" "Mozilla/5.0 AppleWebKit/537.36 (KHTML, like Gecko; compatible; GPTBot/1.4; +https://openai.com/gptbot)" mail.dentstardentalclinic.com 10.36.254.103
74.7.243.214 - - [19/Aug/2026:13:01:08 -0600] "GET /?filesrc=//scripts/restartsrv_cpanellogd&path=//scripts HTTP/1.1" 409 83 "https://www.dentstardentalclinic.com/?path=//scripts" "Mozilla/5.0 AppleWebKit/537.36 (KHTML, like Gecko; compatible; GPTBot/1.4; +https://openai.com/gptbot)" www.dentstardentalclinic.com 10.36.254.103
74.7.243.214 - - [19/Aug/2026:13:01:08 -0600] "GET /?filesrc=//scripts/restartsrv_cpanellogd&path=//scripts HTTP/2.0" 409 83 "https://www.dentstardentalclinic.com/?path=//scripts" "Mozilla/5.0 AppleWebKit/537.36 (KHTML, like Gecko; compatible; GPTBot/1.4; +https://openai.com/gptbot)" www.dentstardentalclinic.com 10.36.254.103
124.156.226.179 - - [19/Aug/2026:13:01:29 -0600] "GET /?filesrc=/home4/fazzewmy/public_html/dentstardentalclinic/wp-admin/freedoms.php&path=/home4/fazzewmy/public_html/dentstardentalclinic/wp-admin HTTP/1.1" 409 83 "-" "Mozilla/5.0 (iPhone; CPU iPhone OS 13_2_3 like Mac OS X) AppleWebKit/605.1.15 (KHTML, like Gecko) Version/13.0.3 Mobile/15E148 Safari/604.1" dentstardentalclinic.com 10.36.254.103
74.7.227.39 - - [19/Aug/2026:13:01:56 -0600] "GET /?path=//home3 HTTP/1.1" 409 83 "https://mail.dentstardentalclinic.com/?path=/" "Mozilla/5.0 AppleWebKit/537.36 (KHTML, like Gecko; compatible; GPTBot/1.4; +https://openai.com/gptbot)" mail.dentstardentalclinic.com 10.36.254.103
74.7.227.39 - - [19/Aug/2026:13:01:56 -0600] "GET /?path=//home3 HTTP/2.0" 409 83 "https://mail.dentstardentalclinic.com/?path=/" "Mozilla/5.0 AppleWebKit/537.36 (KHTML, like Gecko; compatible; GPTBot/1.4; +https://openai.com/gptbot)" mail.dentstardentalclinic.com 10.36.254.103
74.7.243.214 - - [19/Aug/2026:13:02:09 -0600] "GET /?filesrc=//scripts/cpbackup_transport_file&path=//scripts HTTP/1.1" 409 83 "https://www.dentstardentalclinic.com/?path=//scripts" "Mozilla/5.0 AppleWebKit/537.36 (KHTML, like Gecko; compatible; GPTBot/1.4; +https://openai.com/gptbot)" www.dentstardentalclinic.com 10.36.254.103
74.7.243.214 - - [19/Aug/2026:13:02:09 -0600] "GET /?filesrc=//scripts/cpbackup_transport_file&path=//scripts HTTP/2.0" 409 83 "https://www.dentstardentalclinic.com/?path=//scripts" "Mozilla/5.0 AppleWebKit/537.36 (KHTML, like Gecko; compatible; GPTBot/1.4; +https://openai.com/gptbot)" www.dentstardentalclinic.com 10.36.254.103
162.214.80.130 - - [19/Aug/2026:13:03:05 -0600] "POST /wp-cron.php?doing_wp_cron=1787166185.1426880359649658203125 HTTP/1.1" 200 - "-" "WordPress/7.0.4; https://dentstardentalclinic.com" dentstardentalclinic.com 10.36.254.103
162.214.80.130 - - [19/Aug/2026:13:03:05 -0600] "POST /wp-cron.php?doing_wp_cron=1787166185.2285981178283691406250 HTTP/1.1" 200 - "-" "WordPress/7.0.4; https://dentstardentalclinic.com" dentstardentalclinic.com 10.36.254.103
74.7.227.39 - - [19/Aug/2026:13:03:03 -0600] "GET /?path=//home2 HTTP/1.1" 200 54522 "https://mail.dentstardentalclinic.com/?path=/" "Mozilla/5.0 AppleWebKit/537.36 (KHTML, like Gecko; compatible; GPTBot/1.4; +https://openai.com/gptbot)" mail.dentstardentalclinic.com 10.36.254.103
74.7.227.39 - - [19/Aug/2026:13:03:03 -0600] "GET /?path=//home2 HTTP/2.0" 200 54522 "https://mail.dentstardentalclinic.com/?path=/" "Mozilla/5.0 AppleWebKit/537.36 (KHTML, like Gecko; compatible; GPTBot/1.4; +https://openai.com/gptbot)" mail.dentstardentalclinic.com 10.36.254.103
74.7.243.214 - - [19/Aug/2026:13:03:12 -0600] "GET /?go=cabs&path=//opt/alt/dav1d HTTP/1.1" 200 1427 "https://www.dentstardentalclinic.com/?path=//opt/alt/dav1d" "Mozilla/5.0 AppleWebKit/537.36 (KHTML, like Gecko; compatible; GPTBot/1.4; +https://openai.com/gptbot)" www.dentstardentalclinic.com 10.36.254.103
74.7.243.214 - - [19/Aug/2026:13:03:12 -0600] "GET /?go=cabs&path=//opt/alt/dav1d HTTP/2.0" 200 1427 "https://www.dentstardentalclinic.com/?path=//opt/alt/dav1d" "Mozilla/5.0 AppleWebKit/537.36 (KHTML, like Gecko; compatible; GPTBot/1.4; +https://openai.com/gptbot)" www.dentstardentalclinic.com 10.36.254.103
162.214.80.130 - - [19/Aug/2026:13:04:02 -0600] "POST /wp-cron.php?doing_wp_cron=1787166242.9385900497436523437500 HTTP/1.1" 200 - "-" "WordPress/7.0.4; https://dentstardentalclinic.com" dentstardentalclinic.com 10.36.254.103
74.7.227.39 - - [19/Aug/2026:13:04:02 -0600] "GET /?path=/home4/fazzewmy/public_html/bluefluteentertainment/.well-known HTTP/1.1" 200 55137 "https://mail.dentstardentalclinic.com/?path=/home4/fazzewmy/public_html/bluefluteentertainment" "Mozilla/5.0 AppleWebKit/537.36 (KHTML, like Gecko; compatible; GPTBot/1.4; +https://openai.com/gptbot)" mail.dentstardentalclinic.com 10.36.254.103
74.7.227.39 - - [19/Aug/2026:13:04:02 -0600] "GET /?path=/home4/fazzewmy/public_html/bluefluteentertainment/.well-known HTTP/2.0" 200 55137 "https://mail.dentstardentalclinic.com/?path=/home4/fazzewmy/public_html/bluefluteentertainment" "Mozilla/5.0 AppleWebKit/537.36 (KHTML, like Gecko; compatible; GPTBot/1.4; +https://openai.com/gptbot)" mail.dentstardentalclinic.com 10.36.254.103
74.7.243.214 - - [19/Aug/2026:13:04:17 -0600] "GET /?go=cabs&path=//admin/.cpcpan HTTP/1.1" 200 1212 "https://www.dentstardentalclinic.com/?path=//admin/.cpcpan" "Mozilla/5.0 AppleWebKit/537.36 (KHTML, like Gecko; compatible; GPTBot/1.4; +https://openai.com/gptbot)" www.dentstardentalclinic.com 10.36.254.103
74.7.243.214 - - [19/Aug/2026:13:04:17 -0600] "GET /?go=cabs&path=//admin/.cpcpan HTTP/2.0" 200 1212 "https://www.dentstardentalclinic.com/?path=//admin/.cpcpan" "Mozilla/5.0 AppleWebKit/537.36 (KHTML, like Gecko; compatible; GPTBot/1.4; +https://openai.com/gptbot)" www.dentstardentalclinic.com 10.36.254.103
162.214.80.130 - - [19/Aug/2026:13:05:01 -0600] "POST /wp-cron.php?doing_wp_cron=1787166301.5465590953826904296875 HTTP/1.1" 200 - "-" "WordPress/7.0.4; https://dentstardentalclinic.com" dentstardentalclinic.com 10.36.254.103
74.7.227.39 - - [19/Aug/2026:13:05:01 -0600] "GET /?path=//media HTTP/1.1" 200 54522 "https://mail.dentstardentalclinic.com/?path=/" "Mozilla/5.0 AppleWebKit/537.36 (KHTML, like Gecko; compatible; GPTBot/1.4; +https://openai.com/gptbot)" mail.dentstardentalclinic.com 10.36.254.103
74.7.227.39 - - [19/Aug/2026:13:05:01 -0600] "GET /?path=//media HTTP/2.0" 200 54522 "https://mail.dentstardentalclinic.com/?path=/" "Mozilla/5.0 AppleWebKit/537.36 (KHTML, like Gecko; compatible; GPTBot/1.4; +https://openai.com/gptbot)" mail.dentstardentalclinic.com 10.36.254.103
74.7.243.214 - - [19/Aug/2026:13:05:13 -0600] "GET /?path=/home4/fazzewmy/public_html/shapensculpt HTTP/1.1" 200 1840 "https://www.dentstardentalclinic.com/?path=/home4/fazzewmy/public_html" "Mozilla/5.0 AppleWebKit/537.36 (KHTML, like Gecko; compatible; GPTBot/1.4; +https://openai.com/gptbot)" www.dentstardentalclinic.com 10.36.254.103
74.7.243.214 - - [19/Aug/2026:13:05:13 -0600] "GET /?path=/home4/fazzewmy/public_html/shapensculpt HTTP/2.0" 200 1840 "https://www.dentstardentalclinic.com/?path=/home4/fazzewmy/public_html" "Mozilla/5.0 AppleWebKit/537.36 (KHTML, like Gecko; compatible; GPTBot/1.4; +https://openai.com/gptbot)" www.dentstardentalclinic.com 10.36.254.103
162.214.80.130 - - [19/Aug/2026:13:05:53 -0600] "POST /wp-cron.php?doing_wp_cron=1787166353.0394129753112792968750 HTTP/1.1" 200 - "-" "WordPress/7.0.4; https://dentstardentalclinic.com" dentstardentalclinic.com 10.36.254.103
74.7.227.39 - - [19/Aug/2026:13:05:52 -0600] "GET /?filesrc=//razor-agent.log&path=/ HTTP/2.0" 200 54521 "https://mail.dentstardentalclinic.com/?path=/" "Mozilla/5.0 AppleWebKit/537.36 (KHTML, like Gecko; compatible; GPTBot/1.4; +https://openai.com/gptbot)" mail.dentstardentalclinic.com 10.36.254.103
74.7.243.214 - - [19/Aug/2026:13:06:05 -0600] "GET /?filesrc=//lib64/libgettextpo.so&path=//lib64 HTTP/1.1" 200 157696 "https://www.dentstardentalclinic.com/?path=//lib64" "Mozilla/5.0 AppleWebKit/537.36 (KHTML, like Gecko; compatible; GPTBot/1.4; +https://openai.com/gptbot)" www.dentstardentalclinic.com 10.36.254.103
74.7.243.214 - - [19/Aug/2026:13:06:05 -0600] "GET /?filesrc=//lib64/libgettextpo.so&path=//lib64 HTTP/2.0" 200 157696 "https://www.dentstardentalclinic.com/?path=//lib64" "Mozilla/5.0 AppleWebKit/537.36 (KHTML, like Gecko; compatible; GPTBot/1.4; +https://openai.com/gptbot)" www.dentstardentalclinic.com 10.36.254.103
74.7.227.39 - - [19/Aug/2026:13:06:40 -0600] "GET /?path=/home4/fazzewmy/public_html/home HTTP/1.1" 404 - "https://mail.dentstardentalclinic.com/?path=/home4/fazzewmy/public_html" "Mozilla/5.0 AppleWebKit/537.36 (KHTML, like Gecko; compatible; GPTBot/1.4; +https://openai.com/gptbot)" mail.dentstardentalclinic.com 10.36.254.103
74.7.227.39 - - [19/Aug/2026:13:06:40 -0600] "GET /?path=/home4/fazzewmy/public_html/home HTTP/2.0" 503 468 "https://mail.dentstardentalclinic.com/?path=/home4/fazzewmy/public_html" "Mozilla/5.0 AppleWebKit/537.36 (KHTML, like Gecko; compatible; GPTBot/1.4; +https://openai.com/gptbot)" mail.dentstardentalclinic.com 10.36.254.103
162.214.80.130 - - [19/Aug/2026:13:06:52 -0600] "POST /wp-cron.php?doing_wp_cron=1787166412.8711779117584228515625 HTTP/1.1" 200 - "-" "WordPress/7.0.4; https://dentstardentalclinic.com" dentstardentalclinic.com 10.36.254.103
74.7.243.214 - - [19/Aug/2026:13:06:52 -0600] "GET /?filesrc=//lib64/libfontconfig.so&path=//lib64 HTTP/1.1" 200 142465 "https://www.dentstardentalclinic.com/?path=//lib64" "Mozilla/5.0 AppleWebKit/537.36 (KHTML, like Gecko; compatible; GPTBot/1.4; +https://openai.com/gptbot)" www.dentstardentalclinic.com 10.36.254.103
74.7.243.214 - - [19/Aug/2026:13:06:52 -0600] "GET /?filesrc=//lib64/libfontconfig.so&path=//lib64 HTTP/2.0" 200 142465 "https://www.dentstardentalclinic.com/?path=//lib64" "Mozilla/5.0 AppleWebKit/537.36 (KHTML, like Gecko; compatible; GPTBot/1.4; +https://openai.com/gptbot)" www.dentstardentalclinic.com 10.36.254.103
74.7.227.39 - - [19/Aug/2026:13:07:23 -0600] "GET /?path=/home4/fazzewmy/public_html/smileparadisedentals HTTP/1.1" 200 60785 "https://mail.dentstardentalclinic.com/?path=/home4/fazzewmy/public_html" "Mozilla/5.0 AppleWebKit/537.36 (KHTML, like Gecko; compatible; GPTBot/1.4; +https://openai.com/gptbot)" mail.dentstardentalclinic.com 10.36.254.103
74.7.227.39 - - [19/Aug/2026:13:07:23 -0600] "GET /?path=/home4/fazzewmy/public_html/smileparadisedentals HTTP/2.0" 200 60785 "https://mail.dentstardentalclinic.com/?path=/home4/fazzewmy/public_html" "Mozilla/5.0 AppleWebKit/537.36 (KHTML, like Gecko; compatible; GPTBot/1.4; +https://openai.com/gptbot)" mail.dentstardentalclinic.com 10.36.254.103
74.7.243.214 - - [19/Aug/2026:13:07:35 -0600] "GET /?filesrc=//lib64/libgraphite2.so&path=//lib64 HTTP/1.1" 200 59241 "https://www.dentstardentalclinic.com/?path=//lib64" "Mozilla/5.0 AppleWebKit/537.36 (KHTML, like Gecko; compatible; GPTBot/1.4; +https://openai.com/gptbot)" www.dentstardentalclinic.com 10.36.254.103
74.7.243.214 - - [19/Aug/2026:13:07:35 -0600] "GET /?filesrc=//lib64/libgraphite2.so&path=//lib64 HTTP/2.0" 200 59241 "https://www.dentstardentalclinic.com/?path=//lib64" "Mozilla/5.0 AppleWebKit/537.36 (KHTML, like Gecko; compatible; GPTBot/1.4; +https://openai.com/gptbot)" www.dentstardentalclinic.com 10.36.254.103
162.214.80.130 - - [19/Aug/2026:13:08:11 -0600] "POST /wp-cron.php?doing_wp_cron=1787166491.9021410942077636718750 HTTP/1.1" 200 - "-" "WordPress/7.0.4; https://dentstardentalclinic.com" dentstardentalclinic.com 10.36.254.103
74.7.243.214 - - [19/Aug/2026:13:08:11 -0600] "GET /?filesrc=//scripts/increase_filesystem_limits&path=//scripts HTTP/1.1" 200 1426 "https://www.dentstardentalclinic.com/?path=//scripts" "Mozilla/5.0 AppleWebKit/537.36 (KHTML, like Gecko; compatible; GPTBot/1.4; +https://openai.com/gptbot)" www.dentstardentalclinic.com 10.36.254.103
74.7.243.214 - - [19/Aug/2026:13:08:11 -0600] "GET /?filesrc=//scripts/increase_filesystem_limits&path=//scripts HTTP/2.0" 200 1426 "https://www.dentstardentalclinic.com/?path=//scripts" "Mozilla/5.0 AppleWebKit/537.36 (KHTML, like Gecko; compatible; GPTBot/1.4; +https://openai.com/gptbot)" www.dentstardentalclinic.com 10.36.254.103
74.7.227.39 - - [19/Aug/2026:13:08:28 -0600] "GET /?filesrc=/home4/fazzewmy/public_html/dentstardentalclinic/wp-content/temp-write-test-68920f24504677-78118493&path=/home4/fazzewmy/public_html/dentstardentalclinic/wp-content HTTP/1.1" 200 54554 "https://mail.dentstardentalclinic.com/?path=/home4/fazzewmy/public_html/dentstardentalclinic/wp-content" "Mozilla/5.0 AppleWebKit/537.36 (KHTML, like Gecko; compatible; GPTBot/1.4; +https://openai.com/gptbot)" mail.dentstardentalclinic.com 10.36.254.103
74.7.227.39 - - [19/Aug/2026:13:08:28 -0600] "GET /?filesrc=/home4/fazzewmy/public_html/dentstardentalclinic/wp-content/temp-write-test-68920f24504677-78118493&path=/home4/fazzewmy/public_html/dentstardentalclinic/wp-content HTTP/2.0" 200 54554 "https://mail.dentstardentalclinic.com/?path=/home4/fazzewmy/public_html/dentstardentalclinic/wp-content" "Mozilla/5.0 AppleWebKit/537.36 (KHTML, like Gecko; compatible; GPTBot/1.4; +https://openai.com/gptbot)" mail.dentstardentalclinic.com 10.36.254.103
162.214.80.130 - - [19/Aug/2026:13:08:45 -0600] "POST /wp-cron.php?doing_wp_cron=1787166525.1881089210510253906250 HTTP/1.1" 200 - "-" "WordPress/7.0.4; https://dentstardentalclinic.com" dentstardentalclinic.com 10.36.254.103
74.7.243.214 - - [19/Aug/2026:13:08:44 -0600] "GET /?filesrc=//scripts/create_default_featurelist&path=//scripts HTTP/1.1" 200 1056 "https://www.dentstardentalclinic.com/?path=//scripts" "Mozilla/5.0 AppleWebKit/537.36 (KHTML, like Gecko; compatible; GPTBot/1.4; +https://openai.com/gptbot)" www.dentstardentalclinic.com 10.36.254.103
74.7.243.214 - - [19/Aug/2026:13:08:44 -0600] "GET /?filesrc=//scripts/create_default_featurelist&path=//scripts HTTP/2.0" 200 1056 "https://www.dentstardentalclinic.com/?path=//scripts" "Mozilla/5.0 AppleWebKit/537.36 (KHTML, like Gecko; compatible; GPTBot/1.4; +https://openai.com/gptbot)" www.dentstardentalclinic.com 10.36.254.103
170.106.65.93 - - [19/Aug/2026:13:09:06 -0600] "GET /?filesrc=/home4/fazzewmy/public_html/dentstardentalclinic/index.php&path=/home4/fazzewmy/public_html/dentstardentalclinic HTTP/1.1" 409 83 "-" "Mozilla/5.0 (iPhone; CPU iPhone OS 13_2_3 like Mac OS X) AppleWebKit/605.1.15 (KHTML, like Gecko) Version/13.0.3 Mobile/15E148 Safari/604.1" dentstardentalclinic.com 10.36.254.103
74.7.243.214 - - [19/Aug/2026:13:09:15 -0600] "GET /?filesrc=//lib64/libsss_sudo.so&path=//lib64 HTTP/1.1" 200 7625 "https://www.dentstardentalclinic.com/?path=//lib64" "Mozilla/5.0 AppleWebKit/537.36 (KHTML, like Gecko; compatible; GPTBot/1.4; +https://openai.com/gptbot)" www.dentstardentalclinic.com 10.36.254.103
74.7.243.214 - - [19/Aug/2026:13:09:15 -0600] "GET /?filesrc=//lib64/libsss_sudo.so&path=//lib64 HTTP/2.0" 200 7625 "https://www.dentstardentalclinic.com/?path=//lib64" "Mozilla/5.0 AppleWebKit/537.36 (KHTML, like Gecko; compatible; GPTBot/1.4; +https://openai.com/gptbot)" www.dentstardentalclinic.com 10.36.254.103
74.7.227.39 - - [19/Aug/2026:13:09:27 -0600] "GET /?filesrc=/home4/fazzewmy/public_html/dentstardentalclinic/wp-content/temp-write-test-68921e296b0651-00398657&path=/home4/fazzewmy/public_html/dentstardentalclinic/wp-content HTTP/1.1" 200 54554 "https://mail.dentstardentalclinic.com/?path=/home4/fazzewmy/public_html/dentstardentalclinic/wp-content" "Mozilla/5.0 AppleWebKit/537.36 (KHTML, like Gecko; compatible; GPTBot/1.4; +https://openai.com/gptbot)" mail.dentstardentalclinic.com 10.36.254.103
74.7.227.39 - - [19/Aug/2026:13:09:27 -0600] "GET /?filesrc=/home4/fazzewmy/public_html/dentstardentalclinic/wp-content/temp-write-test-68921e296b0651-00398657&path=/home4/fazzewmy/public_html/dentstardentalclinic/wp-content HTTP/2.0" 200 54554 "https://mail.dentstardentalclinic.com/?path=/home4/fazzewmy/public_html/dentstardentalclinic/wp-content" "Mozilla/5.0 AppleWebKit/537.36 (KHTML, like Gecko; compatible; GPTBot/1.4; +https://openai.com/gptbot)" mail.dentstardentalclinic.com 10.36.254.103
162.214.80.130 - - [19/Aug/2026:13:09:43 -0600] "POST /wp-cron.php?doing_wp_cron=1787166583.5090808868408203125000 HTTP/1.1" 200 - "-" "WordPress/7.0.4; https://dentstardentalclinic.com" dentstardentalclinic.com 10.36.254.103
74.7.243.214 - - [19/Aug/2026:13:09:43 -0600] "GET /?path=/home4/fazzewmy/public_html/ashrayadiagnostics/cgi-bin HTTP/1.1" 200 1250 "https://www.dentstardentalclinic.com/?path=/home4/fazzewmy/public_html/ashrayadiagnostics" "Mozilla/5.0 AppleWebKit/537.36 (KHTML, like Gecko; compatible; GPTBot/1.4; +https://openai.com/gptbot)" www.dentstardentalclinic.com 10.36.254.103
74.7.243.214 - - [19/Aug/2026:13:09:43 -0600] "GET /?path=/home4/fazzewmy/public_html/ashrayadiagnostics/cgi-bin HTTP/2.0" 200 1250 "https://www.dentstardentalclinic.com/?path=/home4/fazzewmy/public_html/ashrayadiagnostics" "Mozilla/5.0 AppleWebKit/537.36 (KHTML, like Gecko; compatible; GPTBot/1.4; +https://openai.com/gptbot)" www.dentstardentalclinic.com 10.36.254.103
74.7.243.214 - - [19/Aug/2026:13:10:08 -0600] "GET /?path=/home4/fazzewmy/public_html/drraamprasath/cgi-bin HTTP/1.1" 200 1477 "https://www.dentstardentalclinic.com/?path=/home4/fazzewmy/public_html/drraamprasath" "Mozilla/5.0 AppleWebKit/537.36 (KHTML, like Gecko; compatible; GPTBot/1.4; +https://openai.com/gptbot)" www.dentstardentalclinic.com 10.36.254.103
74.7.243.214 - - [19/Aug/2026:13:10:08 -0600] "GET /?path=/home4/fazzewmy/public_html/drraamprasath/cgi-bin HTTP/2.0" 200 1477 "https://www.dentstardentalclinic.com/?path=/home4/fazzewmy/public_html/drraamprasath" "Mozilla/5.0 AppleWebKit/537.36 (KHTML, like Gecko; compatible; GPTBot/1.4; +https://openai.com/gptbot)" www.dentstardentalclinic.com 10.36.254.103
74.7.227.39 - - [19/Aug/2026:13:10:18 -0600] "GET /?filesrc=/home4/fazzewmy/public_html/dentstardentalclinic/wp-content/temp-write-test-6892166589b795-63957740&path=/home4/fazzewmy/public_html/dentstardentalclinic/wp-content HTTP/1.1" 200 54555 "https://mail.dentstardentalclinic.com/?path=/home4/fazzewmy/public_html/dentstardentalclinic/wp-content" "Mozilla/5.0 AppleWebKit/537.36 (KHTML, like Gecko; compatible; GPTBot/1.4; +https://openai.com/gptbot)" mail.dentstardentalclinic.com 10.36.254.103
74.7.227.39 - - [19/Aug/2026:13:10:18 -0600] "GET /?filesrc=/home4/fazzewmy/public_html/dentstardentalclinic/wp-content/temp-write-test-6892166589b795-63957740&path=/home4/fazzewmy/public_html/dentstardentalclinic/wp-content HTTP/2.0" 200 54555 "https://mail.dentstardentalclinic.com/?path=/home4/fazzewmy/public_html/dentstardentalclinic/wp-content" "Mozilla/5.0 AppleWebKit/537.36 (KHTML, like Gecko; compatible; GPTBot/1.4; +https://openai.com/gptbot)" mail.dentstardentalclinic.com 10.36.254.103
74.7.243.214 - - [19/Aug/2026:13:10:29 -0600] "GET /?path=//lib64/python3.9/logging HTTP/1.1" 200 1624 "https://www.dentstardentalclinic.com/?path=//lib64/python3.9" "Mozilla/5.0 AppleWebKit/537.36 (KHTML, like Gecko; compatible; GPTBot/1.4; +https://openai.com/gptbot)" www.dentstardentalclinic.com 10.36.254.103
74.7.243.214 - - [19/Aug/2026:13:10:29 -0600] "GET /?path=//lib64/python3.9/logging HTTP/2.0" 200 1624 "https://www.dentstardentalclinic.com/?path=//lib64/python3.9" "Mozilla/5.0 AppleWebKit/537.36 (KHTML, like Gecko; compatible; GPTBot/1.4; +https://openai.com/gptbot)" www.dentstardentalclinic.com 10.36.254.103
162.214.80.130 - - [19/Aug/2026:13:10:50 -0600] "POST /wp-cron.php?doing_wp_cron=1787166650.0804131031036376953125 HTTP/1.1" 200 - "-" "WordPress/7.0.4; https://dentstardentalclinic.com" dentstardentalclinic.com 10.36.254.103
74.7.243.214 - - [19/Aug/2026:13:10:49 -0600] "GET /?filesrc=//scripts/configure_firewall_for_cpanel&path=//scripts HTTP/1.1" 200 1282 "https://www.dentstardentalclinic.com/?path=//scripts" "Mozilla/5.0 AppleWebKit/537.36 (KHTML, like Gecko; compatible; GPTBot/1.4; +https://openai.com/gptbot)" www.dentstardentalclinic.com 10.36.254.103
74.7.243.214 - - [19/Aug/2026:13:10:49 -0600] "GET /?filesrc=//scripts/configure_firewall_for_cpanel&path=//scripts HTTP/2.0" 200 1282 "https://www.dentstardentalclinic.com/?path=//scripts" "Mozilla/5.0 AppleWebKit/537.36 (KHTML, like Gecko; compatible; GPTBot/1.4; +https://openai.com/gptbot)" www.dentstardentalclinic.com 10.36.254.103
74.7.227.39 - - [19/Aug/2026:13:11:04 -0600] "GET /?path=/home4/fazzewmy/public_html/cheppadward14 HTTP/1.1" 200 55086 "https://mail.dentstardentalclinic.com/?path=/home4/fazzewmy/public_html" "Mozilla/5.0 AppleWebKit/537.36 (KHTML, like Gecko; compatible; GPTBot/1.4; +https://openai.com/gptbot)" mail.dentstardentalclinic.com 10.36.254.103
74.7.227.39 - - [19/Aug/2026:13:11:04 -0600] "GET /?path=/home4/fazzewmy/public_html/cheppadward14 HTTP/2.0" 200 55086 "https://mail.dentstardentalclinic.com/?path=/home4/fazzewmy/public_html" "Mozilla/5.0 AppleWebKit/537.36 (KHTML, like Gecko; compatible; GPTBot/1.4; +https://openai.com/gptbot)" mail.dentstardentalclinic.com 10.36.254.103
74.7.243.214 - - [19/Aug/2026:13:11:07 -0600] "GET /?path=/home4/fazzewmy/public_html/shapensculpt/.well-known HTTP/1.1" 200 1657 "https://www.dentstardentalclinic.com/?path=/home4/fazzewmy/public_html/shapensculpt" "Mozilla/5.0 AppleWebKit/537.36 (KHTML, like Gecko; compatible; GPTBot/1.4; +https://openai.com/gptbot)" www.dentstardentalclinic.com 10.36.254.103
74.7.243.214 - - [19/Aug/2026:13:11:07 -0600] "GET /?path=/home4/fazzewmy/public_html/shapensculpt/.well-known HTTP/2.0" 200 1657 "https://www.dentstardentalclinic.com/?path=/home4/fazzewmy/public_html/shapensculpt" "Mozilla/5.0 AppleWebKit/537.36 (KHTML, like Gecko; compatible; GPTBot/1.4; +https://openai.com/gptbot)" www.dentstardentalclinic.com 10.36.254.103
74.7.243.214 - - [19/Aug/2026:13:11:24 -0600] "GET /?filesrc=//scripts/check_security_advice_changes&path=//scripts HTTP/1.1" 200 4315 "https://www.dentstardentalclinic.com/?path=//scripts" "Mozilla/5.0 AppleWebKit/537.36 (KHTML, like Gecko; compatible; GPTBot/1.4; +https://openai.com/gptbot)" www.dentstardentalclinic.com 10.36.254.103
74.7.243.214 - - [19/Aug/2026:13:11:24 -0600] "GET /?filesrc=//scripts/check_security_advice_changes&path=//scripts HTTP/2.0" 200 4315 "https://www.dentstardentalclinic.com/?path=//scripts" "Mozilla/5.0 AppleWebKit/537.36 (KHTML, like Gecko; compatible; GPTBot/1.4; +https://openai.com/gptbot)" www.dentstardentalclinic.com 10.36.254.103
162.214.80.130 - - [19/Aug/2026:13:11:39 -0600] "POST /wp-cron.php?doing_wp_cron=1787166699.4788899421691894531250 HTTP/1.1" 200 - "-" "WordPress/7.0.4; https://dentstardentalclinic.com" dentstardentalclinic.com 10.36.254.103
74.7.243.214 - - [19/Aug/2026:13:11:39 -0600] "GET /?path=//lib64/libnl/cli HTTP/1.1" 200 1386 "https://www.dentstardentalclinic.com/?path=//lib64/libnl" "Mozilla/5.0 AppleWebKit/537.36 (KHTML, like Gecko; compatible; GPTBot/1.4; +https://openai.com/gptbot)" www.dentstardentalclinic.com 10.36.254.103
74.7.243.214 - - [19/Aug/2026:13:11:39 -0600] "GET /?path=//lib64/libnl/cli HTTP/2.0" 200 1386 "https://www.dentstardentalclinic.com/?path=//lib64/libnl" "Mozilla/5.0 AppleWebKit/537.36 (KHTML, like Gecko; compatible; GPTBot/1.4; +https://openai.com/gptbot)" www.dentstardentalclinic.com 10.36.254.103
74.7.227.39 - - [19/Aug/2026:13:11:45 -0600] "GET /?path=/home4/fazzewmy/public_html/dentstardentalclinic/.well-known/acme-challenge HTTP/1.1" 200 54974 "https://mail.dentstardentalclinic.com/?path=/home4/fazzewmy/public_html/dentstardentalclinic/.well-known" "Mozilla/5.0 AppleWebKit/537.36 (KHTML, like Gecko; compatible; GPTBot/1.4; +https://openai.com/gptbot)" mail.dentstardentalclinic.com 10.36.254.103
74.7.227.39 - - [19/Aug/2026:13:11:45 -0600] "GET /?path=/home4/fazzewmy/public_html/dentstardentalclinic/.well-known/acme-challenge HTTP/2.0" 200 54974 "https://mail.dentstardentalclinic.com/?path=/home4/fazzewmy/public_html/dentstardentalclinic/.well-known" "Mozilla/5.0 AppleWebKit/537.36 (KHTML, like Gecko; compatible; GPTBot/1.4; +https://openai.com/gptbot)" mail.dentstardentalclinic.com 10.36.254.103
74.7.243.214 - - [19/Aug/2026:13:11:52 -0600] "GET /?path=//lib64/tcl8.6/expect5.45.4 HTTP/1.1" 200 1412 "https://www.dentstardentalclinic.com/?path=//lib64/tcl8.6" "Mozilla/5.0 AppleWebKit/537.36 (KHTML, like Gecko; compatible; GPTBot/1.4; +https://openai.com/gptbot)" www.dentstardentalclinic.com 10.36.254.103
74.7.243.214 - - [19/Aug/2026:13:11:52 -0600] "GET /?path=//lib64/tcl8.6/expect5.45.4 HTTP/2.0" 200 1412 "https://www.dentstardentalclinic.com/?path=//lib64/tcl8.6" "Mozilla/5.0 AppleWebKit/537.36 (KHTML, like Gecko; compatible; GPTBot/1.4; +https://openai.com/gptbot)" www.dentstardentalclinic.com 10.36.254.103
74.7.243.214 - - [19/Aug/2026:13:12:03 -0600] "GET /?filesrc=//scripts/php_fpm_config&path=//scripts HTTP/1.1" 200 4504 "https://www.dentstardentalclinic.com/?path=//scripts" "Mozilla/5.0 AppleWebKit/537.36 (KHTML, like Gecko; compatible; GPTBot/1.4; +https://openai.com/gptbot)" www.dentstardentalclinic.com 10.36.254.103
74.7.243.214 - - [19/Aug/2026:13:12:03 -0600] "GET /?filesrc=//scripts/php_fpm_config&path=//scripts HTTP/2.0" 200 4504 "https://www.dentstardentalclinic.com/?path=//scripts" "Mozilla/5.0 AppleWebKit/537.36 (KHTML, like Gecko; compatible; GPTBot/1.4; +https://openai.com/gptbot)" www.dentstardentalclinic.com 10.36.254.103
74.7.243.214 - - [19/Aug/2026:13:12:14 -0600] "GET /?filesrc=//scripts/transfer_in_progress&path=//scripts HTTP/1.1" 200 2369 "https://www.dentstardentalclinic.com/?path=//scripts" "Mozilla/5.0 AppleWebKit/537.36 (KHTML, like Gecko; compatible; GPTBot/1.4; +https://openai.com/gptbot)" www.dentstardentalclinic.com 10.36.254.103
74.7.243.214 - - [19/Aug/2026:13:12:14 -0600] "GET /?filesrc=//scripts/transfer_in_progress&path=//scripts HTTP/2.0" 200 2369 "https://www.dentstardentalclinic.com/?path=//scripts" "Mozilla/5.0 AppleWebKit/537.36 (KHTML, like Gecko; compatible; GPTBot/1.4; +https://openai.com/gptbot)" www.dentstardentalclinic.com 10.36.254.103
74.7.227.39 - - [19/Aug/2026:13:12:22 -0600] "GET /?path=/home4/fazzewmy/public_html/celestiaaesthetica/.well-known HTTP/1.1" 200 54916 "https://mail.dentstardentalclinic.com/?path=/home4/fazzewmy/public_html/celestiaaesthetica" "Mozilla/5.0 AppleWebKit/537.36 (KHTML, like Gecko; compatible; GPTBot/1.4; +https://openai.com/gptbot)" mail.dentstardentalclinic.com 10.36.254.103
74.7.227.39 - - [19/Aug/2026:13:12:22 -0600] "GET /?path=/home4/fazzewmy/public_html/celestiaaesthetica/.well-known HTTP/2.0" 200 54916 "https://mail.dentstardentalclinic.com/?path=/home4/fazzewmy/public_html/celestiaaesthetica" "Mozilla/5.0 AppleWebKit/537.36 (KHTML, like Gecko; compatible; GPTBot/1.4; +https://openai.com/gptbot)" mail.dentstardentalclinic.com 10.36.254.103
74.7.243.214 - - [19/Aug/2026:13:12:23 -0600] "GET /?filesrc=//scripts/ensure_cpuser_file_ip&path=//scripts HTTP/1.1" 200 2152 "https://www.dentstardentalclinic.com/?path=//scripts" "Mozilla/5.0 AppleWebKit/537.36 (KHTML, like Gecko; compatible; GPTBot/1.4; +https://openai.com/gptbot)" www.dentstardentalclinic.com 10.36.254.103
74.7.243.214 - - [19/Aug/2026:13:12:23 -0600] "GET /?filesrc=//scripts/ensure_cpuser_file_ip&path=//scripts HTTP/2.0" 200 2152 "https://www.dentstardentalclinic.com/?path=//scripts" "Mozilla/5.0 AppleWebKit/537.36 (KHTML, like Gecko; compatible; GPTBot/1.4; +https://openai.com/gptbot)" www.dentstardentalclinic.com 10.36.254.103
74.7.243.214 - - [19/Aug/2026:13:12:32 -0600] "GET /?filesrc=//scripts/verify_api_spec_files&path=//scripts HTTP/1.1" 200 1358 "https://www.dentstardentalclinic.com/?path=//scripts" "Mozilla/5.0 AppleWebKit/537.36 (KHTML, like Gecko; compatible; GPTBot/1.4; +https://openai.com/gptbot)" www.dentstardentalclinic.com 10.36.254.103
74.7.243.214 - - [19/Aug/2026:13:12:32 -0600] "GET /?filesrc=//scripts/verify_api_spec_files&path=//scripts HTTP/2.0" 200 1358 "https://www.dentstardentalclinic.com/?path=//scripts" "Mozilla/5.0 AppleWebKit/537.36 (KHTML, like Gecko; compatible; GPTBot/1.4; +https://openai.com/gptbot)" www.dentstardentalclinic.com 10.36.254.103
162.214.80.130 - - [19/Aug/2026:13:12:39 -0600] "POST /wp-cron.php?doing_wp_cron=1787166759.4468491077423095703125 HTTP/1.1" 200 - "-" "WordPress/7.0.4; https://dentstardentalclinic.com" dentstardentalclinic.com 10.36.254.103
74.7.243.214 - - [19/Aug/2026:13:12:39 -0600] "GET /?path=/home4/fazzewmy/public_html/drraamprasath/cgi-bin/.trash7309 HTTP/1.1" 200 1267 "https://www.dentstardentalclinic.com/?path=/home4/fazzewmy/public_html/drraamprasath/cgi-bin" "Mozilla/5.0 AppleWebKit/537.36 (KHTML, like Gecko; compatible; GPTBot/1.4; +https://openai.com/gptbot)" www.dentstardentalclinic.com 10.36.254.103
74.7.243.214 - - [19/Aug/2026:13:12:39 -0600] "GET /?path=/home4/fazzewmy/public_html/drraamprasath/cgi-bin/.trash7309 HTTP/2.0" 200 1267 "https://www.dentstardentalclinic.com/?path=/home4/fazzewmy/public_html/drraamprasath/cgi-bin" "Mozilla/5.0 AppleWebKit/537.36 (KHTML, like Gecko; compatible; GPTBot/1.4; +https://openai.com/gptbot)" www.dentstardentalclinic.com 10.36.254.103
74.7.243.214 - - [19/Aug/2026:13:12:46 -0600] "GET /?go=cabs&path=//lib64/python3.9/logging HTTP/1.1" 200 1668 "https://www.dentstardentalclinic.com/?path=//lib64/python3.9/logging" "Mozilla/5.0 AppleWebKit/537.36 (KHTML, like Gecko; compatible; GPTBot/1.4; +https://openai.com/gptbot)" www.dentstardentalclinic.com 10.36.254.103
74.7.243.214 - - [19/Aug/2026:13:12:46 -0600] "GET /?go=cabs&path=//lib64/python3.9/logging HTTP/2.0" 200 1668 "https://www.dentstardentalclinic.com/?path=//lib64/python3.9/logging" "Mozilla/5.0 AppleWebKit/537.36 (KHTML, like Gecko; compatible; GPTBot/1.4; +https://openai.com/gptbot)" www.dentstardentalclinic.com 10.36.254.103
74.7.243.214 - - [19/Aug/2026:13:12:52 -0600] "GET /?path=//lib64/python3.9/logging/__pycache__ HTTP/1.1" 200 2874 "https://www.dentstardentalclinic.com/?path=//lib64/python3.9/logging" "Mozilla/5.0 AppleWebKit/537.36 (KHTML, like Gecko; compatible; GPTBot/1.4; +https://openai.com/gptbot)" www.dentstardentalclinic.com 10.36.254.103
74.7.243.214 - - [19/Aug/2026:13:12:52 -0600] "GET /?path=//lib64/python3.9/logging/__pycache__ HTTP/2.0" 200 2874 "https://www.dentstardentalclinic.com/?path=//lib64/python3.9/logging" "Mozilla/5.0 AppleWebKit/537.36 (KHTML, like Gecko; compatible; GPTBot/1.4; +https://openai.com/gptbot)" www.dentstardentalclinic.com 10.36.254.103
74.7.227.39 - - [19/Aug/2026:13:12:57 -0600] "GET /?go=cabs&path=/home4/fazzewmy/public_html/bluefluteentertainment/.well-known HTTP/1.1" 200 55175 "https://mail.dentstardentalclinic.com/?path=/home4/fazzewmy/public_html/bluefluteentertainment/.well-known" "Mozilla/5.0 AppleWebKit/537.36 (KHTML, like Gecko; compatible; GPTBot/1.4; +https://openai.com/gptbot)" mail.dentstardentalclinic.com 10.36.254.103
74.7.227.39 - - [19/Aug/2026:13:12:57 -0600] "GET /?go=cabs&path=/home4/fazzewmy/public_html/bluefluteentertainment/.well-known HTTP/2.0" 200 55175 "https://mail.dentstardentalclinic.com/?path=/home4/fazzewmy/public_html/bluefluteentertainment/.well-known" "Mozilla/5.0 AppleWebKit/537.36 (KHTML, like Gecko; compatible; GPTBot/1.4; +https://openai.com/gptbot)" mail.dentstardentalclinic.com 10.36.254.103
74.7.243.214 - - [19/Aug/2026:13:12:58 -0600] "GET /?path=/home4/fazzewmy/public_html/shapensculpt/.well-known/acme-challenge HTTP/1.1" 200 1276 "https://www.dentstardentalclinic.com/?path=/home4/fazzewmy/public_html/shapensculpt/.well-known" "Mozilla/5.0 AppleWebKit/537.36 (KHTML, like Gecko; compatible; GPTBot/1.4; +https://openai.com/gptbot)" www.dentstardentalclinic.com 10.36.254.103
74.7.243.214 - - [19/Aug/2026:13:12:58 -0600] "GET /?path=/home4/fazzewmy/public_html/shapensculpt/.well-known/acme-challenge HTTP/2.0" 200 1276 "https://www.dentstardentalclinic.com/?path=/home4/fazzewmy/public_html/shapensculpt/.well-known" "Mozilla/5.0 AppleWebKit/537.36 (KHTML, like Gecko; compatible; GPTBot/1.4; +https://openai.com/gptbot)" www.dentstardentalclinic.com 10.36.254.103
74.7.243.214 - - [19/Aug/2026:13:13:03 -0600] "GET /?path=/home4/fazzewmy/public_html/drraamprasath/cgi-bin/.well-known HTTP/1.1" 200 1470 "https://www.dentstardentalclinic.com/?path=/home4/fazzewmy/public_html/drraamprasath/cgi-bin" "Mozilla/5.0 AppleWebKit/537.36 (KHTML, like Gecko; compatible; GPTBot/1.4; +https://openai.com/gptbot)" www.dentstardentalclinic.com 10.36.254.103
74.7.243.214 - - [19/Aug/2026:13:13:03 -0600] "GET /?path=/home4/fazzewmy/public_html/drraamprasath/cgi-bin/.well-known HTTP/2.0" 200 1470 "https://www.dentstardentalclinic.com/?path=/home4/fazzewmy/public_html/drraamprasath/cgi-bin" "Mozilla/5.0 AppleWebKit/537.36 (KHTML, like Gecko; compatible; GPTBot/1.4; +https://openai.com/gptbot)" www.dentstardentalclinic.com 10.36.254.103
74.7.243.214 - - [19/Aug/2026:13:13:08 -0600] "GET /?go=cabs&path=//lib64/libnl/cli HTTP/1.1" 200 1428 "https://www.dentstardentalclinic.com/?path=//lib64/libnl/cli" "Mozilla/5.0 AppleWebKit/537.36 (KHTML, like Gecko; compatible; GPTBot/1.4; +https://openai.com/gptbot)" www.dentstardentalclinic.com 10.36.254.103
74.7.243.214 - - [19/Aug/2026:13:13:08 -0600] "GET /?go=cabs&path=//lib64/libnl/cli HTTP/2.0" 200 1428 "https://www.dentstardentalclinic.com/?path=//lib64/libnl/cli" "Mozilla/5.0 AppleWebKit/537.36 (KHTML, like Gecko; compatible; GPTBot/1.4; +https://openai.com/gptbot)" www.dentstardentalclinic.com 10.36.254.103
74.7.243.214 - - [19/Aug/2026:13:13:12 -0600] "GET /?go=cabs&path=//lib64/tcl8.6/expect5.45.4 HTTP/1.1" 200 1457 "https://www.dentstardentalclinic.com/?path=//lib64/tcl8.6/expect5.45.4" "Mozilla/5.0 AppleWebKit/537.36 (KHTML, like Gecko; compatible; GPTBot/1.4; +https://openai.com/gptbot)" www.dentstardentalclinic.com 10.36.254.103
74.7.243.214 - - [19/Aug/2026:13:13:12 -0600] "GET /?go=cabs&path=//lib64/tcl8.6/expect5.45.4 HTTP/2.0" 200 1457 "https://www.dentstardentalclinic.com/?path=//lib64/tcl8.6/expect5.45.4" "Mozilla/5.0 AppleWebKit/537.36 (KHTML, like Gecko; compatible; GPTBot/1.4; +https://openai.com/gptbot)" www.dentstardentalclinic.com 10.36.254.103
74.7.243.214 - - [19/Aug/2026:13:13:16 -0600] "GET /?filesrc=//lib64/perl5/syscall.ph&path=//lib64/perl5 HTTP/1.1" 200 1119 "https://www.dentstardentalclinic.com/?path=//lib64/perl5" "Mozilla/5.0 AppleWebKit/537.36 (KHTML, like Gecko; compatible; GPTBot/1.4; +https://openai.com/gptbot)" www.dentstardentalclinic.com 10.36.254.103
74.7.243.214 - - [19/Aug/2026:13:13:16 -0600] "GET /?filesrc=//lib64/perl5/syscall.ph&path=//lib64/perl5 HTTP/2.0" 200 1119 "https://www.dentstardentalclinic.com/?path=//lib64/perl5" "Mozilla/5.0 AppleWebKit/537.36 (KHTML, like Gecko; compatible; GPTBot/1.4; +https://openai.com/gptbot)" www.dentstardentalclinic.com 10.36.254.103
74.7.243.214 - - [19/Aug/2026:13:13:19 -0600] "GET /?filesrc=//lib64/libnsssysinit.so&path=//lib64 HTTP/1.1" 200 5541 "https://www.dentstardentalclinic.com/?path=//lib64" "Mozilla/5.0 AppleWebKit/537.36 (KHTML, like Gecko; compatible; GPTBot/1.4; +https://openai.com/gptbot)" www.dentstardentalclinic.com 10.36.254.103
74.7.243.214 - - [19/Aug/2026:13:13:19 -0600] "GET /?filesrc=//lib64/libnsssysinit.so&path=//lib64 HTTP/2.0" 200 5541 "https://www.dentstardentalclinic.com/?path=//lib64" "Mozilla/5.0 AppleWebKit/537.36 (KHTML, like Gecko; compatible; GPTBot/1.4; +https://openai.com/gptbot)" www.dentstardentalclinic.com 10.36.254.103
74.7.243.214 - - [19/Aug/2026:13:13:22 -0600] "GET /?filesrc=//scripts/updatenameserverips&path=//scripts HTTP/1.1" 200 1863 "https://www.dentstardentalclinic.com/?path=//scripts" "Mozilla/5.0 AppleWebKit/537.36 (KHTML, like Gecko; compatible; GPTBot/1.4; +https://openai.com/gptbot)" www.dentstardentalclinic.com 10.36.254.103
74.7.243.214 - - [19/Aug/2026:13:13:22 -0600] "GET /?filesrc=//scripts/updatenameserverips&path=//scripts HTTP/2.0" 200 1863 "https://www.dentstardentalclinic.com/?path=//scripts" "Mozilla/5.0 AppleWebKit/537.36 (KHTML, like Gecko; compatible; GPTBot/1.4; +https://openai.com/gptbot)" www.dentstardentalclinic.com 10.36.254.103
74.7.243.214 - - [19/Aug/2026:13:13:25 -0600] "GET /?filesrc=//scripts/rebuildinstalledssldb&path=//scripts HTTP/1.1" 200 2334 "https://www.dentstardentalclinic.com/?path=//scripts" "Mozilla/5.0 AppleWebKit/537.36 (KHTML, like Gecko; compatible; GPTBot/1.4; +https://openai.com/gptbot)" www.dentstardentalclinic.com 10.36.254.103
74.7.243.214 - - [19/Aug/2026:13:13:25 -0600] "GET /?filesrc=//scripts/rebuildinstalledssldb&path=//scripts HTTP/2.0" 200 2334 "https://www.dentstardentalclinic.com/?path=//scripts" "Mozilla/5.0 AppleWebKit/537.36 (KHTML, like Gecko; compatible; GPTBot/1.4; +https://openai.com/gptbot)" www.dentstardentalclinic.com 10.36.254.103
74.7.227.39 - - [19/Aug/2026:13:13:26 -0600] "GET /?path=/home4/fazzewmy/public_html/bluefluteentertainment/.well-known/acme-challenge HTTP/1.1" 200 54723 "https://mail.dentstardentalclinic.com/?path=/home4/fazzewmy/public_html/bluefluteentertainment/.well-known" "Mozilla/5.0 AppleWebKit/537.36 (KHTML, like Gecko; compatible; GPTBot/1.4; +https://openai.com/gptbot)" mail.dentstardentalclinic.com 10.36.254.103
74.7.227.39 - - [19/Aug/2026:13:13:26 -0600] "GET /?path=/home4/fazzewmy/public_html/bluefluteentertainment/.well-known/acme-challenge HTTP/2.0" 200 54723 "https://mail.dentstardentalclinic.com/?path=/home4/fazzewmy/public_html/bluefluteentertainment/.well-known" "Mozilla/5.0 AppleWebKit/537.36 (KHTML, like Gecko; compatible; GPTBot/1.4; +https://openai.com/gptbot)" mail.dentstardentalclinic.com 10.36.254.103
74.7.243.214 - - [19/Aug/2026:13:13:27 -0600] "GET /?filesrc=//scripts/fixmailinglistperms&path=//scripts HTTP/1.1" 200 1575 "https://www.dentstardentalclinic.com/?path=//scripts" "Mozilla/5.0 AppleWebKit/537.36 (KHTML, like Gecko; compatible; GPTBot/1.4; +https://openai.com/gptbot)" www.dentstardentalclinic.com 10.36.254.103
74.7.243.214 - - [19/Aug/2026:13:13:27 -0600] "GET /?filesrc=//scripts/fixmailinglistperms&path=//scripts HTTP/2.0" 200 1575 "https://www.dentstardentalclinic.com/?path=//scripts" "Mozilla/5.0 AppleWebKit/537.36 (KHTML, like Gecko; compatible; GPTBot/1.4; +https://openai.com/gptbot)" www.dentstardentalclinic.com 10.36.254.103
74.7.243.214 - - [19/Aug/2026:13:13:29 -0600] "GET /?filesrc=//scripts/unsuspendmysqlusers&path=//scripts HTTP/1.1" 200 3726 "https://www.dentstardentalclinic.com/?path=//scripts" "Mozilla/5.0 AppleWebKit/537.36 (KHTML, like Gecko; compatible; GPTBot/1.4; +https://openai.com/gptbot)" www.dentstardentalclinic.com 10.36.254.103
74.7.243.214 - - [19/Aug/2026:13:13:29 -0600] "GET /?filesrc=//scripts/unsuspendmysqlusers&path=//scripts HTTP/2.0" 200 3726 "https://www.dentstardentalclinic.com/?path=//scripts" "Mozilla/5.0 AppleWebKit/537.36 (KHTML, like Gecko; compatible; GPTBot/1.4; +https://openai.com/gptbot)" www.dentstardentalclinic.com 10.36.254.103
74.7.243.214 - - [19/Aug/2026:13:13:31 -0600] "GET /?filesrc=//lib64/perl5/re.pm&path=//lib64/perl5 HTTP/1.1" 200 11653 "https://www.dentstardentalclinic.com/?path=//lib64/perl5" "Mozilla/5.0 AppleWebKit/537.36 (KHTML, like Gecko; compatible; GPTBot/1.4; +https://openai.com/gptbot)" www.dentstardentalclinic.com 10.36.254.103
74.7.243.214 - - [19/Aug/2026:13:13:31 -0600] "GET /?filesrc=//lib64/perl5/re.pm&path=//lib64/perl5 HTTP/2.0" 200 11653 "https://www.dentstardentalclinic.com/?path=//lib64/perl5" "Mozilla/5.0 AppleWebKit/537.36 (KHTML, like Gecko; compatible; GPTBot/1.4; +https://openai.com/gptbot)" www.dentstardentalclinic.com 10.36.254.103
74.7.243.214 - - [19/Aug/2026:13:13:33 -0600] "GET /?path=/home4/fazzewmy/.softaculous/wp_manager HTTP/1.1" 200 1415 "https://www.dentstardentalclinic.com/?path=/home4/fazzewmy/.softaculous" "Mozilla/5.0 AppleWebKit/537.36 (KHTML, like Gecko; compatible; GPTBot/1.4; +https://openai.com/gptbot)" www.dentstardentalclinic.com 10.36.254.103
74.7.243.214 - - [19/Aug/2026:13:13:33 -0600] "GET /?path=/home4/fazzewmy/.softaculous/wp_manager HTTP/2.0" 200 1415 "https://www.dentstardentalclinic.com/?path=/home4/fazzewmy/.softaculous" "Mozilla/5.0 AppleWebKit/537.36 (KHTML, like Gecko; compatible; GPTBot/1.4; +https://openai.com/gptbot)" www.dentstardentalclinic.com 10.36.254.103
74.7.243.214 - - [19/Aug/2026:13:13:35 -0600] "GET /?path=/home4/fazzewmy/public_html/drraamprasath/cgi-bin/.well-known/logs233 HTTP/1.1" 200 1286 "https://www.dentstardentalclinic.com/?path=/home4/fazzewmy/public_html/drraamprasath/cgi-bin/.well-known" "Mozilla/5.0 AppleWebKit/537.36 (KHTML, like Gecko; compatible; GPTBot/1.4; +https://openai.com/gptbot)" www.dentstardentalclinic.com 10.36.254.103
74.7.243.214 - - [19/Aug/2026:13:13:35 -0600] "GET /?path=/home4/fazzewmy/public_html/drraamprasath/cgi-bin/.well-known/logs233 HTTP/2.0" 200 1286 "https://www.dentstardentalclinic.com/?path=/home4/fazzewmy/public_html/drraamprasath/cgi-bin/.well-known" "Mozilla/5.0 AppleWebKit/537.36 (KHTML, like Gecko; compatible; GPTBot/1.4; +https://openai.com/gptbot)" www.dentstardentalclinic.com 10.36.254.103
74.7.243.214 - - [19/Aug/2026:13:13:36 -0600] "GET /?path=//lib64/libheif HTTP/1.1" 200 1417 "https://www.dentstardentalclinic.com/?path=//lib64" "Mozilla/5.0 AppleWebKit/537.36 (KHTML, like Gecko; compatible; GPTBot/1.4; +https://openai.com/gptbot)" www.dentstardentalclinic.com 10.36.254.103
74.7.243.214 - - [19/Aug/2026:13:13:36 -0600] "GET /?path=//lib64/libheif HTTP/2.0" 200 1417 "https://www.dentstardentalclinic.com/?path=//lib64" "Mozilla/5.0 AppleWebKit/537.36 (KHTML, like Gecko; compatible; GPTBot/1.4; +https://openai.com/gptbot)" www.dentstardentalclinic.com 10.36.254.103
74.7.243.214 - - [19/Aug/2026:13:13:37 -0600] "GET /?path=/home4/fazzewmy/public_html/brightsquaresolutions/cgi-bin HTTP/1.1" 200 1634 "https://www.dentstardentalclinic.com/?path=/home4/fazzewmy/public_html/brightsquaresolutions" "Mozilla/5.0 AppleWebKit/537.36 (KHTML, like Gecko; compatible; GPTBot/1.4; +https://openai.com/gptbot)" www.dentstardentalclinic.com 10.36.254.103
74.7.243.214 - - [19/Aug/2026:13:13:37 -0600] "GET /?path=/home4/fazzewmy/public_html/brightsquaresolutions/cgi-bin HTTP/2.0" 200 1634 "https://www.dentstardentalclinic.com/?path=/home4/fazzewmy/public_html/brightsquaresolutions" "Mozilla/5.0 AppleWebKit/537.36 (KHTML, like Gecko; compatible; GPTBot/1.4; +https://openai.com/gptbot)" www.dentstardentalclinic.com 10.36.254.103
162.214.80.130 - - [19/Aug/2026:13:13:39 -0600] "POST /wp-cron.php?doing_wp_cron=1787166819.2894160747528076171875 HTTP/1.1" 200 - "-" "WordPress/7.0.4; https://dentstardentalclinic.com" dentstardentalclinic.com 10.36.254.103
74.7.243.214 - - [19/Aug/2026:13:13:38 -0600] "GET /?path=/home4/fazzewmy/public_html/mediagrid HTTP/1.1" 200 5837 "https://www.dentstardentalclinic.com/?path=/home4/fazzewmy/public_html" "Mozilla/5.0 AppleWebKit/537.36 (KHTML, like Gecko; compatible; GPTBot/1.4; +https://openai.com/gptbot)" www.dentstardentalclinic.com 10.36.254.103
