74.7.243.214 - - [19/Aug/2026:13:18:14 -0600] "GET /?go=cabs&path=//sys/class/net/lo/subsystem/eth0/subsystem/lo HTTP/2.0" 200 6881 "https://www.dentstardentalclinic.com/?path=//sys/class/net/lo/subsystem/eth0/subsystem/lo" "Mozilla/5.0 AppleWebKit/537.36 (KHTML, like Gecko; compatible; GPTBot/1.4; +https://openai.com/gptbot)" www.dentstardentalclinic.com 10.36.254.103
74.7.227.39 - - [19/Aug/2026:13:18:15 -0600] "GET /?path=/home4/fazzewmy/public_html/faceandfollicle/.well-known/logs233 HTTP/1.1" 200 54701 "https://mail.dentstardentalclinic.com/?path=/home4/fazzewmy/public_html/faceandfollicle/.well-known" "Mozilla/5.0 AppleWebKit/537.36 (KHTML, like Gecko; compatible; GPTBot/1.4; +https://openai.com/gptbot)" mail.dentstardentalclinic.com 10.36.254.103
74.7.227.39 - - [19/Aug/2026:13:18:15 -0600] "GET /?path=/home4/fazzewmy/public_html/faceandfollicle/.well-known/logs233 HTTP/2.0" 200 54701 "https://mail.dentstardentalclinic.com/?path=/home4/fazzewmy/public_html/faceandfollicle/.well-known" "Mozilla/5.0 AppleWebKit/537.36 (KHTML, like Gecko; compatible; GPTBot/1.4; +https://openai.com/gptbot)" mail.dentstardentalclinic.com 10.36.254.103
74.7.243.214 - - [19/Aug/2026:13:18:15 -0600] "GET /?go=cabs&path=//sys/class/net/lo/subsystem/lo/queues/tx-0/byte_queue_limits HTTP/1.1" 200 2232 "https://www.dentstardentalclinic.com/?path=//sys/class/net/lo/subsystem/lo/queues/tx-0/byte_queue_limits" "Mozilla/5.0 AppleWebKit/537.36 (KHTML, like Gecko; compatible; GPTBot/1.4; +https://openai.com/gptbot)" www.dentstardentalclinic.com 10.36.254.103
74.7.243.214 - - [19/Aug/2026:13:18:15 -0600] "GET /?go=cabs&path=//sys/class/net/lo/subsystem/lo/queues/tx-0/byte_queue_limits HTTP/2.0" 200 2232 "https://www.dentstardentalclinic.com/?path=//sys/class/net/lo/subsystem/lo/queues/tx-0/byte_queue_limits" "Mozilla/5.0 AppleWebKit/537.36 (KHTML, like Gecko; compatible; GPTBot/1.4; +https://openai.com/gptbot)" www.dentstardentalclinic.com 10.36.254.103
74.7.227.39 - - [19/Aug/2026:13:18:16 -0600] "GET /?path=/home4/fazzewmy/public_html/brightsquaresolutions/staging HTTP/1.1" 200 55465 "https://mail.dentstardentalclinic.com/?path=/home4/fazzewmy/public_html/brightsquaresolutions" "Mozilla/5.0 AppleWebKit/537.36 (KHTML, like Gecko; compatible; GPTBot/1.4; +https://openai.com/gptbot)" mail.dentstardentalclinic.com 10.36.254.103
74.7.227.39 - - [19/Aug/2026:13:18:16 -0600] "GET /?path=/home4/fazzewmy/public_html/brightsquaresolutions/staging HTTP/2.0" 200 55465 "https://mail.dentstardentalclinic.com/?path=/home4/fazzewmy/public_html/brightsquaresolutions" "Mozilla/5.0 AppleWebKit/537.36 (KHTML, like Gecko; compatible; GPTBot/1.4; +https://openai.com/gptbot)" mail.dentstardentalclinic.com 10.36.254.103
74.7.243.214 - - [19/Aug/2026:13:18:16 -0600] "GET /?go=cabs&path=//sys/class/net/lo/subsystem/lo/subsystem/eth0 HTTP/1.1" 200 6900 "https://www.dentstardentalclinic.com/?path=//sys/class/net/lo/subsystem/lo/subsystem/eth0" "Mozilla/5.0 AppleWebKit/537.36 (KHTML, like Gecko; compatible; GPTBot/1.4; +https://openai.com/gptbot)" www.dentstardentalclinic.com 10.36.254.103
74.7.243.214 - - [19/Aug/2026:13:18:16 -0600] "GET /?go=cabs&path=//sys/class/net/lo/subsystem/lo/subsystem/eth0 HTTP/2.0" 200 6900 "https://www.dentstardentalclinic.com/?path=//sys/class/net/lo/subsystem/lo/subsystem/eth0" "Mozilla/5.0 AppleWebKit/537.36 (KHTML, like Gecko; compatible; GPTBot/1.4; +https://openai.com/gptbot)" www.dentstardentalclinic.com 10.36.254.103
74.7.243.214 - - [19/Aug/2026:13:18:17 -0600] "GET /?go=cabs&path=//sys/module/i2c_i801 HTTP/1.1" 200 1784 "https://www.dentstardentalclinic.com/?path=//sys/module/i2c_i801" "Mozilla/5.0 AppleWebKit/537.36 (KHTML, like Gecko; compatible; GPTBot/1.4; +https://openai.com/gptbot)" www.dentstardentalclinic.com 10.36.254.103
74.7.243.214 - - [19/Aug/2026:13:18:17 -0600] "GET /?go=cabs&path=//sys/module/i2c_i801 HTTP/2.0" 200 1784 "https://www.dentstardentalclinic.com/?path=//sys/module/i2c_i801" "Mozilla/5.0 AppleWebKit/537.36 (KHTML, like Gecko; compatible; GPTBot/1.4; +https://openai.com/gptbot)" www.dentstardentalclinic.com 10.36.254.103
74.7.227.39 - - [19/Aug/2026:13:18:17 -0600] "GET /?path=/home4/fazzewmy/public_html/poppydent HTTP/1.1" 200 60129 "https://mail.dentstardentalclinic.com/?path=/home4/fazzewmy/public_html" "Mozilla/5.0 AppleWebKit/537.36 (KHTML, like Gecko; compatible; GPTBot/1.4; +https://openai.com/gptbot)" mail.dentstardentalclinic.com 10.36.254.103
74.7.227.39 - - [19/Aug/2026:13:18:17 -0600] "GET /?path=/home4/fazzewmy/public_html/poppydent HTTP/2.0" 200 60129 "https://mail.dentstardentalclinic.com/?path=/home4/fazzewmy/public_html" "Mozilla/5.0 AppleWebKit/537.36 (KHTML, like Gecko; compatible; GPTBot/1.4; +https://openai.com/gptbot)" mail.dentstardentalclinic.com 10.36.254.103
74.7.243.214 - - [19/Aug/2026:13:18:18 -0600] "GET /?filesrc=//sys/class/net/lo/subsystem/lo/queues/tx-0/byte_queue_limits/limit&path=//sys/class/net/lo/subsystem/lo/queues/tx-0/byte_queue_limits HTTP/1.1" 200 1130 "https://www.dentstardentalclinic.com/?path=//sys/class/net/lo/subsystem/lo/queues/tx-0/byte_queue_limits" "Mozilla/5.0 AppleWebKit/537.36 (KHTML, like Gecko; compatible; GPTBot/1.4; +https://openai.com/gptbot)" www.dentstardentalclinic.com 10.36.254.103
74.7.243.214 - - [19/Aug/2026:13:18:18 -0600] "GET /?filesrc=//sys/class/net/lo/subsystem/lo/queues/tx-0/byte_queue_limits/limit&path=//sys/class/net/lo/subsystem/lo/queues/tx-0/byte_queue_limits HTTP/2.0" 200 1130 "https://www.dentstardentalclinic.com/?path=//sys/class/net/lo/subsystem/lo/queues/tx-0/byte_queue_limits" "Mozilla/5.0 AppleWebKit/537.36 (KHTML, like Gecko; compatible; GPTBot/1.4; +https://openai.com/gptbot)" www.dentstardentalclinic.com 10.36.254.103
74.7.227.39 - - [19/Aug/2026:13:18:18 -0600] "GET /?path=/home4/fazzewmy/public_html/aspireglobalsolutions/.well-known/pki-validation HTTP/1.1" 200 54722 "https://mail.dentstardentalclinic.com/?path=/home4/fazzewmy/public_html/aspireglobalsolutions/.well-known" "Mozilla/5.0 AppleWebKit/537.36 (KHTML, like Gecko; compatible; GPTBot/1.4; +https://openai.com/gptbot)" mail.dentstardentalclinic.com 10.36.254.103
74.7.227.39 - - [19/Aug/2026:13:18:18 -0600] "GET /?path=/home4/fazzewmy/public_html/aspireglobalsolutions/.well-known/pki-validation HTTP/2.0" 200 54722 "https://mail.dentstardentalclinic.com/?path=/home4/fazzewmy/public_html/aspireglobalsolutions/.well-known" "Mozilla/5.0 AppleWebKit/537.36 (KHTML, like Gecko; compatible; GPTBot/1.4; +https://openai.com/gptbot)" mail.dentstardentalclinic.com 10.36.254.103
74.7.243.214 - - [19/Aug/2026:13:18:19 -0600] "GET /?filesrc=//sys/class/net/lo/subsystem/lo/queues/tx-0/byte_queue_limits/inflight&path=//sys/class/net/lo/subsystem/lo/queues/tx-0/byte_queue_limits HTTP/1.1" 200 1133 "https://www.dentstardentalclinic.com/?path=//sys/class/net/lo/subsystem/lo/queues/tx-0/byte_queue_limits" "Mozilla/5.0 AppleWebKit/537.36 (KHTML, like Gecko; compatible; GPTBot/1.4; +https://openai.com/gptbot)" www.dentstardentalclinic.com 10.36.254.103
74.7.243.214 - - [19/Aug/2026:13:18:19 -0600] "GET /?filesrc=//sys/class/net/lo/subsystem/lo/queues/tx-0/byte_queue_limits/inflight&path=//sys/class/net/lo/subsystem/lo/queues/tx-0/byte_queue_limits HTTP/2.0" 200 1133 "https://www.dentstardentalclinic.com/?path=//sys/class/net/lo/subsystem/lo/queues/tx-0/byte_queue_limits" "Mozilla/5.0 AppleWebKit/537.36 (KHTML, like Gecko; compatible; GPTBot/1.4; +https://openai.com/gptbot)" www.dentstardentalclinic.com 10.36.254.103
74.7.227.39 - - [19/Aug/2026:13:18:19 -0600] "GET /?path=/home4/fazzewmy/public_html/cheppadward14/.well-known/acme-challenge HTTP/1.1" 200 54713 "https://mail.dentstardentalclinic.com/?path=/home4/fazzewmy/public_html/cheppadward14/.well-known" "Mozilla/5.0 AppleWebKit/537.36 (KHTML, like Gecko; compatible; GPTBot/1.4; +https://openai.com/gptbot)" mail.dentstardentalclinic.com 10.36.254.103
74.7.227.39 - - [19/Aug/2026:13:18:19 -0600] "GET /?path=/home4/fazzewmy/public_html/cheppadward14/.well-known/acme-challenge HTTP/2.0" 200 54713 "https://mail.dentstardentalclinic.com/?path=/home4/fazzewmy/public_html/cheppadward14/.well-known" "Mozilla/5.0 AppleWebKit/537.36 (KHTML, like Gecko; compatible; GPTBot/1.4; +https://openai.com/gptbot)" mail.dentstardentalclinic.com 10.36.254.103
74.7.243.214 - - [19/Aug/2026:13:18:20 -0600] "GET /?filesrc=//sys/class/net/lo/subsystem/lo/queues/tx-0/byte_queue_limits/hold_time&path=//sys/class/net/lo/subsystem/lo/queues/tx-0/byte_queue_limits HTTP/1.1" 200 1137 "https://www.dentstardentalclinic.com/?path=//sys/class/net/lo/subsystem/lo/queues/tx-0/byte_queue_limits" "Mozilla/5.0 AppleWebKit/537.36 (KHTML, like Gecko; compatible; GPTBot/1.4; +https://openai.com/gptbot)" www.dentstardentalclinic.com 10.36.254.103
74.7.243.214 - - [19/Aug/2026:13:18:20 -0600] "GET /?filesrc=//sys/class/net/lo/subsystem/lo/queues/tx-0/byte_queue_limits/hold_time&path=//sys/class/net/lo/subsystem/lo/queues/tx-0/byte_queue_limits HTTP/2.0" 200 1137 "https://www.dentstardentalclinic.com/?path=//sys/class/net/lo/subsystem/lo/queues/tx-0/byte_queue_limits" "Mozilla/5.0 AppleWebKit/537.36 (KHTML, like Gecko; compatible; GPTBot/1.4; +https://openai.com/gptbot)" www.dentstardentalclinic.com 10.36.254.103
74.7.227.39 - - [19/Aug/2026:13:18:20 -0600] "GET /?path=/home4/fazzewmy/public_html/drraamprasath/.well-known/logs233 HTTP/1.1" 200 54703 "https://mail.dentstardentalclinic.com/?path=/home4/fazzewmy/public_html/drraamprasath/.well-known" "Mozilla/5.0 AppleWebKit/537.36 (KHTML, like Gecko; compatible; GPTBot/1.4; +https://openai.com/gptbot)" mail.dentstardentalclinic.com 10.36.254.103
74.7.227.39 - - [19/Aug/2026:13:18:20 -0600] "GET /?path=/home4/fazzewmy/public_html/drraamprasath/.well-known/logs233 HTTP/2.0" 200 54703 "https://mail.dentstardentalclinic.com/?path=/home4/fazzewmy/public_html/drraamprasath/.well-known" "Mozilla/5.0 AppleWebKit/537.36 (KHTML, like Gecko; compatible; GPTBot/1.4; +https://openai.com/gptbot)" mail.dentstardentalclinic.com 10.36.254.103
74.7.243.214 - - [19/Aug/2026:13:18:21 -0600] "GET /?filesrc=//sys/class/net/lo/subsystem/lo/queues/tx-0/byte_queue_limits/limit_min&path=//sys/class/net/lo/subsystem/lo/queues/tx-0/byte_queue_limits HTTP/1.1" 200 1133 "https://www.dentstardentalclinic.com/?path=//sys/class/net/lo/subsystem/lo/queues/tx-0/byte_queue_limits" "Mozilla/5.0 AppleWebKit/537.36 (KHTML, like Gecko; compatible; GPTBot/1.4; +https://openai.com/gptbot)" www.dentstardentalclinic.com 10.36.254.103
74.7.243.214 - - [19/Aug/2026:13:18:21 -0600] "GET /?filesrc=//sys/class/net/lo/subsystem/lo/queues/tx-0/byte_queue_limits/limit_min&path=//sys/class/net/lo/subsystem/lo/queues/tx-0/byte_queue_limits HTTP/2.0" 200 1133 "https://www.dentstardentalclinic.com/?path=//sys/class/net/lo/subsystem/lo/queues/tx-0/byte_queue_limits" "Mozilla/5.0 AppleWebKit/537.36 (KHTML, like Gecko; compatible; GPTBot/1.4; +https://openai.com/gptbot)" www.dentstardentalclinic.com 10.36.254.103
74.7.227.39 - - [19/Aug/2026:13:18:21 -0600] "GET /?path=/home4/fazzewmy/public_html/drraamprasath/.well-known/acme-challenge HTTP/1.1" 200 54965 "https://mail.dentstardentalclinic.com/?path=/home4/fazzewmy/public_html/drraamprasath/.well-known" "Mozilla/5.0 AppleWebKit/537.36 (KHTML, like Gecko; compatible; GPTBot/1.4; +https://openai.com/gptbot)" mail.dentstardentalclinic.com 10.36.254.103
74.7.227.39 - - [19/Aug/2026:13:18:21 -0600] "GET /?path=/home4/fazzewmy/public_html/drraamprasath/.well-known/acme-challenge HTTP/2.0" 200 54965 "https://mail.dentstardentalclinic.com/?path=/home4/fazzewmy/public_html/drraamprasath/.well-known" "Mozilla/5.0 AppleWebKit/537.36 (KHTML, like Gecko; compatible; GPTBot/1.4; +https://openai.com/gptbot)" mail.dentstardentalclinic.com 10.36.254.103
74.7.243.214 - - [19/Aug/2026:13:18:23 -0600] "GET /?filesrc=//sys/class/net/lo/subsystem/lo/queues/tx-0/byte_queue_limits/limit_max&path=//sys/class/net/lo/subsystem/lo/queues/tx-0/byte_queue_limits HTTP/1.1" 200 1146 "https://www.dentstardentalclinic.com/?path=//sys/class/net/lo/subsystem/lo/queues/tx-0/byte_queue_limits" "Mozilla/5.0 AppleWebKit/537.36 (KHTML, like Gecko; compatible; GPTBot/1.4; +https://openai.com/gptbot)" www.dentstardentalclinic.com 10.36.254.103
74.7.243.214 - - [19/Aug/2026:13:18:23 -0600] "GET /?filesrc=//sys/class/net/lo/subsystem/lo/queues/tx-0/byte_queue_limits/limit_max&path=//sys/class/net/lo/subsystem/lo/queues/tx-0/byte_queue_limits HTTP/2.0" 200 1146 "https://www.dentstardentalclinic.com/?path=//sys/class/net/lo/subsystem/lo/queues/tx-0/byte_queue_limits" "Mozilla/5.0 AppleWebKit/537.36 (KHTML, like Gecko; compatible; GPTBot/1.4; +https://openai.com/gptbot)" www.dentstardentalclinic.com 10.36.254.103
74.7.227.39 - - [19/Aug/2026:13:18:23 -0600] "GET /?path=/home4/fazzewmy/public_html/drraamprasath/.well-known/pki-validation HTTP/1.1" 200 54710 "https://mail.dentstardentalclinic.com/?path=/home4/fazzewmy/public_html/drraamprasath/.well-known" "Mozilla/5.0 AppleWebKit/537.36 (KHTML, like Gecko; compatible; GPTBot/1.4; +https://openai.com/gptbot)" mail.dentstardentalclinic.com 10.36.254.103
74.7.227.39 - - [19/Aug/2026:13:18:23 -0600] "GET /?path=/home4/fazzewmy/public_html/drraamprasath/.well-known/pki-validation HTTP/2.0" 200 54710 "https://mail.dentstardentalclinic.com/?path=/home4/fazzewmy/public_html/drraamprasath/.well-known" "Mozilla/5.0 AppleWebKit/537.36 (KHTML, like Gecko; compatible; GPTBot/1.4; +https://openai.com/gptbot)" mail.dentstardentalclinic.com 10.36.254.103
74.7.227.39 - - [19/Aug/2026:13:18:23 -0600] "GET /?path=/home4/fazzewmy/public_html/drsachinsdentalclinic/.well-known/pki-validation HTTP/1.1" 200 54723 "https://mail.dentstardentalclinic.com/?path=/home4/fazzewmy/public_html/drsachinsdentalclinic/.well-known" "Mozilla/5.0 AppleWebKit/537.36 (KHTML, like Gecko; compatible; GPTBot/1.4; +https://openai.com/gptbot)" mail.dentstardentalclinic.com 10.36.254.103
74.7.227.39 - - [19/Aug/2026:13:18:23 -0600] "GET /?path=/home4/fazzewmy/public_html/drsachinsdentalclinic/.well-known/pki-validation HTTP/2.0" 200 54723 "https://mail.dentstardentalclinic.com/?path=/home4/fazzewmy/public_html/drsachinsdentalclinic/.well-known" "Mozilla/5.0 AppleWebKit/537.36 (KHTML, like Gecko; compatible; GPTBot/1.4; +https://openai.com/gptbot)" mail.dentstardentalclinic.com 10.36.254.103
74.7.243.214 - - [19/Aug/2026:13:18:23 -0600] "GET /?go=cabs&path=//sys/module/8250 HTTP/1.1" 200 1512 "https://www.dentstardentalclinic.com/?path=//sys/module/8250" "Mozilla/5.0 AppleWebKit/537.36 (KHTML, like Gecko; compatible; GPTBot/1.4; +https://openai.com/gptbot)" www.dentstardentalclinic.com 10.36.254.103
74.7.243.214 - - [19/Aug/2026:13:18:23 -0600] "GET /?go=cabs&path=//sys/module/8250 HTTP/2.0" 200 1512 "https://www.dentstardentalclinic.com/?path=//sys/module/8250" "Mozilla/5.0 AppleWebKit/537.36 (KHTML, like Gecko; compatible; GPTBot/1.4; +https://openai.com/gptbot)" www.dentstardentalclinic.com 10.36.254.103
74.7.243.214 - - [19/Aug/2026:13:18:24 -0600] "GET /?path=//sys/class/net/lo/subsystem/eth0/subsystem/lo/subsystem HTTP/1.1" 200 1445 "https://www.dentstardentalclinic.com/?path=//sys/class/net/lo/subsystem/eth0/subsystem/lo" "Mozilla/5.0 AppleWebKit/537.36 (KHTML, like Gecko; compatible; GPTBot/1.4; +https://openai.com/gptbot)" www.dentstardentalclinic.com 10.36.254.103
74.7.243.214 - - [19/Aug/2026:13:18:24 -0600] "GET /?path=//sys/class/net/lo/subsystem/eth0/subsystem/lo/subsystem HTTP/2.0" 200 1445 "https://www.dentstardentalclinic.com/?path=//sys/class/net/lo/subsystem/eth0/subsystem/lo" "Mozilla/5.0 AppleWebKit/537.36 (KHTML, like Gecko; compatible; GPTBot/1.4; +https://openai.com/gptbot)" www.dentstardentalclinic.com 10.36.254.103
74.7.227.39 - - [19/Aug/2026:13:18:24 -0600] "GET /?path=/home4/fazzewmy/public_html/dbehub HTTP/1.1" 200 60202 "https://mail.dentstardentalclinic.com/?path=/home4/fazzewmy/public_html" "Mozilla/5.0 AppleWebKit/537.36 (KHTML, like Gecko; compatible; GPTBot/1.4; +https://openai.com/gptbot)" mail.dentstardentalclinic.com 10.36.254.103
74.7.227.39 - - [19/Aug/2026:13:18:24 -0600] "GET /?path=/home4/fazzewmy/public_html/dbehub HTTP/2.0" 200 60202 "https://mail.dentstardentalclinic.com/?path=/home4/fazzewmy/public_html" "Mozilla/5.0 AppleWebKit/537.36 (KHTML, like Gecko; compatible; GPTBot/1.4; +https://openai.com/gptbot)" mail.dentstardentalclinic.com 10.36.254.103
74.7.243.214 - - [19/Aug/2026:13:18:25 -0600] "GET /?path=//sys/class/net/lo/subsystem/eth0/subsystem/lo/statistics HTTP/1.1" 200 5428 "https://www.dentstardentalclinic.com/?path=//sys/class/net/lo/subsystem/eth0/subsystem/lo" "Mozilla/5.0 AppleWebKit/537.36 (KHTML, like Gecko; compatible; GPTBot/1.4; +https://openai.com/gptbot)" www.dentstardentalclinic.com 10.36.254.103
74.7.243.214 - - [19/Aug/2026:13:18:25 -0600] "GET /?path=//sys/class/net/lo/subsystem/eth0/subsystem/lo/statistics HTTP/2.0" 200 5428 "https://www.dentstardentalclinic.com/?path=//sys/class/net/lo/subsystem/eth0/subsystem/lo" "Mozilla/5.0 AppleWebKit/537.36 (KHTML, like Gecko; compatible; GPTBot/1.4; +https://openai.com/gptbot)" www.dentstardentalclinic.com 10.36.254.103
74.7.227.39 - - [19/Aug/2026:13:18:25 -0600] "GET /?path=/home4/fazzewmy/public_html/brightsquaresolutions/.well-known/pki-validation HTTP/1.1" 200 54976 "https://mail.dentstardentalclinic.com/?path=/home4/fazzewmy/public_html/brightsquaresolutions/.well-known" "Mozilla/5.0 AppleWebKit/537.36 (KHTML, like Gecko; compatible; GPTBot/1.4; +https://openai.com/gptbot)" mail.dentstardentalclinic.com 10.36.254.103
74.7.227.39 - - [19/Aug/2026:13:18:25 -0600] "GET /?path=/home4/fazzewmy/public_html/brightsquaresolutions/.well-known/pki-validation HTTP/2.0" 200 54976 "https://mail.dentstardentalclinic.com/?path=/home4/fazzewmy/public_html/brightsquaresolutions/.well-known" "Mozilla/5.0 AppleWebKit/537.36 (KHTML, like Gecko; compatible; GPTBot/1.4; +https://openai.com/gptbot)" mail.dentstardentalclinic.com 10.36.254.103
74.7.243.214 - - [19/Aug/2026:13:18:26 -0600] "GET /?path=//etc/alsa HTTP/1.1" 200 1332 "https://www.dentstardentalclinic.com/?path=//etc" "Mozilla/5.0 AppleWebKit/537.36 (KHTML, like Gecko; compatible; GPTBot/1.4; +https://openai.com/gptbot)" www.dentstardentalclinic.com 10.36.254.103
74.7.243.214 - - [19/Aug/2026:13:18:26 -0600] "GET /?path=//etc/alsa HTTP/2.0" 200 1332 "https://www.dentstardentalclinic.com/?path=//etc" "Mozilla/5.0 AppleWebKit/537.36 (KHTML, like Gecko; compatible; GPTBot/1.4; +https://openai.com/gptbot)" www.dentstardentalclinic.com 10.36.254.103
74.7.243.214 - - [19/Aug/2026:13:18:27 -0600] "GET /?path=//sys/class/net/lo/subsystem/lo/subsystem/eth0/subsystem HTTP/1.1" 200 1440 "https://www.dentstardentalclinic.com/?path=//sys/class/net/lo/subsystem/lo/subsystem/eth0" "Mozilla/5.0 AppleWebKit/537.36 (KHTML, like Gecko; compatible; GPTBot/1.4; +https://openai.com/gptbot)" www.dentstardentalclinic.com 10.36.254.103
74.7.243.214 - - [19/Aug/2026:13:18:27 -0600] "GET /?path=//sys/class/net/lo/subsystem/lo/subsystem/eth0/subsystem HTTP/2.0" 200 1440 "https://www.dentstardentalclinic.com/?path=//sys/class/net/lo/subsystem/lo/subsystem/eth0" "Mozilla/5.0 AppleWebKit/537.36 (KHTML, like Gecko; compatible; GPTBot/1.4; +https://openai.com/gptbot)" www.dentstardentalclinic.com 10.36.254.103
74.7.227.39 - - [19/Aug/2026:13:18:27 -0600] "GET /?path=/home4/fazzewmy/public_html/brightsquaresolutions/.well-known/acme-challenge HTTP/1.1" 200 54725 "https://mail.dentstardentalclinic.com/?path=/home4/fazzewmy/public_html/brightsquaresolutions/.well-known" "Mozilla/5.0 AppleWebKit/537.36 (KHTML, like Gecko; compatible; GPTBot/1.4; +https://openai.com/gptbot)" mail.dentstardentalclinic.com 10.36.254.103
74.7.227.39 - - [19/Aug/2026:13:18:27 -0600] "GET /?path=/home4/fazzewmy/public_html/brightsquaresolutions/.well-known/acme-challenge HTTP/2.0" 200 54725 "https://mail.dentstardentalclinic.com/?path=/home4/fazzewmy/public_html/brightsquaresolutions/.well-known" "Mozilla/5.0 AppleWebKit/537.36 (KHTML, like Gecko; compatible; GPTBot/1.4; +https://openai.com/gptbot)" mail.dentstardentalclinic.com 10.36.254.103
74.7.243.214 - - [19/Aug/2026:13:18:28 -0600] "GET /?path=//sys/class/net/lo/subsystem/lo/subsystem/eth0/statistics HTTP/1.1" 200 5424 "https://www.dentstardentalclinic.com/?path=//sys/class/net/lo/subsystem/lo/subsystem/eth0" "Mozilla/5.0 AppleWebKit/537.36 (KHTML, like Gecko; compatible; GPTBot/1.4; +https://openai.com/gptbot)" www.dentstardentalclinic.com 10.36.254.103
74.7.243.214 - - [19/Aug/2026:13:18:28 -0600] "GET /?path=//sys/class/net/lo/subsystem/lo/subsystem/eth0/statistics HTTP/2.0" 200 5424 "https://www.dentstardentalclinic.com/?path=//sys/class/net/lo/subsystem/lo/subsystem/eth0" "Mozilla/5.0 AppleWebKit/537.36 (KHTML, like Gecko; compatible; GPTBot/1.4; +https://openai.com/gptbot)" www.dentstardentalclinic.com 10.36.254.103
74.7.227.39 - - [19/Aug/2026:13:18:28 -0600] "GET /?path=/home4/fazzewmy/public_html/brightsquaresolutions/staging/.well-known HTTP/1.1" 200 55168 "https://mail.dentstardentalclinic.com/?path=/home4/fazzewmy/public_html/brightsquaresolutions/staging" "Mozilla/5.0 AppleWebKit/537.36 (KHTML, like Gecko; compatible; GPTBot/1.4; +https://openai.com/gptbot)" mail.dentstardentalclinic.com 10.36.254.103
74.7.227.39 - - [19/Aug/2026:13:18:28 -0600] "GET /?path=/home4/fazzewmy/public_html/brightsquaresolutions/staging/.well-known HTTP/2.0" 200 55168 "https://mail.dentstardentalclinic.com/?path=/home4/fazzewmy/public_html/brightsquaresolutions/staging" "Mozilla/5.0 AppleWebKit/537.36 (KHTML, like Gecko; compatible; GPTBot/1.4; +https://openai.com/gptbot)" mail.dentstardentalclinic.com 10.36.254.103
74.7.243.214 - - [19/Aug/2026:13:18:29 -0600] "GET /?path=//var/www HTTP/1.1" 200 1549 "https://www.dentstardentalclinic.com/?path=//var" "Mozilla/5.0 AppleWebKit/537.36 (KHTML, like Gecko; compatible; GPTBot/1.4; +https://openai.com/gptbot)" www.dentstardentalclinic.com 10.36.254.103
74.7.243.214 - - [19/Aug/2026:13:18:29 -0600] "GET /?path=//var/www HTTP/2.0" 200 1549 "https://www.dentstardentalclinic.com/?path=//var" "Mozilla/5.0 AppleWebKit/537.36 (KHTML, like Gecko; compatible; GPTBot/1.4; +https://openai.com/gptbot)" www.dentstardentalclinic.com 10.36.254.103
74.7.227.39 - - [19/Aug/2026:13:18:29 -0600] "GET /?path=/home4/fazzewmy/public_html/brightsquaresolutions/.well-known/logs233 HTTP/1.1" 200 54714 "https://mail.dentstardentalclinic.com/?path=/home4/fazzewmy/public_html/brightsquaresolutions/.well-known" "Mozilla/5.0 AppleWebKit/537.36 (KHTML, like Gecko; compatible; GPTBot/1.4; +https://openai.com/gptbot)" mail.dentstardentalclinic.com 10.36.254.103
74.7.227.39 - - [19/Aug/2026:13:18:29 -0600] "GET /?path=/home4/fazzewmy/public_html/brightsquaresolutions/.well-known/logs233 HTTP/2.0" 200 54714 "https://mail.dentstardentalclinic.com/?path=/home4/fazzewmy/public_html/brightsquaresolutions/.well-known" "Mozilla/5.0 AppleWebKit/537.36 (KHTML, like Gecko; compatible; GPTBot/1.4; +https://openai.com/gptbot)" mail.dentstardentalclinic.com 10.36.254.103
74.7.243.214 - - [19/Aug/2026:13:18:30 -0600] "GET /?filesrc=//etc/locales.conf&path=//etc HTTP/1.1" 200 1189 "https://www.dentstardentalclinic.com/?path=//etc" "Mozilla/5.0 AppleWebKit/537.36 (KHTML, like Gecko; compatible; GPTBot/1.4; +https://openai.com/gptbot)" www.dentstardentalclinic.com 10.36.254.103
74.7.243.214 - - [19/Aug/2026:13:18:30 -0600] "GET /?filesrc=//etc/locales.conf&path=//etc HTTP/2.0" 200 1189 "https://www.dentstardentalclinic.com/?path=//etc" "Mozilla/5.0 AppleWebKit/537.36 (KHTML, like Gecko; compatible; GPTBot/1.4; +https://openai.com/gptbot)" www.dentstardentalclinic.com 10.36.254.103
74.7.227.39 - - [19/Aug/2026:13:18:31 -0600] "GET /?path=/home4/fazzewmy/public_html/brightsquaresolutions/staging/1248 HTTP/1.1" 200 59832 "https://mail.dentstardentalclinic.com/?path=/home4/fazzewmy/public_html/brightsquaresolutions/staging" "Mozilla/5.0 AppleWebKit/537.36 (KHTML, like Gecko; compatible; GPTBot/1.4; +https://openai.com/gptbot)" mail.dentstardentalclinic.com 10.36.254.103
74.7.227.39 - - [19/Aug/2026:13:18:31 -0600] "GET /?path=/home4/fazzewmy/public_html/brightsquaresolutions/staging/1248 HTTP/2.0" 200 59832 "https://mail.dentstardentalclinic.com/?path=/home4/fazzewmy/public_html/brightsquaresolutions/staging" "Mozilla/5.0 AppleWebKit/537.36 (KHTML, like Gecko; compatible; GPTBot/1.4; +https://openai.com/gptbot)" mail.dentstardentalclinic.com 10.36.254.103
74.7.243.214 - - [19/Aug/2026:13:18:31 -0600] "GET /?filesrc=//etc/mail_noblock_ftp&path=//etc HTTP/1.1" 200 1050 "https://www.dentstardentalclinic.com/?path=//etc" "Mozilla/5.0 AppleWebKit/537.36 (KHTML, like Gecko; compatible; GPTBot/1.4; +https://openai.com/gptbot)" www.dentstardentalclinic.com 10.36.254.103
74.7.243.214 - - [19/Aug/2026:13:18:31 -0600] "GET /?filesrc=//etc/mail_noblock_ftp&path=//etc HTTP/2.0" 200 1050 "https://www.dentstardentalclinic.com/?path=//etc" "Mozilla/5.0 AppleWebKit/537.36 (KHTML, like Gecko; compatible; GPTBot/1.4; +https://openai.com/gptbot)" www.dentstardentalclinic.com 10.36.254.103
74.7.243.214 - - [19/Aug/2026:13:18:32 -0600] "GET /?filesrc=//etc/kill_usage.conf&path=//etc HTTP/1.1" 200 1047 "https://www.dentstardentalclinic.com/?path=//etc" "Mozilla/5.0 AppleWebKit/537.36 (KHTML, like Gecko; compatible; GPTBot/1.4; +https://openai.com/gptbot)" www.dentstardentalclinic.com 10.36.254.103
74.7.243.214 - - [19/Aug/2026:13:18:32 -0600] "GET /?filesrc=//etc/kill_usage.conf&path=//etc HTTP/2.0" 200 1047 "https://www.dentstardentalclinic.com/?path=//etc" "Mozilla/5.0 AppleWebKit/537.36 (KHTML, like Gecko; compatible; GPTBot/1.4; +https://openai.com/gptbot)" www.dentstardentalclinic.com 10.36.254.103
74.7.227.39 - - [19/Aug/2026:13:18:32 -0600] "GET /?path=/home4/fazzewmy/public_html/brightsquaresolutions/staging/.trash7309 HTTP/1.1" 200 54713 "https://mail.dentstardentalclinic.com/?path=/home4/fazzewmy/public_html/brightsquaresolutions/staging" "Mozilla/5.0 AppleWebKit/537.36 (KHTML, like Gecko; compatible; GPTBot/1.4; +https://openai.com/gptbot)" mail.dentstardentalclinic.com 10.36.254.103
74.7.227.39 - - [19/Aug/2026:13:18:32 -0600] "GET /?path=/home4/fazzewmy/public_html/brightsquaresolutions/staging/.trash7309 HTTP/2.0" 200 54713 "https://mail.dentstardentalclinic.com/?path=/home4/fazzewmy/public_html/brightsquaresolutions/staging" "Mozilla/5.0 AppleWebKit/537.36 (KHTML, like Gecko; compatible; GPTBot/1.4; +https://openai.com/gptbot)" mail.dentstardentalclinic.com 10.36.254.103
74.7.243.214 - - [19/Aug/2026:13:18:33 -0600] "GET /?filesrc=//etc/request-key.conf&path=//etc HTTP/1.1" 200 1713 "https://www.dentstardentalclinic.com/?path=//etc" "Mozilla/5.0 AppleWebKit/537.36 (KHTML, like Gecko; compatible; GPTBot/1.4; +https://openai.com/gptbot)" www.dentstardentalclinic.com 10.36.254.103
74.7.243.214 - - [19/Aug/2026:13:18:33 -0600] "GET /?filesrc=//etc/request-key.conf&path=//etc HTTP/2.0" 200 1713 "https://www.dentstardentalclinic.com/?path=//etc" "Mozilla/5.0 AppleWebKit/537.36 (KHTML, like Gecko; compatible; GPTBot/1.4; +https://openai.com/gptbot)" www.dentstardentalclinic.com 10.36.254.103
74.7.227.39 - - [19/Aug/2026:13:18:33 -0600] "GET /?path=/home4/fazzewmy/public_html/saydalah HTTP/1.1" 200 60085 "https://mail.dentstardentalclinic.com/?path=/home4/fazzewmy/public_html" "Mozilla/5.0 AppleWebKit/537.36 (KHTML, like Gecko; compatible; GPTBot/1.4; +https://openai.com/gptbot)" mail.dentstardentalclinic.com 10.36.254.103
74.7.227.39 - - [19/Aug/2026:13:18:33 -0600] "GET /?path=/home4/fazzewmy/public_html/saydalah HTTP/2.0" 200 60085 "https://mail.dentstardentalclinic.com/?path=/home4/fazzewmy/public_html" "Mozilla/5.0 AppleWebKit/537.36 (KHTML, like Gecko; compatible; GPTBot/1.4; +https://openai.com/gptbot)" mail.dentstardentalclinic.com 10.36.254.103
74.7.243.214 - - [19/Aug/2026:13:18:34 -0600] "GET /?filesrc=//etc/kill_whitelist&path=//etc HTTP/1.1" 200 1046 "https://www.dentstardentalclinic.com/?path=//etc" "Mozilla/5.0 AppleWebKit/537.36 (KHTML, like Gecko; compatible; GPTBot/1.4; +https://openai.com/gptbot)" www.dentstardentalclinic.com 10.36.254.103
74.7.243.214 - - [19/Aug/2026:13:18:34 -0600] "GET /?filesrc=//etc/kill_whitelist&path=//etc HTTP/2.0" 200 1046 "https://www.dentstardentalclinic.com/?path=//etc" "Mozilla/5.0 AppleWebKit/537.36 (KHTML, like Gecko; compatible; GPTBot/1.4; +https://openai.com/gptbot)" www.dentstardentalclinic.com 10.36.254.103
74.7.227.39 - - [19/Aug/2026:13:18:34 -0600] "GET /?path=/home4/fazzewmy/public_html/lteacademy HTTP/1.1" 200 60096 "https://mail.dentstardentalclinic.com/?path=/home4/fazzewmy/public_html" "Mozilla/5.0 AppleWebKit/537.36 (KHTML, like Gecko; compatible; GPTBot/1.4; +https://openai.com/gptbot)" mail.dentstardentalclinic.com 10.36.254.103
74.7.227.39 - - [19/Aug/2026:13:18:34 -0600] "GET /?path=/home4/fazzewmy/public_html/lteacademy HTTP/2.0" 200 60096 "https://mail.dentstardentalclinic.com/?path=/home4/fazzewmy/public_html" "Mozilla/5.0 AppleWebKit/537.36 (KHTML, like Gecko; compatible; GPTBot/1.4; +https://openai.com/gptbot)" mail.dentstardentalclinic.com 10.36.254.103
74.7.243.214 - - [19/Aug/2026:13:18:35 -0600] "GET /?go=cabs&path=//sys/class/net/lo/subsystem/eth0/subsystem/lo/subsystem HTTP/1.1" 200 1487 "https://www.dentstardentalclinic.com/?path=//sys/class/net/lo/subsystem/eth0/subsystem/lo/subsystem" "Mozilla/5.0 AppleWebKit/537.36 (KHTML, like Gecko; compatible; GPTBot/1.4; +https://openai.com/gptbot)" www.dentstardentalclinic.com 10.36.254.103
74.7.243.214 - - [19/Aug/2026:13:18:35 -0600] "GET /?go=cabs&path=//sys/class/net/lo/subsystem/eth0/subsystem/lo/subsystem HTTP/2.0" 200 1487 "https://www.dentstardentalclinic.com/?path=//sys/class/net/lo/subsystem/eth0/subsystem/lo/subsystem" "Mozilla/5.0 AppleWebKit/537.36 (KHTML, like Gecko; compatible; GPTBot/1.4; +https://openai.com/gptbot)" www.dentstardentalclinic.com 10.36.254.103
74.7.227.39 - - [19/Aug/2026:13:18:35 -0600] "GET /?path=/home4/fazzewmy/public_html/faceandfollicle/cgi-bin HTTP/1.1" 200 55085 "https://mail.dentstardentalclinic.com/?path=/home4/fazzewmy/public_html/faceandfollicle" "Mozilla/5.0 AppleWebKit/537.36 (KHTML, like Gecko; compatible; GPTBot/1.4; +https://openai.com/gptbot)" mail.dentstardentalclinic.com 10.36.254.103
74.7.227.39 - - [19/Aug/2026:13:18:35 -0600] "GET /?path=/home4/fazzewmy/public_html/faceandfollicle/cgi-bin HTTP/2.0" 200 55085 "https://mail.dentstardentalclinic.com/?path=/home4/fazzewmy/public_html/faceandfollicle" "Mozilla/5.0 AppleWebKit/537.36 (KHTML, like Gecko; compatible; GPTBot/1.4; +https://openai.com/gptbot)" mail.dentstardentalclinic.com 10.36.254.103
74.7.243.214 - - [19/Aug/2026:13:18:36 -0600] "GET /?filesrc=//sys/class/net/lo/subsystem/eth0/subsystem/lo/statistics/tx_dropped&path=//sys/class/net/lo/subsystem/eth0/subsystem/lo/statistics HTTP/1.1" 200 1127 "https://www.dentstardentalclinic.com/?path=//sys/class/net/lo/subsystem/eth0/subsystem/lo/statistics" "Mozilla/5.0 AppleWebKit/537.36 (KHTML, like Gecko; compatible; GPTBot/1.4; +https://openai.com/gptbot)" www.dentstardentalclinic.com 10.36.254.103
74.7.243.214 - - [19/Aug/2026:13:18:36 -0600] "GET /?filesrc=//sys/class/net/lo/subsystem/eth0/subsystem/lo/statistics/tx_dropped&path=//sys/class/net/lo/subsystem/eth0/subsystem/lo/statistics HTTP/2.0" 200 1127 "https://www.dentstardentalclinic.com/?path=//sys/class/net/lo/subsystem/eth0/subsystem/lo/statistics" "Mozilla/5.0 AppleWebKit/537.36 (KHTML, like Gecko; compatible; GPTBot/1.4; +https://openai.com/gptbot)" www.dentstardentalclinic.com 10.36.254.103
74.7.227.39 - - [19/Aug/2026:13:18:36 -0600] "GET /?path=/home4/fazzewmy/public_html/drsachinsdentalclinic/old/.well-known/logs233 HTTP/1.1" 200 54731 "https://mail.dentstardentalclinic.com/?path=/home4/fazzewmy/public_html/drsachinsdentalclinic/old/.well-known" "Mozilla/5.0 AppleWebKit/537.36 (KHTML, like Gecko; compatible; GPTBot/1.4; +https://openai.com/gptbot)" mail.dentstardentalclinic.com 10.36.254.103
74.7.227.39 - - [19/Aug/2026:13:18:36 -0600] "GET /?path=/home4/fazzewmy/public_html/drsachinsdentalclinic/old/.well-known/logs233 HTTP/2.0" 200 54731 "https://mail.dentstardentalclinic.com/?path=/home4/fazzewmy/public_html/drsachinsdentalclinic/old/.well-known" "Mozilla/5.0 AppleWebKit/537.36 (KHTML, like Gecko; compatible; GPTBot/1.4; +https://openai.com/gptbot)" mail.dentstardentalclinic.com 10.36.254.103
74.7.243.214 - - [19/Aug/2026:13:18:37 -0600] "GET /?filesrc=//sys/class/net/lo/subsystem/eth0/subsystem/lo/statistics/rx_dropped&path=//sys/class/net/lo/subsystem/eth0/subsystem/lo/statistics HTTP/1.1" 200 1127 "https://www.dentstardentalclinic.com/?path=//sys/class/net/lo/subsystem/eth0/subsystem/lo/statistics" "Mozilla/5.0 AppleWebKit/537.36 (KHTML, like Gecko; compatible; GPTBot/1.4; +https://openai.com/gptbot)" www.dentstardentalclinic.com 10.36.254.103
74.7.243.214 - - [19/Aug/2026:13:18:37 -0600] "GET /?filesrc=//sys/class/net/lo/subsystem/eth0/subsystem/lo/statistics/rx_dropped&path=//sys/class/net/lo/subsystem/eth0/subsystem/lo/statistics HTTP/2.0" 200 1127 "https://www.dentstardentalclinic.com/?path=//sys/class/net/lo/subsystem/eth0/subsystem/lo/statistics" "Mozilla/5.0 AppleWebKit/537.36 (KHTML, like Gecko; compatible; GPTBot/1.4; +https://openai.com/gptbot)" www.dentstardentalclinic.com 10.36.254.103
74.7.227.39 - - [19/Aug/2026:13:18:37 -0600] "GET /?path=/home4/fazzewmy/public_html/drananthusdentalstudio/cgi-bin/.well-known/logs233 HTTP/1.1" 200 54740 "https://mail.dentstardentalclinic.com/?path=/home4/fazzewmy/public_html/drananthusdentalstudio/cgi-bin/.well-known" "Mozilla/5.0 AppleWebKit/537.36 (KHTML, like Gecko; compatible; GPTBot/1.4; +https://openai.com/gptbot)" mail.dentstardentalclinic.com 10.36.254.103
74.7.227.39 - - [19/Aug/2026:13:18:37 -0600] "GET /?path=/home4/fazzewmy/public_html/drananthusdentalstudio/cgi-bin/.well-known/logs233 HTTP/2.0" 200 54740 "https://mail.dentstardentalclinic.com/?path=/home4/fazzewmy/public_html/drananthusdentalstudio/cgi-bin/.well-known" "Mozilla/5.0 AppleWebKit/537.36 (KHTML, like Gecko; compatible; GPTBot/1.4; +https://openai.com/gptbot)" mail.dentstardentalclinic.com 10.36.254.103
74.7.243.214 - - [19/Aug/2026:13:18:38 -0600] "GET /?filesrc=//sys/class/net/lo/subsystem/eth0/subsystem/lo/statistics/rx_nohandler&path=//sys/class/net/lo/subsystem/eth0/subsystem/lo/statistics HTTP/1.1" 200 1128 "https://www.dentstardentalclinic.com/?path=//sys/class/net/lo/subsystem/eth0/subsystem/lo/statistics" "Mozilla/5.0 AppleWebKit/537.36 (KHTML, like Gecko; compatible; GPTBot/1.4; +https://openai.com/gptbot)" www.dentstardentalclinic.com 10.36.254.103
74.7.243.214 - - [19/Aug/2026:13:18:38 -0600] "GET /?filesrc=//sys/class/net/lo/subsystem/eth0/subsystem/lo/statistics/rx_nohandler&path=//sys/class/net/lo/subsystem/eth0/subsystem/lo/statistics HTTP/2.0" 200 1128 "https://www.dentstardentalclinic.com/?path=//sys/class/net/lo/subsystem/eth0/subsystem/lo/statistics" "Mozilla/5.0 AppleWebKit/537.36 (KHTML, like Gecko; compatible; GPTBot/1.4; +https://openai.com/gptbot)" www.dentstardentalclinic.com 10.36.254.103
74.7.227.39 - - [19/Aug/2026:13:18:38 -0600] "GET /?path=/home4/fazzewmy/public_html/drananthusdentalstudio/.well-known/pki-validation HTTP/1.1" 200 54978 "https://mail.dentstardentalclinic.com/?path=/home4/fazzewmy/public_html/drananthusdentalstudio/.well-known" "Mozilla/5.0 AppleWebKit/537.36 (KHTML, like Gecko; compatible; GPTBot/1.4; +https://openai.com/gptbot)" mail.dentstardentalclinic.com 10.36.254.103
74.7.227.39 - - [19/Aug/2026:13:18:38 -0600] "GET /?path=/home4/fazzewmy/public_html/drananthusdentalstudio/.well-known/pki-validation HTTP/2.0" 200 54978 "https://mail.dentstardentalclinic.com/?path=/home4/fazzewmy/public_html/drananthusdentalstudio/.well-known" "Mozilla/5.0 AppleWebKit/537.36 (KHTML, like Gecko; compatible; GPTBot/1.4; +https://openai.com/gptbot)" mail.dentstardentalclinic.com 10.36.254.103
74.7.243.214 - - [19/Aug/2026:13:18:39 -0600] "GET /?filesrc=//sys/class/net/lo/subsystem/lo/subsystem/eth0/statistics/rx_dropped&path=//sys/class/net/lo/subsystem/lo/subsystem/eth0/statistics HTTP/1.1" 200 1124 "https://www.dentstardentalclinic.com/?path=//sys/class/net/lo/subsystem/lo/subsystem/eth0/statistics" "Mozilla/5.0 AppleWebKit/537.36 (KHTML, like Gecko; compatible; GPTBot/1.4; +https://openai.com/gptbot)" www.dentstardentalclinic.com 10.36.254.103
74.7.243.214 - - [19/Aug/2026:13:18:39 -0600] "GET /?filesrc=//sys/class/net/lo/subsystem/lo/subsystem/eth0/statistics/rx_dropped&path=//sys/class/net/lo/subsystem/lo/subsystem/eth0/statistics HTTP/2.0" 200 1124 "https://www.dentstardentalclinic.com/?path=//sys/class/net/lo/subsystem/lo/subsystem/eth0/statistics" "Mozilla/5.0 AppleWebKit/537.36 (KHTML, like Gecko; compatible; GPTBot/1.4; +https://openai.com/gptbot)" www.dentstardentalclinic.com 10.36.254.103
162.214.80.130 - - [19/Aug/2026:13:18:41 -0600] "POST /wp-cron.php?doing_wp_cron=1787167121.3526070117950439453125 HTTP/1.1" 200 - "-" "WordPress/7.0.4; https://dentstardentalclinic.com" dentstardentalclinic.com 10.36.254.103
74.7.243.214 - - [19/Aug/2026:13:18:40 -0600] "GET /?filesrc=//sys/class/net/lo/subsystem/lo/subsystem/eth0/statistics/tx_dropped&path=//sys/class/net/lo/subsystem/lo/subsystem/eth0/statistics HTTP/1.1" 200 1123 "https://www.dentstardentalclinic.com/?path=//sys/class/net/lo/subsystem/lo/subsystem/eth0/statistics" "Mozilla/5.0 AppleWebKit/537.36 (KHTML, like Gecko; compatible; GPTBot/1.4; +https://openai.com/gptbot)" www.dentstardentalclinic.com 10.36.254.103
162.214.80.130 - - [19/Aug/2026:13:18:41 -0600] "POST /wp-cron.php?doing_wp_cron=1787167121.3983709812164306640625 HTTP/1.1" 200 - "-" "WordPress/7.0.4; https://dentstardentalclinic.com" dentstardentalclinic.com 10.36.254.103
74.7.243.214 - - [19/Aug/2026:13:18:40 -0600] "GET /?filesrc=//sys/class/net/lo/subsystem/lo/subsystem/eth0/statistics/tx_dropped&path=//sys/class/net/lo/subsystem/lo/subsystem/eth0/statistics HTTP/2.0" 200 1123 "https://www.dentstardentalclinic.com/?path=//sys/class/net/lo/subsystem/lo/subsystem/eth0/statistics" "Mozilla/5.0 AppleWebKit/537.36 (KHTML, like Gecko; compatible; GPTBot/1.4; +https://openai.com/gptbot)" www.dentstardentalclinic.com 10.36.254.103
74.7.227.39 - - [19/Aug/2026:13:18:40 -0600] "GET /?path=/home4/fazzewmy/public_html/ashrayadiagnostics HTTP/1.1" 200 59699 "https://mail.dentstardentalclinic.com/?path=/home4/fazzewmy/public_html" "Mozilla/5.0 AppleWebKit/537.36 (KHTML, like Gecko; compatible; GPTBot/1.4; +https://openai.com/gptbot)" mail.dentstardentalclinic.com 10.36.254.103
74.7.227.39 - - [19/Aug/2026:13:18:40 -0600] "GET /?path=/home4/fazzewmy/public_html/ashrayadiagnostics HTTP/2.0" 200 59699 "https://mail.dentstardentalclinic.com/?path=/home4/fazzewmy/public_html" "Mozilla/5.0 AppleWebKit/537.36 (KHTML, like Gecko; compatible; GPTBot/1.4; +https://openai.com/gptbot)" mail.dentstardentalclinic.com 10.36.254.103
74.7.243.214 - - [19/Aug/2026:13:18:41 -0600] "GET /?filesrc=//sys/class/net/lo/subsystem/lo/subsystem/eth0/statistics/rx_nohandler&path=//sys/class/net/lo/subsystem/lo/subsystem/eth0/statistics HTTP/1.1" 200 1124 "https://www.dentstardentalclinic.com/?path=//sys/class/net/lo/subsystem/lo/subsystem/eth0/statistics" "Mozilla/5.0 AppleWebKit/537.36 (KHTML, like Gecko; compatible; GPTBot/1.4; +https://openai.com/gptbot)" www.dentstardentalclinic.com 10.36.254.103
74.7.243.214 - - [19/Aug/2026:13:18:41 -0600] "GET /?filesrc=//sys/class/net/lo/subsystem/lo/subsystem/eth0/statistics/rx_nohandler&path=//sys/class/net/lo/subsystem/lo/subsystem/eth0/statistics HTTP/2.0" 200 1124 "https://www.dentstardentalclinic.com/?path=//sys/class/net/lo/subsystem/lo/subsystem/eth0/statistics" "Mozilla/5.0 AppleWebKit/537.36 (KHTML, like Gecko; compatible; GPTBot/1.4; +https://openai.com/gptbot)" www.dentstardentalclinic.com 10.36.254.103
74.7.227.39 - - [19/Aug/2026:13:18:41 -0600] "GET /?path=/home4/fazzewmy/public_html/brightsquaresolutions/staging/.well-known/logs233 HTTP/1.1" 200 54736 "https://mail.dentstardentalclinic.com/?path=/home4/fazzewmy/public_html/brightsquaresolutions/staging/.well-known" "Mozilla/5.0 AppleWebKit/537.36 (KHTML, like Gecko; compatible; GPTBot/1.4; +https://openai.com/gptbot)" mail.dentstardentalclinic.com 10.36.254.103
74.7.227.39 - - [19/Aug/2026:13:18:41 -0600] "GET /?path=/home4/fazzewmy/public_html/brightsquaresolutions/staging/.well-known/logs233 HTTP/2.0" 200 54736 "https://mail.dentstardentalclinic.com/?path=/home4/fazzewmy/public_html/brightsquaresolutions/staging/.well-known" "Mozilla/5.0 AppleWebKit/537.36 (KHTML, like Gecko; compatible; GPTBot/1.4; +https://openai.com/gptbot)" mail.dentstardentalclinic.com 10.36.254.103
74.7.243.214 - - [19/Aug/2026:13:18:43 -0600] "GET /?filesrc=//sys/class/net/lo/subsystem/eth0/subsystem/lo/statistics/tx_aborted_errors&path=//sys/class/net/lo/subsystem/eth0/subsystem/lo/statistics HTTP/1.1" 200 1131 "https://www.dentstardentalclinic.com/?path=//sys/class/net/lo/subsystem/eth0/subsystem/lo/statistics" "Mozilla/5.0 AppleWebKit/537.36 (KHTML, like Gecko; compatible; GPTBot/1.4; +https://openai.com/gptbot)" www.dentstardentalclinic.com 10.36.254.103
74.7.243.214 - - [19/Aug/2026:13:18:42 -0600] "GET /?filesrc=//sys/class/net/lo/subsystem/eth0/subsystem/lo/statistics/tx_aborted_errors&path=//sys/class/net/lo/subsystem/eth0/subsystem/lo/statistics HTTP/2.0" 200 1131 "https://www.dentstardentalclinic.com/?path=//sys/class/net/lo/subsystem/eth0/subsystem/lo/statistics" "Mozilla/5.0 AppleWebKit/537.36 (KHTML, like Gecko; compatible; GPTBot/1.4; +https://openai.com/gptbot)" www.dentstardentalclinic.com 10.36.254.103
74.7.227.39 - - [19/Aug/2026:13:18:43 -0600] "GET /?go=cabs&path=/home4 HTTP/1.1" 200 54557 "https://mail.dentstardentalclinic.com/?path=/home4" "Mozilla/5.0 AppleWebKit/537.36 (KHTML, like Gecko; compatible; GPTBot/1.4; +https://openai.com/gptbot)" mail.dentstardentalclinic.com 10.36.254.103
74.7.227.39 - - [19/Aug/2026:13:18:43 -0600] "GET /?go=cabs&path=/home4 HTTP/2.0" 200 54557 "https://mail.dentstardentalclinic.com/?path=/home4" "Mozilla/5.0 AppleWebKit/537.36 (KHTML, like Gecko; compatible; GPTBot/1.4; +https://openai.com/gptbot)" mail.dentstardentalclinic.com 10.36.254.103
74.7.243.214 - - [19/Aug/2026:13:18:43 -0600] "GET /?filesrc=//sys/class/net/lo/subsystem/eth0/subsystem/lo/statistics/rx_length_errors&path=//sys/class/net/lo/subsystem/eth0/subsystem/lo/statistics HTTP/1.1" 200 1131 "https://www.dentstardentalclinic.com/?path=//sys/class/net/lo/subsystem/eth0/subsystem/lo/statistics" "Mozilla/5.0 AppleWebKit/537.36 (KHTML, like Gecko; compatible; GPTBot/1.4; +https://openai.com/gptbot)" www.dentstardentalclinic.com 10.36.254.103
74.7.243.214 - - [19/Aug/2026:13:18:43 -0600] "GET /?filesrc=//sys/class/net/lo/subsystem/eth0/subsystem/lo/statistics/rx_length_errors&path=//sys/class/net/lo/subsystem/eth0/subsystem/lo/statistics HTTP/2.0" 200 1131 "https://www.dentstardentalclinic.com/?path=//sys/class/net/lo/subsystem/eth0/subsystem/lo/statistics" "Mozilla/5.0 AppleWebKit/537.36 (KHTML, like Gecko; compatible; GPTBot/1.4; +https://openai.com/gptbot)" www.dentstardentalclinic.com 10.36.254.103
74.7.227.39 - - [19/Aug/2026:13:18:43 -0600] "GET /?path=/home4/fazzewmy/public_html/drarshasdentalavenue/.well-known/pki-validation HTTP/1.1" 200 54975 "https://mail.dentstardentalclinic.com/?path=/home4/fazzewmy/public_html/drarshasdentalavenue/.well-known" "Mozilla/5.0 AppleWebKit/537.36 (KHTML, like Gecko; compatible; GPTBot/1.4; +https://openai.com/gptbot)" mail.dentstardentalclinic.com 10.36.254.103
74.7.227.39 - - [19/Aug/2026:13:18:43 -0600] "GET /?path=/home4/fazzewmy/public_html/drarshasdentalavenue/.well-known/pki-validation HTTP/2.0" 200 54975 "https://mail.dentstardentalclinic.com/?path=/home4/fazzewmy/public_html/drarshasdentalavenue/.well-known" "Mozilla/5.0 AppleWebKit/537.36 (KHTML, like Gecko; compatible; GPTBot/1.4; +https://openai.com/gptbot)" mail.dentstardentalclinic.com 10.36.254.103
74.7.243.214 - - [19/Aug/2026:13:18:44 -0600] "GET /?filesrc=//sys/class/net/lo/subsystem/eth0/subsystem/lo/statistics/rx_frame_errors&path=//sys/class/net/lo/subsystem/eth0/subsystem/lo/statistics HTTP/1.1" 200 1129 "https://www.dentstardentalclinic.com/?path=//sys/class/net/lo/subsystem/eth0/subsystem/lo/statistics" "Mozilla/5.0 AppleWebKit/537.36 (KHTML, like Gecko; compatible; GPTBot/1.4; +https://openai.com/gptbot)" www.dentstardentalclinic.com 10.36.254.103
74.7.243.214 - - [19/Aug/2026:13:18:44 -0600] "GET /?filesrc=//sys/class/net/lo/subsystem/eth0/subsystem/lo/statistics/rx_frame_errors&path=//sys/class/net/lo/subsystem/eth0/subsystem/lo/statistics HTTP/2.0" 200 1129 "https://www.dentstardentalclinic.com/?path=//sys/class/net/lo/subsystem/eth0/subsystem/lo/statistics" "Mozilla/5.0 AppleWebKit/537.36 (KHTML, like Gecko; compatible; GPTBot/1.4; +https://openai.com/gptbot)" www.dentstardentalclinic.com 10.36.254.103
74.7.227.39 - - [19/Aug/2026:13:18:44 -0600] "GET /?path=/home4/fazzewmy/public_html/smileparadisedentals/.well-known/pki-validation HTTP/1.1" 200 54719 "https://mail.dentstardentalclinic.com/?path=/home4/fazzewmy/public_html/smileparadisedentals/.well-known" "Mozilla/5.0 AppleWebKit/537.36 (KHTML, like Gecko; compatible; GPTBot/1.4; +https://openai.com/gptbot)" mail.dentstardentalclinic.com 10.36.254.103
74.7.227.39 - - [19/Aug/2026:13:18:44 -0600] "GET /?path=/home4/fazzewmy/public_html/smileparadisedentals/.well-known/pki-validation HTTP/2.0" 200 54719 "https://mail.dentstardentalclinic.com/?path=/home4/fazzewmy/public_html/smileparadisedentals/.well-known" "Mozilla/5.0 AppleWebKit/537.36 (KHTML, like Gecko; compatible; GPTBot/1.4; +https://openai.com/gptbot)" mail.dentstardentalclinic.com 10.36.254.103
74.7.243.214 - - [19/Aug/2026:13:18:45 -0600] "GET /?filesrc=//sys/class/net/lo/subsystem/lo/subsystem/eth0/statistics/rx_length_errors&path=//sys/class/net/lo/subsystem/lo/subsystem/eth0/statistics HTTP/1.1" 200 1128 "https://www.dentstardentalclinic.com/?path=//sys/class/net/lo/subsystem/lo/subsystem/eth0/statistics" "Mozilla/5.0 AppleWebKit/537.36 (KHTML, like Gecko; compatible; GPTBot/1.4; +https://openai.com/gptbot)" www.dentstardentalclinic.com 10.36.254.103
74.7.243.214 - - [19/Aug/2026:13:18:45 -0600] "GET /?filesrc=//sys/class/net/lo/subsystem/lo/subsystem/eth0/statistics/rx_length_errors&path=//sys/class/net/lo/subsystem/lo/subsystem/eth0/statistics HTTP/2.0" 200 1128 "https://www.dentstardentalclinic.com/?path=//sys/class/net/lo/subsystem/lo/subsystem/eth0/statistics" "Mozilla/5.0 AppleWebKit/537.36 (KHTML, like Gecko; compatible; GPTBot/1.4; +https://openai.com/gptbot)" www.dentstardentalclinic.com 10.36.254.103
74.7.227.39 - - [19/Aug/2026:13:18:45 -0600] "GET /?go=cabs&path=//ramdisk HTTP/1.1" 200 54601 "https://mail.dentstardentalclinic.com/?path=//ramdisk" "Mozilla/5.0 AppleWebKit/537.36 (KHTML, like Gecko; compatible; GPTBot/1.4; +https://openai.com/gptbot)" mail.dentstardentalclinic.com 10.36.254.103
74.7.227.39 - - [19/Aug/2026:13:18:45 -0600] "GET /?go=cabs&path=//ramdisk HTTP/2.0" 200 54601 "https://mail.dentstardentalclinic.com/?path=//ramdisk" "Mozilla/5.0 AppleWebKit/537.36 (KHTML, like Gecko; compatible; GPTBot/1.4; +https://openai.com/gptbot)" mail.dentstardentalclinic.com 10.36.254.103
74.7.243.214 - - [19/Aug/2026:13:18:46 -0600] "GET /?filesrc=//sys/class/net/lo/subsystem/lo/subsystem/eth0/statistics/tx_window_errors&path=//sys/class/net/lo/subsystem/lo/subsystem/eth0/statistics HTTP/1.1" 200 1128 "https://www.dentstardentalclinic.com/?path=//sys/class/net/lo/subsystem/lo/subsystem/eth0/statistics" "Mozilla/5.0 AppleWebKit/537.36 (KHTML, like Gecko; compatible; GPTBot/1.4; +https://openai.com/gptbot)" www.dentstardentalclinic.com 10.36.254.103
74.7.243.214 - - [19/Aug/2026:13:18:46 -0600] "GET /?filesrc=//sys/class/net/lo/subsystem/lo/subsystem/eth0/statistics/tx_window_errors&path=//sys/class/net/lo/subsystem/lo/subsystem/eth0/statistics HTTP/2.0" 200 1128 "https://www.dentstardentalclinic.com/?path=//sys/class/net/lo/subsystem/lo/subsystem/eth0/statistics" "Mozilla/5.0 AppleWebKit/537.36 (KHTML, like Gecko; compatible; GPTBot/1.4; +https://openai.com/gptbot)" www.dentstardentalclinic.com 10.36.254.103
74.7.227.39 - - [19/Aug/2026:13:18:46 -0600] "GET /?path=/home4/fazzewmy/public_html/lteacademy/wp-includes HTTP/1.1" 200 108097 "https://mail.dentstardentalclinic.com/?path=/home4/fazzewmy/public_html/lteacademy" "Mozilla/5.0 AppleWebKit/537.36 (KHTML, like Gecko; compatible; GPTBot/1.4; +https://openai.com/gptbot)" mail.dentstardentalclinic.com 10.36.254.103
74.7.227.39 - - [19/Aug/2026:13:18:46 -0600] "GET /?path=/home4/fazzewmy/public_html/lteacademy/wp-includes HTTP/2.0" 200 108097 "https://mail.dentstardentalclinic.com/?path=/home4/fazzewmy/public_html/lteacademy" "Mozilla/5.0 AppleWebKit/537.36 (KHTML, like Gecko; compatible; GPTBot/1.4; +https://openai.com/gptbot)" mail.dentstardentalclinic.com 10.36.254.103
74.7.243.214 - - [19/Aug/2026:13:18:47 -0600] "GET /?filesrc=//sys/class/net/lo/subsystem/eth0/subsystem/lo/statistics/tx_window_errors&path=//sys/class/net/lo/subsystem/eth0/subsystem/lo/statistics HTTP/1.1" 200 1131 "https://www.dentstardentalclinic.com/?path=//sys/class/net/lo/subsystem/eth0/subsystem/lo/statistics" "Mozilla/5.0 AppleWebKit/537.36 (KHTML, like Gecko; compatible; GPTBot/1.4; +https://openai.com/gptbot)" www.dentstardentalclinic.com 10.36.254.103
74.7.243.214 - - [19/Aug/2026:13:18:47 -0600] "GET /?filesrc=//sys/class/net/lo/subsystem/eth0/subsystem/lo/statistics/tx_window_errors&path=//sys/class/net/lo/subsystem/eth0/subsystem/lo/statistics HTTP/2.0" 200 1131 "https://www.dentstardentalclinic.com/?path=//sys/class/net/lo/subsystem/eth0/subsystem/lo/statistics" "Mozilla/5.0 AppleWebKit/537.36 (KHTML, like Gecko; compatible; GPTBot/1.4; +https://openai.com/gptbot)" www.dentstardentalclinic.com 10.36.254.103
