74.7.227.39 - - [19/Aug/2026:13:27:49 -0600] "GET /?path=/home4/fazzewmy/public_html/brightsquaresolutions/.trash7309 HTTP/1.1" 409 83 "https://mail.dentstardentalclinic.com/?path=/home4/fazzewmy/public_html/brightsquaresolutions" "Mozilla/5.0 AppleWebKit/537.36 (KHTML, like Gecko; compatible; GPTBot/1.4; +https://openai.com/gptbot)" mail.dentstardentalclinic.com 10.36.254.103
74.7.227.39 - - [19/Aug/2026:13:27:49 -0600] "GET /?path=/home4/fazzewmy/public_html/brightsquaresolutions/.trash7309 HTTP/2.0" 409 83 "https://mail.dentstardentalclinic.com/?path=/home4/fazzewmy/public_html/brightsquaresolutions" "Mozilla/5.0 AppleWebKit/537.36 (KHTML, like Gecko; compatible; GPTBot/1.4; +https://openai.com/gptbot)" mail.dentstardentalclinic.com 10.36.254.103
74.7.243.214 - - [19/Aug/2026:13:27:49 -0600] "GET /?filesrc=//sys/class/net/eth0/subsystem/eth0/queues/tx-3/byte_queue_limits/limit&path=//sys/class/net/eth0/subsystem/eth0/queues/tx-3/byte_queue_limits HTTP/1.1" 409 83 "https://www.dentstardentalclinic.com/?path=//sys/class/net/eth0/subsystem/eth0/queues/tx-3/byte_queue_limits" "Mozilla/5.0 AppleWebKit/537.36 (KHTML, like Gecko; compatible; GPTBot/1.4; +https://openai.com/gptbot)" www.dentstardentalclinic.com 10.36.254.103
74.7.243.214 - - [19/Aug/2026:13:27:49 -0600] "GET /?filesrc=//sys/class/net/eth0/subsystem/eth0/queues/tx-3/byte_queue_limits/limit&path=//sys/class/net/eth0/subsystem/eth0/queues/tx-3/byte_queue_limits HTTP/2.0" 409 83 "https://www.dentstardentalclinic.com/?path=//sys/class/net/eth0/subsystem/eth0/queues/tx-3/byte_queue_limits" "Mozilla/5.0 AppleWebKit/537.36 (KHTML, like Gecko; compatible; GPTBot/1.4; +https://openai.com/gptbot)" www.dentstardentalclinic.com 10.36.254.103
74.7.243.214 - - [19/Aug/2026:13:27:54 -0600] "GET /?filesrc=//sys/class/net/eth0/subsystem/eth0/queues/tx-1/byte_queue_limits/limit_min&path=//sys/class/net/eth0/subsystem/eth0/queues/tx-1/byte_queue_limits HTTP/1.1" 409 83 "https://www.dentstardentalclinic.com/?path=//sys/class/net/eth0/subsystem/eth0/queues/tx-1/byte_queue_limits" "Mozilla/5.0 AppleWebKit/537.36 (KHTML, like Gecko; compatible; GPTBot/1.4; +https://openai.com/gptbot)" www.dentstardentalclinic.com 10.36.254.103
74.7.243.214 - - [19/Aug/2026:13:27:54 -0600] "GET /?filesrc=//sys/class/net/eth0/subsystem/eth0/queues/tx-1/byte_queue_limits/limit_min&path=//sys/class/net/eth0/subsystem/eth0/queues/tx-1/byte_queue_limits HTTP/2.0" 409 83 "https://www.dentstardentalclinic.com/?path=//sys/class/net/eth0/subsystem/eth0/queues/tx-1/byte_queue_limits" "Mozilla/5.0 AppleWebKit/537.36 (KHTML, like Gecko; compatible; GPTBot/1.4; +https://openai.com/gptbot)" www.dentstardentalclinic.com 10.36.254.103
74.7.243.214 - - [19/Aug/2026:13:28:08 -0600] "GET /?filesrc=//sys/class/net/eth0/subsystem/eth0/queues/tx-2/byte_queue_limits/limit&path=//sys/class/net/eth0/subsystem/eth0/queues/tx-2/byte_queue_limits HTTP/1.1" 409 83 "https://www.dentstardentalclinic.com/?path=//sys/class/net/eth0/subsystem/eth0/queues/tx-2/byte_queue_limits" "Mozilla/5.0 AppleWebKit/537.36 (KHTML, like Gecko; compatible; GPTBot/1.4; +https://openai.com/gptbot)" www.dentstardentalclinic.com 10.36.254.103
74.7.243.214 - - [19/Aug/2026:13:28:08 -0600] "GET /?filesrc=//sys/class/net/eth0/subsystem/eth0/queues/tx-2/byte_queue_limits/limit&path=//sys/class/net/eth0/subsystem/eth0/queues/tx-2/byte_queue_limits HTTP/2.0" 409 83 "https://www.dentstardentalclinic.com/?path=//sys/class/net/eth0/subsystem/eth0/queues/tx-2/byte_queue_limits" "Mozilla/5.0 AppleWebKit/537.36 (KHTML, like Gecko; compatible; GPTBot/1.4; +https://openai.com/gptbot)" www.dentstardentalclinic.com 10.36.254.103
74.7.227.39 - - [19/Aug/2026:13:28:16 -0600] "GET /?path=/home4/fazzewmy/public_html/samsonsdentalcare HTTP/1.1" 409 83 "https://mail.dentstardentalclinic.com/?path=/home4/fazzewmy/public_html" "Mozilla/5.0 AppleWebKit/537.36 (KHTML, like Gecko; compatible; GPTBot/1.4; +https://openai.com/gptbot)" mail.dentstardentalclinic.com 10.36.254.103
74.7.227.39 - - [19/Aug/2026:13:28:16 -0600] "GET /?path=/home4/fazzewmy/public_html/samsonsdentalcare HTTP/2.0" 409 83 "https://mail.dentstardentalclinic.com/?path=/home4/fazzewmy/public_html" "Mozilla/5.0 AppleWebKit/537.36 (KHTML, like Gecko; compatible; GPTBot/1.4; +https://openai.com/gptbot)" mail.dentstardentalclinic.com 10.36.254.103
74.7.243.214 - - [19/Aug/2026:13:28:51 -0600] "GET /?filesrc=//sys/class/net/eth0/subsystem/eth0/queues/tx-2/byte_queue_limits/limit_max&path=//sys/class/net/eth0/subsystem/eth0/queues/tx-2/byte_queue_limits HTTP/1.1" 409 83 "https://www.dentstardentalclinic.com/?path=//sys/class/net/eth0/subsystem/eth0/queues/tx-2/byte_queue_limits" "Mozilla/5.0 AppleWebKit/537.36 (KHTML, like Gecko; compatible; GPTBot/1.4; +https://openai.com/gptbot)" www.dentstardentalclinic.com 10.36.254.103
74.7.243.214 - - [19/Aug/2026:13:28:51 -0600] "GET /?filesrc=//sys/class/net/eth0/subsystem/eth0/queues/tx-2/byte_queue_limits/limit_max&path=//sys/class/net/eth0/subsystem/eth0/queues/tx-2/byte_queue_limits HTTP/2.0" 409 83 "https://www.dentstardentalclinic.com/?path=//sys/class/net/eth0/subsystem/eth0/queues/tx-2/byte_queue_limits" "Mozilla/5.0 AppleWebKit/537.36 (KHTML, like Gecko; compatible; GPTBot/1.4; +https://openai.com/gptbot)" www.dentstardentalclinic.com 10.36.254.103
74.7.227.39 - - [19/Aug/2026:13:29:18 -0600] "GET /?path=/home4/fazzewmy/public_html/prcontractingoman HTTP/1.1" 409 83 "https://mail.dentstardentalclinic.com/?path=/home4/fazzewmy/public_html" "Mozilla/5.0 AppleWebKit/537.36 (KHTML, like Gecko; compatible; GPTBot/1.4; +https://openai.com/gptbot)" mail.dentstardentalclinic.com 10.36.254.103
74.7.227.39 - - [19/Aug/2026:13:29:18 -0600] "GET /?path=/home4/fazzewmy/public_html/prcontractingoman HTTP/2.0" 409 83 "https://mail.dentstardentalclinic.com/?path=/home4/fazzewmy/public_html" "Mozilla/5.0 AppleWebKit/537.36 (KHTML, like Gecko; compatible; GPTBot/1.4; +https://openai.com/gptbot)" mail.dentstardentalclinic.com 10.36.254.103
74.7.243.214 - - [19/Aug/2026:13:29:57 -0600] "GET /?filesrc=//sys/class/net/eth0/subsystem/eth0/queues/tx-0/byte_queue_limits/limit&path=//sys/class/net/eth0/subsystem/eth0/queues/tx-0/byte_queue_limits HTTP/1.1" 409 83 "https://www.dentstardentalclinic.com/?path=//sys/class/net/eth0/subsystem/eth0/queues/tx-0/byte_queue_limits" "Mozilla/5.0 AppleWebKit/537.36 (KHTML, like Gecko; compatible; GPTBot/1.4; +https://openai.com/gptbot)" www.dentstardentalclinic.com 10.36.254.103
74.7.243.214 - - [19/Aug/2026:13:29:57 -0600] "GET /?filesrc=//sys/class/net/eth0/subsystem/eth0/queues/tx-0/byte_queue_limits/limit&path=//sys/class/net/eth0/subsystem/eth0/queues/tx-0/byte_queue_limits HTTP/2.0" 409 83 "https://www.dentstardentalclinic.com/?path=//sys/class/net/eth0/subsystem/eth0/queues/tx-0/byte_queue_limits" "Mozilla/5.0 AppleWebKit/537.36 (KHTML, like Gecko; compatible; GPTBot/1.4; +https://openai.com/gptbot)" www.dentstardentalclinic.com 10.36.254.103
74.7.227.39 - - [19/Aug/2026:13:30:19 -0600] "GET /?path=/home4/fazzewmy/public_html/lteacademy/.well-known HTTP/1.1" 409 83 "https://mail.dentstardentalclinic.com/?path=/home4/fazzewmy/public_html/lteacademy" "Mozilla/5.0 AppleWebKit/537.36 (KHTML, like Gecko; compatible; GPTBot/1.4; +https://openai.com/gptbot)" mail.dentstardentalclinic.com 10.36.254.103
74.7.227.39 - - [19/Aug/2026:13:30:19 -0600] "GET /?path=/home4/fazzewmy/public_html/lteacademy/.well-known HTTP/2.0" 409 83 "https://mail.dentstardentalclinic.com/?path=/home4/fazzewmy/public_html/lteacademy" "Mozilla/5.0 AppleWebKit/537.36 (KHTML, like Gecko; compatible; GPTBot/1.4; +https://openai.com/gptbot)" mail.dentstardentalclinic.com 10.36.254.103
74.7.243.214 - - [19/Aug/2026:13:30:59 -0600] "GET /?filesrc=//sys/class/net/eth0/subsystem/eth0/queues/tx-3/byte_queue_limits/limit_max&path=//sys/class/net/eth0/subsystem/eth0/queues/tx-3/byte_queue_limits HTTP/1.1" 409 83 "https://www.dentstardentalclinic.com/?path=//sys/class/net/eth0/subsystem/eth0/queues/tx-3/byte_queue_limits" "Mozilla/5.0 AppleWebKit/537.36 (KHTML, like Gecko; compatible; GPTBot/1.4; +https://openai.com/gptbot)" www.dentstardentalclinic.com 10.36.254.103
74.7.243.214 - - [19/Aug/2026:13:30:58 -0600] "GET /?filesrc=//sys/class/net/eth0/subsystem/eth0/queues/tx-3/byte_queue_limits/limit_max&path=//sys/class/net/eth0/subsystem/eth0/queues/tx-3/byte_queue_limits HTTP/2.0" 409 83 "https://www.dentstardentalclinic.com/?path=//sys/class/net/eth0/subsystem/eth0/queues/tx-3/byte_queue_limits" "Mozilla/5.0 AppleWebKit/537.36 (KHTML, like Gecko; compatible; GPTBot/1.4; +https://openai.com/gptbot)" www.dentstardentalclinic.com 10.36.254.103
74.7.227.39 - - [19/Aug/2026:13:31:25 -0600] "GET /?path=/home4/fazzewmy/public_html/kryztl HTTP/1.1" 409 83 "https://mail.dentstardentalclinic.com/?path=/home4/fazzewmy/public_html" "Mozilla/5.0 AppleWebKit/537.36 (KHTML, like Gecko; compatible; GPTBot/1.4; +https://openai.com/gptbot)" mail.dentstardentalclinic.com 10.36.254.103
74.7.227.39 - - [19/Aug/2026:13:31:25 -0600] "GET /?path=/home4/fazzewmy/public_html/kryztl HTTP/2.0" 409 83 "https://mail.dentstardentalclinic.com/?path=/home4/fazzewmy/public_html" "Mozilla/5.0 AppleWebKit/537.36 (KHTML, like Gecko; compatible; GPTBot/1.4; +https://openai.com/gptbot)" mail.dentstardentalclinic.com 10.36.254.103
74.7.243.214 - - [19/Aug/2026:13:32:00 -0600] "GET /?filesrc=//sys/class/net/eth0/subsystem/eth0/queues/tx-1/byte_queue_limits/limit_max&path=//sys/class/net/eth0/subsystem/eth0/queues/tx-1/byte_queue_limits HTTP/1.1" 409 83 "https://www.dentstardentalclinic.com/?path=//sys/class/net/eth0/subsystem/eth0/queues/tx-1/byte_queue_limits" "Mozilla/5.0 AppleWebKit/537.36 (KHTML, like Gecko; compatible; GPTBot/1.4; +https://openai.com/gptbot)" www.dentstardentalclinic.com 10.36.254.103
74.7.243.214 - - [19/Aug/2026:13:32:00 -0600] "GET /?filesrc=//sys/class/net/eth0/subsystem/eth0/queues/tx-1/byte_queue_limits/limit_max&path=//sys/class/net/eth0/subsystem/eth0/queues/tx-1/byte_queue_limits HTTP/2.0" 409 83 "https://www.dentstardentalclinic.com/?path=//sys/class/net/eth0/subsystem/eth0/queues/tx-1/byte_queue_limits" "Mozilla/5.0 AppleWebKit/537.36 (KHTML, like Gecko; compatible; GPTBot/1.4; +https://openai.com/gptbot)" www.dentstardentalclinic.com 10.36.254.103
66.249.65.4 - - [19/Aug/2026:13:32:04 -0600] "GET /robots.txt HTTP/1.1" 429 210 "-" "Mozilla/5.0 (compatible; Googlebot/2.1; +http://www.google.com/bot.html)" dentstardentalclinic.com 10.36.254.103
66.249.65.4 - - [19/Aug/2026:13:32:04 -0600] "GET /robots.txt HTTP/1.1" 429 210 "-" "Mozilla/5.0 (compatible; Googlebot/2.1; +http://www.google.com/bot.html)" dentstardentalclinic.com 10.36.254.103
74.7.227.39 - - [19/Aug/2026:13:32:28 -0600] "GET /?path=/home4/fazzewmy/public_html/shapensculpt HTTP/1.1" 409 83 "https://mail.dentstardentalclinic.com/?path=/home4/fazzewmy/public_html" "Mozilla/5.0 AppleWebKit/537.36 (KHTML, like Gecko; compatible; GPTBot/1.4; +https://openai.com/gptbot)" mail.dentstardentalclinic.com 10.36.254.103
74.7.227.39 - - [19/Aug/2026:13:32:28 -0600] "GET /?path=/home4/fazzewmy/public_html/shapensculpt HTTP/2.0" 409 83 "https://mail.dentstardentalclinic.com/?path=/home4/fazzewmy/public_html" "Mozilla/5.0 AppleWebKit/537.36 (KHTML, like Gecko; compatible; GPTBot/1.4; +https://openai.com/gptbot)" mail.dentstardentalclinic.com 10.36.254.103
74.7.243.214 - - [19/Aug/2026:13:33:01 -0600] "GET /?filesrc=//sys/class/net/eth0/subsystem/eth0/queues/tx-0/byte_queue_limits/limit_max&path=//sys/class/net/eth0/subsystem/eth0/queues/tx-0/byte_queue_limits HTTP/1.1" 409 83 "https://www.dentstardentalclinic.com/?path=//sys/class/net/eth0/subsystem/eth0/queues/tx-0/byte_queue_limits" "Mozilla/5.0 AppleWebKit/537.36 (KHTML, like Gecko; compatible; GPTBot/1.4; +https://openai.com/gptbot)" www.dentstardentalclinic.com 10.36.254.103
74.7.243.214 - - [19/Aug/2026:13:33:01 -0600] "GET /?filesrc=//sys/class/net/eth0/subsystem/eth0/queues/tx-0/byte_queue_limits/limit_max&path=//sys/class/net/eth0/subsystem/eth0/queues/tx-0/byte_queue_limits HTTP/2.0" 409 83 "https://www.dentstardentalclinic.com/?path=//sys/class/net/eth0/subsystem/eth0/queues/tx-0/byte_queue_limits" "Mozilla/5.0 AppleWebKit/537.36 (KHTML, like Gecko; compatible; GPTBot/1.4; +https://openai.com/gptbot)" www.dentstardentalclinic.com 10.36.254.103
74.7.227.39 - - [19/Aug/2026:13:33:33 -0600] "GET /?path=/home4/fazzewmy/public_html/ashrayadiagnostics/cgi-bin HTTP/1.1" 409 83 "https://mail.dentstardentalclinic.com/?path=/home4/fazzewmy/public_html/ashrayadiagnostics" "Mozilla/5.0 AppleWebKit/537.36 (KHTML, like Gecko; compatible; GPTBot/1.4; +https://openai.com/gptbot)" mail.dentstardentalclinic.com 10.36.254.103
74.7.227.39 - - [19/Aug/2026:13:33:33 -0600] "GET /?path=/home4/fazzewmy/public_html/ashrayadiagnostics/cgi-bin HTTP/2.0" 409 83 "https://mail.dentstardentalclinic.com/?path=/home4/fazzewmy/public_html/ashrayadiagnostics" "Mozilla/5.0 AppleWebKit/537.36 (KHTML, like Gecko; compatible; GPTBot/1.4; +https://openai.com/gptbot)" mail.dentstardentalclinic.com 10.36.254.103
74.7.243.214 - - [19/Aug/2026:13:34:02 -0600] "GET /?filesrc=//sys/class/net/eth0/subsystem/eth0/queues/tx-3/byte_queue_limits/limit_min&path=//sys/class/net/eth0/subsystem/eth0/queues/tx-3/byte_queue_limits HTTP/1.1" 409 83 "https://www.dentstardentalclinic.com/?path=//sys/class/net/eth0/subsystem/eth0/queues/tx-3/byte_queue_limits" "Mozilla/5.0 AppleWebKit/537.36 (KHTML, like Gecko; compatible; GPTBot/1.4; +https://openai.com/gptbot)" www.dentstardentalclinic.com 10.36.254.103
74.7.243.214 - - [19/Aug/2026:13:34:02 -0600] "GET /?filesrc=//sys/class/net/eth0/subsystem/eth0/queues/tx-3/byte_queue_limits/limit_min&path=//sys/class/net/eth0/subsystem/eth0/queues/tx-3/byte_queue_limits HTTP/2.0" 409 83 "https://www.dentstardentalclinic.com/?path=//sys/class/net/eth0/subsystem/eth0/queues/tx-3/byte_queue_limits" "Mozilla/5.0 AppleWebKit/537.36 (KHTML, like Gecko; compatible; GPTBot/1.4; +https://openai.com/gptbot)" www.dentstardentalclinic.com 10.36.254.103
74.7.227.39 - - [19/Aug/2026:13:34:37 -0600] "GET /?filesrc=/home4/fazzewmy/public_html/janasco/.user.ini&path=/home4/fazzewmy/public_html/janasco HTTP/1.1" 409 83 "https://mail.dentstardentalclinic.com/?path=/home4/fazzewmy/public_html/janasco" "Mozilla/5.0 AppleWebKit/537.36 (KHTML, like Gecko; compatible; GPTBot/1.4; +https://openai.com/gptbot)" mail.dentstardentalclinic.com 10.36.254.103
74.7.227.39 - - [19/Aug/2026:13:34:37 -0600] "GET /?filesrc=/home4/fazzewmy/public_html/janasco/.user.ini&path=/home4/fazzewmy/public_html/janasco HTTP/2.0" 409 83 "https://mail.dentstardentalclinic.com/?path=/home4/fazzewmy/public_html/janasco" "Mozilla/5.0 AppleWebKit/537.36 (KHTML, like Gecko; compatible; GPTBot/1.4; +https://openai.com/gptbot)" mail.dentstardentalclinic.com 10.36.254.103
74.7.243.214 - - [19/Aug/2026:13:35:02 -0600] "GET /?filesrc=//sys/class/net/eth0/subsystem/eth0/queues/tx-1/byte_queue_limits/limit&path=//sys/class/net/eth0/subsystem/eth0/queues/tx-1/byte_queue_limits HTTP/1.1" 409 83 "https://www.dentstardentalclinic.com/?path=//sys/class/net/eth0/subsystem/eth0/queues/tx-1/byte_queue_limits" "Mozilla/5.0 AppleWebKit/537.36 (KHTML, like Gecko; compatible; GPTBot/1.4; +https://openai.com/gptbot)" www.dentstardentalclinic.com 10.36.254.103
74.7.243.214 - - [19/Aug/2026:13:35:02 -0600] "GET /?filesrc=//sys/class/net/eth0/subsystem/eth0/queues/tx-1/byte_queue_limits/limit&path=//sys/class/net/eth0/subsystem/eth0/queues/tx-1/byte_queue_limits HTTP/2.0" 409 83 "https://www.dentstardentalclinic.com/?path=//sys/class/net/eth0/subsystem/eth0/queues/tx-1/byte_queue_limits" "Mozilla/5.0 AppleWebKit/537.36 (KHTML, like Gecko; compatible; GPTBot/1.4; +https://openai.com/gptbot)" www.dentstardentalclinic.com 10.36.254.103
74.7.230.51 - - [19/Aug/2026:13:35:02 -0600] "GET /robots.txt HTTP/2.0" 200 7451 "-" "Mozilla/5.0 (Macintosh; Intel Mac OS X 10_15_7) AppleWebKit/537.36 (KHTML, like Gecko) Chrome/131.0.0.0 Safari/537.36; compatible; OAI-SearchBot/1.4; robots.txt; +https://openai.com/searchbot" www.dentstardentalclinic.com 10.36.254.103
74.7.227.39 - - [19/Aug/2026:13:35:37 -0600] "GET /?filesrc=//tmp/TTYDEVS_12345678&path=//tmp HTTP/1.1" 409 83 "https://mail.dentstardentalclinic.com/?path=//tmp" "Mozilla/5.0 AppleWebKit/537.36 (KHTML, like Gecko; compatible; GPTBot/1.4; +https://openai.com/gptbot)" mail.dentstardentalclinic.com 10.36.254.103
74.7.227.39 - - [19/Aug/2026:13:35:37 -0600] "GET /?filesrc=//tmp/TTYDEVS_12345678&path=//tmp HTTP/2.0" 409 83 "https://mail.dentstardentalclinic.com/?path=//tmp" "Mozilla/5.0 AppleWebKit/537.36 (KHTML, like Gecko; compatible; GPTBot/1.4; +https://openai.com/gptbot)" mail.dentstardentalclinic.com 10.36.254.103
74.7.243.214 - - [19/Aug/2026:13:36:07 -0600] "GET /?filesrc=//sys/class/net/eth0/subsystem/eth0/queues/tx-2/byte_queue_limits/limit_min&path=//sys/class/net/eth0/subsystem/eth0/queues/tx-2/byte_queue_limits HTTP/1.1" 409 83 "https://www.dentstardentalclinic.com/?path=//sys/class/net/eth0/subsystem/eth0/queues/tx-2/byte_queue_limits" "Mozilla/5.0 AppleWebKit/537.36 (KHTML, like Gecko; compatible; GPTBot/1.4; +https://openai.com/gptbot)" www.dentstardentalclinic.com 10.36.254.103
74.7.243.214 - - [19/Aug/2026:13:36:07 -0600] "GET /?filesrc=//sys/class/net/eth0/subsystem/eth0/queues/tx-2/byte_queue_limits/limit_min&path=//sys/class/net/eth0/subsystem/eth0/queues/tx-2/byte_queue_limits HTTP/2.0" 409 83 "https://www.dentstardentalclinic.com/?path=//sys/class/net/eth0/subsystem/eth0/queues/tx-2/byte_queue_limits" "Mozilla/5.0 AppleWebKit/537.36 (KHTML, like Gecko; compatible; GPTBot/1.4; +https://openai.com/gptbot)" www.dentstardentalclinic.com 10.36.254.103
74.7.227.39 - - [19/Aug/2026:13:36:42 -0600] "GET /?path=//opt/cpanel HTTP/1.1" 409 83 "https://mail.dentstardentalclinic.com/?path=//opt" "Mozilla/5.0 AppleWebKit/537.36 (KHTML, like Gecko; compatible; GPTBot/1.4; +https://openai.com/gptbot)" mail.dentstardentalclinic.com 10.36.254.103
74.7.227.39 - - [19/Aug/2026:13:36:42 -0600] "GET /?path=//opt/cpanel HTTP/2.0" 409 83 "https://mail.dentstardentalclinic.com/?path=//opt" "Mozilla/5.0 AppleWebKit/537.36 (KHTML, like Gecko; compatible; GPTBot/1.4; +https://openai.com/gptbot)" mail.dentstardentalclinic.com 10.36.254.103
74.7.243.214 - - [19/Aug/2026:13:37:12 -0600] "GET /?path=//sys/class/net/lo/subsystem/lo/subsystem/lo/subsystem HTTP/1.1" 409 83 "https://www.dentstardentalclinic.com/?path=//sys/class/net/lo/subsystem/lo/subsystem/lo" "Mozilla/5.0 AppleWebKit/537.36 (KHTML, like Gecko; compatible; GPTBot/1.4; +https://openai.com/gptbot)" www.dentstardentalclinic.com 10.36.254.103
74.7.243.214 - - [19/Aug/2026:13:37:12 -0600] "GET /?path=//sys/class/net/lo/subsystem/lo/subsystem/lo/subsystem HTTP/2.0" 409 83 "https://www.dentstardentalclinic.com/?path=//sys/class/net/lo/subsystem/lo/subsystem/lo" "Mozilla/5.0 AppleWebKit/537.36 (KHTML, like Gecko; compatible; GPTBot/1.4; +https://openai.com/gptbot)" www.dentstardentalclinic.com 10.36.254.103
140.235.171.147 - - [19/Aug/2026:13:37:23 -0600] "GET / HTTP/1.1" 409 83 "-" "Mozilla/5.0 (Windows NT 10.0; Win64; x64) AppleWebKit/537.36 (KHTML, like Gecko) Chrome/135.0.0.0 Safari/537.36" dentstardentalclinic.com 10.36.254.103
140.235.171.147 - - [19/Aug/2026:13:37:23 -0600] "GET / HTTP/1.1" 409 83 "-" "Mozilla/5.0 (Windows NT 10.0; Win64; x64) AppleWebKit/537.36 (KHTML, like Gecko) Chrome/135.0.0.0 Safari/537.36" dentstardentalclinic.com 10.36.254.103
140.235.171.147 - - [19/Aug/2026:13:37:24 -0600] "POST /?rest_route=/batch/v1 HTTP/1.1" 406 226 "-" "Mozilla/5.0 (Windows NT 10.0; Win64; x64) AppleWebKit/537.36 (KHTML, like Gecko) Chrome/135.0.0.0 Safari/537.36" dentstardentalclinic.com 10.36.254.103
140.235.171.147 - - [19/Aug/2026:13:37:26 -0600] "POST /wp-json/batch/v1 HTTP/1.1" 406 226 "-" "Mozilla/5.0 (Windows NT 10.0; Win64; x64) AppleWebKit/537.36 (KHTML, like Gecko) Chrome/135.0.0.0 Safari/537.36" dentstardentalclinic.com 10.36.254.103
74.7.227.39 - - [19/Aug/2026:13:37:45 -0600] "GET /?path=//opt/hgmods HTTP/1.1" 409 83 "https://mail.dentstardentalclinic.com/?path=//opt" "Mozilla/5.0 AppleWebKit/537.36 (KHTML, like Gecko; compatible; GPTBot/1.4; +https://openai.com/gptbot)" mail.dentstardentalclinic.com 10.36.254.103
74.7.227.39 - - [19/Aug/2026:13:37:45 -0600] "GET /?path=//opt/hgmods HTTP/2.0" 409 83 "https://mail.dentstardentalclinic.com/?path=//opt" "Mozilla/5.0 AppleWebKit/537.36 (KHTML, like Gecko; compatible; GPTBot/1.4; +https://openai.com/gptbot)" mail.dentstardentalclinic.com 10.36.254.103
74.7.243.214 - - [19/Aug/2026:13:38:15 -0600] "GET /?filesrc=//etc/blockeddomains&path=//etc HTTP/1.1" 409 83 "https://www.dentstardentalclinic.com/?path=//etc" "Mozilla/5.0 AppleWebKit/537.36 (KHTML, like Gecko; compatible; GPTBot/1.4; +https://openai.com/gptbot)" www.dentstardentalclinic.com 10.36.254.103
74.7.243.214 - - [19/Aug/2026:13:38:15 -0600] "GET /?filesrc=//etc/blockeddomains&path=//etc HTTP/2.0" 409 83 "https://www.dentstardentalclinic.com/?path=//etc" "Mozilla/5.0 AppleWebKit/537.36 (KHTML, like Gecko; compatible; GPTBot/1.4; +https://openai.com/gptbot)" www.dentstardentalclinic.com 10.36.254.103
74.7.227.39 - - [19/Aug/2026:13:38:45 -0600] "GET /?path=//opt/puppet3 HTTP/1.1" 409 83 "https://mail.dentstardentalclinic.com/?path=//opt" "Mozilla/5.0 AppleWebKit/537.36 (KHTML, like Gecko; compatible; GPTBot/1.4; +https://openai.com/gptbot)" mail.dentstardentalclinic.com 10.36.254.103
74.7.227.39 - - [19/Aug/2026:13:38:45 -0600] "GET /?path=//opt/puppet3 HTTP/2.0" 409 83 "https://mail.dentstardentalclinic.com/?path=//opt" "Mozilla/5.0 AppleWebKit/537.36 (KHTML, like Gecko; compatible; GPTBot/1.4; +https://openai.com/gptbot)" mail.dentstardentalclinic.com 10.36.254.103
74.7.243.214 - - [19/Aug/2026:13:39:17 -0600] "GET /?path=//etc/ssh HTTP/1.1" 409 83 "https://www.dentstardentalclinic.com/?path=//etc" "Mozilla/5.0 AppleWebKit/537.36 (KHTML, like Gecko; compatible; GPTBot/1.4; +https://openai.com/gptbot)" www.dentstardentalclinic.com 10.36.254.103
74.7.243.214 - - [19/Aug/2026:13:39:17 -0600] "GET /?path=//etc/ssh HTTP/2.0" 409 83 "https://www.dentstardentalclinic.com/?path=//etc" "Mozilla/5.0 AppleWebKit/537.36 (KHTML, like Gecko; compatible; GPTBot/1.4; +https://openai.com/gptbot)" www.dentstardentalclinic.com 10.36.254.103
74.7.227.39 - - [19/Aug/2026:13:39:51 -0600] "GET /?path=//opt/osquery HTTP/1.1" 409 83 "https://mail.dentstardentalclinic.com/?path=//opt" "Mozilla/5.0 AppleWebKit/537.36 (KHTML, like Gecko; compatible; GPTBot/1.4; +https://openai.com/gptbot)" mail.dentstardentalclinic.com 10.36.254.103
74.7.227.39 - - [19/Aug/2026:13:39:51 -0600] "GET /?path=//opt/osquery HTTP/2.0" 409 83 "https://mail.dentstardentalclinic.com/?path=//opt" "Mozilla/5.0 AppleWebKit/537.36 (KHTML, like Gecko; compatible; GPTBot/1.4; +https://openai.com/gptbot)" mail.dentstardentalclinic.com 10.36.254.103
74.7.243.214 - - [19/Aug/2026:13:40:21 -0600] "GET /?path=//var/ftp HTTP/1.1" 409 83 "https://www.dentstardentalclinic.com/?path=//var" "Mozilla/5.0 AppleWebKit/537.36 (KHTML, like Gecko; compatible; GPTBot/1.4; +https://openai.com/gptbot)" www.dentstardentalclinic.com 10.36.254.103
74.7.243.214 - - [19/Aug/2026:13:40:21 -0600] "GET /?path=//var/ftp HTTP/2.0" 409 83 "https://www.dentstardentalclinic.com/?path=//var" "Mozilla/5.0 AppleWebKit/537.36 (KHTML, like Gecko; compatible; GPTBot/1.4; +https://openai.com/gptbot)" www.dentstardentalclinic.com 10.36.254.103
74.7.227.39 - - [19/Aug/2026:13:40:54 -0600] "GET /?path=//opt/bart HTTP/1.1" 409 83 "https://mail.dentstardentalclinic.com/?path=//opt" "Mozilla/5.0 AppleWebKit/537.36 (KHTML, like Gecko; compatible; GPTBot/1.4; +https://openai.com/gptbot)" mail.dentstardentalclinic.com 10.36.254.103
74.7.227.39 - - [19/Aug/2026:13:40:54 -0600] "GET /?path=//opt/bart HTTP/2.0" 409 83 "https://mail.dentstardentalclinic.com/?path=//opt" "Mozilla/5.0 AppleWebKit/537.36 (KHTML, like Gecko; compatible; GPTBot/1.4; +https://openai.com/gptbot)" mail.dentstardentalclinic.com 10.36.254.103
162.214.80.130 - - [19/Aug/2026:13:41:30 -0600] "POST /wp-cron.php?doing_wp_cron=1787168490.6270239353179931640625 HTTP/1.1" 200 - "-" "WordPress/7.0.4; https://dentstardentalclinic.com" dentstardentalclinic.com 10.36.254.103
74.7.243.214 - - [19/Aug/2026:13:41:30 -0600] "GET /?path=//etc/opt HTTP/1.1" 200 1163 "https://www.dentstardentalclinic.com/?path=//etc" "Mozilla/5.0 AppleWebKit/537.36 (KHTML, like Gecko; compatible; GPTBot/1.4; +https://openai.com/gptbot)" www.dentstardentalclinic.com 10.36.254.103
74.7.243.214 - - [19/Aug/2026:13:41:30 -0600] "GET /?path=//etc/opt HTTP/2.0" 200 1163 "https://www.dentstardentalclinic.com/?path=//etc" "Mozilla/5.0 AppleWebKit/537.36 (KHTML, like Gecko; compatible; GPTBot/1.4; +https://openai.com/gptbot)" www.dentstardentalclinic.com 10.36.254.103
162.214.80.130 - - [19/Aug/2026:13:41:56 -0600] "POST /wp-cron.php?doing_wp_cron=1787168516.5341749191284179687500 HTTP/1.1" 200 - "-" "WordPress/7.0.4; https://dentstardentalclinic.com" dentstardentalclinic.com 10.36.254.103
74.7.227.39 - - [19/Aug/2026:13:41:56 -0600] "GET /?filesrc=//tmp/amex-261aeI.tmp&path=//tmp HTTP/1.1" 200 54460 "https://mail.dentstardentalclinic.com/?path=//tmp" "Mozilla/5.0 AppleWebKit/537.36 (KHTML, like Gecko; compatible; GPTBot/1.4; +https://openai.com/gptbot)" mail.dentstardentalclinic.com 10.36.254.103
74.7.227.39 - - [19/Aug/2026:13:41:56 -0600] "GET /?filesrc=//tmp/amex-261aeI.tmp&path=//tmp HTTP/2.0" 200 54460 "https://mail.dentstardentalclinic.com/?path=//tmp" "Mozilla/5.0 AppleWebKit/537.36 (KHTML, like Gecko; compatible; GPTBot/1.4; +https://openai.com/gptbot)" mail.dentstardentalclinic.com 10.36.254.103
74.7.243.214 - - [19/Aug/2026:13:42:28 -0600] "GET /?path=//etc/psa HTTP/1.1" 200 1336 "https://www.dentstardentalclinic.com/?path=//etc" "Mozilla/5.0 AppleWebKit/537.36 (KHTML, like Gecko; compatible; GPTBot/1.4; +https://openai.com/gptbot)" www.dentstardentalclinic.com 10.36.254.103
74.7.243.214 - - [19/Aug/2026:13:42:28 -0600] "GET /?path=//etc/psa HTTP/2.0" 200 1336 "https://www.dentstardentalclinic.com/?path=//etc" "Mozilla/5.0 AppleWebKit/537.36 (KHTML, like Gecko; compatible; GPTBot/1.4; +https://openai.com/gptbot)" www.dentstardentalclinic.com 10.36.254.103
162.214.80.130 - - [19/Aug/2026:13:43:00 -0600] "POST /wp-cron.php?doing_wp_cron=1787168580.9836339950561523437500 HTTP/1.1" 200 - "-" "WordPress/7.0.4; https://dentstardentalclinic.com" dentstardentalclinic.com 10.36.254.103
74.7.227.39 - - [19/Aug/2026:13:43:00 -0600] "GET /?filesrc=//tmp/visa-EvIYev.tmp&path=//tmp HTTP/1.1" 200 54461 "https://mail.dentstardentalclinic.com/?path=//tmp" "Mozilla/5.0 AppleWebKit/537.36 (KHTML, like Gecko; compatible; GPTBot/1.4; +https://openai.com/gptbot)" mail.dentstardentalclinic.com 10.36.254.103
74.7.227.39 - - [19/Aug/2026:13:43:00 -0600] "GET /?filesrc=//tmp/visa-EvIYev.tmp&path=//tmp HTTP/2.0" 200 54461 "https://mail.dentstardentalclinic.com/?path=//tmp" "Mozilla/5.0 AppleWebKit/537.36 (KHTML, like Gecko; compatible; GPTBot/1.4; +https://openai.com/gptbot)" mail.dentstardentalclinic.com 10.36.254.103
74.7.243.214 - - [19/Aug/2026:13:43:27 -0600] "GET /?path=//etc/ntp HTTP/1.1" 200 1363 "https://www.dentstardentalclinic.com/?path=//etc" "Mozilla/5.0 AppleWebKit/537.36 (KHTML, like Gecko; compatible; GPTBot/1.4; +https://openai.com/gptbot)" www.dentstardentalclinic.com 10.36.254.103
74.7.243.214 - - [19/Aug/2026:13:43:27 -0600] "GET /?path=//etc/ntp HTTP/2.0" 200 1363 "https://www.dentstardentalclinic.com/?path=//etc" "Mozilla/5.0 AppleWebKit/537.36 (KHTML, like Gecko; compatible; GPTBot/1.4; +https://openai.com/gptbot)" www.dentstardentalclinic.com 10.36.254.103
162.214.80.130 - - [19/Aug/2026:13:43:59 -0600] "POST /wp-cron.php?doing_wp_cron=1787168639.8879659175872802734375 HTTP/1.1" 200 - "-" "WordPress/7.0.4; https://dentstardentalclinic.com" dentstardentalclinic.com 10.36.254.103
74.7.227.39 - - [19/Aug/2026:13:43:59 -0600] "GET /?filesrc=//tmp/.apache-monitor&path=//tmp HTTP/1.1" 200 54460 "https://mail.dentstardentalclinic.com/?path=//tmp" "Mozilla/5.0 AppleWebKit/537.36 (KHTML, like Gecko; compatible; GPTBot/1.4; +https://openai.com/gptbot)" mail.dentstardentalclinic.com 10.36.254.103
74.7.227.39 - - [19/Aug/2026:13:43:59 -0600] "GET /?filesrc=//tmp/.apache-monitor&path=//tmp HTTP/2.0" 200 54460 "https://mail.dentstardentalclinic.com/?path=//tmp" "Mozilla/5.0 AppleWebKit/537.36 (KHTML, like Gecko; compatible; GPTBot/1.4; +https://openai.com/gptbot)" mail.dentstardentalclinic.com 10.36.254.103
74.7.243.214 - - [19/Aug/2026:13:44:18 -0600] "GET /?path=//var/opt HTTP/1.1" 200 1164 "https://www.dentstardentalclinic.com/?path=//var" "Mozilla/5.0 AppleWebKit/537.36 (KHTML, like Gecko; compatible; GPTBot/1.4; +https://openai.com/gptbot)" www.dentstardentalclinic.com 10.36.254.103
74.7.243.214 - - [19/Aug/2026:13:44:18 -0600] "GET /?path=//var/opt HTTP/2.0" 200 1164 "https://www.dentstardentalclinic.com/?path=//var" "Mozilla/5.0 AppleWebKit/537.36 (KHTML, like Gecko; compatible; GPTBot/1.4; +https://openai.com/gptbot)" www.dentstardentalclinic.com 10.36.254.103
162.214.80.130 - - [19/Aug/2026:13:44:50 -0600] "POST /wp-cron.php?doing_wp_cron=1787168690.8307449817657470703125 HTTP/1.1" 200 - "-" "WordPress/7.0.4; https://dentstardentalclinic.com" dentstardentalclinic.com 10.36.254.103
74.7.227.39 - - [19/Aug/2026:13:44:50 -0600] "GET /?path=//opt/Tanium HTTP/1.1" 200 54785 "https://mail.dentstardentalclinic.com/?path=//opt" "Mozilla/5.0 AppleWebKit/537.36 (KHTML, like Gecko; compatible; GPTBot/1.4; +https://openai.com/gptbot)" mail.dentstardentalclinic.com 10.36.254.103
74.7.227.39 - - [19/Aug/2026:13:44:50 -0600] "GET /?path=//opt/Tanium HTTP/2.0" 200 54785 "https://mail.dentstardentalclinic.com/?path=//opt" "Mozilla/5.0 AppleWebKit/537.36 (KHTML, like Gecko; compatible; GPTBot/1.4; +https://openai.com/gptbot)" mail.dentstardentalclinic.com 10.36.254.103
74.7.243.214 - - [19/Aug/2026:13:45:05 -0600] "GET /?path=//var/tmp HTTP/1.1" 200 59588 "https://www.dentstardentalclinic.com/?path=//var" "Mozilla/5.0 AppleWebKit/537.36 (KHTML, like Gecko; compatible; GPTBot/1.4; +https://openai.com/gptbot)" www.dentstardentalclinic.com 10.36.254.103
74.7.243.214 - - [19/Aug/2026:13:45:05 -0600] "GET /?path=//var/tmp HTTP/2.0" 200 59588 "https://www.dentstardentalclinic.com/?path=//var" "Mozilla/5.0 AppleWebKit/537.36 (KHTML, like Gecko; compatible; GPTBot/1.4; +https://openai.com/gptbot)" www.dentstardentalclinic.com 10.36.254.103
74.7.227.184 - - [19/Aug/2026:13:45:18 -0600] "GET /wp-content/uploads/2025/07/denstar-logo-2025-scaled.png HTTP/2.0" 200 40282 "https://mail.dentstardentalclinic.com" "Mozilla/5.0 AppleWebKit/537.36 (KHTML, like Gecko; compatible; GPTBot/1.4; +https://openai.com/gptbot)" dentstardentalclinic.com 10.36.254.103
74.7.227.39 - - [19/Aug/2026:13:45:37 -0600] "GET /favicon.ico HTTP/1.1" 404 - "https://mail.dentstardentalclinic.com/?path=/home4/fazzewmy/public_html/dentstardentalclinic/.well-known/pki-validation" "Mozilla/5.0 AppleWebKit/537.36 (KHTML, like Gecko; compatible; GPTBot/1.4; +https://openai.com/gptbot)" mail.dentstardentalclinic.com 10.36.254.103
74.7.227.39 - - [19/Aug/2026:13:45:37 -0600] "GET /favicon.ico HTTP/2.0" 404 355 "https://mail.dentstardentalclinic.com/?path=/home4/fazzewmy/public_html/dentstardentalclinic/.well-known/pki-validation" "Mozilla/5.0 AppleWebKit/537.36 (KHTML, like Gecko; compatible; GPTBot/1.4; +https://openai.com/gptbot)" mail.dentstardentalclinic.com 10.36.254.103
162.214.80.130 - - [19/Aug/2026:13:45:46 -0600] "POST /wp-cron.php?doing_wp_cron=1787168746.0600769519805908203125 HTTP/1.1" 200 - "-" "WordPress/7.0.4; https://dentstardentalclinic.com" dentstardentalclinic.com 10.36.254.103
74.7.243.214 - - [19/Aug/2026:13:45:45 -0600] "GET /?filesrc=//etc/remotedomains&path=//etc HTTP/1.1" 200 1424 "https://www.dentstardentalclinic.com/?path=//etc" "Mozilla/5.0 AppleWebKit/537.36 (KHTML, like Gecko; compatible; GPTBot/1.4; +https://openai.com/gptbot)" www.dentstardentalclinic.com 10.36.254.103
74.7.243.214 - - [19/Aug/2026:13:45:45 -0600] "GET /?filesrc=//etc/remotedomains&path=//etc HTTP/2.0" 200 1424 "https://www.dentstardentalclinic.com/?path=//etc" "Mozilla/5.0 AppleWebKit/537.36 (KHTML, like Gecko; compatible; GPTBot/1.4; +https://openai.com/gptbot)" www.dentstardentalclinic.com 10.36.254.103
74.7.227.39 - - [19/Aug/2026:13:46:20 -0600] "GET /?path=//opt/alt HTTP/1.1" 200 55441 "https://mail.dentstardentalclinic.com/?path=//opt" "Mozilla/5.0 AppleWebKit/537.36 (KHTML, like Gecko; compatible; GPTBot/1.4; +https://openai.com/gptbot)" mail.dentstardentalclinic.com 10.36.254.103
74.7.227.39 - - [19/Aug/2026:13:46:20 -0600] "GET /?path=//opt/alt HTTP/2.0" 200 55441 "https://mail.dentstardentalclinic.com/?path=//opt" "Mozilla/5.0 AppleWebKit/537.36 (KHTML, like Gecko; compatible; GPTBot/1.4; +https://openai.com/gptbot)" mail.dentstardentalclinic.com 10.36.254.103
74.7.243.214 - - [19/Aug/2026:13:46:23 -0600] "GET /?filesrc=//etc/banneddomains&path=//etc HTTP/1.1" 200 2803 "https://www.dentstardentalclinic.com/?path=//etc" "Mozilla/5.0 AppleWebKit/537.36 (KHTML, like Gecko; compatible; GPTBot/1.4; +https://openai.com/gptbot)" www.dentstardentalclinic.com 10.36.254.103
74.7.243.214 - - [19/Aug/2026:13:46:23 -0600] "GET /?filesrc=//etc/banneddomains&path=//etc HTTP/2.0" 200 2803 "https://www.dentstardentalclinic.com/?path=//etc" "Mozilla/5.0 AppleWebKit/537.36 (KHTML, like Gecko; compatible; GPTBot/1.4; +https://openai.com/gptbot)" www.dentstardentalclinic.com 10.36.254.103
162.214.80.130 - - [19/Aug/2026:13:46:58 -0600] "POST /wp-cron.php?doing_wp_cron=1787168818.0403549671173095703125 HTTP/1.1" 200 - "-" "WordPress/7.0.4; https://dentstardentalclinic.com" dentstardentalclinic.com 10.36.254.103
74.7.243.214 - - [19/Aug/2026:13:46:57 -0600] "GET /?filesrc=//etc/blockedemails&path=//etc HTTP/1.1" 200 1210 "https://www.dentstardentalclinic.com/?path=//etc" "Mozilla/5.0 AppleWebKit/537.36 (KHTML, like Gecko; compatible; GPTBot/1.4; +https://openai.com/gptbot)" www.dentstardentalclinic.com 10.36.254.103
74.7.243.214 - - [19/Aug/2026:13:46:57 -0600] "GET /?filesrc=//etc/blockedemails&path=//etc HTTP/2.0" 200 1210 "https://www.dentstardentalclinic.com/?path=//etc" "Mozilla/5.0 AppleWebKit/537.36 (KHTML, like Gecko; compatible; GPTBot/1.4; +https://openai.com/gptbot)" www.dentstardentalclinic.com 10.36.254.103
74.7.227.39 - - [19/Aug/2026:13:47:00 -0600] "GET /?path=/home4/fazzewmy/public_html/janasco/.trash7309 HTTP/1.1" 200 54672 "https://mail.dentstardentalclinic.com/?path=/home4/fazzewmy/public_html/janasco" "Mozilla/5.0 AppleWebKit/537.36 (KHTML, like Gecko; compatible; GPTBot/1.4; +https://openai.com/gptbot)" mail.dentstardentalclinic.com 10.36.254.103
74.7.227.39 - - [19/Aug/2026:13:47:00 -0600] "GET /?path=/home4/fazzewmy/public_html/janasco/.trash7309 HTTP/2.0" 200 54672 "https://mail.dentstardentalclinic.com/?path=/home4/fazzewmy/public_html/janasco" "Mozilla/5.0 AppleWebKit/537.36 (KHTML, like Gecko; compatible; GPTBot/1.4; +https://openai.com/gptbot)" mail.dentstardentalclinic.com 10.36.254.103
74.7.243.214 - - [19/Aug/2026:13:47:27 -0600] "GET /?filesrc=//var/account/pacct&path=//var/account HTTP/1.1" 200 1053 "https://www.dentstardentalclinic.com/?path=//var/account" "Mozilla/5.0 AppleWebKit/537.36 (KHTML, like Gecko; compatible; GPTBot/1.4; +https://openai.com/gptbot)" www.dentstardentalclinic.com 10.36.254.103
74.7.243.214 - - [19/Aug/2026:13:47:27 -0600] "GET /?filesrc=//var/account/pacct&path=//var/account HTTP/2.0" 200 1053 "https://www.dentstardentalclinic.com/?path=//var/account" "Mozilla/5.0 AppleWebKit/537.36 (KHTML, like Gecko; compatible; GPTBot/1.4; +https://openai.com/gptbot)" www.dentstardentalclinic.com 10.36.254.103
162.214.80.130 - - [19/Aug/2026:13:47:39 -0600] "POST /wp-cron.php?doing_wp_cron=1787168859.1789820194244384765625 HTTP/1.1" 200 - "-" "WordPress/7.0.4; https://dentstardentalclinic.com" dentstardentalclinic.com 10.36.254.103
74.7.227.39 - - [19/Aug/2026:13:47:38 -0600] "GET /?filesrc=//tmp/ci_session029d87390f8ef8b93332bc3f8489ec2033188193&path=//tmp HTTP/1.1" 200 54494 "https://mail.dentstardentalclinic.com/?path=//tmp" "Mozilla/5.0 AppleWebKit/537.36 (KHTML, like Gecko; compatible; GPTBot/1.4; +https://openai.com/gptbot)" mail.dentstardentalclinic.com 10.36.254.103
74.7.227.39 - - [19/Aug/2026:13:47:38 -0600] "GET /?filesrc=//tmp/ci_session029d87390f8ef8b93332bc3f8489ec2033188193&path=//tmp HTTP/2.0" 200 54494 "https://mail.dentstardentalclinic.com/?path=//tmp" "Mozilla/5.0 AppleWebKit/537.36 (KHTML, like Gecko; compatible; GPTBot/1.4; +https://openai.com/gptbot)" mail.dentstardentalclinic.com 10.36.254.103
74.7.243.214 - - [19/Aug/2026:13:47:53 -0600] "GET /?path=//sys/class/net/eth0/subsystem/lo/subsystem/lo/subsystem HTTP/1.1" 200 1440 "https://www.dentstardentalclinic.com/?path=//sys/class/net/eth0/subsystem/lo/subsystem/lo" "Mozilla/5.0 AppleWebKit/537.36 (KHTML, like Gecko; compatible; GPTBot/1.4; +https://openai.com/gptbot)" www.dentstardentalclinic.com 10.36.254.103
74.7.243.214 - - [19/Aug/2026:13:47:53 -0600] "GET /?path=//sys/class/net/eth0/subsystem/lo/subsystem/lo/subsystem HTTP/2.0" 200 1440 "https://www.dentstardentalclinic.com/?path=//sys/class/net/eth0/subsystem/lo/subsystem/lo" "Mozilla/5.0 AppleWebKit/537.36 (KHTML, like Gecko; compatible; GPTBot/1.4; +https://openai.com/gptbot)" www.dentstardentalclinic.com 10.36.254.103
74.7.227.39 - - [19/Aug/2026:13:48:12 -0600] "GET /?path=//opt/eig_wp HTTP/1.1" 200 54949 "https://mail.dentstardentalclinic.com/?path=//opt" "Mozilla/5.0 AppleWebKit/537.36 (KHTML, like Gecko; compatible; GPTBot/1.4; +https://openai.com/gptbot)" mail.dentstardentalclinic.com 10.36.254.103
74.7.227.39 - - [19/Aug/2026:13:48:12 -0600] "GET /?path=//opt/eig_wp HTTP/2.0" 200 54949 "https://mail.dentstardentalclinic.com/?path=//opt" "Mozilla/5.0 AppleWebKit/537.36 (KHTML, like Gecko; compatible; GPTBot/1.4; +https://openai.com/gptbot)" mail.dentstardentalclinic.com 10.36.254.103
74.7.243.214 - - [19/Aug/2026:13:48:18 -0600] "GET /?path=//sys/class/net/eth0/subsystem/lo/subsystem/eth0 HTTP/1.1" 200 6891 "https://www.dentstardentalclinic.com/?path=//sys/class/net/eth0/subsystem/lo/subsystem" "Mozilla/5.0 AppleWebKit/537.36 (KHTML, like Gecko; compatible; GPTBot/1.4; +https://openai.com/gptbot)" www.dentstardentalclinic.com 10.36.254.103
74.7.243.214 - - [19/Aug/2026:13:48:18 -0600] "GET /?path=//sys/class/net/eth0/subsystem/lo/subsystem/eth0 HTTP/2.0" 200 6891 "https://www.dentstardentalclinic.com/?path=//sys/class/net/eth0/subsystem/lo/subsystem" "Mozilla/5.0 AppleWebKit/537.36 (KHTML, like Gecko; compatible; GPTBot/1.4; +https://openai.com/gptbot)" www.dentstardentalclinic.com 10.36.254.103
162.214.80.130 - - [19/Aug/2026:13:48:41 -0600] "POST /wp-cron.php?doing_wp_cron=1787168921.5102450847625732421875 HTTP/1.1" 200 - "-" "WordPress/7.0.4; https://dentstardentalclinic.com" dentstardentalclinic.com 10.36.254.103
74.7.243.214 - - [19/Aug/2026:13:48:41 -0600] "GET /?path=//sys/class/net/lo/subsystem/eth0/subsystem/lo/power HTTP/1.1" 200 2177 "https://www.dentstardentalclinic.com/?path=//sys/class/net/lo/subsystem/eth0/subsystem/lo" "Mozilla/5.0 AppleWebKit/537.36 (KHTML, like Gecko; compatible; GPTBot/1.4; +https://openai.com/gptbot)" www.dentstardentalclinic.com 10.36.254.103
74.7.243.214 - - [19/Aug/2026:13:48:41 -0600] "GET /?path=//sys/class/net/lo/subsystem/eth0/subsystem/lo/power HTTP/2.0" 200 2177 "https://www.dentstardentalclinic.com/?path=//sys/class/net/lo/subsystem/eth0/subsystem/lo" "Mozilla/5.0 AppleWebKit/537.36 (KHTML, like Gecko; compatible; GPTBot/1.4; +https://openai.com/gptbot)" www.dentstardentalclinic.com 10.36.254.103
74.7.227.39 - - [19/Aug/2026:13:48:44 -0600] "GET /?go=cabs&path=//opt HTTP/1.1" 200 55362 "https://mail.dentstardentalclinic.com/?path=//opt" "Mozilla/5.0 AppleWebKit/537.36 (KHTML, like Gecko; compatible; GPTBot/1.4; +https://openai.com/gptbot)" mail.dentstardentalclinic.com 10.36.254.103
74.7.227.39 - - [19/Aug/2026:13:48:44 -0600] "GET /?go=cabs&path=//opt HTTP/2.0" 200 55362 "https://mail.dentstardentalclinic.com/?path=//opt" "Mozilla/5.0 AppleWebKit/537.36 (KHTML, like Gecko; compatible; GPTBot/1.4; +https://openai.com/gptbot)" mail.dentstardentalclinic.com 10.36.254.103
74.7.243.214 - - [19/Aug/2026:13:49:01 -0600] "GET /?path=//sys/class/net/lo/subsystem/lo/subsystem/eth0/device HTTP/1.1" 200 2503 "https://www.dentstardentalclinic.com/?path=//sys/class/net/lo/subsystem/lo/subsystem/eth0" "Mozilla/5.0 AppleWebKit/537.36 (KHTML, like Gecko; compatible; GPTBot/1.4; +https://openai.com/gptbot)" www.dentstardentalclinic.com 10.36.254.103
74.7.243.214 - - [19/Aug/2026:13:49:01 -0600] "GET /?path=//sys/class/net/lo/subsystem/lo/subsystem/eth0/device HTTP/2.0" 200 2503 "https://www.dentstardentalclinic.com/?path=//sys/class/net/lo/subsystem/lo/subsystem/eth0" "Mozilla/5.0 AppleWebKit/537.36 (KHTML, like Gecko; compatible; GPTBot/1.4; +https://openai.com/gptbot)" www.dentstardentalclinic.com 10.36.254.103
74.7.227.39 - - [19/Aug/2026:13:49:10 -0600] "GET /?go=cabs&path=//tmp HTTP/1.1" 200 116122 "https://mail.dentstardentalclinic.com/?path=//tmp" "Mozilla/5.0 AppleWebKit/537.36 (KHTML, like Gecko; compatible; GPTBot/1.4; +https://openai.com/gptbot)" mail.dentstardentalclinic.com 10.36.254.103
74.7.227.39 - - [19/Aug/2026:13:49:10 -0600] "GET /?go=cabs&path=//tmp HTTP/2.0" 200 116122 "https://mail.dentstardentalclinic.com/?path=//tmp" "Mozilla/5.0 AppleWebKit/537.36 (KHTML, like Gecko; compatible; GPTBot/1.4; +https://openai.com/gptbot)" mail.dentstardentalclinic.com 10.36.254.103
74.7.243.214 - - [19/Aug/2026:13:49:18 -0600] "GET /?path=//sys/class/net/lo/subsystem/lo/subsystem/eth0/queues HTTP/1.1" 200 1570 "https://www.dentstardentalclinic.com/?path=//sys/class/net/lo/subsystem/lo/subsystem/eth0" "Mozilla/5.0 AppleWebKit/537.36 (KHTML, like Gecko; compatible; GPTBot/1.4; +https://openai.com/gptbot)" www.dentstardentalclinic.com 10.36.254.103
74.7.243.214 - - [19/Aug/2026:13:49:18 -0600] "GET /?path=//sys/class/net/lo/subsystem/lo/subsystem/eth0/queues HTTP/2.0" 200 1570 "https://www.dentstardentalclinic.com/?path=//sys/class/net/lo/subsystem/lo/subsystem/eth0" "Mozilla/5.0 AppleWebKit/537.36 (KHTML, like Gecko; compatible; GPTBot/1.4; +https://openai.com/gptbot)" www.dentstardentalclinic.com 10.36.254.103
74.7.227.39 - - [19/Aug/2026:13:49:34 -0600] "GET /?path=//opt/eig_linux HTTP/1.1" 200 54589 "https://mail.dentstardentalclinic.com/?path=//opt" "Mozilla/5.0 AppleWebKit/537.36 (KHTML, like Gecko; compatible; GPTBot/1.4; +https://openai.com/gptbot)" mail.dentstardentalclinic.com 10.36.254.103
74.7.227.39 - - [19/Aug/2026:13:49:34 -0600] "GET /?path=//opt/eig_linux HTTP/2.0" 200 54589 "https://mail.dentstardentalclinic.com/?path=//opt" "Mozilla/5.0 AppleWebKit/537.36 (KHTML, like Gecko; compatible; GPTBot/1.4; +https://openai.com/gptbot)" mail.dentstardentalclinic.com 10.36.254.103
74.7.243.214 - - [19/Aug/2026:13:49:34 -0600] "GET /?path=//sys/class/net/eth0/subsystem/lo/subsystem/lo/queues HTTP/1.1" 200 1452 "https://www.dentstardentalclinic.com/?path=//sys/class/net/eth0/subsystem/lo/subsystem/lo" "Mozilla/5.0 AppleWebKit/537.36 (KHTML, like Gecko; compatible; GPTBot/1.4; +https://openai.com/gptbot)" www.dentstardentalclinic.com 10.36.254.103
74.7.243.214 - - [19/Aug/2026:13:49:34 -0600] "GET /?path=//sys/class/net/eth0/subsystem/lo/subsystem/lo/queues HTTP/2.0" 200 1452 "https://www.dentstardentalclinic.com/?path=//sys/class/net/eth0/subsystem/lo/subsystem/lo" "Mozilla/5.0 AppleWebKit/537.36 (KHTML, like Gecko; compatible; GPTBot/1.4; +https://openai.com/gptbot)" www.dentstardentalclinic.com 10.36.254.103
162.214.80.130 - - [19/Aug/2026:13:49:49 -0600] "POST /wp-cron.php?doing_wp_cron=1787168989.2262940406799316406250 HTTP/1.1" 200 - "-" "WordPress/7.0.4; https://dentstardentalclinic.com" dentstardentalclinic.com 10.36.254.103
74.7.243.214 - - [19/Aug/2026:13:49:48 -0600] "GET /?filesrc=//var/tmp/ci_session4914833262f22e8a8c6db9ef758eae697cae2748&path=//var/tmp HTTP/1.1" 200 1090 "https://www.dentstardentalclinic.com/?path=//var/tmp" "Mozilla/5.0 AppleWebKit/537.36 (KHTML, like Gecko; compatible; GPTBot/1.4; +https://openai.com/gptbot)" www.dentstardentalclinic.com 10.36.254.103
74.7.243.214 - - [19/Aug/2026:13:49:48 -0600] "GET /?filesrc=//var/tmp/ci_session4914833262f22e8a8c6db9ef758eae697cae2748&path=//var/tmp HTTP/2.0" 200 1090 "https://www.dentstardentalclinic.com/?path=//var/tmp" "Mozilla/5.0 AppleWebKit/537.36 (KHTML, like Gecko; compatible; GPTBot/1.4; +https://openai.com/gptbot)" www.dentstardentalclinic.com 10.36.254.103
74.7.227.39 - - [19/Aug/2026:13:49:55 -0600] "GET /?path=/home4/fazzewmy/public_html/ezanasolutions/.well-known HTTP/1.1" 200 55096 "https://mail.dentstardentalclinic.com/?path=/home4/fazzewmy/public_html/ezanasolutions" "Mozilla/5.0 AppleWebKit/537.36 (KHTML, like Gecko; compatible; GPTBot/1.4; +https://openai.com/gptbot)" mail.dentstardentalclinic.com 10.36.254.103
74.7.227.39 - - [19/Aug/2026:13:49:55 -0600] "GET /?path=/home4/fazzewmy/public_html/ezanasolutions/.well-known HTTP/2.0" 200 55096 "https://mail.dentstardentalclinic.com/?path=/home4/fazzewmy/public_html/ezanasolutions" "Mozilla/5.0 AppleWebKit/537.36 (KHTML, like Gecko; compatible; GPTBot/1.4; +https://openai.com/gptbot)" mail.dentstardentalclinic.com 10.36.254.103
74.7.243.214 - - [19/Aug/2026:13:50:01 -0600] "GET /?filesrc=//var/tmp/jcb-BY9zTD.tmp&path=//var/tmp HTTP/1.1" 200 1058 "https://www.dentstardentalclinic.com/?path=//var/tmp" "Mozilla/5.0 AppleWebKit/537.36 (KHTML, like Gecko; compatible; GPTBot/1.4; +https://openai.com/gptbot)" www.dentstardentalclinic.com 10.36.254.103
74.7.243.214 - - [19/Aug/2026:13:50:01 -0600] "GET /?filesrc=//var/tmp/jcb-BY9zTD.tmp&path=//var/tmp HTTP/2.0" 200 1058 "https://www.dentstardentalclinic.com/?path=//var/tmp" "Mozilla/5.0 AppleWebKit/537.36 (KHTML, like Gecko; compatible; GPTBot/1.4; +https://openai.com/gptbot)" www.dentstardentalclinic.com 10.36.254.103
74.7.243.214 - - [19/Aug/2026:13:50:12 -0600] "GET /?filesrc=//var/tmp/ci_session0c4f97b111642dc20bf93dd8fea13adcc401cbdc&path=//var/tmp HTTP/1.1" 200 1089 "https://www.dentstardentalclinic.com/?path=//var/tmp" "Mozilla/5.0 AppleWebKit/537.36 (KHTML, like Gecko; compatible; GPTBot/1.4; +https://openai.com/gptbot)" www.dentstardentalclinic.com 10.36.254.103
74.7.243.214 - - [19/Aug/2026:13:50:12 -0600] "GET /?filesrc=//var/tmp/ci_session0c4f97b111642dc20bf93dd8fea13adcc401cbdc&path=//var/tmp HTTP/2.0" 200 1089 "https://www.dentstardentalclinic.com/?path=//var/tmp" "Mozilla/5.0 AppleWebKit/537.36 (KHTML, like Gecko; compatible; GPTBot/1.4; +https://openai.com/gptbot)" www.dentstardentalclinic.com 10.36.254.103
74.7.227.39 - - [19/Aug/2026:13:50:14 -0600] "GET /?filesrc=/home4/fazzewmy/public_html/ezanasolutions/wp-config.php&path=/home4/fazzewmy/public_html/ezanasolutions HTTP/2.0" 406 226 "https://mail.dentstardentalclinic.com/?path=/home4/fazzewmy/public_html/ezanasolutions" "Mozilla/5.0 AppleWebKit/537.36 (KHTML, like Gecko; compatible; GPTBot/1.4; +https://openai.com/gptbot)" mail.dentstardentalclinic.com 10.36.254.103
74.7.243.214 - - [19/Aug/2026:13:50:23 -0600] "GET /?filesrc=//var/tmp/maestro-fFiScV.tmp&path=//var/tmp HTTP/1.1" 200 1059 "https://www.dentstardentalclinic.com/?path=//var/tmp" "Mozilla/5.0 AppleWebKit/537.36 (KHTML, like Gecko; compatible; GPTBot/1.4; +https://openai.com/gptbot)" www.dentstardentalclinic.com 10.36.254.103
74.7.243.214 - - [19/Aug/2026:13:50:23 -0600] "GET /?filesrc=//var/tmp/maestro-fFiScV.tmp&path=//var/tmp HTTP/2.0" 200 1059 "https://www.dentstardentalclinic.com/?path=//var/tmp" "Mozilla/5.0 AppleWebKit/537.36 (KHTML, like Gecko; compatible; GPTBot/1.4; +https://openai.com/gptbot)" www.dentstardentalclinic.com 10.36.254.103
74.7.227.39 - - [19/Aug/2026:13:50:32 -0600] "GET /?filesrc=//tmp/kill_usage.lock&path=//tmp HTTP/1.1" 200 54461 "https://mail.dentstardentalclinic.com/?path=//tmp" "Mozilla/5.0 AppleWebKit/537.36 (KHTML, like Gecko; compatible; GPTBot/1.4; +https://openai.com/gptbot)" mail.dentstardentalclinic.com 10.36.254.103
74.7.227.39 - - [19/Aug/2026:13:50:32 -0600] "GET /?filesrc=//tmp/kill_usage.lock&path=//tmp HTTP/2.0" 200 54461 "https://mail.dentstardentalclinic.com/?path=//tmp" "Mozilla/5.0 AppleWebKit/537.36 (KHTML, like Gecko; compatible; GPTBot/1.4; +https://openai.com/gptbot)" mail.dentstardentalclinic.com 10.36.254.103
74.7.243.214 - - [19/Aug/2026:13:50:32 -0600] "GET /?filesrc=//var/tmp/ci_session029d87390f8ef8b93332bc3f8489ec2033188193&path=//var/tmp HTTP/1.1" 200 1091 "https://www.dentstardentalclinic.com/?path=//var/tmp" "Mozilla/5.0 AppleWebKit/537.36 (KHTML, like Gecko; compatible; GPTBot/1.4; +https://openai.com/gptbot)" www.dentstardentalclinic.com 10.36.254.103
74.7.243.214 - - [19/Aug/2026:13:50:32 -0600] "GET /?filesrc=//var/tmp/ci_session029d87390f8ef8b93332bc3f8489ec2033188193&path=//var/tmp HTTP/2.0" 200 1091 "https://www.dentstardentalclinic.com/?path=//var/tmp" "Mozilla/5.0 AppleWebKit/537.36 (KHTML, like Gecko; compatible; GPTBot/1.4; +https://openai.com/gptbot)" www.dentstardentalclinic.com 10.36.254.103
162.214.80.130 - - [19/Aug/2026:13:50:41 -0600] "POST /wp-cron.php?doing_wp_cron=1787169041.2592298984527587890625 HTTP/1.1" 200 - "-" "WordPress/7.0.4; https://dentstardentalclinic.com" dentstardentalclinic.com 10.36.254.103
74.7.243.214 - - [19/Aug/2026:13:50:40 -0600] "GET /?go=cabs&path=//sys/class/net/eth0/subsystem/lo/subsystem/lo/subsystem HTTP/1.1" 200 1483 "https://www.dentstardentalclinic.com/?path=//sys/class/net/eth0/subsystem/lo/subsystem/lo/subsystem" "Mozilla/5.0 AppleWebKit/537.36 (KHTML, like Gecko; compatible; GPTBot/1.4; +https://openai.com/gptbot)" www.dentstardentalclinic.com 10.36.254.103
