74.7.227.39 - - [19/Aug/2026:13:52:52 -0600] "GET /?path=//opt/alt/krb5 HTTP/1.1" 200 54799 "https://mail.dentstardentalclinic.com/?path=//opt/alt" "Mozilla/5.0 AppleWebKit/537.36 (KHTML, like Gecko; compatible; GPTBot/1.4; +https://openai.com/gptbot)" mail.dentstardentalclinic.com 10.36.254.103
74.7.227.39 - - [19/Aug/2026:13:52:52 -0600] "GET /?path=//opt/alt/krb5 HTTP/2.0" 200 54799 "https://mail.dentstardentalclinic.com/?path=//opt/alt" "Mozilla/5.0 AppleWebKit/537.36 (KHTML, like Gecko; compatible; GPTBot/1.4; +https://openai.com/gptbot)" mail.dentstardentalclinic.com 10.36.254.103
74.7.243.214 - - [19/Aug/2026:13:52:53 -0600] "GET /?filesrc=//sys/class/net/eth0/subsystem/lo/subsystem/eth0/carrier_down_count&path=//sys/class/net/eth0/subsystem/lo/subsystem/eth0 HTTP/1.1" 200 1115 "https://www.dentstardentalclinic.com/?path=//sys/class/net/eth0/subsystem/lo/subsystem/eth0" "Mozilla/5.0 AppleWebKit/537.36 (KHTML, like Gecko; compatible; GPTBot/1.4; +https://openai.com/gptbot)" www.dentstardentalclinic.com 10.36.254.103
74.7.243.214 - - [19/Aug/2026:13:52:53 -0600] "GET /?filesrc=//sys/class/net/eth0/subsystem/lo/subsystem/eth0/carrier_down_count&path=//sys/class/net/eth0/subsystem/lo/subsystem/eth0 HTTP/2.0" 200 1115 "https://www.dentstardentalclinic.com/?path=//sys/class/net/eth0/subsystem/lo/subsystem/eth0" "Mozilla/5.0 AppleWebKit/537.36 (KHTML, like Gecko; compatible; GPTBot/1.4; +https://openai.com/gptbot)" www.dentstardentalclinic.com 10.36.254.103
74.7.243.214 - - [19/Aug/2026:13:52:54 -0600] "GET /?filesrc=//sys/class/net/eth0/subsystem/lo/subsystem/eth0/napi_defer_hard_irqs&path=//sys/class/net/eth0/subsystem/lo/subsystem/eth0 HTTP/1.1" 200 1118 "https://www.dentstardentalclinic.com/?path=//sys/class/net/eth0/subsystem/lo/subsystem/eth0" "Mozilla/5.0 AppleWebKit/537.36 (KHTML, like Gecko; compatible; GPTBot/1.4; +https://openai.com/gptbot)" www.dentstardentalclinic.com 10.36.254.103
74.7.243.214 - - [19/Aug/2026:13:52:54 -0600] "GET /?filesrc=//sys/class/net/eth0/subsystem/lo/subsystem/eth0/napi_defer_hard_irqs&path=//sys/class/net/eth0/subsystem/lo/subsystem/eth0 HTTP/2.0" 200 1118 "https://www.dentstardentalclinic.com/?path=//sys/class/net/eth0/subsystem/lo/subsystem/eth0" "Mozilla/5.0 AppleWebKit/537.36 (KHTML, like Gecko; compatible; GPTBot/1.4; +https://openai.com/gptbot)" www.dentstardentalclinic.com 10.36.254.103
74.7.243.214 - - [19/Aug/2026:13:52:55 -0600] "GET /?path=//sys/class/net/lo/subsystem/lo/subsystem/eth0/device/net HTTP/1.1" 200 1434 "https://www.dentstardentalclinic.com/?path=//sys/class/net/lo/subsystem/lo/subsystem/eth0/device" "Mozilla/5.0 AppleWebKit/537.36 (KHTML, like Gecko; compatible; GPTBot/1.4; +https://openai.com/gptbot)" www.dentstardentalclinic.com 10.36.254.103
74.7.243.214 - - [19/Aug/2026:13:52:55 -0600] "GET /?path=//sys/class/net/lo/subsystem/lo/subsystem/eth0/device/net HTTP/2.0" 200 1434 "https://www.dentstardentalclinic.com/?path=//sys/class/net/lo/subsystem/lo/subsystem/eth0/device" "Mozilla/5.0 AppleWebKit/537.36 (KHTML, like Gecko; compatible; GPTBot/1.4; +https://openai.com/gptbot)" www.dentstardentalclinic.com 10.36.254.103
74.7.227.39 - - [19/Aug/2026:13:52:56 -0600] "GET /?path=//opt/alt/sqlite HTTP/1.1" 200 54800 "https://mail.dentstardentalclinic.com/?path=//opt/alt" "Mozilla/5.0 AppleWebKit/537.36 (KHTML, like Gecko; compatible; GPTBot/1.4; +https://openai.com/gptbot)" mail.dentstardentalclinic.com 10.36.254.103
74.7.227.39 - - [19/Aug/2026:13:52:56 -0600] "GET /?path=//opt/alt/sqlite HTTP/2.0" 200 54800 "https://mail.dentstardentalclinic.com/?path=//opt/alt" "Mozilla/5.0 AppleWebKit/537.36 (KHTML, like Gecko; compatible; GPTBot/1.4; +https://openai.com/gptbot)" mail.dentstardentalclinic.com 10.36.254.103
74.7.243.214 - - [19/Aug/2026:13:52:56 -0600] "GET /?path=//sys/class/net/eth0/subsystem/lo/subsystem/eth0/statistics HTTP/1.1" 200 5473 "https://www.dentstardentalclinic.com/?path=//sys/class/net/eth0/subsystem/lo/subsystem/eth0" "Mozilla/5.0 AppleWebKit/537.36 (KHTML, like Gecko; compatible; GPTBot/1.4; +https://openai.com/gptbot)" www.dentstardentalclinic.com 10.36.254.103
74.7.243.214 - - [19/Aug/2026:13:52:56 -0600] "GET /?path=//sys/class/net/eth0/subsystem/lo/subsystem/eth0/statistics HTTP/2.0" 200 5473 "https://www.dentstardentalclinic.com/?path=//sys/class/net/eth0/subsystem/lo/subsystem/eth0" "Mozilla/5.0 AppleWebKit/537.36 (KHTML, like Gecko; compatible; GPTBot/1.4; +https://openai.com/gptbot)" www.dentstardentalclinic.com 10.36.254.103
74.7.243.214 - - [19/Aug/2026:13:52:57 -0600] "GET /?path=//sys/class/net/eth0/subsystem/lo/subsystem/eth0/queues HTTP/1.1" 200 1576 "https://www.dentstardentalclinic.com/?path=//sys/class/net/eth0/subsystem/lo/subsystem/eth0" "Mozilla/5.0 AppleWebKit/537.36 (KHTML, like Gecko; compatible; GPTBot/1.4; +https://openai.com/gptbot)" www.dentstardentalclinic.com 10.36.254.103
74.7.243.214 - - [19/Aug/2026:13:52:57 -0600] "GET /?path=//sys/class/net/eth0/subsystem/lo/subsystem/eth0/queues HTTP/2.0" 200 1576 "https://www.dentstardentalclinic.com/?path=//sys/class/net/eth0/subsystem/lo/subsystem/eth0" "Mozilla/5.0 AppleWebKit/537.36 (KHTML, like Gecko; compatible; GPTBot/1.4; +https://openai.com/gptbot)" www.dentstardentalclinic.com 10.36.254.103
74.7.243.214 - - [19/Aug/2026:13:52:58 -0600] "GET /?path=//sys/class/net/lo/subsystem/lo/subsystem/eth0/device/driver HTTP/1.1" 200 2060 "https://www.dentstardentalclinic.com/?path=//sys/class/net/lo/subsystem/lo/subsystem/eth0/device" "Mozilla/5.0 AppleWebKit/537.36 (KHTML, like Gecko; compatible; GPTBot/1.4; +https://openai.com/gptbot)" www.dentstardentalclinic.com 10.36.254.103
74.7.243.214 - - [19/Aug/2026:13:52:58 -0600] "GET /?path=//sys/class/net/lo/subsystem/lo/subsystem/eth0/device/driver HTTP/2.0" 200 2060 "https://www.dentstardentalclinic.com/?path=//sys/class/net/lo/subsystem/lo/subsystem/eth0/device" "Mozilla/5.0 AppleWebKit/537.36 (KHTML, like Gecko; compatible; GPTBot/1.4; +https://openai.com/gptbot)" www.dentstardentalclinic.com 10.36.254.103
74.7.243.214 - - [19/Aug/2026:13:52:58 -0600] "GET /?path=//sys/class/net/lo/subsystem/lo/subsystem/eth0/device/power HTTP/1.1" 200 2213 "https://www.dentstardentalclinic.com/?path=//sys/class/net/lo/subsystem/lo/subsystem/eth0/device" "Mozilla/5.0 AppleWebKit/537.36 (KHTML, like Gecko; compatible; GPTBot/1.4; +https://openai.com/gptbot)" www.dentstardentalclinic.com 10.36.254.103
74.7.243.214 - - [19/Aug/2026:13:52:58 -0600] "GET /?path=//sys/class/net/lo/subsystem/lo/subsystem/eth0/device/power HTTP/2.0" 200 2213 "https://www.dentstardentalclinic.com/?path=//sys/class/net/lo/subsystem/lo/subsystem/eth0/device" "Mozilla/5.0 AppleWebKit/537.36 (KHTML, like Gecko; compatible; GPTBot/1.4; +https://openai.com/gptbot)" www.dentstardentalclinic.com 10.36.254.103
74.7.227.39 - - [19/Aug/2026:13:52:59 -0600] "GET /?path=//opt/alt/dav1d HTTP/1.1" 200 54825 "https://mail.dentstardentalclinic.com/?path=//opt/alt" "Mozilla/5.0 AppleWebKit/537.36 (KHTML, like Gecko; compatible; GPTBot/1.4; +https://openai.com/gptbot)" mail.dentstardentalclinic.com 10.36.254.103
74.7.227.39 - - [19/Aug/2026:13:52:59 -0600] "GET /?path=//opt/alt/dav1d HTTP/2.0" 200 54825 "https://mail.dentstardentalclinic.com/?path=//opt/alt" "Mozilla/5.0 AppleWebKit/537.36 (KHTML, like Gecko; compatible; GPTBot/1.4; +https://openai.com/gptbot)" mail.dentstardentalclinic.com 10.36.254.103
74.7.243.214 - - [19/Aug/2026:13:52:59 -0600] "GET /?path=//sys/class/net/eth0/subsystem/lo/subsystem/eth0/device HTTP/1.1" 200 2515 "https://www.dentstardentalclinic.com/?path=//sys/class/net/eth0/subsystem/lo/subsystem/eth0" "Mozilla/5.0 AppleWebKit/537.36 (KHTML, like Gecko; compatible; GPTBot/1.4; +https://openai.com/gptbot)" www.dentstardentalclinic.com 10.36.254.103
74.7.243.214 - - [19/Aug/2026:13:52:59 -0600] "GET /?path=//sys/class/net/eth0/subsystem/lo/subsystem/eth0/device HTTP/2.0" 200 2515 "https://www.dentstardentalclinic.com/?path=//sys/class/net/eth0/subsystem/lo/subsystem/eth0" "Mozilla/5.0 AppleWebKit/537.36 (KHTML, like Gecko; compatible; GPTBot/1.4; +https://openai.com/gptbot)" www.dentstardentalclinic.com 10.36.254.103
74.7.243.214 - - [19/Aug/2026:13:53:00 -0600] "GET /?path=//sys/class/net/eth0/subsystem/lo/subsystem/eth0/power HTTP/1.1" 200 2187 "https://www.dentstardentalclinic.com/?path=//sys/class/net/eth0/subsystem/lo/subsystem/eth0" "Mozilla/5.0 AppleWebKit/537.36 (KHTML, like Gecko; compatible; GPTBot/1.4; +https://openai.com/gptbot)" www.dentstardentalclinic.com 10.36.254.103
74.7.243.214 - - [19/Aug/2026:13:53:00 -0600] "GET /?path=//sys/class/net/eth0/subsystem/lo/subsystem/eth0/power HTTP/2.0" 200 2187 "https://www.dentstardentalclinic.com/?path=//sys/class/net/eth0/subsystem/lo/subsystem/eth0" "Mozilla/5.0 AppleWebKit/537.36 (KHTML, like Gecko; compatible; GPTBot/1.4; +https://openai.com/gptbot)" www.dentstardentalclinic.com 10.36.254.103
74.7.243.214 - - [19/Aug/2026:13:53:01 -0600] "GET /?path=//sys/class/net/lo/subsystem/lo/subsystem/eth0/device/subsystem HTTP/1.1" 200 2058 "https://www.dentstardentalclinic.com/?path=//sys/class/net/lo/subsystem/lo/subsystem/eth0/device" "Mozilla/5.0 AppleWebKit/537.36 (KHTML, like Gecko; compatible; GPTBot/1.4; +https://openai.com/gptbot)" www.dentstardentalclinic.com 10.36.254.103
74.7.243.214 - - [19/Aug/2026:13:53:01 -0600] "GET /?path=//sys/class/net/lo/subsystem/lo/subsystem/eth0/device/subsystem HTTP/2.0" 200 2058 "https://www.dentstardentalclinic.com/?path=//sys/class/net/lo/subsystem/lo/subsystem/eth0/device" "Mozilla/5.0 AppleWebKit/537.36 (KHTML, like Gecko; compatible; GPTBot/1.4; +https://openai.com/gptbot)" www.dentstardentalclinic.com 10.36.254.103
74.7.227.39 - - [19/Aug/2026:13:53:02 -0600] "GET /?path=//opt/alt/aom HTTP/1.1" 200 54821 "https://mail.dentstardentalclinic.com/?path=//opt/alt" "Mozilla/5.0 AppleWebKit/537.36 (KHTML, like Gecko; compatible; GPTBot/1.4; +https://openai.com/gptbot)" mail.dentstardentalclinic.com 10.36.254.103
74.7.227.39 - - [19/Aug/2026:13:53:02 -0600] "GET /?path=//opt/alt/aom HTTP/2.0" 200 54821 "https://mail.dentstardentalclinic.com/?path=//opt/alt" "Mozilla/5.0 AppleWebKit/537.36 (KHTML, like Gecko; compatible; GPTBot/1.4; +https://openai.com/gptbot)" mail.dentstardentalclinic.com 10.36.254.103
74.7.243.214 - - [19/Aug/2026:13:53:02 -0600] "GET /?filesrc=//etc/tuned/bootcmdline&path=//etc/tuned HTTP/1.1" 200 1587 "https://www.dentstardentalclinic.com/?path=//etc/tuned" "Mozilla/5.0 AppleWebKit/537.36 (KHTML, like Gecko; compatible; GPTBot/1.4; +https://openai.com/gptbot)" www.dentstardentalclinic.com 10.36.254.103
74.7.243.214 - - [19/Aug/2026:13:53:02 -0600] "GET /?filesrc=//etc/tuned/bootcmdline&path=//etc/tuned HTTP/2.0" 200 1587 "https://www.dentstardentalclinic.com/?path=//etc/tuned" "Mozilla/5.0 AppleWebKit/537.36 (KHTML, like Gecko; compatible; GPTBot/1.4; +https://openai.com/gptbot)" www.dentstardentalclinic.com 10.36.254.103
74.7.243.214 - - [19/Aug/2026:13:53:03 -0600] "GET /?filesrc=//sys/kernel/profiling&path=//sys/kernel HTTP/1.1" 200 1058 "https://www.dentstardentalclinic.com/?path=//sys/kernel" "Mozilla/5.0 AppleWebKit/537.36 (KHTML, like Gecko; compatible; GPTBot/1.4; +https://openai.com/gptbot)" www.dentstardentalclinic.com 10.36.254.103
74.7.243.214 - - [19/Aug/2026:13:53:03 -0600] "GET /?filesrc=//sys/kernel/profiling&path=//sys/kernel HTTP/2.0" 200 1058 "https://www.dentstardentalclinic.com/?path=//sys/kernel" "Mozilla/5.0 AppleWebKit/537.36 (KHTML, like Gecko; compatible; GPTBot/1.4; +https://openai.com/gptbot)" www.dentstardentalclinic.com 10.36.254.103
74.7.243.214 - - [19/Aug/2026:13:53:04 -0600] "GET /?path=//sys/class/net/eth0/subsystem/lo/subsystem/eth0/subsystem HTTP/1.1" 200 1446 "https://www.dentstardentalclinic.com/?path=//sys/class/net/eth0/subsystem/lo/subsystem/eth0" "Mozilla/5.0 AppleWebKit/537.36 (KHTML, like Gecko; compatible; GPTBot/1.4; +https://openai.com/gptbot)" www.dentstardentalclinic.com 10.36.254.103
74.7.243.214 - - [19/Aug/2026:13:53:04 -0600] "GET /?path=//sys/class/net/eth0/subsystem/lo/subsystem/eth0/subsystem HTTP/2.0" 200 1446 "https://www.dentstardentalclinic.com/?path=//sys/class/net/eth0/subsystem/lo/subsystem/eth0" "Mozilla/5.0 AppleWebKit/537.36 (KHTML, like Gecko; compatible; GPTBot/1.4; +https://openai.com/gptbot)" www.dentstardentalclinic.com 10.36.254.103
74.7.227.39 - - [19/Aug/2026:13:53:05 -0600] "GET /?path=//opt/alt/libxml2 HTTP/1.1" 200 54802 "https://mail.dentstardentalclinic.com/?path=//opt/alt" "Mozilla/5.0 AppleWebKit/537.36 (KHTML, like Gecko; compatible; GPTBot/1.4; +https://openai.com/gptbot)" mail.dentstardentalclinic.com 10.36.254.103
74.7.227.39 - - [19/Aug/2026:13:53:05 -0600] "GET /?path=//opt/alt/libxml2 HTTP/2.0" 200 54802 "https://mail.dentstardentalclinic.com/?path=//opt/alt" "Mozilla/5.0 AppleWebKit/537.36 (KHTML, like Gecko; compatible; GPTBot/1.4; +https://openai.com/gptbot)" mail.dentstardentalclinic.com 10.36.254.103
74.7.243.214 - - [19/Aug/2026:13:53:06 -0600] "GET /?go=cabs&path=//sys/class/net/lo/subsystem/lo/subsystem/eth0/device/net HTTP/1.1" 200 1476 "https://www.dentstardentalclinic.com/?path=//sys/class/net/lo/subsystem/lo/subsystem/eth0/device/net" "Mozilla/5.0 AppleWebKit/537.36 (KHTML, like Gecko; compatible; GPTBot/1.4; +https://openai.com/gptbot)" www.dentstardentalclinic.com 10.36.254.103
74.7.243.214 - - [19/Aug/2026:13:53:06 -0600] "GET /?go=cabs&path=//sys/class/net/lo/subsystem/lo/subsystem/eth0/device/net HTTP/2.0" 200 1476 "https://www.dentstardentalclinic.com/?path=//sys/class/net/lo/subsystem/lo/subsystem/eth0/device/net" "Mozilla/5.0 AppleWebKit/537.36 (KHTML, like Gecko; compatible; GPTBot/1.4; +https://openai.com/gptbot)" www.dentstardentalclinic.com 10.36.254.103
74.7.227.39 - - [19/Aug/2026:13:53:07 -0600] "GET /?go=cabs&path=//opt/alt/libde265 HTTP/1.1" 200 54868 "https://mail.dentstardentalclinic.com/?path=//opt/alt/libde265" "Mozilla/5.0 AppleWebKit/537.36 (KHTML, like Gecko; compatible; GPTBot/1.4; +https://openai.com/gptbot)" mail.dentstardentalclinic.com 10.36.254.103
74.7.227.39 - - [19/Aug/2026:13:53:07 -0600] "GET /?go=cabs&path=//opt/alt/libde265 HTTP/2.0" 200 54868 "https://mail.dentstardentalclinic.com/?path=//opt/alt/libde265" "Mozilla/5.0 AppleWebKit/537.36 (KHTML, like Gecko; compatible; GPTBot/1.4; +https://openai.com/gptbot)" mail.dentstardentalclinic.com 10.36.254.103
74.7.243.214 - - [19/Aug/2026:13:53:07 -0600] "GET /?go=cabs&path=//sys/class/net/eth0/subsystem/lo/subsystem/eth0/statistics HTTP/1.1" 200 5518 "https://www.dentstardentalclinic.com/?path=//sys/class/net/eth0/subsystem/lo/subsystem/eth0/statistics" "Mozilla/5.0 AppleWebKit/537.36 (KHTML, like Gecko; compatible; GPTBot/1.4; +https://openai.com/gptbot)" www.dentstardentalclinic.com 10.36.254.103
74.7.243.214 - - [19/Aug/2026:13:53:07 -0600] "GET /?go=cabs&path=//sys/class/net/eth0/subsystem/lo/subsystem/eth0/statistics HTTP/2.0" 200 5518 "https://www.dentstardentalclinic.com/?path=//sys/class/net/eth0/subsystem/lo/subsystem/eth0/statistics" "Mozilla/5.0 AppleWebKit/537.36 (KHTML, like Gecko; compatible; GPTBot/1.4; +https://openai.com/gptbot)" www.dentstardentalclinic.com 10.36.254.103
74.7.243.214 - - [19/Aug/2026:13:53:08 -0600] "GET /?go=cabs&path=//sys/class/net/eth0/subsystem/lo/subsystem/eth0/queues HTTP/1.1" 200 1619 "https://www.dentstardentalclinic.com/?path=//sys/class/net/eth0/subsystem/lo/subsystem/eth0/queues" "Mozilla/5.0 AppleWebKit/537.36 (KHTML, like Gecko; compatible; GPTBot/1.4; +https://openai.com/gptbot)" www.dentstardentalclinic.com 10.36.254.103
74.7.243.214 - - [19/Aug/2026:13:53:08 -0600] "GET /?go=cabs&path=//sys/class/net/eth0/subsystem/lo/subsystem/eth0/queues HTTP/2.0" 200 1619 "https://www.dentstardentalclinic.com/?path=//sys/class/net/eth0/subsystem/lo/subsystem/eth0/queues" "Mozilla/5.0 AppleWebKit/537.36 (KHTML, like Gecko; compatible; GPTBot/1.4; +https://openai.com/gptbot)" www.dentstardentalclinic.com 10.36.254.103
74.7.243.214 - - [19/Aug/2026:13:53:09 -0600] "GET /?go=cabs&path=//sys/class/net/lo/subsystem/lo/subsystem/eth0/device/driver HTTP/1.1" 200 2104 "https://www.dentstardentalclinic.com/?path=//sys/class/net/lo/subsystem/lo/subsystem/eth0/device/driver" "Mozilla/5.0 AppleWebKit/537.36 (KHTML, like Gecko; compatible; GPTBot/1.4; +https://openai.com/gptbot)" www.dentstardentalclinic.com 10.36.254.103
74.7.243.214 - - [19/Aug/2026:13:53:09 -0600] "GET /?go=cabs&path=//sys/class/net/lo/subsystem/lo/subsystem/eth0/device/driver HTTP/2.0" 200 2104 "https://www.dentstardentalclinic.com/?path=//sys/class/net/lo/subsystem/lo/subsystem/eth0/device/driver" "Mozilla/5.0 AppleWebKit/537.36 (KHTML, like Gecko; compatible; GPTBot/1.4; +https://openai.com/gptbot)" www.dentstardentalclinic.com 10.36.254.103
74.7.227.39 - - [19/Aug/2026:13:53:09 -0600] "GET /?path=//opt/alt/libde265/lib64 HTTP/1.1" 200 54900 "https://mail.dentstardentalclinic.com/?path=//opt/alt/libde265" "Mozilla/5.0 AppleWebKit/537.36 (KHTML, like Gecko; compatible; GPTBot/1.4; +https://openai.com/gptbot)" mail.dentstardentalclinic.com 10.36.254.103
74.7.227.39 - - [19/Aug/2026:13:53:09 -0600] "GET /?path=//opt/alt/libde265/lib64 HTTP/2.0" 200 54900 "https://mail.dentstardentalclinic.com/?path=//opt/alt/libde265" "Mozilla/5.0 AppleWebKit/537.36 (KHTML, like Gecko; compatible; GPTBot/1.4; +https://openai.com/gptbot)" mail.dentstardentalclinic.com 10.36.254.103
74.7.243.214 - - [19/Aug/2026:13:53:10 -0600] "GET /?filesrc=//sys/class/net/lo/subsystem/lo/subsystem/eth0/device/power/runtime_suspended_time&path=//sys/class/net/lo/subsystem/lo/subsystem/eth0/device/power HTTP/1.1" 200 1139 "https://www.dentstardentalclinic.com/?path=//sys/class/net/lo/subsystem/lo/subsystem/eth0/device/power" "Mozilla/5.0 AppleWebKit/537.36 (KHTML, like Gecko; compatible; GPTBot/1.4; +https://openai.com/gptbot)" www.dentstardentalclinic.com 10.36.254.103
74.7.243.214 - - [19/Aug/2026:13:53:10 -0600] "GET /?filesrc=//sys/class/net/lo/subsystem/lo/subsystem/eth0/device/power/runtime_suspended_time&path=//sys/class/net/lo/subsystem/lo/subsystem/eth0/device/power HTTP/2.0" 200 1139 "https://www.dentstardentalclinic.com/?path=//sys/class/net/lo/subsystem/lo/subsystem/eth0/device/power" "Mozilla/5.0 AppleWebKit/537.36 (KHTML, like Gecko; compatible; GPTBot/1.4; +https://openai.com/gptbot)" www.dentstardentalclinic.com 10.36.254.103
74.7.227.39 - - [19/Aug/2026:13:53:11 -0600] "GET /?go=cabs&path=//opt/alt/php55 HTTP/1.1" 200 54903 "https://mail.dentstardentalclinic.com/?path=//opt/alt/php55" "Mozilla/5.0 AppleWebKit/537.36 (KHTML, like Gecko; compatible; GPTBot/1.4; +https://openai.com/gptbot)" mail.dentstardentalclinic.com 10.36.254.103
74.7.227.39 - - [19/Aug/2026:13:53:11 -0600] "GET /?go=cabs&path=//opt/alt/php55 HTTP/2.0" 200 54903 "https://mail.dentstardentalclinic.com/?path=//opt/alt/php55" "Mozilla/5.0 AppleWebKit/537.36 (KHTML, like Gecko; compatible; GPTBot/1.4; +https://openai.com/gptbot)" mail.dentstardentalclinic.com 10.36.254.103
74.7.243.214 - - [19/Aug/2026:13:53:12 -0600] "GET /?go=cabs&path=//sys/class/net/eth0/subsystem/lo/subsystem/eth0/device HTTP/1.1" 200 2559 "https://www.dentstardentalclinic.com/?path=//sys/class/net/eth0/subsystem/lo/subsystem/eth0/device" "Mozilla/5.0 AppleWebKit/537.36 (KHTML, like Gecko; compatible; GPTBot/1.4; +https://openai.com/gptbot)" www.dentstardentalclinic.com 10.36.254.103
74.7.243.214 - - [19/Aug/2026:13:53:12 -0600] "GET /?go=cabs&path=//sys/class/net/eth0/subsystem/lo/subsystem/eth0/device HTTP/2.0" 200 2559 "https://www.dentstardentalclinic.com/?path=//sys/class/net/eth0/subsystem/lo/subsystem/eth0/device" "Mozilla/5.0 AppleWebKit/537.36 (KHTML, like Gecko; compatible; GPTBot/1.4; +https://openai.com/gptbot)" www.dentstardentalclinic.com 10.36.254.103
74.7.227.39 - - [19/Aug/2026:13:53:13 -0600] "GET /?go=cabs&path=//opt/alt/vips HTTP/1.1" 200 54861 "https://mail.dentstardentalclinic.com/?path=//opt/alt/vips" "Mozilla/5.0 AppleWebKit/537.36 (KHTML, like Gecko; compatible; GPTBot/1.4; +https://openai.com/gptbot)" mail.dentstardentalclinic.com 10.36.254.103
74.7.227.39 - - [19/Aug/2026:13:53:13 -0600] "GET /?go=cabs&path=//opt/alt/vips HTTP/2.0" 200 54861 "https://mail.dentstardentalclinic.com/?path=//opt/alt/vips" "Mozilla/5.0 AppleWebKit/537.36 (KHTML, like Gecko; compatible; GPTBot/1.4; +https://openai.com/gptbot)" mail.dentstardentalclinic.com 10.36.254.103
74.7.243.214 - - [19/Aug/2026:13:53:13 -0600] "GET /?go=cabs&path=//sys/class/net/eth0/subsystem/lo/subsystem/eth0/power HTTP/1.1" 200 2231 "https://www.dentstardentalclinic.com/?path=//sys/class/net/eth0/subsystem/lo/subsystem/eth0/power" "Mozilla/5.0 AppleWebKit/537.36 (KHTML, like Gecko; compatible; GPTBot/1.4; +https://openai.com/gptbot)" www.dentstardentalclinic.com 10.36.254.103
74.7.243.214 - - [19/Aug/2026:13:53:13 -0600] "GET /?go=cabs&path=//sys/class/net/eth0/subsystem/lo/subsystem/eth0/power HTTP/2.0" 200 2231 "https://www.dentstardentalclinic.com/?path=//sys/class/net/eth0/subsystem/lo/subsystem/eth0/power" "Mozilla/5.0 AppleWebKit/537.36 (KHTML, like Gecko; compatible; GPTBot/1.4; +https://openai.com/gptbot)" www.dentstardentalclinic.com 10.36.254.103
74.7.243.214 - - [19/Aug/2026:13:53:14 -0600] "GET /?filesrc=//sys/class/net/lo/subsystem/lo/subsystem/eth0/device/subsystem/drivers_autoprobe&path=//sys/class/net/lo/subsystem/lo/subsystem/eth0/device/subsystem HTTP/1.1" 200 1135 "https://www.dentstardentalclinic.com/?path=//sys/class/net/lo/subsystem/lo/subsystem/eth0/device/subsystem" "Mozilla/5.0 AppleWebKit/537.36 (KHTML, like Gecko; compatible; GPTBot/1.4; +https://openai.com/gptbot)" www.dentstardentalclinic.com 10.36.254.103
74.7.243.214 - - [19/Aug/2026:13:53:14 -0600] "GET /?filesrc=//sys/class/net/lo/subsystem/lo/subsystem/eth0/device/subsystem/drivers_autoprobe&path=//sys/class/net/lo/subsystem/lo/subsystem/eth0/device/subsystem HTTP/2.0" 200 1135 "https://www.dentstardentalclinic.com/?path=//sys/class/net/lo/subsystem/lo/subsystem/eth0/device/subsystem" "Mozilla/5.0 AppleWebKit/537.36 (KHTML, like Gecko; compatible; GPTBot/1.4; +https://openai.com/gptbot)" www.dentstardentalclinic.com 10.36.254.103
74.7.227.39 - - [19/Aug/2026:13:53:14 -0600] "GET /?go=cabs&path=//opt/alt/php74 HTTP/1.1" 200 54903 "https://mail.dentstardentalclinic.com/?path=//opt/alt/php74" "Mozilla/5.0 AppleWebKit/537.36 (KHTML, like Gecko; compatible; GPTBot/1.4; +https://openai.com/gptbot)" mail.dentstardentalclinic.com 10.36.254.103
74.7.227.39 - - [19/Aug/2026:13:53:14 -0600] "GET /?go=cabs&path=//opt/alt/php74 HTTP/2.0" 200 54903 "https://mail.dentstardentalclinic.com/?path=//opt/alt/php74" "Mozilla/5.0 AppleWebKit/537.36 (KHTML, like Gecko; compatible; GPTBot/1.4; +https://openai.com/gptbot)" mail.dentstardentalclinic.com 10.36.254.103
74.7.243.214 - - [19/Aug/2026:13:53:16 -0600] "GET /?filesrc=//sys/class/net/lo/subsystem/lo/subsystem/eth0/device/subsystem/drivers_probe&path=//sys/class/net/lo/subsystem/lo/subsystem/eth0/device/subsystem HTTP/1.1" 200 1126 "https://www.dentstardentalclinic.com/?path=//sys/class/net/lo/subsystem/lo/subsystem/eth0/device/subsystem" "Mozilla/5.0 AppleWebKit/537.36 (KHTML, like Gecko; compatible; GPTBot/1.4; +https://openai.com/gptbot)" www.dentstardentalclinic.com 10.36.254.103
74.7.243.214 - - [19/Aug/2026:13:53:16 -0600] "GET /?filesrc=//sys/class/net/lo/subsystem/lo/subsystem/eth0/device/subsystem/drivers_probe&path=//sys/class/net/lo/subsystem/lo/subsystem/eth0/device/subsystem HTTP/2.0" 200 1126 "https://www.dentstardentalclinic.com/?path=//sys/class/net/lo/subsystem/lo/subsystem/eth0/device/subsystem" "Mozilla/5.0 AppleWebKit/537.36 (KHTML, like Gecko; compatible; GPTBot/1.4; +https://openai.com/gptbot)" www.dentstardentalclinic.com 10.36.254.103
74.7.227.39 - - [19/Aug/2026:13:53:17 -0600] "GET /?go=cabs&path=//opt/alt/php73 HTTP/1.1" 200 54903 "https://mail.dentstardentalclinic.com/?path=//opt/alt/php73" "Mozilla/5.0 AppleWebKit/537.36 (KHTML, like Gecko; compatible; GPTBot/1.4; +https://openai.com/gptbot)" mail.dentstardentalclinic.com 10.36.254.103
74.7.227.39 - - [19/Aug/2026:13:53:17 -0600] "GET /?go=cabs&path=//opt/alt/php73 HTTP/2.0" 200 54903 "https://mail.dentstardentalclinic.com/?path=//opt/alt/php73" "Mozilla/5.0 AppleWebKit/537.36 (KHTML, like Gecko; compatible; GPTBot/1.4; +https://openai.com/gptbot)" mail.dentstardentalclinic.com 10.36.254.103
74.7.243.214 - - [19/Aug/2026:13:53:18 -0600] "GET /?go=cabs&path=//sys/class/net/lo/subsystem/lo/subsystem/eth0/device/subsystem HTTP/1.1" 200 2103 "https://www.dentstardentalclinic.com/?path=//sys/class/net/lo/subsystem/lo/subsystem/eth0/device/subsystem" "Mozilla/5.0 AppleWebKit/537.36 (KHTML, like Gecko; compatible; GPTBot/1.4; +https://openai.com/gptbot)" www.dentstardentalclinic.com 10.36.254.103
74.7.243.214 - - [19/Aug/2026:13:53:18 -0600] "GET /?go=cabs&path=//sys/class/net/lo/subsystem/lo/subsystem/eth0/device/subsystem HTTP/2.0" 200 2103 "https://www.dentstardentalclinic.com/?path=//sys/class/net/lo/subsystem/lo/subsystem/eth0/device/subsystem" "Mozilla/5.0 AppleWebKit/537.36 (KHTML, like Gecko; compatible; GPTBot/1.4; +https://openai.com/gptbot)" www.dentstardentalclinic.com 10.36.254.103
74.7.243.214 - - [19/Aug/2026:13:53:19 -0600] "GET /?filesrc=//sys/class/net/eth0/subsystem/lo/subsystem/eth0/power/runtime_suspended_time&path=//sys/class/net/eth0/subsystem/lo/subsystem/eth0/power HTTP/1.1" 200 1129 "https://www.dentstardentalclinic.com/?path=//sys/class/net/eth0/subsystem/lo/subsystem/eth0/power" "Mozilla/5.0 AppleWebKit/537.36 (KHTML, like Gecko; compatible; GPTBot/1.4; +https://openai.com/gptbot)" www.dentstardentalclinic.com 10.36.254.103
74.7.243.214 - - [19/Aug/2026:13:53:19 -0600] "GET /?filesrc=//sys/class/net/eth0/subsystem/lo/subsystem/eth0/power/runtime_suspended_time&path=//sys/class/net/eth0/subsystem/lo/subsystem/eth0/power HTTP/2.0" 200 1129 "https://www.dentstardentalclinic.com/?path=//sys/class/net/eth0/subsystem/lo/subsystem/eth0/power" "Mozilla/5.0 AppleWebKit/537.36 (KHTML, like Gecko; compatible; GPTBot/1.4; +https://openai.com/gptbot)" www.dentstardentalclinic.com 10.36.254.103
74.7.227.39 - - [19/Aug/2026:13:53:18 -0600] "GET /?go=cabs&path=//opt/alt/krb5 HTTP/1.1" 200 54835 "https://mail.dentstardentalclinic.com/?path=//opt/alt/krb5" "Mozilla/5.0 AppleWebKit/537.36 (KHTML, like Gecko; compatible; GPTBot/1.4; +https://openai.com/gptbot)" mail.dentstardentalclinic.com 10.36.254.103
74.7.227.39 - - [19/Aug/2026:13:53:18 -0600] "GET /?go=cabs&path=//opt/alt/krb5 HTTP/2.0" 200 54835 "https://mail.dentstardentalclinic.com/?path=//opt/alt/krb5" "Mozilla/5.0 AppleWebKit/537.36 (KHTML, like Gecko; compatible; GPTBot/1.4; +https://openai.com/gptbot)" mail.dentstardentalclinic.com 10.36.254.103
74.7.243.214 - - [19/Aug/2026:13:53:19 -0600] "GET /?go=cabs&path=//sys/class/net/lo/subsystem/lo/subsystem/eth0/device/power HTTP/1.1" 200 2257 "https://www.dentstardentalclinic.com/?path=//sys/class/net/lo/subsystem/lo/subsystem/eth0/device/power" "Mozilla/5.0 AppleWebKit/537.36 (KHTML, like Gecko; compatible; GPTBot/1.4; +https://openai.com/gptbot)" www.dentstardentalclinic.com 10.36.254.103
74.7.243.214 - - [19/Aug/2026:13:53:19 -0600] "GET /?go=cabs&path=//sys/class/net/lo/subsystem/lo/subsystem/eth0/device/power HTTP/2.0" 200 2257 "https://www.dentstardentalclinic.com/?path=//sys/class/net/lo/subsystem/lo/subsystem/eth0/device/power" "Mozilla/5.0 AppleWebKit/537.36 (KHTML, like Gecko; compatible; GPTBot/1.4; +https://openai.com/gptbot)" www.dentstardentalclinic.com 10.36.254.103
74.7.227.39 - - [19/Aug/2026:13:53:19 -0600] "GET /?go=cabs&path=//opt/alt/php70 HTTP/1.1" 200 54903 "https://mail.dentstardentalclinic.com/?path=//opt/alt/php70" "Mozilla/5.0 AppleWebKit/537.36 (KHTML, like Gecko; compatible; GPTBot/1.4; +https://openai.com/gptbot)" mail.dentstardentalclinic.com 10.36.254.103
74.7.227.39 - - [19/Aug/2026:13:53:19 -0600] "GET /?go=cabs&path=//opt/alt/php70 HTTP/2.0" 200 54903 "https://mail.dentstardentalclinic.com/?path=//opt/alt/php70" "Mozilla/5.0 AppleWebKit/537.36 (KHTML, like Gecko; compatible; GPTBot/1.4; +https://openai.com/gptbot)" mail.dentstardentalclinic.com 10.36.254.103
74.7.243.214 - - [19/Aug/2026:13:53:20 -0600] "GET /?filesrc=//sys/class/net/lo/subsystem/lo/subsystem/eth0/device/driver/bind&path=//sys/class/net/lo/subsystem/lo/subsystem/eth0/device/driver HTTP/1.1" 200 1126 "https://www.dentstardentalclinic.com/?path=//sys/class/net/lo/subsystem/lo/subsystem/eth0/device/driver" "Mozilla/5.0 AppleWebKit/537.36 (KHTML, like Gecko; compatible; GPTBot/1.4; +https://openai.com/gptbot)" www.dentstardentalclinic.com 10.36.254.103
74.7.243.214 - - [19/Aug/2026:13:53:20 -0600] "GET /?filesrc=//sys/class/net/lo/subsystem/lo/subsystem/eth0/device/driver/bind&path=//sys/class/net/lo/subsystem/lo/subsystem/eth0/device/driver HTTP/2.0" 200 1126 "https://www.dentstardentalclinic.com/?path=//sys/class/net/lo/subsystem/lo/subsystem/eth0/device/driver" "Mozilla/5.0 AppleWebKit/537.36 (KHTML, like Gecko; compatible; GPTBot/1.4; +https://openai.com/gptbot)" www.dentstardentalclinic.com 10.36.254.103
74.7.227.39 - - [19/Aug/2026:13:53:20 -0600] "GET /?go=cabs&path=//opt/alt/php56 HTTP/1.1" 200 54903 "https://mail.dentstardentalclinic.com/?path=//opt/alt/php56" "Mozilla/5.0 AppleWebKit/537.36 (KHTML, like Gecko; compatible; GPTBot/1.4; +https://openai.com/gptbot)" mail.dentstardentalclinic.com 10.36.254.103
74.7.227.39 - - [19/Aug/2026:13:53:20 -0600] "GET /?go=cabs&path=//opt/alt/php56 HTTP/2.0" 200 54903 "https://mail.dentstardentalclinic.com/?path=//opt/alt/php56" "Mozilla/5.0 AppleWebKit/537.36 (KHTML, like Gecko; compatible; GPTBot/1.4; +https://openai.com/gptbot)" mail.dentstardentalclinic.com 10.36.254.103
74.7.243.214 - - [19/Aug/2026:13:53:22 -0600] "GET /?filesrc=//sys/class/net/lo/subsystem/lo/subsystem/eth0/device/power/autosuspend_delay_ms&path=//sys/class/net/lo/subsystem/lo/subsystem/eth0/device/power HTTP/1.1" 200 1136 "https://www.dentstardentalclinic.com/?path=//sys/class/net/lo/subsystem/lo/subsystem/eth0/device/power" "Mozilla/5.0 AppleWebKit/537.36 (KHTML, like Gecko; compatible; GPTBot/1.4; +https://openai.com/gptbot)" www.dentstardentalclinic.com 10.36.254.103
74.7.243.214 - - [19/Aug/2026:13:53:22 -0600] "GET /?filesrc=//sys/class/net/lo/subsystem/lo/subsystem/eth0/device/power/autosuspend_delay_ms&path=//sys/class/net/lo/subsystem/lo/subsystem/eth0/device/power HTTP/2.0" 200 1136 "https://www.dentstardentalclinic.com/?path=//sys/class/net/lo/subsystem/lo/subsystem/eth0/device/power" "Mozilla/5.0 AppleWebKit/537.36 (KHTML, like Gecko; compatible; GPTBot/1.4; +https://openai.com/gptbot)" www.dentstardentalclinic.com 10.36.254.103
74.7.227.39 - - [19/Aug/2026:13:53:22 -0600] "GET /?go=cabs&path=//opt/alt/php72 HTTP/1.1" 200 54903 "https://mail.dentstardentalclinic.com/?path=//opt/alt/php72" "Mozilla/5.0 AppleWebKit/537.36 (KHTML, like Gecko; compatible; GPTBot/1.4; +https://openai.com/gptbot)" mail.dentstardentalclinic.com 10.36.254.103
74.7.227.39 - - [19/Aug/2026:13:53:22 -0600] "GET /?go=cabs&path=//opt/alt/php72 HTTP/2.0" 200 54903 "https://mail.dentstardentalclinic.com/?path=//opt/alt/php72" "Mozilla/5.0 AppleWebKit/537.36 (KHTML, like Gecko; compatible; GPTBot/1.4; +https://openai.com/gptbot)" mail.dentstardentalclinic.com 10.36.254.103
74.7.243.214 - - [19/Aug/2026:13:53:23 -0600] "GET /?filesrc=//sys/class/net/lo/subsystem/lo/subsystem/eth0/device/power/runtime_active_time&path=//sys/class/net/lo/subsystem/lo/subsystem/eth0/device/power HTTP/1.1" 200 1137 "https://www.dentstardentalclinic.com/?path=//sys/class/net/lo/subsystem/lo/subsystem/eth0/device/power" "Mozilla/5.0 AppleWebKit/537.36 (KHTML, like Gecko; compatible; GPTBot/1.4; +https://openai.com/gptbot)" www.dentstardentalclinic.com 10.36.254.103
74.7.243.214 - - [19/Aug/2026:13:53:23 -0600] "GET /?filesrc=//sys/class/net/lo/subsystem/lo/subsystem/eth0/device/power/runtime_active_time&path=//sys/class/net/lo/subsystem/lo/subsystem/eth0/device/power HTTP/2.0" 200 1137 "https://www.dentstardentalclinic.com/?path=//sys/class/net/lo/subsystem/lo/subsystem/eth0/device/power" "Mozilla/5.0 AppleWebKit/537.36 (KHTML, like Gecko; compatible; GPTBot/1.4; +https://openai.com/gptbot)" www.dentstardentalclinic.com 10.36.254.103
74.7.243.214 - - [19/Aug/2026:13:53:23 -0600] "GET /?filesrc=//sys/class/net/eth0/subsystem/lo/subsystem/eth0/statistics/rx_dropped&path=//sys/class/net/eth0/subsystem/lo/subsystem/eth0/statistics HTTP/1.1" 200 1127 "https://www.dentstardentalclinic.com/?path=//sys/class/net/eth0/subsystem/lo/subsystem/eth0/statistics" "Mozilla/5.0 AppleWebKit/537.36 (KHTML, like Gecko; compatible; GPTBot/1.4; +https://openai.com/gptbot)" www.dentstardentalclinic.com 10.36.254.103
74.7.243.214 - - [19/Aug/2026:13:53:23 -0600] "GET /?filesrc=//sys/class/net/eth0/subsystem/lo/subsystem/eth0/statistics/rx_dropped&path=//sys/class/net/eth0/subsystem/lo/subsystem/eth0/statistics HTTP/2.0" 200 1127 "https://www.dentstardentalclinic.com/?path=//sys/class/net/eth0/subsystem/lo/subsystem/eth0/statistics" "Mozilla/5.0 AppleWebKit/537.36 (KHTML, like Gecko; compatible; GPTBot/1.4; +https://openai.com/gptbot)" www.dentstardentalclinic.com 10.36.254.103
74.7.227.39 - - [19/Aug/2026:13:53:23 -0600] "GET /?go=cabs&path=//opt/alt/php71 HTTP/1.1" 200 54903 "https://mail.dentstardentalclinic.com/?path=//opt/alt/php71" "Mozilla/5.0 AppleWebKit/537.36 (KHTML, like Gecko; compatible; GPTBot/1.4; +https://openai.com/gptbot)" mail.dentstardentalclinic.com 10.36.254.103
74.7.227.39 - - [19/Aug/2026:13:53:23 -0600] "GET /?go=cabs&path=//opt/alt/php71 HTTP/2.0" 200 54903 "https://mail.dentstardentalclinic.com/?path=//opt/alt/php71" "Mozilla/5.0 AppleWebKit/537.36 (KHTML, like Gecko; compatible; GPTBot/1.4; +https://openai.com/gptbot)" mail.dentstardentalclinic.com 10.36.254.103
74.7.243.214 - - [19/Aug/2026:13:53:24 -0600] "GET /?filesrc=//sys/class/net/eth0/subsystem/lo/subsystem/eth0/statistics/tx_dropped&path=//sys/class/net/eth0/subsystem/lo/subsystem/eth0/statistics HTTP/1.1" 200 1126 "https://www.dentstardentalclinic.com/?path=//sys/class/net/eth0/subsystem/lo/subsystem/eth0/statistics" "Mozilla/5.0 AppleWebKit/537.36 (KHTML, like Gecko; compatible; GPTBot/1.4; +https://openai.com/gptbot)" www.dentstardentalclinic.com 10.36.254.103
74.7.243.214 - - [19/Aug/2026:13:53:24 -0600] "GET /?filesrc=//sys/class/net/eth0/subsystem/lo/subsystem/eth0/statistics/tx_dropped&path=//sys/class/net/eth0/subsystem/lo/subsystem/eth0/statistics HTTP/2.0" 200 1126 "https://www.dentstardentalclinic.com/?path=//sys/class/net/eth0/subsystem/lo/subsystem/eth0/statistics" "Mozilla/5.0 AppleWebKit/537.36 (KHTML, like Gecko; compatible; GPTBot/1.4; +https://openai.com/gptbot)" www.dentstardentalclinic.com 10.36.254.103
74.7.227.39 - - [19/Aug/2026:13:53:25 -0600] "GET /?go=cabs&path=//opt/alt HTTP/1.1" 200 55476 "https://mail.dentstardentalclinic.com/?path=//opt/alt" "Mozilla/5.0 AppleWebKit/537.36 (KHTML, like Gecko; compatible; GPTBot/1.4; +https://openai.com/gptbot)" mail.dentstardentalclinic.com 10.36.254.103
74.7.227.39 - - [19/Aug/2026:13:53:25 -0600] "GET /?go=cabs&path=//opt/alt HTTP/2.0" 200 55476 "https://mail.dentstardentalclinic.com/?path=//opt/alt" "Mozilla/5.0 AppleWebKit/537.36 (KHTML, like Gecko; compatible; GPTBot/1.4; +https://openai.com/gptbot)" mail.dentstardentalclinic.com 10.36.254.103
74.7.243.214 - - [19/Aug/2026:13:53:26 -0600] "GET /?filesrc=//sys/class/net/lo/subsystem/lo/subsystem/eth0/device/driver/uevent&path=//sys/class/net/lo/subsystem/lo/subsystem/eth0/device/driver HTTP/1.1" 200 1127 "https://www.dentstardentalclinic.com/?path=//sys/class/net/lo/subsystem/lo/subsystem/eth0/device/driver" "Mozilla/5.0 AppleWebKit/537.36 (KHTML, like Gecko; compatible; GPTBot/1.4; +https://openai.com/gptbot)" www.dentstardentalclinic.com 10.36.254.103
74.7.243.214 - - [19/Aug/2026:13:53:26 -0600] "GET /?filesrc=//sys/class/net/lo/subsystem/lo/subsystem/eth0/device/driver/uevent&path=//sys/class/net/lo/subsystem/lo/subsystem/eth0/device/driver HTTP/2.0" 200 1127 "https://www.dentstardentalclinic.com/?path=//sys/class/net/lo/subsystem/lo/subsystem/eth0/device/driver" "Mozilla/5.0 AppleWebKit/537.36 (KHTML, like Gecko; compatible; GPTBot/1.4; +https://openai.com/gptbot)" www.dentstardentalclinic.com 10.36.254.103
74.7.243.214 - - [19/Aug/2026:13:53:26 -0600] "GET /?filesrc=//sys/class/net/lo/subsystem/lo/subsystem/eth0/device/power/control&path=//sys/class/net/lo/subsystem/lo/subsystem/eth0/device/power HTTP/1.1" 200 1131 "https://www.dentstardentalclinic.com/?path=//sys/class/net/lo/subsystem/lo/subsystem/eth0/device/power" "Mozilla/5.0 AppleWebKit/537.36 (KHTML, like Gecko; compatible; GPTBot/1.4; +https://openai.com/gptbot)" www.dentstardentalclinic.com 10.36.254.103
74.7.227.39 - - [19/Aug/2026:13:53:26 -0600] "GET /?go=cabs&path=//opt/alt/libde265/lib64 HTTP/1.1" 200 54940 "https://mail.dentstardentalclinic.com/?path=//opt/alt/libde265/lib64" "Mozilla/5.0 AppleWebKit/537.36 (KHTML, like Gecko; compatible; GPTBot/1.4; +https://openai.com/gptbot)" mail.dentstardentalclinic.com 10.36.254.103
74.7.243.214 - - [19/Aug/2026:13:53:26 -0600] "GET /?filesrc=//sys/class/net/lo/subsystem/lo/subsystem/eth0/device/power/control&path=//sys/class/net/lo/subsystem/lo/subsystem/eth0/device/power HTTP/2.0" 200 1131 "https://www.dentstardentalclinic.com/?path=//sys/class/net/lo/subsystem/lo/subsystem/eth0/device/power" "Mozilla/5.0 AppleWebKit/537.36 (KHTML, like Gecko; compatible; GPTBot/1.4; +https://openai.com/gptbot)" www.dentstardentalclinic.com 10.36.254.103
74.7.227.39 - - [19/Aug/2026:13:53:26 -0600] "GET /?go=cabs&path=//opt/alt/libde265/lib64 HTTP/2.0" 200 54940 "https://mail.dentstardentalclinic.com/?path=//opt/alt/libde265/lib64" "Mozilla/5.0 AppleWebKit/537.36 (KHTML, like Gecko; compatible; GPTBot/1.4; +https://openai.com/gptbot)" mail.dentstardentalclinic.com 10.36.254.103
74.7.243.214 - - [19/Aug/2026:13:53:27 -0600] "GET /?filesrc=//sys/class/net/lo/subsystem/lo/subsystem/eth0/device/driver/unbind&path=//sys/class/net/lo/subsystem/lo/subsystem/eth0/device/driver HTTP/1.1" 200 1128 "https://www.dentstardentalclinic.com/?path=//sys/class/net/lo/subsystem/lo/subsystem/eth0/device/driver" "Mozilla/5.0 AppleWebKit/537.36 (KHTML, like Gecko; compatible; GPTBot/1.4; +https://openai.com/gptbot)" www.dentstardentalclinic.com 10.36.254.103
74.7.243.214 - - [19/Aug/2026:13:53:27 -0600] "GET /?filesrc=//sys/class/net/lo/subsystem/lo/subsystem/eth0/device/driver/unbind&path=//sys/class/net/lo/subsystem/lo/subsystem/eth0/device/driver HTTP/2.0" 200 1128 "https://www.dentstardentalclinic.com/?path=//sys/class/net/lo/subsystem/lo/subsystem/eth0/device/driver" "Mozilla/5.0 AppleWebKit/537.36 (KHTML, like Gecko; compatible; GPTBot/1.4; +https://openai.com/gptbot)" www.dentstardentalclinic.com 10.36.254.103
74.7.227.39 - - [19/Aug/2026:13:53:28 -0600] "GET /?go=cabs&path=//opt/alt/sqlite HTTP/1.1" 200 54835 "https://mail.dentstardentalclinic.com/?path=//opt/alt/sqlite" "Mozilla/5.0 AppleWebKit/537.36 (KHTML, like Gecko; compatible; GPTBot/1.4; +https://openai.com/gptbot)" mail.dentstardentalclinic.com 10.36.254.103
74.7.227.39 - - [19/Aug/2026:13:53:27 -0600] "GET /?go=cabs&path=//opt/alt/sqlite HTTP/2.0" 200 54835 "https://mail.dentstardentalclinic.com/?path=//opt/alt/sqlite" "Mozilla/5.0 AppleWebKit/537.36 (KHTML, like Gecko; compatible; GPTBot/1.4; +https://openai.com/gptbot)" mail.dentstardentalclinic.com 10.36.254.103
74.7.243.214 - - [19/Aug/2026:13:53:29 -0600] "GET /?filesrc=//sys/class/net/eth0/subsystem/lo/subsystem/eth0/power/runtime_status&path=//sys/class/net/eth0/subsystem/lo/subsystem/eth0/power HTTP/1.1" 200 1131 "https://www.dentstardentalclinic.com/?path=//sys/class/net/eth0/subsystem/lo/subsystem/eth0/power" "Mozilla/5.0 AppleWebKit/537.36 (KHTML, like Gecko; compatible; GPTBot/1.4; +https://openai.com/gptbot)" www.dentstardentalclinic.com 10.36.254.103
74.7.243.214 - - [19/Aug/2026:13:53:29 -0600] "GET /?filesrc=//sys/class/net/eth0/subsystem/lo/subsystem/eth0/power/runtime_status&path=//sys/class/net/eth0/subsystem/lo/subsystem/eth0/power HTTP/2.0" 200 1131 "https://www.dentstardentalclinic.com/?path=//sys/class/net/eth0/subsystem/lo/subsystem/eth0/power" "Mozilla/5.0 AppleWebKit/537.36 (KHTML, like Gecko; compatible; GPTBot/1.4; +https://openai.com/gptbot)" www.dentstardentalclinic.com 10.36.254.103
74.7.227.39 - - [19/Aug/2026:13:53:29 -0600] "GET /?go=cabs&path=//opt/alt/libgd HTTP/1.1" 200 54859 "https://mail.dentstardentalclinic.com/?path=//opt/alt/libgd" "Mozilla/5.0 AppleWebKit/537.36 (KHTML, like Gecko; compatible; GPTBot/1.4; +https://openai.com/gptbot)" mail.dentstardentalclinic.com 10.36.254.103
74.7.227.39 - - [19/Aug/2026:13:53:29 -0600] "GET /?go=cabs&path=//opt/alt/libgd HTTP/2.0" 200 54859 "https://mail.dentstardentalclinic.com/?path=//opt/alt/libgd" "Mozilla/5.0 AppleWebKit/537.36 (KHTML, like Gecko; compatible; GPTBot/1.4; +https://openai.com/gptbot)" mail.dentstardentalclinic.com 10.36.254.103
74.7.243.214 - - [19/Aug/2026:13:53:30 -0600] "GET /?filesrc=//sys/class/net/eth0/subsystem/lo/subsystem/eth0/statistics/rx_length_errors&path=//sys/class/net/eth0/subsystem/lo/subsystem/eth0/statistics HTTP/1.1" 200 1130 "https://www.dentstardentalclinic.com/?path=//sys/class/net/eth0/subsystem/lo/subsystem/eth0/statistics" "Mozilla/5.0 AppleWebKit/537.36 (KHTML, like Gecko; compatible; GPTBot/1.4; +https://openai.com/gptbot)" www.dentstardentalclinic.com 10.36.254.103
74.7.243.214 - - [19/Aug/2026:13:53:30 -0600] "GET /?filesrc=//sys/class/net/eth0/subsystem/lo/subsystem/eth0/statistics/rx_length_errors&path=//sys/class/net/eth0/subsystem/lo/subsystem/eth0/statistics HTTP/2.0" 200 1130 "https://www.dentstardentalclinic.com/?path=//sys/class/net/eth0/subsystem/lo/subsystem/eth0/statistics" "Mozilla/5.0 AppleWebKit/537.36 (KHTML, like Gecko; compatible; GPTBot/1.4; +https://openai.com/gptbot)" www.dentstardentalclinic.com 10.36.254.103
74.7.243.214 - - [19/Aug/2026:13:53:31 -0600] "GET /?filesrc=//sys/class/net/eth0/subsystem/lo/subsystem/eth0/statistics/tx_fifo_errors&path=//sys/class/net/eth0/subsystem/lo/subsystem/eth0/statistics HTTP/1.1" 200 1129 "https://www.dentstardentalclinic.com/?path=//sys/class/net/eth0/subsystem/lo/subsystem/eth0/statistics" "Mozilla/5.0 AppleWebKit/537.36 (KHTML, like Gecko; compatible; GPTBot/1.4; +https://openai.com/gptbot)" www.dentstardentalclinic.com 10.36.254.103
74.7.243.214 - - [19/Aug/2026:13:53:31 -0600] "GET /?filesrc=//sys/class/net/eth0/subsystem/lo/subsystem/eth0/statistics/tx_fifo_errors&path=//sys/class/net/eth0/subsystem/lo/subsystem/eth0/statistics HTTP/2.0" 200 1129 "https://www.dentstardentalclinic.com/?path=//sys/class/net/eth0/subsystem/lo/subsystem/eth0/statistics" "Mozilla/5.0 AppleWebKit/537.36 (KHTML, like Gecko; compatible; GPTBot/1.4; +https://openai.com/gptbot)" www.dentstardentalclinic.com 10.36.254.103
74.7.227.39 - - [19/Aug/2026:13:53:31 -0600] "GET /?filesrc=//tmp/maestro-fFiScV.tmp&path=//tmp HTTP/1.1" 200 54463 "https://mail.dentstardentalclinic.com/?path=//tmp" "Mozilla/5.0 AppleWebKit/537.36 (KHTML, like Gecko; compatible; GPTBot/1.4; +https://openai.com/gptbot)" mail.dentstardentalclinic.com 10.36.254.103
74.7.227.39 - - [19/Aug/2026:13:53:31 -0600] "GET /?filesrc=//tmp/maestro-fFiScV.tmp&path=//tmp HTTP/2.0" 200 54463 "https://mail.dentstardentalclinic.com/?path=//tmp" "Mozilla/5.0 AppleWebKit/537.36 (KHTML, like Gecko; compatible; GPTBot/1.4; +https://openai.com/gptbot)" mail.dentstardentalclinic.com 10.36.254.103
74.7.243.214 - - [19/Aug/2026:13:53:32 -0600] "GET /?filesrc=//sys/class/net/eth0/subsystem/lo/subsystem/eth0/statistics/rx_over_errors&path=//sys/class/net/eth0/subsystem/lo/subsystem/eth0/statistics HTTP/1.1" 200 1129 "https://www.dentstardentalclinic.com/?path=//sys/class/net/eth0/subsystem/lo/subsystem/eth0/statistics" "Mozilla/5.0 AppleWebKit/537.36 (KHTML, like Gecko; compatible; GPTBot/1.4; +https://openai.com/gptbot)" www.dentstardentalclinic.com 10.36.254.103
74.7.243.214 - - [19/Aug/2026:13:53:32 -0600] "GET /?filesrc=//sys/class/net/eth0/subsystem/lo/subsystem/eth0/statistics/rx_over_errors&path=//sys/class/net/eth0/subsystem/lo/subsystem/eth0/statistics HTTP/2.0" 200 1129 "https://www.dentstardentalclinic.com/?path=//sys/class/net/eth0/subsystem/lo/subsystem/eth0/statistics" "Mozilla/5.0 AppleWebKit/537.36 (KHTML, like Gecko; compatible; GPTBot/1.4; +https://openai.com/gptbot)" www.dentstardentalclinic.com 10.36.254.103
74.7.227.39 - - [19/Aug/2026:13:53:33 -0600] "GET /?path=//opt/alt/libicu71 HTTP/1.1" 200 54808 "https://mail.dentstardentalclinic.com/?path=//opt/alt" "Mozilla/5.0 AppleWebKit/537.36 (KHTML, like Gecko; compatible; GPTBot/1.4; +https://openai.com/gptbot)" mail.dentstardentalclinic.com 10.36.254.103
74.7.227.39 - - [19/Aug/2026:13:53:33 -0600] "GET /?path=//opt/alt/libicu71 HTTP/2.0" 200 54808 "https://mail.dentstardentalclinic.com/?path=//opt/alt" "Mozilla/5.0 AppleWebKit/537.36 (KHTML, like Gecko; compatible; GPTBot/1.4; +https://openai.com/gptbot)" mail.dentstardentalclinic.com 10.36.254.103
74.7.243.214 - - [19/Aug/2026:13:53:34 -0600] "GET /?filesrc=//sys/class/net/eth0/subsystem/lo/subsystem/eth0/statistics/rx_nohandler&path=//sys/class/net/eth0/subsystem/lo/subsystem/eth0/statistics HTTP/1.1" 200 1127 "https://www.dentstardentalclinic.com/?path=//sys/class/net/eth0/subsystem/lo/subsystem/eth0/statistics" "Mozilla/5.0 AppleWebKit/537.36 (KHTML, like Gecko; compatible; GPTBot/1.4; +https://openai.com/gptbot)" www.dentstardentalclinic.com 10.36.254.103
74.7.243.214 - - [19/Aug/2026:13:53:34 -0600] "GET /?filesrc=//sys/class/net/eth0/subsystem/lo/subsystem/eth0/statistics/rx_nohandler&path=//sys/class/net/eth0/subsystem/lo/subsystem/eth0/statistics HTTP/2.0" 200 1127 "https://www.dentstardentalclinic.com/?path=//sys/class/net/eth0/subsystem/lo/subsystem/eth0/statistics" "Mozilla/5.0 AppleWebKit/537.36 (KHTML, like Gecko; compatible; GPTBot/1.4; +https://openai.com/gptbot)" www.dentstardentalclinic.com 10.36.254.103
74.7.227.39 - - [19/Aug/2026:13:53:34 -0600] "GET /?path=//opt/alt/libicu65 HTTP/1.1" 200 54808 "https://mail.dentstardentalclinic.com/?path=//opt/alt" "Mozilla/5.0 AppleWebKit/537.36 (KHTML, like Gecko; compatible; GPTBot/1.4; +https://openai.com/gptbot)" mail.dentstardentalclinic.com 10.36.254.103
74.7.227.39 - - [19/Aug/2026:13:53:34 -0600] "GET /?path=//opt/alt/libicu65 HTTP/2.0" 200 54808 "https://mail.dentstardentalclinic.com/?path=//opt/alt" "Mozilla/5.0 AppleWebKit/537.36 (KHTML, like Gecko; compatible; GPTBot/1.4; +https://openai.com/gptbot)" mail.dentstardentalclinic.com 10.36.254.103
74.7.243.214 - - [19/Aug/2026:13:53:35 -0600] "GET /?filesrc=//sys/class/net/eth0/subsystem/lo/subsystem/eth0/statistics/rx_fifo_errors&path=//sys/class/net/eth0/subsystem/lo/subsystem/eth0/statistics HTTP/1.1" 200 1129 "https://www.dentstardentalclinic.com/?path=//sys/class/net/eth0/subsystem/lo/subsystem/eth0/statistics" "Mozilla/5.0 AppleWebKit/537.36 (KHTML, like Gecko; compatible; GPTBot/1.4; +https://openai.com/gptbot)" www.dentstardentalclinic.com 10.36.254.103
74.7.243.214 - - [19/Aug/2026:13:53:35 -0600] "GET /?filesrc=//sys/class/net/eth0/subsystem/lo/subsystem/eth0/statistics/rx_fifo_errors&path=//sys/class/net/eth0/subsystem/lo/subsystem/eth0/statistics HTTP/2.0" 200 1129 "https://www.dentstardentalclinic.com/?path=//sys/class/net/eth0/subsystem/lo/subsystem/eth0/statistics" "Mozilla/5.0 AppleWebKit/537.36 (KHTML, like Gecko; compatible; GPTBot/1.4; +https://openai.com/gptbot)" www.dentstardentalclinic.com 10.36.254.103
74.7.227.39 - - [19/Aug/2026:13:53:36 -0600] "GET /?path=//opt/alt/libicu57 HTTP/1.1" 200 54808 "https://mail.dentstardentalclinic.com/?path=//opt/alt" "Mozilla/5.0 AppleWebKit/537.36 (KHTML, like Gecko; compatible; GPTBot/1.4; +https://openai.com/gptbot)" mail.dentstardentalclinic.com 10.36.254.103
74.7.227.39 - - [19/Aug/2026:13:53:36 -0600] "GET /?path=//opt/alt/libicu57 HTTP/2.0" 200 54808 "https://mail.dentstardentalclinic.com/?path=//opt/alt" "Mozilla/5.0 AppleWebKit/537.36 (KHTML, like Gecko; compatible; GPTBot/1.4; +https://openai.com/gptbot)" mail.dentstardentalclinic.com 10.36.254.103
74.7.243.214 - - [19/Aug/2026:13:53:37 -0600] "GET /?filesrc=//sys/class/net/eth0/subsystem/lo/subsystem/eth0/statistics/tx_window_errors&path=//sys/class/net/eth0/subsystem/lo/subsystem/eth0/statistics HTTP/1.1" 200 1131 "https://www.dentstardentalclinic.com/?path=//sys/class/net/eth0/subsystem/lo/subsystem/eth0/statistics" "Mozilla/5.0 AppleWebKit/537.36 (KHTML, like Gecko; compatible; GPTBot/1.4; +https://openai.com/gptbot)" www.dentstardentalclinic.com 10.36.254.103
74.7.243.214 - - [19/Aug/2026:13:53:37 -0600] "GET /?filesrc=//sys/class/net/eth0/subsystem/lo/subsystem/eth0/statistics/tx_window_errors&path=//sys/class/net/eth0/subsystem/lo/subsystem/eth0/statistics HTTP/2.0" 200 1131 "https://www.dentstardentalclinic.com/?path=//sys/class/net/eth0/subsystem/lo/subsystem/eth0/statistics" "Mozilla/5.0 AppleWebKit/537.36 (KHTML, like Gecko; compatible; GPTBot/1.4; +https://openai.com/gptbot)" www.dentstardentalclinic.com 10.36.254.103
74.7.227.39 - - [19/Aug/2026:13:53:38 -0600] "GET /?filesrc=//tmp/x-sMjWYy.tmp&path=//tmp HTTP/1.1" 200 54459 "https://mail.dentstardentalclinic.com/?path=//tmp" "Mozilla/5.0 AppleWebKit/537.36 (KHTML, like Gecko; compatible; GPTBot/1.4; +https://openai.com/gptbot)" mail.dentstardentalclinic.com 10.36.254.103
74.7.227.39 - - [19/Aug/2026:13:53:38 -0600] "GET /?filesrc=//tmp/x-sMjWYy.tmp&path=//tmp HTTP/2.0" 200 54459 "https://mail.dentstardentalclinic.com/?path=//tmp" "Mozilla/5.0 AppleWebKit/537.36 (KHTML, like Gecko; compatible; GPTBot/1.4; +https://openai.com/gptbot)" mail.dentstardentalclinic.com 10.36.254.103
162.214.80.130 - - [19/Aug/2026:13:53:40 -0600] "POST /wp-cron.php?doing_wp_cron=1787169220.4495069980621337890625 HTTP/1.1" 200 - "-" "WordPress/7.0.4; https://dentstardentalclinic.com" dentstardentalclinic.com 10.36.254.103
