169.58.50.21 - - [19/Aug/2026:08:42:56 -0600] "GET /v1/models HTTP/1.1" 200 6711 "-" "aipocket/0.1" drananthusdentalstudio.com 10.36.254.103
169.58.50.21 - - [19/Aug/2026:08:42:56 -0600] "GET /v1/models HTTP/1.1" 200 6711 "-" "aipocket/0.1" drananthusdentalstudio.com 10.36.254.103
169.58.50.21 - - [19/Aug/2026:08:43:26 -0600] "GET /api/status HTTP/1.1" 200 6711 "-" "aipocket/0.1" drananthusdentalstudio.com 10.36.254.103
169.58.50.21 - - [19/Aug/2026:08:43:26 -0600] "GET /api/status HTTP/1.1" 200 6711 "-" "aipocket/0.1" drananthusdentalstudio.com 10.36.254.103
74.7.227.167 - - [19/Aug/2026:08:43:36 -0600] "GET /sitemap.rss?go=cabs&path=/home4/fazzewmy/public_html/drananthusdentalstudio/wp-content/plugins/google-analytics-for-wordpress HTTP/1.1" 200 3024 "https://drananthusdentalstudio.com/sitemap.rss?path=/home4/fazzewmy/public_html/drananthusdentalstudio/wp-content/plugins/google-analytics-for-wordpress" "Mozilla/5.0 AppleWebKit/537.36 (KHTML, like Gecko; compatible; GPTBot/1.4; +https://openai.com/gptbot)" drananthusdentalstudio.com 10.36.254.103
74.7.227.167 - - [19/Aug/2026:08:43:36 -0600] "GET /sitemap.rss?go=cabs&path=/home4/fazzewmy/public_html/drananthusdentalstudio/wp-content/plugins/google-analytics-for-wordpress HTTP/2.0" 200 3024 "https://drananthusdentalstudio.com/sitemap.rss?path=/home4/fazzewmy/public_html/drananthusdentalstudio/wp-content/plugins/google-analytics-for-wordpress" "Mozilla/5.0 AppleWebKit/537.36 (KHTML, like Gecko; compatible; GPTBot/1.4; +https://openai.com/gptbot)" drananthusdentalstudio.com 10.36.254.103
147.185.132.39 - - [19/Aug/2026:08:43:48 -0600] "GET / HTTP/1.1" 200 28902 "-" "Hello from Palo Alto Networks, find out more about our scans in https://docs-cortex.paloaltonetworks.com/r/1/Cortex-Xpanse/Scanning-activity" drananthusdentalstudio.faz.zew.mybluehostin.me 10.36.254.103
147.185.132.39 - - [19/Aug/2026:08:43:48 -0600] "GET / HTTP/1.1" 200 24194 "-" "Hello from Palo Alto Networks, find out more about our scans in https://docs-cortex.paloaltonetworks.com/r/1/Cortex-Xpanse/Scanning-activity" drananthusdentalstudio.faz.zew.mybluehostin.me 10.36.254.103
74.7.227.167 - - [19/Aug/2026:08:44:39 -0600] "GET /sitemap.rss?filesrc=/home4/fazzewmy/public_html/drananthusdentalstudio/wp-content/plugins/broken-link-checker-seo/aioseo-broken-link-checker.php&path=/home4/fazzewmy/public_html/drananthusdentalstudio/wp-content/plugins/broken-link-checker-seo HTTP/2.0" 409 83 "https://drananthusdentalstudio.com/sitemap.rss?path=/home4/fazzewmy/public_html/drananthusdentalstudio/wp-content/plugins/broken-link-checker-seo" "Mozilla/5.0 AppleWebKit/537.36 (KHTML, like Gecko; compatible; GPTBot/1.4; +https://openai.com/gptbot)" drananthusdentalstudio.com 10.36.254.103
74.7.227.167 - - [19/Aug/2026:08:45:42 -0600] "GET /sitemap.rss?path=/home4/fazzewmy/public_html/drananthusdentalstudio/wp-content/plugins/broken-link-checker-seo/vendor HTTP/1.1" 200 3201 "https://drananthusdentalstudio.com/sitemap.rss?path=/home4/fazzewmy/public_html/drananthusdentalstudio/wp-content/plugins/broken-link-checker-seo" "Mozilla/5.0 AppleWebKit/537.36 (KHTML, like Gecko; compatible; GPTBot/1.4; +https://openai.com/gptbot)" drananthusdentalstudio.com 10.36.254.103
74.7.227.167 - - [19/Aug/2026:08:45:42 -0600] "GET /sitemap.rss?path=/home4/fazzewmy/public_html/drananthusdentalstudio/wp-content/plugins/broken-link-checker-seo/vendor HTTP/2.0" 200 3201 "https://drananthusdentalstudio.com/sitemap.rss?path=/home4/fazzewmy/public_html/drananthusdentalstudio/wp-content/plugins/broken-link-checker-seo" "Mozilla/5.0 AppleWebKit/537.36 (KHTML, like Gecko; compatible; GPTBot/1.4; +https://openai.com/gptbot)" drananthusdentalstudio.com 10.36.254.103
89.124.8.75 - - [19/Aug/2026:08:46:13 -0600] "GET /randkeyword.PhP7 HTTP/1.1" 200 41329 "-" "Mozilla/5.0 (Windows NT 10.0; Win64; x64) AppleWebKit/537.36 (KHTML, like Gecko) Chrome/151.0.0.0 Safari/537.36" mail.drananthusdentalstudio.com 10.36.254.103
89.124.8.75 - - [19/Aug/2026:08:46:13 -0600] "GET /randkeyword.PhP7 HTTP/2.0" 200 41329 "-" "Mozilla/5.0 (Windows NT 10.0; Win64; x64) AppleWebKit/537.36 (KHTML, like Gecko) Chrome/151.0.0.0 Safari/537.36" mail.drananthusdentalstudio.com 10.36.254.103
162.214.80.130 - - [19/Aug/2026:08:46:31 -0600] "POST /wp-cron.php?doing_wp_cron=1787150790.2657380104064941406250 HTTP/1.1" 200 - "-" "WordPress/7.0.4; https://drananthusdentalstudio.com" drananthusdentalstudio.com 10.36.254.103
89.124.8.75 - - [19/Aug/2026:08:47:11 -0600] "GET /wp-content/themes/neve/style-main-new.min.css?ver=3.0.10 HTTP/2.0" 200 11990 "https://mail.drananthusdentalstudio.com/" "Mozilla/5.0 (Windows NT 10.0; Win64; x64) AppleWebKit/537.36 (KHTML, like Gecko) Chrome/151.0.0.0 Safari/537.36" drananthusdentalstudio.com 10.36.254.103
89.124.8.75 - - [19/Aug/2026:08:47:11 -0600] "GET /wp-content/plugins/chaty/css/chaty-front.min.css?ver=3.5.21712341429 HTTP/2.0" 200 10045 "https://mail.drananthusdentalstudio.com/" "Mozilla/5.0 (Windows NT 10.0; Win64; x64) AppleWebKit/537.36 (KHTML, like Gecko) Chrome/151.0.0.0 Safari/537.36" drananthusdentalstudio.com 10.36.254.103
89.124.8.75 - - [19/Aug/2026:08:47:13 -0600] "GET /wp-includes/js/jquery/jquery.min.js?ver=3.7.1 HTTP/2.0" 200 38349 "https://mail.drananthusdentalstudio.com/" "Mozilla/5.0 (Windows NT 10.0; Win64; x64) AppleWebKit/537.36 (KHTML, like Gecko) Chrome/151.0.0.0 Safari/537.36" drananthusdentalstudio.com 10.36.254.103
89.124.8.75 - - [19/Aug/2026:08:47:13 -0600] "GET /wp-includes/js/jquery/jquery-migrate.min.js?ver=3.4.1 HTTP/2.0" 200 5422 "https://mail.drananthusdentalstudio.com/" "Mozilla/5.0 (Windows NT 10.0; Win64; x64) AppleWebKit/537.36 (KHTML, like Gecko) Chrome/151.0.0.0 Safari/537.36" drananthusdentalstudio.com 10.36.254.103
89.124.8.75 - - [19/Aug/2026:08:47:13 -0600] "GET /wp-content/uploads/2021/10/Dr-Ananthus-Dental-tudio-1.png HTTP/2.0" 200 14720 "https://mail.drananthusdentalstudio.com/" "Mozilla/5.0 (Windows NT 10.0; Win64; x64) AppleWebKit/537.36 (KHTML, like Gecko) Chrome/151.0.0.0 Safari/537.36" drananthusdentalstudio.com 10.36.254.103
89.124.8.75 - - [19/Aug/2026:08:47:17 -0600] "GET /wp-content/plugins/creative-mail-by-constant-contact/assets/js/block/submit.js?ver=1768333035 HTTP/2.0" 200 1450 "https://mail.drananthusdentalstudio.com/" "Mozilla/5.0 (Windows NT 10.0; Win64; x64) AppleWebKit/537.36 (KHTML, like Gecko) Chrome/151.0.0.0 Safari/537.36" drananthusdentalstudio.com 10.36.254.103
89.124.8.75 - - [19/Aug/2026:08:47:17 -0600] "GET /wp-content/plugins/google-site-kit/dist/assets/js/googlesitekit-consent-mode-86cb52dcb9f2b27ed244.js HTTP/2.0" 200 30115 "https://mail.drananthusdentalstudio.com/" "Mozilla/5.0 (Windows NT 10.0; Win64; x64) AppleWebKit/537.36 (KHTML, like Gecko) Chrome/151.0.0.0 Safari/537.36" drananthusdentalstudio.com 10.36.254.103
89.124.8.75 - - [19/Aug/2026:08:47:18 -0600] "GET /wp-content/plugins/chaty/admin/assets/js/picmo-latest-umd.min.js?ver=3.5.2 HTTP/2.0" 200 8549 "https://mail.drananthusdentalstudio.com/" "Mozilla/5.0 (Windows NT 10.0; Win64; x64) AppleWebKit/537.36 (KHTML, like Gecko) Chrome/151.0.0.0 Safari/537.36" drananthusdentalstudio.com 10.36.254.103
89.124.8.75 - - [19/Aug/2026:08:47:18 -0600] "GET /wp-content/plugins/chaty/admin/assets/js/picmo-umd.min.js?ver=3.5.2 HTTP/2.0" 200 35246 "https://mail.drananthusdentalstudio.com/" "Mozilla/5.0 (Windows NT 10.0; Win64; x64) AppleWebKit/537.36 (KHTML, like Gecko) Chrome/151.0.0.0 Safari/537.36" drananthusdentalstudio.com 10.36.254.103
89.124.8.75 - - [19/Aug/2026:08:47:23 -0600] "GET /wp-content/themes/neve/assets/js/build/modern/frontend.js?ver=3.0.10 HTTP/2.0" 200 2873 "https://mail.drananthusdentalstudio.com/" "Mozilla/5.0 (Windows NT 10.0; Win64; x64) AppleWebKit/537.36 (KHTML, like Gecko) Chrome/151.0.0.0 Safari/537.36" drananthusdentalstudio.com 10.36.254.103
89.124.8.75 - - [19/Aug/2026:08:47:23 -0600] "GET /wp-content/plugins/chaty/js/cht-front-script.min.js?ver=3.5.21712341429 HTTP/2.0" 200 31964 "https://mail.drananthusdentalstudio.com/" "Mozilla/5.0 (Windows NT 10.0; Win64; x64) AppleWebKit/537.36 (KHTML, like Gecko) Chrome/151.0.0.0 Safari/537.36" drananthusdentalstudio.com 10.36.254.103
89.124.8.75 - - [19/Aug/2026:08:47:24 -0600] "GET /wp-content/plugins/google-site-kit/dist/assets/js/googlesitekit-events-provider-optin-monster-f6960b1ed80e457ea97e.js HTTP/2.0" 200 2487 "https://mail.drananthusdentalstudio.com/" "Mozilla/5.0 (Windows NT 10.0; Win64; x64) AppleWebKit/537.36 (KHTML, like Gecko) Chrome/151.0.0.0 Safari/537.36" drananthusdentalstudio.com 10.36.254.103
89.124.8.75 - - [19/Aug/2026:08:47:25 -0600] "GET /wp-content/plugins/google-site-kit/dist/assets/js/googlesitekit-events-provider-wpforms-063cb453c64ecfd3dafe.js HTTP/2.0" 200 3246 "https://mail.drananthusdentalstudio.com/" "Mozilla/5.0 (Windows NT 10.0; Win64; x64) AppleWebKit/537.36 (KHTML, like Gecko) Chrome/151.0.0.0 Safari/537.36" drananthusdentalstudio.com 10.36.254.103
74.7.227.167 - - [19/Aug/2026:08:46:47 -0600] "GET /sitemap.rss?path=/home4/fazzewmy/public_html/drananthusdentalstudio/wp-content/plugins/wpforms-lite/templates HTTP/1.1" 200 2692 "https://drananthusdentalstudio.com/sitemap.rss?path=/home4/fazzewmy/public_html/drananthusdentalstudio/wp-content/plugins/wpforms-lite" "Mozilla/5.0 AppleWebKit/537.36 (KHTML, like Gecko; compatible; GPTBot/1.4; +https://openai.com/gptbot)" drananthusdentalstudio.com 10.36.254.103
74.7.227.167 - - [19/Aug/2026:08:46:47 -0600] "GET /sitemap.rss?path=/home4/fazzewmy/public_html/drananthusdentalstudio/wp-content/plugins/wpforms-lite/templates HTTP/2.0" 200 2692 "https://drananthusdentalstudio.com/sitemap.rss?path=/home4/fazzewmy/public_html/drananthusdentalstudio/wp-content/plugins/wpforms-lite" "Mozilla/5.0 AppleWebKit/537.36 (KHTML, like Gecko; compatible; GPTBot/1.4; +https://openai.com/gptbot)" drananthusdentalstudio.com 10.36.254.103
89.124.8.75 - - [19/Aug/2026:08:47:39 -0600] "GET /wp-content/plugins/chaty/images/whatsapp.png HTTP/2.0" 200 69499 "https://drananthusdentalstudio.com/wp-content/plugins/chaty/css/chaty-front.min.css?ver=3.5.21712341429" "Mozilla/5.0 (Windows NT 10.0; Win64; x64) AppleWebKit/537.36 (KHTML, like Gecko) Chrome/151.0.0.0 Safari/537.36" drananthusdentalstudio.com 10.36.254.103
89.124.8.75 - - [19/Aug/2026:08:47:41 -0600] "GET /wp-includes/js/wp-emoji-release.min.js?ver=7.0.4 HTTP/2.0" 200 5658 "https://mail.drananthusdentalstudio.com/" "Mozilla/5.0 (Windows NT 10.0; Win64; x64) AppleWebKit/537.36 (KHTML, like Gecko) Chrome/151.0.0.0 Safari/537.36" drananthusdentalstudio.com 10.36.254.103
162.214.80.130 - - [19/Aug/2026:08:47:52 -0600] "GET /wp-json/jetpack/v4/sync/spawn-sync?time=1787150872&request_lock_id=3283bccc-9ac9-49fe-9450-0577d96275eb HTTP/1.1" 200 6525 "-" "WordPress/7.0.4; https://drananthusdentalstudio.com" drananthusdentalstudio.com 10.36.254.103
89.124.8.75 - - [19/Aug/2026:08:47:55 -0600] "POST /randkeyword.PhP7 HTTP/2.0" 200 6731 "https://mail.drananthusdentalstudio.com/randkeyword.PhP7" "Mozilla/5.0 (Windows NT 10.0; Win64; x64) AppleWebKit/537.36 (KHTML, like Gecko) Chrome/151.0.0.0 Safari/537.36" mail.drananthusdentalstudio.com 10.36.254.103
74.7.227.167 - - [19/Aug/2026:08:47:53 -0600] "GET /sitemap.rss?path=/home4/fazzewmy/public_html/drananthusdentalstudio/wp-content/plugins/wpforms-lite/lite HTTP/1.1" 200 2975 "https://drananthusdentalstudio.com/sitemap.rss?path=/home4/fazzewmy/public_html/drananthusdentalstudio/wp-content/plugins/wpforms-lite" "Mozilla/5.0 AppleWebKit/537.36 (KHTML, like Gecko; compatible; GPTBot/1.4; +https://openai.com/gptbot)" drananthusdentalstudio.com 10.36.254.103
74.7.227.167 - - [19/Aug/2026:08:47:53 -0600] "GET /sitemap.rss?path=/home4/fazzewmy/public_html/drananthusdentalstudio/wp-content/plugins/wpforms-lite/lite HTTP/2.0" 200 2975 "https://drananthusdentalstudio.com/sitemap.rss?path=/home4/fazzewmy/public_html/drananthusdentalstudio/wp-content/plugins/wpforms-lite" "Mozilla/5.0 AppleWebKit/537.36 (KHTML, like Gecko; compatible; GPTBot/1.4; +https://openai.com/gptbot)" drananthusdentalstudio.com 10.36.254.103
162.214.80.130 - - [19/Aug/2026:08:48:42 -0600] "POST /wp-cron.php?doing_wp_cron=1787150922.3164141178131103515625 HTTP/1.1" 200 - "-" "WordPress/7.0.4; https://drananthusdentalstudio.com" drananthusdentalstudio.com 10.36.254.103
89.124.8.75 - - [19/Aug/2026:08:48:43 -0600] "GET /favicon.ico HTTP/1.1" 302 - "https://mail.drananthusdentalstudio.com/randkeyword.PhP7" "Mozilla/5.0 (Windows NT 10.0; Win64; x64) AppleWebKit/537.36 (KHTML, like Gecko) Chrome/151.0.0.0 Safari/537.36" mail.drananthusdentalstudio.com 10.36.254.103
89.124.8.75 - - [19/Aug/2026:08:48:43 -0600] "GET /favicon.ico HTTP/2.0" 302 - "https://mail.drananthusdentalstudio.com/randkeyword.PhP7" "Mozilla/5.0 (Windows NT 10.0; Win64; x64) AppleWebKit/537.36 (KHTML, like Gecko) Chrome/151.0.0.0 Safari/537.36" mail.drananthusdentalstudio.com 10.36.254.103
89.124.8.75 - - [19/Aug/2026:08:50:00 -0600] "GET /wp-content/uploads/2021/10/AK-Ortho-1-150x150.png HTTP/2.0" 200 11750 "https://mail.drananthusdentalstudio.com/" "Mozilla/5.0 (Windows NT 10.0; Win64; x64) AppleWebKit/537.36 (KHTML, like Gecko) Chrome/151.0.0.0 Safari/537.36" drananthusdentalstudio.com 10.36.254.103
74.248.133.44 - - [19/Aug/2026:08:50:05 -0600] "GET /inputs.php HTTP/1.1" 409 83 "-" "Mozilla/5.0 (Windows NT 10.0; Win64; x64) AppleWebKit/537.36 (KHTML, like Gecko) Chrome/120.0.0.0 Safari/537.36" drananthusdentalstudio.com 10.36.254.103
74.248.133.44 - - [19/Aug/2026:08:50:07 -0600] "GET /admin.php HTTP/1.1" 409 83 "-" "Mozilla/5.0 (Windows NT 10.0; Win64; x64) AppleWebKit/537.36 (KHTML, like Gecko) Chrome/120.0.0.0 Safari/537.36" drananthusdentalstudio.com 10.36.254.103
74.248.133.44 - - [19/Aug/2026:08:50:08 -0600] "GET /goods.php HTTP/1.1" 409 83 "-" "Mozilla/5.0 (Windows NT 10.0; Win64; x64) AppleWebKit/537.36 (KHTML, like Gecko) Chrome/120.0.0.0 Safari/537.36" drananthusdentalstudio.com 10.36.254.103
74.7.227.167 - - [19/Aug/2026:08:48:57 -0600] "GET /sitemap.rss?path=/home4/fazzewmy/public_html/drananthusdentalstudio/wp-content/plugins/wpforms-lite/src HTTP/1.1" 200 1296 "https://drananthusdentalstudio.com/sitemap.rss?path=/home4/fazzewmy/public_html/drananthusdentalstudio/wp-content/plugins/wpforms-lite" "Mozilla/5.0 AppleWebKit/537.36 (KHTML, like Gecko; compatible; GPTBot/1.4; +https://openai.com/gptbot)" drananthusdentalstudio.com 10.36.254.103
74.7.227.167 - - [19/Aug/2026:08:48:57 -0600] "GET /sitemap.rss?path=/home4/fazzewmy/public_html/drananthusdentalstudio/wp-content/plugins/wpforms-lite/src HTTP/2.0" 200 1296 "https://drananthusdentalstudio.com/sitemap.rss?path=/home4/fazzewmy/public_html/drananthusdentalstudio/wp-content/plugins/wpforms-lite" "Mozilla/5.0 AppleWebKit/537.36 (KHTML, like Gecko; compatible; GPTBot/1.4; +https://openai.com/gptbot)" drananthusdentalstudio.com 10.36.254.103
74.248.133.44 - - [19/Aug/2026:08:50:12 -0600] "GET /file.php HTTP/1.1" 409 83 "-" "Mozilla/5.0 (Windows NT 10.0; Win64; x64) AppleWebKit/537.36 (KHTML, like Gecko) Chrome/120.0.0.0 Safari/537.36" drananthusdentalstudio.com 10.36.254.103
74.248.133.44 - - [19/Aug/2026:08:50:13 -0600] "GET /adminfuns.php HTTP/1.1" 409 83 "-" "Mozilla/5.0 (Windows NT 10.0; Win64; x64) AppleWebKit/537.36 (KHTML, like Gecko) Chrome/120.0.0.0 Safari/537.36" drananthusdentalstudio.com 10.36.254.103
74.248.133.44 - - [19/Aug/2026:08:50:16 -0600] "GET /404.php HTTP/1.1" 409 83 "-" "Mozilla/5.0 (Windows NT 10.0; Win64; x64) AppleWebKit/537.36 (KHTML, like Gecko) Chrome/120.0.0.0 Safari/537.36" drananthusdentalstudio.com 10.36.254.103
74.248.133.44 - - [19/Aug/2026:08:50:17 -0600] "GET /wk/index.php HTTP/1.1" 409 83 "-" "Mozilla/5.0 (Windows NT 10.0; Win64; x64) AppleWebKit/537.36 (KHTML, like Gecko) Chrome/120.0.0.0 Safari/537.36" drananthusdentalstudio.com 10.36.254.103
74.248.133.44 - - [19/Aug/2026:08:50:18 -0600] "GET /about.php HTTP/1.1" 409 83 "-" "Mozilla/5.0 (Windows NT 10.0; Win64; x64) AppleWebKit/537.36 (KHTML, like Gecko) Chrome/120.0.0.0 Safari/537.36" drananthusdentalstudio.com 10.36.254.103
74.248.133.44 - - [19/Aug/2026:08:50:19 -0600] "GET /term.php HTTP/1.1" 409 83 "-" "Mozilla/5.0 (Windows NT 10.0; Win64; x64) AppleWebKit/537.36 (KHTML, like Gecko) Chrome/120.0.0.0 Safari/537.36" drananthusdentalstudio.com 10.36.254.103
74.248.133.44 - - [19/Aug/2026:08:50:21 -0600] "GET /ioxi-o.php HTTP/1.1" 409 83 "-" "Mozilla/5.0 (Windows NT 10.0; Win64; x64) AppleWebKit/537.36 (KHTML, like Gecko) Chrome/120.0.0.0 Safari/537.36" drananthusdentalstudio.com 10.36.254.103
74.248.133.44 - - [19/Aug/2026:08:50:22 -0600] "GET /1.php HTTP/1.1" 409 83 "-" "Mozilla/5.0 (Windows NT 10.0; Win64; x64) AppleWebKit/537.36 (KHTML, like Gecko) Chrome/120.0.0.0 Safari/537.36" drananthusdentalstudio.com 10.36.254.103
74.248.133.44 - - [19/Aug/2026:08:50:24 -0600] "GET /alfa.php HTTP/1.1" 409 83 "-" "Mozilla/5.0 (Windows NT 10.0; Win64; x64) AppleWebKit/537.36 (KHTML, like Gecko) Chrome/120.0.0.0 Safari/537.36" drananthusdentalstudio.com 10.36.254.103
74.248.133.44 - - [19/Aug/2026:08:50:24 -0600] "GET /edit.php HTTP/1.1" 409 83 "-" "Mozilla/5.0 (Windows NT 10.0; Win64; x64) AppleWebKit/537.36 (KHTML, like Gecko) Chrome/120.0.0.0 Safari/537.36" drananthusdentalstudio.com 10.36.254.103
74.248.133.44 - - [19/Aug/2026:08:50:26 -0600] "GET /elp.php HTTP/1.1" 409 83 "-" "Mozilla/5.0 (Windows NT 10.0; Win64; x64) AppleWebKit/537.36 (KHTML, like Gecko) Chrome/120.0.0.0 Safari/537.36" drananthusdentalstudio.com 10.36.254.103
74.248.133.44 - - [19/Aug/2026:08:50:28 -0600] "GET /classwithtostring.php HTTP/1.1" 409 83 "-" "Mozilla/5.0 (Windows NT 10.0; Win64; x64) AppleWebKit/537.36 (KHTML, like Gecko) Chrome/120.0.0.0 Safari/537.36" drananthusdentalstudio.com 10.36.254.103
74.248.133.44 - - [19/Aug/2026:08:50:29 -0600] "GET /666.php HTTP/1.1" 409 83 "-" "Mozilla/5.0 (Windows NT 10.0; Win64; x64) AppleWebKit/537.36 (KHTML, like Gecko) Chrome/120.0.0.0 Safari/537.36" drananthusdentalstudio.com 10.36.254.103
162.214.80.130 - - [19/Aug/2026:08:49:51 -0600] "GET /wp-json/jetpack/v4/sync/spawn-sync?time=1787150991&request_lock_id=a710d072-ff2b-4e49-b572-59eb314b9689 HTTP/1.1" 200 37 "-" "WordPress/7.0.4; https://drananthusdentalstudio.com" drananthusdentalstudio.com 10.36.254.103
74.7.227.167 - - [19/Aug/2026:08:49:58 -0600] "GET /sitemap.rss?go=cabs&path=/home4/fazzewmy/public_html/drananthusdentalstudio/wp-content/plugins/broken-link-checker-seo HTTP/1.1" 200 1295 "https://drananthusdentalstudio.com/sitemap.rss?path=/home4/fazzewmy/public_html/drananthusdentalstudio/wp-content/plugins/broken-link-checker-seo" "Mozilla/5.0 AppleWebKit/537.36 (KHTML, like Gecko; compatible; GPTBot/1.4; +https://openai.com/gptbot)" drananthusdentalstudio.com 10.36.254.103
74.7.227.167 - - [19/Aug/2026:08:49:58 -0600] "GET /sitemap.rss?go=cabs&path=/home4/fazzewmy/public_html/drananthusdentalstudio/wp-content/plugins/broken-link-checker-seo HTTP/2.0" 200 1295 "https://drananthusdentalstudio.com/sitemap.rss?path=/home4/fazzewmy/public_html/drananthusdentalstudio/wp-content/plugins/broken-link-checker-seo" "Mozilla/5.0 AppleWebKit/537.36 (KHTML, like Gecko; compatible; GPTBot/1.4; +https://openai.com/gptbot)" drananthusdentalstudio.com 10.36.254.103
74.7.241.180 - - [19/Aug/2026:08:51:33 -0600] "GET /robots.txt HTTP/2.0" 200 6709 "-" "Mozilla/5.0 (Macintosh; Intel Mac OS X 10_15_7) AppleWebKit/537.36 (KHTML, like Gecko) Chrome/131.0.0.0 Safari/537.36; compatible; OAI-SearchBot/1.4; robots.txt; +https://openai.com/searchbot" drananthusdentalstudio.com 10.36.254.103
74.248.133.44 - - [19/Aug/2026:08:50:30 -0600] "GET /wp-admin/ HTTP/1.1" 302 - "-" "Mozilla/5.0 (Windows NT 10.0; Win64; x64) AppleWebKit/537.36 (KHTML, like Gecko) Chrome/120.0.0.0 Safari/537.36" drananthusdentalstudio.com 10.36.254.103
162.214.80.130 - - [19/Aug/2026:08:51:09 -0600] "POST /wp-cron.php?doing_wp_cron=1787151069.2813560962677001953125 HTTP/1.1" 200 - "-" "WordPress/7.0.4; https://drananthusdentalstudio.com" drananthusdentalstudio.com 10.36.254.103
74.7.227.167 - - [19/Aug/2026:08:51:03 -0600] "GET /sitemap.rss?path=/home4/fazzewmy/public_html/drananthusdentalstudio/wp-content/plugins/wpforms-lite/assets/images HTTP/1.1" 200 1296 "https://drananthusdentalstudio.com/sitemap.rss?path=/home4/fazzewmy/public_html/drananthusdentalstudio/wp-content/plugins/wpforms-lite/assets" "Mozilla/5.0 AppleWebKit/537.36 (KHTML, like Gecko; compatible; GPTBot/1.4; +https://openai.com/gptbot)" drananthusdentalstudio.com 10.36.254.103
74.7.227.167 - - [19/Aug/2026:08:51:03 -0600] "GET /sitemap.rss?path=/home4/fazzewmy/public_html/drananthusdentalstudio/wp-content/plugins/wpforms-lite/assets/images HTTP/2.0" 200 1296 "https://drananthusdentalstudio.com/sitemap.rss?path=/home4/fazzewmy/public_html/drananthusdentalstudio/wp-content/plugins/wpforms-lite/assets" "Mozilla/5.0 AppleWebKit/537.36 (KHTML, like Gecko; compatible; GPTBot/1.4; +https://openai.com/gptbot)" drananthusdentalstudio.com 10.36.254.103
74.7.227.167 - - [19/Aug/2026:08:52:05 -0600] "GET /sitemap.rss?path=/home4/fazzewmy/public_html/drananthusdentalstudio/wp-content/plugins/wpforms-lite/assets/fonts HTTP/1.1" 200 1296 "https://drananthusdentalstudio.com/sitemap.rss?path=/home4/fazzewmy/public_html/drananthusdentalstudio/wp-content/plugins/wpforms-lite/assets" "Mozilla/5.0 AppleWebKit/537.36 (KHTML, like Gecko; compatible; GPTBot/1.4; +https://openai.com/gptbot)" drananthusdentalstudio.com 10.36.254.103
74.7.227.167 - - [19/Aug/2026:08:52:05 -0600] "GET /sitemap.rss?path=/home4/fazzewmy/public_html/drananthusdentalstudio/wp-content/plugins/wpforms-lite/assets/fonts HTTP/2.0" 200 1296 "https://drananthusdentalstudio.com/sitemap.rss?path=/home4/fazzewmy/public_html/drananthusdentalstudio/wp-content/plugins/wpforms-lite/assets" "Mozilla/5.0 AppleWebKit/537.36 (KHTML, like Gecko; compatible; GPTBot/1.4; +https://openai.com/gptbot)" drananthusdentalstudio.com 10.36.254.103
74.7.227.167 - - [19/Aug/2026:08:54:10 -0600] "GET /sitemap.rss?path=/home4/fazzewmy/public_html/drananthusdentalstudio/wp-content/plugins/wpforms-lite/assets/lite HTTP/1.1" 409 83 "https://drananthusdentalstudio.com/sitemap.rss?path=/home4/fazzewmy/public_html/drananthusdentalstudio/wp-content/plugins/wpforms-lite/assets" "Mozilla/5.0 AppleWebKit/537.36 (KHTML, like Gecko; compatible; GPTBot/1.4; +https://openai.com/gptbot)" drananthusdentalstudio.com 10.36.254.103
74.7.227.167 - - [19/Aug/2026:08:54:10 -0600] "GET /sitemap.rss?path=/home4/fazzewmy/public_html/drananthusdentalstudio/wp-content/plugins/wpforms-lite/assets/lite HTTP/2.0" 409 83 "https://drananthusdentalstudio.com/sitemap.rss?path=/home4/fazzewmy/public_html/drananthusdentalstudio/wp-content/plugins/wpforms-lite/assets" "Mozilla/5.0 AppleWebKit/537.36 (KHTML, like Gecko; compatible; GPTBot/1.4; +https://openai.com/gptbot)" drananthusdentalstudio.com 10.36.254.103
74.7.227.167 - - [19/Aug/2026:08:55:12 -0600] "GET /sitemap.rss?path=/home4/fazzewmy/public_html/drananthusdentalstudio/wp-content/plugins/wpforms-lite/assets/js HTTP/1.1" 409 83 "https://drananthusdentalstudio.com/sitemap.rss?path=/home4/fazzewmy/public_html/drananthusdentalstudio/wp-content/plugins/wpforms-lite/assets" "Mozilla/5.0 AppleWebKit/537.36 (KHTML, like Gecko; compatible; GPTBot/1.4; +https://openai.com/gptbot)" drananthusdentalstudio.com 10.36.254.103
74.7.227.167 - - [19/Aug/2026:08:55:11 -0600] "GET /sitemap.rss?path=/home4/fazzewmy/public_html/drananthusdentalstudio/wp-content/plugins/wpforms-lite/assets/js HTTP/2.0" 409 83 "https://drananthusdentalstudio.com/sitemap.rss?path=/home4/fazzewmy/public_html/drananthusdentalstudio/wp-content/plugins/wpforms-lite/assets" "Mozilla/5.0 AppleWebKit/537.36 (KHTML, like Gecko; compatible; GPTBot/1.4; +https://openai.com/gptbot)" drananthusdentalstudio.com 10.36.254.103
74.7.227.167 - - [19/Aug/2026:08:56:14 -0600] "GET /sitemap.rss?path=/home4/fazzewmy/public_html/drananthusdentalstudio/wp-content/plugins/wpforms-lite/assets/lib HTTP/1.1" 409 83 "https://drananthusdentalstudio.com/sitemap.rss?path=/home4/fazzewmy/public_html/drananthusdentalstudio/wp-content/plugins/wpforms-lite/assets" "Mozilla/5.0 AppleWebKit/537.36 (KHTML, like Gecko; compatible; GPTBot/1.4; +https://openai.com/gptbot)" drananthusdentalstudio.com 10.36.254.103
74.7.227.167 - - [19/Aug/2026:08:56:14 -0600] "GET /sitemap.rss?path=/home4/fazzewmy/public_html/drananthusdentalstudio/wp-content/plugins/wpforms-lite/assets/lib HTTP/2.0" 409 83 "https://drananthusdentalstudio.com/sitemap.rss?path=/home4/fazzewmy/public_html/drananthusdentalstudio/wp-content/plugins/wpforms-lite/assets" "Mozilla/5.0 AppleWebKit/537.36 (KHTML, like Gecko; compatible; GPTBot/1.4; +https://openai.com/gptbot)" drananthusdentalstudio.com 10.36.254.103
4.232.151.198 - - [19/Aug/2026:08:56:47 -0600] "GET /___proxy_subdomain_cpcalendars/ HTTP/1.1" 409 83 "-" "Mozilla/5.0 (Windows NT 10.0; Win64; x64) AppleWebKit/537.36 (KHTML, like Gecko) Chrome/120.0.0.0 Safari/537.36" cpcalendars.drananthusdentalstudio.com 10.36.254.103
4.232.151.198 - - [19/Aug/2026:08:56:47 -0600] "GET / HTTP/1.1" 409 83 "-" "Mozilla/5.0 (Windows NT 10.0; Win64; x64) AppleWebKit/537.36 (KHTML, like Gecko) Chrome/120.0.0.0 Safari/537.36" cpcalendars.drananthusdentalstudio.com 10.36.254.103
74.7.227.167 - - [19/Aug/2026:08:57:17 -0600] "GET /sitemap.rss?path=/home4/fazzewmy/public_html/drananthusdentalstudio/wp-content/plugins/broken-link-checker-seo/languages HTTP/1.1" 409 83 "https://drananthusdentalstudio.com/sitemap.rss?path=/home4/fazzewmy/public_html/drananthusdentalstudio/wp-content/plugins/broken-link-checker-seo" "Mozilla/5.0 AppleWebKit/537.36 (KHTML, like Gecko; compatible; GPTBot/1.4; +https://openai.com/gptbot)" drananthusdentalstudio.com 10.36.254.103
74.7.227.167 - - [19/Aug/2026:08:57:17 -0600] "GET /sitemap.rss?path=/home4/fazzewmy/public_html/drananthusdentalstudio/wp-content/plugins/broken-link-checker-seo/languages HTTP/2.0" 409 83 "https://drananthusdentalstudio.com/sitemap.rss?path=/home4/fazzewmy/public_html/drananthusdentalstudio/wp-content/plugins/broken-link-checker-seo" "Mozilla/5.0 AppleWebKit/537.36 (KHTML, like Gecko; compatible; GPTBot/1.4; +https://openai.com/gptbot)" drananthusdentalstudio.com 10.36.254.103
43.135.133.241 - - [19/Aug/2026:08:57:19 -0600] "GET / HTTP/1.1" 409 83 "http://drananthusdentalstudio.com" "Mozilla/5.0 (iPhone; CPU iPhone OS 13_2_3 like Mac OS X) AppleWebKit/605.1.15 (KHTML, like Gecko) Version/13.0.3 Mobile/15E148 Safari/604.1" drananthusdentalstudio.com 10.36.254.103
43.135.133.241 - - [19/Aug/2026:08:57:19 -0600] "GET / HTTP/1.1" 409 83 "http://drananthusdentalstudio.com" "Mozilla/5.0 (iPhone; CPU iPhone OS 13_2_3 like Mac OS X) AppleWebKit/605.1.15 (KHTML, like Gecko) Version/13.0.3 Mobile/15E148 Safari/604.1" drananthusdentalstudio.com 10.36.254.103
74.7.227.167 - - [19/Aug/2026:08:58:17 -0600] "GET /sitemap.rss?path=/home4/fazzewmy/public_html/drananthusdentalstudio/wp-content/plugins/wpforms-lite/vendor HTTP/1.1" 409 83 "https://drananthusdentalstudio.com/sitemap.rss?path=/home4/fazzewmy/public_html/drananthusdentalstudio/wp-content/plugins/wpforms-lite" "Mozilla/5.0 AppleWebKit/537.36 (KHTML, like Gecko; compatible; GPTBot/1.4; +https://openai.com/gptbot)" drananthusdentalstudio.com 10.36.254.103
74.7.227.167 - - [19/Aug/2026:08:58:17 -0600] "GET /sitemap.rss?path=/home4/fazzewmy/public_html/drananthusdentalstudio/wp-content/plugins/wpforms-lite/vendor HTTP/2.0" 409 83 "https://drananthusdentalstudio.com/sitemap.rss?path=/home4/fazzewmy/public_html/drananthusdentalstudio/wp-content/plugins/wpforms-lite" "Mozilla/5.0 AppleWebKit/537.36 (KHTML, like Gecko; compatible; GPTBot/1.4; +https://openai.com/gptbot)" drananthusdentalstudio.com 10.36.254.103
74.7.227.167 - - [19/Aug/2026:08:59:19 -0600] "GET /sitemap.rss?path=/home4/fazzewmy/public_html/drananthusdentalstudio/wp-content/plugins/google-analytics-for-wordpress/lite HTTP/1.1" 409 83 "https://drananthusdentalstudio.com/sitemap.rss?path=/home4/fazzewmy/public_html/drananthusdentalstudio/wp-content/plugins/google-analytics-for-wordpress" "Mozilla/5.0 AppleWebKit/537.36 (KHTML, like Gecko; compatible; GPTBot/1.4; +https://openai.com/gptbot)" drananthusdentalstudio.com 10.36.254.103
74.7.227.167 - - [19/Aug/2026:08:59:19 -0600] "GET /sitemap.rss?path=/home4/fazzewmy/public_html/drananthusdentalstudio/wp-content/plugins/google-analytics-for-wordpress/lite HTTP/2.0" 409 83 "https://drananthusdentalstudio.com/sitemap.rss?path=/home4/fazzewmy/public_html/drananthusdentalstudio/wp-content/plugins/google-analytics-for-wordpress" "Mozilla/5.0 AppleWebKit/537.36 (KHTML, like Gecko; compatible; GPTBot/1.4; +https://openai.com/gptbot)" drananthusdentalstudio.com 10.36.254.103
74.7.227.167 - - [19/Aug/2026:09:00:19 -0600] "GET /sitemap.rss?path=/home4/fazzewmy/public_html/drananthusdentalstudio/wp-content/plugins/google-analytics-for-wordpress/languages HTTP/1.1" 409 83 "https://drananthusdentalstudio.com/sitemap.rss?path=/home4/fazzewmy/public_html/drananthusdentalstudio/wp-content/plugins/google-analytics-for-wordpress" "Mozilla/5.0 AppleWebKit/537.36 (KHTML, like Gecko; compatible; GPTBot/1.4; +https://openai.com/gptbot)" drananthusdentalstudio.com 10.36.254.103
74.7.227.167 - - [19/Aug/2026:09:00:19 -0600] "GET /sitemap.rss?path=/home4/fazzewmy/public_html/drananthusdentalstudio/wp-content/plugins/google-analytics-for-wordpress/languages HTTP/2.0" 409 83 "https://drananthusdentalstudio.com/sitemap.rss?path=/home4/fazzewmy/public_html/drananthusdentalstudio/wp-content/plugins/google-analytics-for-wordpress" "Mozilla/5.0 AppleWebKit/537.36 (KHTML, like Gecko; compatible; GPTBot/1.4; +https://openai.com/gptbot)" drananthusdentalstudio.com 10.36.254.103
74.7.227.167 - - [19/Aug/2026:09:01:25 -0600] "GET /sitemap.rss?path=/home4/fazzewmy/public_html/drananthusdentalstudio/wp-content/plugins/google-analytics-for-wordpress/assets HTTP/1.1" 409 83 "https://drananthusdentalstudio.com/sitemap.rss?path=/home4/fazzewmy/public_html/drananthusdentalstudio/wp-content/plugins/google-analytics-for-wordpress" "Mozilla/5.0 AppleWebKit/537.36 (KHTML, like Gecko; compatible; GPTBot/1.4; +https://openai.com/gptbot)" drananthusdentalstudio.com 10.36.254.103
74.7.227.167 - - [19/Aug/2026:09:01:25 -0600] "GET /sitemap.rss?path=/home4/fazzewmy/public_html/drananthusdentalstudio/wp-content/plugins/google-analytics-for-wordpress/assets HTTP/2.0" 409 83 "https://drananthusdentalstudio.com/sitemap.rss?path=/home4/fazzewmy/public_html/drananthusdentalstudio/wp-content/plugins/google-analytics-for-wordpress" "Mozilla/5.0 AppleWebKit/537.36 (KHTML, like Gecko; compatible; GPTBot/1.4; +https://openai.com/gptbot)" drananthusdentalstudio.com 10.36.254.103
52.139.47.57 - - [19/Aug/2026:09:01:44 -0600] "GET / HTTP/1.1" 409 83 "-" "Mozilla/5.0 (Windows NT 10.0; Win64; x64) AppleWebKit/537.36 (KHTML, like Gecko) Chrome/120.0.0.0 Safari/537.36" drananthusdentalstudio.com 10.36.254.103
52.139.47.57 - - [19/Aug/2026:09:01:44 -0600] "GET / HTTP/1.1" 409 83 "-" "Mozilla/5.0 (Windows NT 10.0; Win64; x64) AppleWebKit/537.36 (KHTML, like Gecko) Chrome/120.0.0.0 Safari/537.36" drananthusdentalstudio.com 10.36.254.103
74.7.227.167 - - [19/Aug/2026:09:02:29 -0600] "GET /sitemap.rss?path=/home4/fazzewmy/public_html/drananthusdentalstudio/wp-content/plugins/wpforms-lite/includes HTTP/1.1" 409 83 "https://drananthusdentalstudio.com/sitemap.rss?path=/home4/fazzewmy/public_html/drananthusdentalstudio/wp-content/plugins/wpforms-lite" "Mozilla/5.0 AppleWebKit/537.36 (KHTML, like Gecko; compatible; GPTBot/1.4; +https://openai.com/gptbot)" drananthusdentalstudio.com 10.36.254.103
74.7.227.167 - - [19/Aug/2026:09:02:29 -0600] "GET /sitemap.rss?path=/home4/fazzewmy/public_html/drananthusdentalstudio/wp-content/plugins/wpforms-lite/includes HTTP/2.0" 409 83 "https://drananthusdentalstudio.com/sitemap.rss?path=/home4/fazzewmy/public_html/drananthusdentalstudio/wp-content/plugins/wpforms-lite" "Mozilla/5.0 AppleWebKit/537.36 (KHTML, like Gecko; compatible; GPTBot/1.4; +https://openai.com/gptbot)" drananthusdentalstudio.com 10.36.254.103
158.158.74.177 - - [19/Aug/2026:09:02:34 -0600] "GET /___proxy_subdomain_cpcalendars/ HTTP/1.1" 409 83 "-" "Mozilla/5.0 (Windows NT 10.0; Win64; x64) AppleWebKit/537.36 (KHTML, like Gecko) Chrome/120.0.0.0 Safari/537.36" cpcalendars.drananthusdentalstudio.com 10.36.254.103
158.158.74.177 - - [19/Aug/2026:09:02:34 -0600] "GET / HTTP/1.1" 409 83 "-" "Mozilla/5.0 (Windows NT 10.0; Win64; x64) AppleWebKit/537.36 (KHTML, like Gecko) Chrome/120.0.0.0 Safari/537.36" cpcalendars.drananthusdentalstudio.com 10.36.254.103
9.129.53.11 - - [19/Aug/2026:09:03:30 -0600] "GET / HTTP/1.1" 409 83 "-" "Mozilla/5.0 AppleWebKit/537.36 (KHTML, like Gecko); compatible; ChatGPT-User/1.0; +https://openai.com/bot" drananthusdentalstudio.com 10.36.254.103
9.129.53.11 - - [19/Aug/2026:09:03:30 -0600] "GET / HTTP/2.0" 409 83 "-" "Mozilla/5.0 AppleWebKit/537.36 (KHTML, like Gecko); compatible; ChatGPT-User/1.0; +https://openai.com/bot" drananthusdentalstudio.com 10.36.254.103
74.7.227.167 - - [19/Aug/2026:09:03:31 -0600] "GET /sitemap.rss?path=/home4/fazzewmy/public_html/drananthusdentalstudio/wp-content/plugins/all-in-one-seo-pack/app HTTP/1.1" 409 83 "https://drananthusdentalstudio.com/sitemap.rss?path=/home4/fazzewmy/public_html/drananthusdentalstudio/wp-content/plugins/all-in-one-seo-pack" "Mozilla/5.0 AppleWebKit/537.36 (KHTML, like Gecko; compatible; GPTBot/1.4; +https://openai.com/gptbot)" drananthusdentalstudio.com 10.36.254.103
74.7.227.167 - - [19/Aug/2026:09:03:31 -0600] "GET /sitemap.rss?path=/home4/fazzewmy/public_html/drananthusdentalstudio/wp-content/plugins/all-in-one-seo-pack/app HTTP/2.0" 409 83 "https://drananthusdentalstudio.com/sitemap.rss?path=/home4/fazzewmy/public_html/drananthusdentalstudio/wp-content/plugins/all-in-one-seo-pack" "Mozilla/5.0 AppleWebKit/537.36 (KHTML, like Gecko; compatible; GPTBot/1.4; +https://openai.com/gptbot)" drananthusdentalstudio.com 10.36.254.103
74.7.244.58 - - [19/Aug/2026:09:04:10 -0600] "GET /robots.txt HTTP/1.1" 409 83 "-" "Mozilla/5.0 (Macintosh; Intel Mac OS X 10_15_7) AppleWebKit/537.36 (KHTML, like Gecko) Chrome/131.0.0.0 Safari/537.36; compatible; OAI-SearchBot/1.4; robots.txt; +https://openai.com/searchbot" www.drananthusdentalstudio.com 10.36.254.103
74.7.244.58 - - [19/Aug/2026:09:04:10 -0600] "GET /robots.txt HTTP/2.0" 409 83 "-" "Mozilla/5.0 (Macintosh; Intel Mac OS X 10_15_7) AppleWebKit/537.36 (KHTML, like Gecko) Chrome/131.0.0.0 Safari/537.36; compatible; OAI-SearchBot/1.4; robots.txt; +https://openai.com/searchbot" www.drananthusdentalstudio.com 10.36.254.103
74.7.227.167 - - [19/Aug/2026:09:04:32 -0600] "GET /sitemap.rss?go=cabs&path=/home4/fazzewmy/public_html/drananthusdentalstudio/wp-content/themes/hello-elementor HTTP/1.1" 409 83 "https://drananthusdentalstudio.com/sitemap.rss?path=/home4/fazzewmy/public_html/drananthusdentalstudio/wp-content/themes/hello-elementor" "Mozilla/5.0 AppleWebKit/537.36 (KHTML, like Gecko; compatible; GPTBot/1.4; +https://openai.com/gptbot)" drananthusdentalstudio.com 10.36.254.103
74.7.227.167 - - [19/Aug/2026:09:04:31 -0600] "GET /sitemap.rss?go=cabs&path=/home4/fazzewmy/public_html/drananthusdentalstudio/wp-content/themes/hello-elementor HTTP/2.0" 409 83 "https://drananthusdentalstudio.com/sitemap.rss?path=/home4/fazzewmy/public_html/drananthusdentalstudio/wp-content/themes/hello-elementor" "Mozilla/5.0 AppleWebKit/537.36 (KHTML, like Gecko; compatible; GPTBot/1.4; +https://openai.com/gptbot)" drananthusdentalstudio.com 10.36.254.103
74.7.227.167 - - [19/Aug/2026:09:05:32 -0600] "GET /sitemap.rss?path=/home4/fazzewmy/public_html/drananthusdentalstudio/wp-content/plugins/all-in-one-seo-pack/dist HTTP/1.1" 409 83 "https://drananthusdentalstudio.com/sitemap.rss?path=/home4/fazzewmy/public_html/drananthusdentalstudio/wp-content/plugins/all-in-one-seo-pack" "Mozilla/5.0 AppleWebKit/537.36 (KHTML, like Gecko; compatible; GPTBot/1.4; +https://openai.com/gptbot)" drananthusdentalstudio.com 10.36.254.103
74.7.227.167 - - [19/Aug/2026:09:05:32 -0600] "GET /sitemap.rss?path=/home4/fazzewmy/public_html/drananthusdentalstudio/wp-content/plugins/all-in-one-seo-pack/dist HTTP/2.0" 409 83 "https://drananthusdentalstudio.com/sitemap.rss?path=/home4/fazzewmy/public_html/drananthusdentalstudio/wp-content/plugins/all-in-one-seo-pack" "Mozilla/5.0 AppleWebKit/537.36 (KHTML, like Gecko; compatible; GPTBot/1.4; +https://openai.com/gptbot)" drananthusdentalstudio.com 10.36.254.103
74.7.227.167 - - [19/Aug/2026:09:06:36 -0600] "GET /sitemap.rss?path=/home4/fazzewmy/public_html/drananthusdentalstudio/wp-content/plugins/all-in-one-seo-pack/languages HTTP/1.1" 409 83 "https://drananthusdentalstudio.com/sitemap.rss?path=/home4/fazzewmy/public_html/drananthusdentalstudio/wp-content/plugins/all-in-one-seo-pack" "Mozilla/5.0 AppleWebKit/537.36 (KHTML, like Gecko; compatible; GPTBot/1.4; +https://openai.com/gptbot)" drananthusdentalstudio.com 10.36.254.103
74.7.227.167 - - [19/Aug/2026:09:06:36 -0600] "GET /sitemap.rss?path=/home4/fazzewmy/public_html/drananthusdentalstudio/wp-content/plugins/all-in-one-seo-pack/languages HTTP/2.0" 409 83 "https://drananthusdentalstudio.com/sitemap.rss?path=/home4/fazzewmy/public_html/drananthusdentalstudio/wp-content/plugins/all-in-one-seo-pack" "Mozilla/5.0 AppleWebKit/537.36 (KHTML, like Gecko; compatible; GPTBot/1.4; +https://openai.com/gptbot)" drananthusdentalstudio.com 10.36.254.103
74.7.227.167 - - [19/Aug/2026:09:07:40 -0600] "GET /sitemap.rss?go=cabs&path=/home4/fazzewmy/public_html/drananthusdentalstudio/wp-content/plugins/wpforms-lite/assets HTTP/1.1" 409 83 "https://drananthusdentalstudio.com/sitemap.rss?path=/home4/fazzewmy/public_html/drananthusdentalstudio/wp-content/plugins/wpforms-lite/assets" "Mozilla/5.0 AppleWebKit/537.36 (KHTML, like Gecko; compatible; GPTBot/1.4; +https://openai.com/gptbot)" drananthusdentalstudio.com 10.36.254.103
74.7.227.167 - - [19/Aug/2026:09:07:40 -0600] "GET /sitemap.rss?go=cabs&path=/home4/fazzewmy/public_html/drananthusdentalstudio/wp-content/plugins/wpforms-lite/assets HTTP/2.0" 409 83 "https://drananthusdentalstudio.com/sitemap.rss?path=/home4/fazzewmy/public_html/drananthusdentalstudio/wp-content/plugins/wpforms-lite/assets" "Mozilla/5.0 AppleWebKit/537.36 (KHTML, like Gecko; compatible; GPTBot/1.4; +https://openai.com/gptbot)" drananthusdentalstudio.com 10.36.254.103
74.7.227.167 - - [19/Aug/2026:09:08:41 -0600] "GET /sitemap.rss?path=/home4/fazzewmy/public_html/drananthusdentalstudio/wp-content/plugins/wpforms-lite/vendor_prefixed HTTP/1.1" 409 83 "https://drananthusdentalstudio.com/sitemap.rss?path=/home4/fazzewmy/public_html/drananthusdentalstudio/wp-content/plugins/wpforms-lite" "Mozilla/5.0 AppleWebKit/537.36 (KHTML, like Gecko; compatible; GPTBot/1.4; +https://openai.com/gptbot)" drananthusdentalstudio.com 10.36.254.103
74.7.227.167 - - [19/Aug/2026:09:08:41 -0600] "GET /sitemap.rss?path=/home4/fazzewmy/public_html/drananthusdentalstudio/wp-content/plugins/wpforms-lite/vendor_prefixed HTTP/2.0" 409 83 "https://drananthusdentalstudio.com/sitemap.rss?path=/home4/fazzewmy/public_html/drananthusdentalstudio/wp-content/plugins/wpforms-lite" "Mozilla/5.0 AppleWebKit/537.36 (KHTML, like Gecko; compatible; GPTBot/1.4; +https://openai.com/gptbot)" drananthusdentalstudio.com 10.36.254.103
74.7.227.167 - - [19/Aug/2026:09:09:42 -0600] "GET /sitemap.rss?path=/home4/fazzewmy/public_html/drananthusdentalstudio/wp-content/plugins/google-analytics-for-wordpress/includes HTTP/1.1" 200 1296 "https://drananthusdentalstudio.com/sitemap.rss?path=/home4/fazzewmy/public_html/drananthusdentalstudio/wp-content/plugins/google-analytics-for-wordpress" "Mozilla/5.0 AppleWebKit/537.36 (KHTML, like Gecko; compatible; GPTBot/1.4; +https://openai.com/gptbot)" drananthusdentalstudio.com 10.36.254.103
74.7.227.167 - - [19/Aug/2026:09:09:42 -0600] "GET /sitemap.rss?path=/home4/fazzewmy/public_html/drananthusdentalstudio/wp-content/plugins/google-analytics-for-wordpress/includes HTTP/2.0" 200 1296 "https://drananthusdentalstudio.com/sitemap.rss?path=/home4/fazzewmy/public_html/drananthusdentalstudio/wp-content/plugins/google-analytics-for-wordpress" "Mozilla/5.0 AppleWebKit/537.36 (KHTML, like Gecko; compatible; GPTBot/1.4; +https://openai.com/gptbot)" drananthusdentalstudio.com 10.36.254.103
162.214.80.130 - - [19/Aug/2026:09:09:55 -0600] "POST /wp-cron.php?doing_wp_cron=1787152195.2829279899597167968750 HTTP/1.1" 200 - "-" "WordPress/7.0.4; https://drananthusdentalstudio.com" drananthusdentalstudio.com 10.36.254.103
74.7.227.167 - - [19/Aug/2026:09:10:45 -0600] "GET /sitemap.rss?filesrc=/home4/fazzewmy/public_html/drananthusdentalstudio/wp-content/plugins/all-in-one-seo-pack/all_in_one_seo_pack.php&path=/home4/fazzewmy/public_html/drananthusdentalstudio/wp-content/plugins/all-in-one-seo-pack HTTP/2.0" 409 83 "https://drananthusdentalstudio.com/sitemap.rss?path=/home4/fazzewmy/public_html/drananthusdentalstudio/wp-content/plugins/all-in-one-seo-pack" "Mozilla/5.0 AppleWebKit/537.36 (KHTML, like Gecko; compatible; GPTBot/1.4; +https://openai.com/gptbot)" drananthusdentalstudio.com 10.36.254.103
74.7.227.167 - - [19/Aug/2026:09:11:42 -0600] "GET /sitemap.rss?path=/home4/fazzewmy/public_html/drananthusdentalstudio/wp-content/plugins/all-in-one-seo-pack/vendor HTTP/1.1" 200 1296 "https://drananthusdentalstudio.com/sitemap.rss?path=/home4/fazzewmy/public_html/drananthusdentalstudio/wp-content/plugins/all-in-one-seo-pack" "Mozilla/5.0 AppleWebKit/537.36 (KHTML, like Gecko; compatible; GPTBot/1.4; +https://openai.com/gptbot)" drananthusdentalstudio.com 10.36.254.103
74.7.227.167 - - [19/Aug/2026:09:11:42 -0600] "GET /sitemap.rss?path=/home4/fazzewmy/public_html/drananthusdentalstudio/wp-content/plugins/all-in-one-seo-pack/vendor HTTP/2.0" 200 1296 "https://drananthusdentalstudio.com/sitemap.rss?path=/home4/fazzewmy/public_html/drananthusdentalstudio/wp-content/plugins/all-in-one-seo-pack" "Mozilla/5.0 AppleWebKit/537.36 (KHTML, like Gecko; compatible; GPTBot/1.4; +https://openai.com/gptbot)" drananthusdentalstudio.com 10.36.254.103
162.214.80.130 - - [19/Aug/2026:09:12:31 -0600] "POST /wp-cron.php?doing_wp_cron=1787152350.3624649047851562500000 HTTP/1.1" 200 - "-" "WordPress/7.0.4; https://drananthusdentalstudio.com" drananthusdentalstudio.com 10.36.254.103
74.7.227.167 - - [19/Aug/2026:09:12:43 -0600] "GET /sitemap.rss?go=cabs&path=/home4/fazzewmy/public_html/drananthusdentalstudio/wp-content/plugins/all-in-one-seo-pack HTTP/1.1" 200 1296 "https://drananthusdentalstudio.com/sitemap.rss?path=/home4/fazzewmy/public_html/drananthusdentalstudio/wp-content/plugins/all-in-one-seo-pack" "Mozilla/5.0 AppleWebKit/537.36 (KHTML, like Gecko; compatible; GPTBot/1.4; +https://openai.com/gptbot)" drananthusdentalstudio.com 10.36.254.103
74.7.227.167 - - [19/Aug/2026:09:12:43 -0600] "GET /sitemap.rss?go=cabs&path=/home4/fazzewmy/public_html/drananthusdentalstudio/wp-content/plugins/all-in-one-seo-pack HTTP/2.0" 200 1296 "https://drananthusdentalstudio.com/sitemap.rss?path=/home4/fazzewmy/public_html/drananthusdentalstudio/wp-content/plugins/all-in-one-seo-pack" "Mozilla/5.0 AppleWebKit/537.36 (KHTML, like Gecko; compatible; GPTBot/1.4; +https://openai.com/gptbot)" drananthusdentalstudio.com 10.36.254.103
74.7.227.167 - - [19/Aug/2026:09:13:48 -0600] "GET /sitemap.rss?path=/home4/fazzewmy/public_html/drananthusdentalstudio/wp-content/plugins/broken-link-checker-seo/app HTTP/1.1" 200 1296 "https://drananthusdentalstudio.com/sitemap.rss?path=/home4/fazzewmy/public_html/drananthusdentalstudio/wp-content/plugins/broken-link-checker-seo" "Mozilla/5.0 AppleWebKit/537.36 (KHTML, like Gecko; compatible; GPTBot/1.4; +https://openai.com/gptbot)" drananthusdentalstudio.com 10.36.254.103
74.7.227.167 - - [19/Aug/2026:09:13:48 -0600] "GET /sitemap.rss?path=/home4/fazzewmy/public_html/drananthusdentalstudio/wp-content/plugins/broken-link-checker-seo/app HTTP/2.0" 200 1296 "https://drananthusdentalstudio.com/sitemap.rss?path=/home4/fazzewmy/public_html/drananthusdentalstudio/wp-content/plugins/broken-link-checker-seo" "Mozilla/5.0 AppleWebKit/537.36 (KHTML, like Gecko; compatible; GPTBot/1.4; +https://openai.com/gptbot)" drananthusdentalstudio.com 10.36.254.103
162.214.80.130 - - [19/Aug/2026:09:14:00 -0600] "POST /wp-cron.php?doing_wp_cron=1787152440.2817358970642089843750 HTTP/1.1" 200 - "-" "WordPress/7.0.4; https://drananthusdentalstudio.com" drananthusdentalstudio.com 10.36.254.103
74.7.227.167 - - [19/Aug/2026:09:14:51 -0600] "GET /sitemap.rss?path=/home4/fazzewmy/public_html/drananthusdentalstudio/wp-content/plugins/broken-link-checker-seo/dist HTTP/1.1" 200 1295 "https://drananthusdentalstudio.com/sitemap.rss?path=/home4/fazzewmy/public_html/drananthusdentalstudio/wp-content/plugins/broken-link-checker-seo" "Mozilla/5.0 AppleWebKit/537.36 (KHTML, like Gecko; compatible; GPTBot/1.4; +https://openai.com/gptbot)" drananthusdentalstudio.com 10.36.254.103
74.7.227.167 - - [19/Aug/2026:09:14:51 -0600] "GET /sitemap.rss?path=/home4/fazzewmy/public_html/drananthusdentalstudio/wp-content/plugins/broken-link-checker-seo/dist HTTP/2.0" 200 1295 "https://drananthusdentalstudio.com/sitemap.rss?path=/home4/fazzewmy/public_html/drananthusdentalstudio/wp-content/plugins/broken-link-checker-seo" "Mozilla/5.0 AppleWebKit/537.36 (KHTML, like Gecko; compatible; GPTBot/1.4; +https://openai.com/gptbot)" drananthusdentalstudio.com 10.36.254.103
74.7.227.167 - - [19/Aug/2026:09:15:52 -0600] "GET /sitemap.rss?filesrc=/home4/fazzewmy/public_html/drananthusdentalstudio/wp-content/plugins/wpforms-lite/changelog.txt&path=/home4/fazzewmy/public_html/drananthusdentalstudio/wp-content/plugins/wpforms-lite HTTP/1.1" 200 1295 "https://drananthusdentalstudio.com/sitemap.rss?path=/home4/fazzewmy/public_html/drananthusdentalstudio/wp-content/plugins/wpforms-lite" "Mozilla/5.0 AppleWebKit/537.36 (KHTML, like Gecko; compatible; GPTBot/1.4; +https://openai.com/gptbot)" drananthusdentalstudio.com 10.36.254.103
74.7.227.167 - - [19/Aug/2026:09:15:52 -0600] "GET /sitemap.rss?filesrc=/home4/fazzewmy/public_html/drananthusdentalstudio/wp-content/plugins/wpforms-lite/changelog.txt&path=/home4/fazzewmy/public_html/drananthusdentalstudio/wp-content/plugins/wpforms-lite HTTP/2.0" 200 1295 "https://drananthusdentalstudio.com/sitemap.rss?path=/home4/fazzewmy/public_html/drananthusdentalstudio/wp-content/plugins/wpforms-lite" "Mozilla/5.0 AppleWebKit/537.36 (KHTML, like Gecko; compatible; GPTBot/1.4; +https://openai.com/gptbot)" drananthusdentalstudio.com 10.36.254.103
162.214.80.130 - - [19/Aug/2026:09:16:06 -0600] "POST /wp-cron.php?doing_wp_cron=1787152565.3726100921630859375000 HTTP/1.1" 200 - "-" "WordPress/7.0.4; https://drananthusdentalstudio.com" drananthusdentalstudio.com 10.36.254.103
74.7.227.167 - - [19/Aug/2026:09:16:58 -0600] "GET /sitemap.rss?filesrc=/home4/fazzewmy/public_html/drananthusdentalstudio/wp-content/plugins/wpforms-lite/readme.txt&path=/home4/fazzewmy/public_html/drananthusdentalstudio/wp-content/plugins/wpforms-lite HTTP/2.0" 406 226 "https://drananthusdentalstudio.com/sitemap.rss?path=/home4/fazzewmy/public_html/drananthusdentalstudio/wp-content/plugins/wpforms-lite" "Mozilla/5.0 AppleWebKit/537.36 (KHTML, like Gecko; compatible; GPTBot/1.4; +https://openai.com/gptbot)" drananthusdentalstudio.com 10.36.254.103
74.7.227.167 - - [19/Aug/2026:09:18:04 -0600] "GET /sitemap.rss?filesrc=/home4/fazzewmy/public_html/drananthusdentalstudio/wp-content/plugins/all-in-one-seo-pack/fiu.php&path=/home4/fazzewmy/public_html/drananthusdentalstudio/wp-content/plugins/all-in-one-seo-pack HTTP/2.0" 409 83 "https://drananthusdentalstudio.com/sitemap.rss?path=/home4/fazzewmy/public_html/drananthusdentalstudio/wp-content/plugins/all-in-one-seo-pack" "Mozilla/5.0 AppleWebKit/537.36 (KHTML, like Gecko; compatible; GPTBot/1.4; +https://openai.com/gptbot)" drananthusdentalstudio.com 10.36.254.103
87.236.176.247 - - [19/Aug/2026:09:19:09 -0600] "GET / HTTP/1.1" 400 52 "-" "Mozilla/5.0 (compatible; InternetMeasurement/1.0; +https://internet-measurement.com/)" autodiscover.drananthusdentalstudio.com 10.36.254.103
74.7.227.167 - - [19/Aug/2026:09:19:06 -0600] "GET /sitemap.rss?path=/home4/fazzewmy/public_html/drananthusdentalstudio/wp-content/plugins/otter-blocks HTTP/1.1" 200 1296 "https://drananthusdentalstudio.com/sitemap.rss?path=/home4/fazzewmy/public_html/drananthusdentalstudio/wp-content/plugins" "Mozilla/5.0 AppleWebKit/537.36 (KHTML, like Gecko; compatible; GPTBot/1.4; +https://openai.com/gptbot)" drananthusdentalstudio.com 10.36.254.103
74.7.227.167 - - [19/Aug/2026:09:19:05 -0600] "GET /sitemap.rss?path=/home4/fazzewmy/public_html/drananthusdentalstudio/wp-content/plugins/otter-blocks HTTP/2.0" 200 1296 "https://drananthusdentalstudio.com/sitemap.rss?path=/home4/fazzewmy/public_html/drananthusdentalstudio/wp-content/plugins" "Mozilla/5.0 AppleWebKit/537.36 (KHTML, like Gecko; compatible; GPTBot/1.4; +https://openai.com/gptbot)" drananthusdentalstudio.com 10.36.254.103
162.214.80.130 - - [19/Aug/2026:09:20:07 -0600] "POST /wp-cron.php?doing_wp_cron=1787152807.3115589618682861328125 HTTP/1.1" 200 - "-" "WordPress/7.0.4; https://drananthusdentalstudio.com" drananthusdentalstudio.com 10.36.254.103
74.7.227.167 - - [19/Aug/2026:09:21:12 -0600] "GET /sitemap.rss?filesrc=/home4/fazzewmy/public_html/drananthusdentalstudio/wp-content/plugins/all-in-one-seo-pack/uninstall.php&path=/home4/fazzewmy/public_html/drananthusdentalstudio/wp-content/plugins/all-in-one-seo-pack HTTP/2.0" 409 83 "https://drananthusdentalstudio.com/sitemap.rss?path=/home4/fazzewmy/public_html/drananthusdentalstudio/wp-content/plugins/all-in-one-seo-pack" "Mozilla/5.0 AppleWebKit/537.36 (KHTML, like Gecko; compatible; GPTBot/1.4; +https://openai.com/gptbot)" drananthusdentalstudio.com 10.36.254.103
