16.203.191.38 - - [19/Aug/2026:14:50:36 -0600] "GET /wp-includes/js/dist/dom-ready.min.js?ver=a06281ae5cf5500e9317 HTTP/2.0" 200 473 "https://faceandfollicle.com/" "Mozilla/5.0 (Windows NT 10.0; Win64; x64) AppleWebKit/537.36 (KHTML, like Gecko) Chrome/149.0.0.0 Safari/537.36" faceandfollicle.com 10.36.254.103
16.203.191.38 - - [19/Aug/2026:14:50:36 -0600] "GET /wp-includes/js/dist/escape-html.min.js?ver=3f093e5cca67aa0f8b56 HTTP/2.0" 200 581 "https://faceandfollicle.com/" "Mozilla/5.0 (Windows NT 10.0; Win64; x64) AppleWebKit/537.36 (KHTML, like Gecko) Chrome/149.0.0.0 Safari/537.36" faceandfollicle.com 10.36.254.103
16.203.191.38 - - [19/Aug/2026:14:50:36 -0600] "GET /wp-includes/js/dist/hooks.min.js?ver=7496969728ca0f95732d HTTP/2.0" 200 1898 "https://faceandfollicle.com/" "Mozilla/5.0 (Windows NT 10.0; Win64; x64) AppleWebKit/537.36 (KHTML, like Gecko) Chrome/149.0.0.0 Safari/537.36" faceandfollicle.com 10.36.254.103
16.203.191.38 - - [19/Aug/2026:14:50:36 -0600] "GET /wp-includes/js/dist/i18n.min.js?ver=781d11515ad3d91786ec HTTP/2.0" 200 2570 "https://faceandfollicle.com/" "Mozilla/5.0 (Windows NT 10.0; Win64; x64) AppleWebKit/537.36 (KHTML, like Gecko) Chrome/149.0.0.0 Safari/537.36" faceandfollicle.com 10.36.254.103
16.203.191.38 - - [19/Aug/2026:14:50:36 -0600] "GET /wp-includes/js/dist/vendor/wp-polyfill.min.js?ver=3.15.0 HTTP/2.0" 200 14414 "https://faceandfollicle.com/" "Mozilla/5.0 (Windows NT 10.0; Win64; x64) AppleWebKit/537.36 (KHTML, like Gecko) Chrome/149.0.0.0 Safari/537.36" faceandfollicle.com 10.36.254.103
16.203.191.38 - - [19/Aug/2026:14:50:36 -0600] "GET /wp-content/plugins/jetpack/_inc/blocks/swiper.js?ver=16.1.1 HTTP/2.0" 200 63279 "https://faceandfollicle.com/" "Mozilla/5.0 (Windows NT 10.0; Win64; x64) AppleWebKit/537.36 (KHTML, like Gecko) Chrome/149.0.0.0 Safari/537.36" faceandfollicle.com 10.36.254.103
35.144.130.113 - - [19/Aug/2026:14:50:36 -0600] "GET /favicon.ico HTTP/1.1" 409 83 "https://faceandfollicle.com/consultation-diagnostic-services/" "Mozilla/5.0 (Windows NT 10.0; Win64; x64) AppleWebKit/537.36 (KHTML, like Gecko) Chrome/151.0.0.0 Safari/537.36" faceandfollicle.com 10.36.254.103
35.144.130.113 - - [19/Aug/2026:14:50:36 -0600] "GET /favicon.ico HTTP/2.0" 409 83 "https://faceandfollicle.com/consultation-diagnostic-services/" "Mozilla/5.0 (Windows NT 10.0; Win64; x64) AppleWebKit/537.36 (KHTML, like Gecko) Chrome/151.0.0.0 Safari/537.36" faceandfollicle.com 10.36.254.103
16.203.191.38 - - [19/Aug/2026:14:50:36 -0600] "GET /wp-content/plugins/wpforms-lite/assets/lib/mailcheck.min.js?ver=1.1.2 HTTP/2.0" 200 1736 "https://faceandfollicle.com/" "Mozilla/5.0 (Windows NT 10.0; Win64; x64) AppleWebKit/537.36 (KHTML, like Gecko) Chrome/149.0.0.0 Safari/537.36" faceandfollicle.com 10.36.254.103
16.203.191.38 - - [19/Aug/2026:14:50:36 -0600] "GET /wp-content/plugins/wpforms-lite/assets/lib/jquery.validate.min.js?ver=1.21.0 HTTP/2.0" 200 10016 "https://faceandfollicle.com/" "Mozilla/5.0 (Windows NT 10.0; Win64; x64) AppleWebKit/537.36 (KHTML, like Gecko) Chrome/149.0.0.0 Safari/537.36" faceandfollicle.com 10.36.254.103
92.112.80.14 - - [19/Aug/2026:14:50:36 -0600] "GET /consultation-diagnostic-services/ HTTP/1.1" 404 - "-" "Mozilla/5.0 (Windows NT 10.0; Win64; x64) AppleWebKit/537.36 (KHTML, like Gecko) Chrome/151.0.0.0 Safari/537.36" faceandfollicle.com 10.36.254.103
92.112.80.14 - - [19/Aug/2026:14:50:36 -0600] "GET /consultation-diagnostic-services/ HTTP/2.0" 404 355 "-" "Mozilla/5.0 (Windows NT 10.0; Win64; x64) AppleWebKit/537.36 (KHTML, like Gecko) Chrome/151.0.0.0 Safari/537.36" faceandfollicle.com 10.36.254.103
16.203.191.38 - - [19/Aug/2026:14:50:36 -0600] "GET /wp-content/plugins/wpforms-lite/assets/lib/punycode.min.js?ver=1.0.0 HTTP/2.0" 200 901 "https://faceandfollicle.com/" "Mozilla/5.0 (Windows NT 10.0; Win64; x64) AppleWebKit/537.36 (KHTML, like Gecko) Chrome/149.0.0.0 Safari/537.36" faceandfollicle.com 10.36.254.103
16.203.191.38 - - [19/Aug/2026:14:50:37 -0600] "GET /wp-content/plugins/wpforms-lite/assets/js/share/utils.min.js?ver=2.0.0.5 HTTP/2.0" 200 806 "https://faceandfollicle.com/" "Mozilla/5.0 (Windows NT 10.0; Win64; x64) AppleWebKit/537.36 (KHTML, like Gecko) Chrome/149.0.0.0 Safari/537.36" faceandfollicle.com 10.36.254.103
16.203.191.38 - - [19/Aug/2026:14:50:37 -0600] "GET /wp-content/plugins/wpforms-lite/assets/js/frontend/wpforms.min.js?ver=2.0.0.5 HTTP/2.0" 200 20527 "https://faceandfollicle.com/" "Mozilla/5.0 (Windows NT 10.0; Win64; x64) AppleWebKit/537.36 (KHTML, like Gecko) Chrome/149.0.0.0 Safari/537.36" faceandfollicle.com 10.36.254.103
92.112.80.14 - - [19/Aug/2026:14:50:37 -0600] "GET /favicon.ico HTTP/1.1" 404 - "https://faceandfollicle.com/consultation-diagnostic-services/" "Mozilla/5.0 (Windows NT 10.0; Win64; x64) AppleWebKit/537.36 (KHTML, like Gecko) Chrome/151.0.0.0 Safari/537.36" faceandfollicle.com 10.36.254.103
92.112.80.14 - - [19/Aug/2026:14:50:37 -0600] "GET /favicon.ico HTTP/2.0" 404 355 "https://faceandfollicle.com/consultation-diagnostic-services/" "Mozilla/5.0 (Windows NT 10.0; Win64; x64) AppleWebKit/537.36 (KHTML, like Gecko) Chrome/151.0.0.0 Safari/537.36" faceandfollicle.com 10.36.254.103
16.203.191.38 - - [19/Aug/2026:14:50:37 -0600] "GET /wp-content/plugins/wpforms-lite/assets/js/frontend/analytics.min.js?ver=2.0.0.5 HTTP/2.0" 200 2575 "https://faceandfollicle.com/" "Mozilla/5.0 (Windows NT 10.0; Win64; x64) AppleWebKit/537.36 (KHTML, like Gecko) Chrome/149.0.0.0 Safari/537.36" faceandfollicle.com 10.36.254.103
16.203.191.38 - - [19/Aug/2026:14:50:37 -0600] "GET /wp-content/plugins/wpforms-lite/assets/js/frontend/fields/address.min.js?ver=2.0.0.5 HTTP/2.0" 200 760 "https://faceandfollicle.com/" "Mozilla/5.0 (Windows NT 10.0; Win64; x64) AppleWebKit/537.36 (KHTML, like Gecko) Chrome/149.0.0.0 Safari/537.36" faceandfollicle.com 10.36.254.103
16.203.191.38 - - [19/Aug/2026:14:50:37 -0600] "GET /wp-content/plugins/click-to-chat-for-whatsapp/new/inc/assets/js/app.js?ver=4.43 HTTP/2.0" 200 6136 "https://faceandfollicle.com/" "Mozilla/5.0 (Windows NT 10.0; Win64; x64) AppleWebKit/537.36 (KHTML, like Gecko) Chrome/149.0.0.0 Safari/537.36" faceandfollicle.com 10.36.254.103
16.203.191.38 - - [19/Aug/2026:14:50:37 -0600] "GET /wp-content/themes/neve/assets/js/build/modern/frontend.js?ver=4.2.11 HTTP/2.0" 200 3622 "https://faceandfollicle.com/" "Mozilla/5.0 (Windows NT 10.0; Win64; x64) AppleWebKit/537.36 (KHTML, like Gecko) Chrome/149.0.0.0 Safari/537.36" faceandfollicle.com 10.36.254.103
185.246.175.92 - - [19/Aug/2026:14:50:37 -0600] "GET /consultation-diagnostic-services/ HTTP/1.1" 409 83 "-" "Mozilla/5.0 (Windows NT 10.0; Win64; x64) AppleWebKit/537.36 (KHTML, like Gecko) Chrome/151.0.0.0 Safari/537.36" faceandfollicle.com 10.36.254.103
185.246.175.92 - - [19/Aug/2026:14:50:37 -0600] "GET /consultation-diagnostic-services/ HTTP/2.0" 409 83 "-" "Mozilla/5.0 (Windows NT 10.0; Win64; x64) AppleWebKit/537.36 (KHTML, like Gecko) Chrome/151.0.0.0 Safari/537.36" faceandfollicle.com 10.36.254.103
51.241.126.128 - - [19/Aug/2026:14:50:37 -0600] "GET /consultation-diagnostic-services/ HTTP/1.1" 409 83 "-" "Mozilla/5.0 (Windows NT 10.0; Win64; x64) AppleWebKit/537.36 (KHTML, like Gecko) Chrome/151.0.0.0 Safari/537.36" faceandfollicle.com 10.36.254.103
51.241.126.128 - - [19/Aug/2026:14:50:37 -0600] "GET /consultation-diagnostic-services/ HTTP/2.0" 409 83 "-" "Mozilla/5.0 (Windows NT 10.0; Win64; x64) AppleWebKit/537.36 (KHTML, like Gecko) Chrome/151.0.0.0 Safari/537.36" faceandfollicle.com 10.36.254.103
16.203.191.38 - - [19/Aug/2026:14:50:37 -0600] "GET /wp-content/plugins/otter-blocks/assets/fontawesome/webfonts/fa-solid-900.woff2 HTTP/2.0" 200 78268 "https://faceandfollicle.com/wp-content/plugins/otter-blocks/assets/fontawesome/css/all.min.css?ver=4a2f8aefca58d30a490f" "Mozilla/5.0 (Windows NT 10.0; Win64; x64) AppleWebKit/537.36 (KHTML, like Gecko) Chrome/149.0.0.0 Safari/537.36" faceandfollicle.com 10.36.254.103
16.203.191.38 - - [19/Aug/2026:14:50:37 -0600] "GET /wp-content/plugins/otter-blocks/assets/fontawesome/webfonts/fa-brands-400.woff2 HTTP/2.0" 200 76736 "https://faceandfollicle.com/wp-content/plugins/otter-blocks/assets/fontawesome/css/all.min.css?ver=4a2f8aefca58d30a490f" "Mozilla/5.0 (Windows NT 10.0; Win64; x64) AppleWebKit/537.36 (KHTML, like Gecko) Chrome/149.0.0.0 Safari/537.36" faceandfollicle.com 10.36.254.103
16.203.191.38 - - [19/Aug/2026:14:50:37 -0600] "GET /wp-content/themes/neve/assets/js/build/modern/scroll-to-top.js?ver=4.2.11 HTTP/2.0" 200 596 "https://faceandfollicle.com/" "Mozilla/5.0 (Windows NT 10.0; Win64; x64) AppleWebKit/537.36 (KHTML, like Gecko) Chrome/149.0.0.0 Safari/537.36" faceandfollicle.com 10.36.254.103
16.203.191.38 - - [19/Aug/2026:14:50:37 -0600] "GET /wp-content/plugins/otter-blocks/build/animation/frontend.js?ver=bba681f823090ae1664e HTTP/2.0" 200 1915 "https://faceandfollicle.com/" "Mozilla/5.0 (Windows NT 10.0; Win64; x64) AppleWebKit/537.36 (KHTML, like Gecko) Chrome/149.0.0.0 Safari/537.36" faceandfollicle.com 10.36.254.103
16.203.191.38 - - [19/Aug/2026:14:50:37 -0600] "GET /wp-content/plugins/jetpack/_inc/blocks/slideshow/view.js?minify=false&ver=16.1.1 HTTP/2.0" 200 6034 "https://faceandfollicle.com/" "Mozilla/5.0 (Windows NT 10.0; Win64; x64) AppleWebKit/537.36 (KHTML, like Gecko) Chrome/149.0.0.0 Safari/537.36" faceandfollicle.com 10.36.254.103
16.203.191.38 - - [19/Aug/2026:14:50:37 -0600] "GET /wp-content/plugins/otter-blocks/build/animation/anim-typing.js?ver=9d99ab3624bc751af927 HTTP/2.0" 200 1085 "https://faceandfollicle.com/" "Mozilla/5.0 (Windows NT 10.0; Win64; x64) AppleWebKit/537.36 (KHTML, like Gecko) Chrome/149.0.0.0 Safari/537.36" faceandfollicle.com 10.36.254.103
185.246.175.92 - - [19/Aug/2026:14:50:38 -0600] "GET /consultation-diagnostic-services/ HTTP/1.1" 404 - "https://faceandfollicle.com/consultation-diagnostic-services/" "Mozilla/5.0 (Windows NT 10.0; Win64; x64) AppleWebKit/537.36 (KHTML, like Gecko) Chrome/151.0.0.0 Safari/537.36" faceandfollicle.com 10.36.254.103
185.246.175.92 - - [19/Aug/2026:14:50:37 -0600] "GET /consultation-diagnostic-services/ HTTP/2.0" 404 355 "https://faceandfollicle.com/consultation-diagnostic-services/" "Mozilla/5.0 (Windows NT 10.0; Win64; x64) AppleWebKit/537.36 (KHTML, like Gecko) Chrome/151.0.0.0 Safari/537.36" faceandfollicle.com 10.36.254.103
23.251.4.242 - - [19/Aug/2026:14:50:38 -0600] "GET /consultation-diagnostic-services/ HTTP/1.1" 409 83 "https://faceandfollicle.com/" "Mozilla/5.0 (Macintosh; Intel Mac OS X 10_15_7) AppleWebKit/605.1.15 (KHTML, like Gecko) Version/26.2 Safari/605.1.15" faceandfollicle.com 10.36.254.103
23.251.4.242 - - [19/Aug/2026:14:50:38 -0600] "GET /consultation-diagnostic-services/ HTTP/2.0" 409 83 "https://faceandfollicle.com/" "Mozilla/5.0 (Macintosh; Intel Mac OS X 10_15_7) AppleWebKit/605.1.15 (KHTML, like Gecko) Version/26.2 Safari/605.1.15" faceandfollicle.com 10.36.254.103
192.0.116.82 - - [19/Aug/2026:14:50:38 -0600] "GET /wp-content/uploads/2022/08/Dental.jpg HTTP/2.0" 200 49326 "-" "Photon/1.0" faceandfollicle.com 10.36.254.103
185.246.175.92 - - [19/Aug/2026:14:50:38 -0600] "GET /favicon.ico HTTP/1.1" 409 83 "https://faceandfollicle.com/consultation-diagnostic-services/" "Mozilla/5.0 (Windows NT 10.0; Win64; x64) AppleWebKit/537.36 (KHTML, like Gecko) Chrome/151.0.0.0 Safari/537.36" faceandfollicle.com 10.36.254.103
185.246.175.92 - - [19/Aug/2026:14:50:38 -0600] "GET /favicon.ico HTTP/2.0" 409 83 "https://faceandfollicle.com/consultation-diagnostic-services/" "Mozilla/5.0 (Windows NT 10.0; Win64; x64) AppleWebKit/537.36 (KHTML, like Gecko) Chrome/151.0.0.0 Safari/537.36" faceandfollicle.com 10.36.254.103
192.0.113.177 - - [19/Aug/2026:14:50:38 -0600] "GET /wp-content/uploads/2023/02/sreepath-labs.jpg HTTP/2.0" 200 34056 "-" "Photon/1.0" faceandfollicle.com 10.36.254.103
192.0.118.116 - - [19/Aug/2026:14:50:38 -0600] "GET /wp-content/uploads/2022/08/Cosmetic.jpg HTTP/2.0" 200 148289 "-" "Photon/1.0" faceandfollicle.com 10.36.254.103
51.241.126.128 - - [19/Aug/2026:14:50:38 -0600] "GET /consultation-diagnostic-services/ HTTP/1.1" 404 - "https://faceandfollicle.com/consultation-diagnostic-services/" "Mozilla/5.0 (Windows NT 10.0; Win64; x64) AppleWebKit/537.36 (KHTML, like Gecko) Chrome/151.0.0.0 Safari/537.36" faceandfollicle.com 10.36.254.103
51.241.126.128 - - [19/Aug/2026:14:50:38 -0600] "GET /consultation-diagnostic-services/ HTTP/2.0" 404 355 "https://faceandfollicle.com/consultation-diagnostic-services/" "Mozilla/5.0 (Windows NT 10.0; Win64; x64) AppleWebKit/537.36 (KHTML, like Gecko) Chrome/151.0.0.0 Safari/537.36" faceandfollicle.com 10.36.254.103
24.32.108.167 - - [19/Aug/2026:14:50:39 -0600] "GET / HTTP/1.1" 409 83 "-" "Mozilla/5.0 (Windows NT 10.0; Win64; x64) AppleWebKit/537.36 (KHTML, like Gecko) Chrome/150.0.0.0 Safari/537.36" faceandfollicle.com 10.36.254.103
24.32.108.167 - - [19/Aug/2026:14:50:39 -0600] "GET / HTTP/2.0" 409 83 "-" "Mozilla/5.0 (Windows NT 10.0; Win64; x64) AppleWebKit/537.36 (KHTML, like Gecko) Chrome/150.0.0.0 Safari/537.36" faceandfollicle.com 10.36.254.103
16.203.191.38 - - [19/Aug/2026:14:50:39 -0600] "GET /wp-includes/js/wp-emoji-release.min.js?ver=7.0.4 HTTP/2.0" 200 5658 "https://faceandfollicle.com/" "Mozilla/5.0 (Windows NT 10.0; Win64; x64) AppleWebKit/537.36 (KHTML, like Gecko) Chrome/149.0.0.0 Safari/537.36" faceandfollicle.com 10.36.254.103
51.241.126.128 - - [19/Aug/2026:14:50:39 -0600] "GET /favicon.ico HTTP/1.1" 409 83 "https://faceandfollicle.com/consultation-diagnostic-services/" "Mozilla/5.0 (Windows NT 10.0; Win64; x64) AppleWebKit/537.36 (KHTML, like Gecko) Chrome/151.0.0.0 Safari/537.36" faceandfollicle.com 10.36.254.103
51.241.126.128 - - [19/Aug/2026:14:50:39 -0600] "GET /favicon.ico HTTP/2.0" 409 83 "https://faceandfollicle.com/consultation-diagnostic-services/" "Mozilla/5.0 (Windows NT 10.0; Win64; x64) AppleWebKit/537.36 (KHTML, like Gecko) Chrome/151.0.0.0 Safari/537.36" faceandfollicle.com 10.36.254.103
24.32.108.167 - - [19/Aug/2026:14:50:39 -0600] "GET / HTTP/1.1" 200 50690 "https://faceandfollicle.com/" "Mozilla/5.0 (Windows NT 10.0; Win64; x64) AppleWebKit/537.36 (KHTML, like Gecko) Chrome/150.0.0.0 Safari/537.36" faceandfollicle.com 10.36.254.103
24.32.108.167 - - [19/Aug/2026:14:50:39 -0600] "GET / HTTP/2.0" 200 50690 "https://faceandfollicle.com/" "Mozilla/5.0 (Windows NT 10.0; Win64; x64) AppleWebKit/537.36 (KHTML, like Gecko) Chrome/150.0.0.0 Safari/537.36" faceandfollicle.com 10.36.254.103
24.32.108.167 - - [19/Aug/2026:14:50:40 -0600] "GET /wp-content/plugins/click-to-chat-for-whatsapp/new/inc/assets/css/main.css?ver=4.43 HTTP/2.0" 200 1120 "https://faceandfollicle.com/" "Mozilla/5.0 (Windows NT 10.0; Win64; x64) AppleWebKit/537.36 (KHTML, like Gecko) Chrome/150.0.0.0 Safari/537.36" faceandfollicle.com 10.36.254.103
24.32.108.167 - - [19/Aug/2026:14:50:40 -0600] "GET /wp-includes/blocks/cover/style.min.css?ver=7.0.4 HTTP/2.0" 200 2035 "https://faceandfollicle.com/" "Mozilla/5.0 (Windows NT 10.0; Win64; x64) AppleWebKit/537.36 (KHTML, like Gecko) Chrome/150.0.0.0 Safari/537.36" faceandfollicle.com 10.36.254.103
38.34.231.251 - - [19/Aug/2026:14:50:40 -0600] "GET /consultation-diagnostic-services/ HTTP/1.1" 409 83 "https://faceandfollicle.com/" "Mozilla/5.0 (Windows NT 10.0; Win64; x64) AppleWebKit/537.36 (KHTML, like Gecko) Chrome/150.0.0.0 Safari/537.36" faceandfollicle.com 10.36.254.103
38.34.231.251 - - [19/Aug/2026:14:50:40 -0600] "GET /consultation-diagnostic-services/ HTTP/2.0" 409 83 "https://faceandfollicle.com/" "Mozilla/5.0 (Windows NT 10.0; Win64; x64) AppleWebKit/537.36 (KHTML, like Gecko) Chrome/150.0.0.0 Safari/537.36" faceandfollicle.com 10.36.254.103
24.32.108.167 - - [19/Aug/2026:14:50:40 -0600] "GET /wp-content/plugins/otter-blocks/build/blocks/advanced-columns/style.css?ver=4a2f8aefca58d30a490f HTTP/2.0" 200 1894 "https://faceandfollicle.com/" "Mozilla/5.0 (Windows NT 10.0; Win64; x64) AppleWebKit/537.36 (KHTML, like Gecko) Chrome/150.0.0.0 Safari/537.36" faceandfollicle.com 10.36.254.103
24.32.108.167 - - [19/Aug/2026:14:50:40 -0600] "GET /wp-includes/js/jquery/jquery-migrate.min.js?ver=3.4.1 HTTP/2.0" 200 5422 "https://faceandfollicle.com/" "Mozilla/5.0 (Windows NT 10.0; Win64; x64) AppleWebKit/537.36 (KHTML, like Gecko) Chrome/150.0.0.0 Safari/537.36" faceandfollicle.com 10.36.254.103
24.32.108.167 - - [19/Aug/2026:14:50:40 -0600] "GET /wp-content/plugins/jetpack/_inc/blocks/swiper.css?ver=16.1.1 HTTP/2.0" 200 3211 "https://faceandfollicle.com/" "Mozilla/5.0 (Windows NT 10.0; Win64; x64) AppleWebKit/537.36 (KHTML, like Gecko) Chrome/150.0.0.0 Safari/537.36" faceandfollicle.com 10.36.254.103
24.32.108.167 - - [19/Aug/2026:14:50:40 -0600] "GET /wp-content/uploads/themeisle-gutenberg/post-v2-215-1725082438.css?ver=3.2.2 HTTP/2.0" 200 7690 "https://faceandfollicle.com/" "Mozilla/5.0 (Windows NT 10.0; Win64; x64) AppleWebKit/537.36 (KHTML, like Gecko) Chrome/150.0.0.0 Safari/537.36" faceandfollicle.com 10.36.254.103
24.32.108.167 - - [19/Aug/2026:14:50:40 -0600] "GET /wp-content/plugins/otter-blocks/assets/fontawesome/css/v4-shims.min.css?ver=4a2f8aefca58d30a490f HTTP/2.0" 200 4437 "https://faceandfollicle.com/" "Mozilla/5.0 (Windows NT 10.0; Win64; x64) AppleWebKit/537.36 (KHTML, like Gecko) Chrome/150.0.0.0 Safari/537.36" faceandfollicle.com 10.36.254.103
24.32.108.167 - - [19/Aug/2026:14:50:40 -0600] "GET /wp-content/themes/neve/style-main-new.min.css?ver=4.2.11 HTTP/2.0" 200 12376 "https://faceandfollicle.com/" "Mozilla/5.0 (Windows NT 10.0; Win64; x64) AppleWebKit/537.36 (KHTML, like Gecko) Chrome/150.0.0.0 Safari/537.36" faceandfollicle.com 10.36.254.103
24.32.108.167 - - [19/Aug/2026:14:50:40 -0600] "GET /wp-content/plugins/otter-blocks/assets/fontawesome/css/all.min.css?ver=4a2f8aefca58d30a490f HTTP/2.0" 200 12853 "https://faceandfollicle.com/" "Mozilla/5.0 (Windows NT 10.0; Win64; x64) AppleWebKit/537.36 (KHTML, like Gecko) Chrome/150.0.0.0 Safari/537.36" faceandfollicle.com 10.36.254.103
24.32.108.167 - - [19/Aug/2026:14:50:40 -0600] "GET /wp-content/plugins/wpforms-lite/assets/css/frontend/classic/wpforms-full.min.css?ver=2.0.0.5 HTTP/2.0" 200 18807 "https://faceandfollicle.com/" "Mozilla/5.0 (Windows NT 10.0; Win64; x64) AppleWebKit/537.36 (KHTML, like Gecko) Chrome/150.0.0.0 Safari/537.36" faceandfollicle.com 10.36.254.103
24.32.108.167 - - [19/Aug/2026:14:50:40 -0600] "GET /wp-includes/js/jquery/jquery.min.js?ver=3.7.1 HTTP/2.0" 200 38349 "https://faceandfollicle.com/" "Mozilla/5.0 (Windows NT 10.0; Win64; x64) AppleWebKit/537.36 (KHTML, like Gecko) Chrome/150.0.0.0 Safari/537.36" faceandfollicle.com 10.36.254.103
24.32.108.167 - - [19/Aug/2026:14:50:40 -0600] "GET /wp-content/plugins/creative-mail-by-constant-contact/assets/js/block/submit.js?ver=1715039270 HTTP/2.0" 200 1450 "https://faceandfollicle.com/" "Mozilla/5.0 (Windows NT 10.0; Win64; x64) AppleWebKit/537.36 (KHTML, like Gecko) Chrome/150.0.0.0 Safari/537.36" faceandfollicle.com 10.36.254.103
24.32.108.167 - - [19/Aug/2026:14:50:41 -0600] "GET /wp-includes/js/dist/dom-ready.min.js?ver=a06281ae5cf5500e9317 HTTP/2.0" 200 473 "https://faceandfollicle.com/" "Mozilla/5.0 (Windows NT 10.0; Win64; x64) AppleWebKit/537.36 (KHTML, like Gecko) Chrome/150.0.0.0 Safari/537.36" faceandfollicle.com 10.36.254.103
24.32.108.167 - - [19/Aug/2026:14:50:41 -0600] "GET /wp-includes/js/dist/escape-html.min.js?ver=3f093e5cca67aa0f8b56 HTTP/2.0" 200 581 "https://faceandfollicle.com/" "Mozilla/5.0 (Windows NT 10.0; Win64; x64) AppleWebKit/537.36 (KHTML, like Gecko) Chrome/150.0.0.0 Safari/537.36" faceandfollicle.com 10.36.254.103
24.32.108.167 - - [19/Aug/2026:14:50:41 -0600] "GET /wp-includes/js/dist/hooks.min.js?ver=7496969728ca0f95732d HTTP/2.0" 200 1898 "https://faceandfollicle.com/" "Mozilla/5.0 (Windows NT 10.0; Win64; x64) AppleWebKit/537.36 (KHTML, like Gecko) Chrome/150.0.0.0 Safari/537.36" faceandfollicle.com 10.36.254.103
24.32.108.167 - - [19/Aug/2026:14:50:41 -0600] "GET /wp-includes/js/dist/i18n.min.js?ver=781d11515ad3d91786ec HTTP/2.0" 200 2570 "https://faceandfollicle.com/" "Mozilla/5.0 (Windows NT 10.0; Win64; x64) AppleWebKit/537.36 (KHTML, like Gecko) Chrome/150.0.0.0 Safari/537.36" faceandfollicle.com 10.36.254.103
24.32.108.167 - - [19/Aug/2026:14:50:41 -0600] "GET /wp-includes/js/imagesloaded.min.js?ver=5.0.0 HTTP/2.0" 200 2112 "https://faceandfollicle.com/" "Mozilla/5.0 (Windows NT 10.0; Win64; x64) AppleWebKit/537.36 (KHTML, like Gecko) Chrome/150.0.0.0 Safari/537.36" faceandfollicle.com 10.36.254.103
24.32.108.167 - - [19/Aug/2026:14:50:41 -0600] "GET /wp-includes/js/masonry.min.js?ver=4.2.2 HTTP/2.0" 200 9216 "https://faceandfollicle.com/" "Mozilla/5.0 (Windows NT 10.0; Win64; x64) AppleWebKit/537.36 (KHTML, like Gecko) Chrome/150.0.0.0 Safari/537.36" faceandfollicle.com 10.36.254.103
24.32.108.167 - - [19/Aug/2026:14:50:41 -0600] "GET /wp-includes/js/dist/vendor/wp-polyfill.min.js?ver=3.15.0 HTTP/2.0" 200 14414 "https://faceandfollicle.com/" "Mozilla/5.0 (Windows NT 10.0; Win64; x64) AppleWebKit/537.36 (KHTML, like Gecko) Chrome/150.0.0.0 Safari/537.36" faceandfollicle.com 10.36.254.103
24.32.108.167 - - [19/Aug/2026:14:50:41 -0600] "GET /wp-content/plugins/jetpack/_inc/blocks/swiper.js?ver=16.1.1 HTTP/2.0" 200 63279 "https://faceandfollicle.com/" "Mozilla/5.0 (Windows NT 10.0; Win64; x64) AppleWebKit/537.36 (KHTML, like Gecko) Chrome/150.0.0.0 Safari/537.36" faceandfollicle.com 10.36.254.103
24.32.108.167 - - [19/Aug/2026:14:50:41 -0600] "GET /wp-content/plugins/wpforms-lite/assets/js/share/utils.min.js?ver=2.0.0.5 HTTP/2.0" 200 806 "https://faceandfollicle.com/" "Mozilla/5.0 (Windows NT 10.0; Win64; x64) AppleWebKit/537.36 (KHTML, like Gecko) Chrome/150.0.0.0 Safari/537.36" faceandfollicle.com 10.36.254.103
24.32.108.167 - - [19/Aug/2026:14:50:41 -0600] "GET /wp-content/plugins/wpforms-lite/assets/lib/mailcheck.min.js?ver=1.1.2 HTTP/2.0" 200 1736 "https://faceandfollicle.com/" "Mozilla/5.0 (Windows NT 10.0; Win64; x64) AppleWebKit/537.36 (KHTML, like Gecko) Chrome/150.0.0.0 Safari/537.36" faceandfollicle.com 10.36.254.103
24.32.108.167 - - [19/Aug/2026:14:50:41 -0600] "GET /wp-content/plugins/wpforms-lite/assets/lib/jquery.validate.min.js?ver=1.21.0 HTTP/2.0" 200 10016 "https://faceandfollicle.com/" "Mozilla/5.0 (Windows NT 10.0; Win64; x64) AppleWebKit/537.36 (KHTML, like Gecko) Chrome/150.0.0.0 Safari/537.36" faceandfollicle.com 10.36.254.103
24.32.108.167 - - [19/Aug/2026:14:50:41 -0600] "GET /wp-content/plugins/wpforms-lite/assets/lib/punycode.min.js?ver=1.0.0 HTTP/2.0" 200 901 "https://faceandfollicle.com/" "Mozilla/5.0 (Windows NT 10.0; Win64; x64) AppleWebKit/537.36 (KHTML, like Gecko) Chrome/150.0.0.0 Safari/537.36" faceandfollicle.com 10.36.254.103
24.32.108.167 - - [19/Aug/2026:14:50:41 -0600] "GET /wp-content/plugins/wpforms-lite/assets/js/frontend/fields/address.min.js?ver=2.0.0.5 HTTP/2.0" 200 760 "https://faceandfollicle.com/" "Mozilla/5.0 (Windows NT 10.0; Win64; x64) AppleWebKit/537.36 (KHTML, like Gecko) Chrome/150.0.0.0 Safari/537.36" faceandfollicle.com 10.36.254.103
24.32.108.167 - - [19/Aug/2026:14:50:41 -0600] "GET /wp-content/plugins/click-to-chat-for-whatsapp/new/inc/assets/js/app.js?ver=4.43 HTTP/2.0" 200 6136 "https://faceandfollicle.com/" "Mozilla/5.0 (Windows NT 10.0; Win64; x64) AppleWebKit/537.36 (KHTML, like Gecko) Chrome/150.0.0.0 Safari/537.36" faceandfollicle.com 10.36.254.103
24.32.108.167 - - [19/Aug/2026:14:50:41 -0600] "GET /wp-content/plugins/wpforms-lite/assets/js/frontend/analytics.min.js?ver=2.0.0.5 HTTP/2.0" 200 2575 "https://faceandfollicle.com/" "Mozilla/5.0 (Windows NT 10.0; Win64; x64) AppleWebKit/537.36 (KHTML, like Gecko) Chrome/150.0.0.0 Safari/537.36" faceandfollicle.com 10.36.254.103
24.32.108.167 - - [19/Aug/2026:14:50:41 -0600] "GET /wp-content/plugins/wpforms-lite/assets/js/frontend/wpforms.min.js?ver=2.0.0.5 HTTP/2.0" 200 20527 "https://faceandfollicle.com/" "Mozilla/5.0 (Windows NT 10.0; Win64; x64) AppleWebKit/537.36 (KHTML, like Gecko) Chrome/150.0.0.0 Safari/537.36" faceandfollicle.com 10.36.254.103
24.13.253.150 - - [19/Aug/2026:14:50:41 -0600] "GET /consultation-diagnostic-services/ HTTP/1.1" 409 83 "-" "Mozilla/5.0 (Windows NT 10.0; Win64; x64) AppleWebKit/537.36 (KHTML, like Gecko) Chrome/150.0.0.0 Safari/537.36" faceandfollicle.com 10.36.254.103
24.13.253.150 - - [19/Aug/2026:14:50:41 -0600] "GET /consultation-diagnostic-services/ HTTP/2.0" 409 83 "-" "Mozilla/5.0 (Windows NT 10.0; Win64; x64) AppleWebKit/537.36 (KHTML, like Gecko) Chrome/150.0.0.0 Safari/537.36" faceandfollicle.com 10.36.254.103
24.127.92.117 - - [19/Aug/2026:14:50:41 -0600] "GET / HTTP/1.1" 409 83 "-" "Mozilla/5.0 (Windows NT 10.0; Win64; x64) AppleWebKit/537.36 (KHTML, like Gecko) Chrome/148.0.0.0 Safari/537.36" faceandfollicle.com 10.36.254.103
24.127.92.117 - - [19/Aug/2026:14:50:41 -0600] "GET / HTTP/2.0" 409 83 "-" "Mozilla/5.0 (Windows NT 10.0; Win64; x64) AppleWebKit/537.36 (KHTML, like Gecko) Chrome/148.0.0.0 Safari/537.36" faceandfollicle.com 10.36.254.103
24.32.108.167 - - [19/Aug/2026:14:50:41 -0600] "GET /wp-content/themes/neve/assets/js/build/modern/scroll-to-top.js?ver=4.2.11 HTTP/2.0" 200 596 "https://faceandfollicle.com/" "Mozilla/5.0 (Windows NT 10.0; Win64; x64) AppleWebKit/537.36 (KHTML, like Gecko) Chrome/150.0.0.0 Safari/537.36" faceandfollicle.com 10.36.254.103
24.32.108.167 - - [19/Aug/2026:14:50:41 -0600] "GET /wp-content/plugins/otter-blocks/build/animation/anim-typing.js?ver=9d99ab3624bc751af927 HTTP/2.0" 200 1085 "https://faceandfollicle.com/" "Mozilla/5.0 (Windows NT 10.0; Win64; x64) AppleWebKit/537.36 (KHTML, like Gecko) Chrome/150.0.0.0 Safari/537.36" faceandfollicle.com 10.36.254.103
24.32.108.167 - - [19/Aug/2026:14:50:41 -0600] "GET /wp-content/themes/neve/assets/js/build/modern/frontend.js?ver=4.2.11 HTTP/2.0" 200 3622 "https://faceandfollicle.com/" "Mozilla/5.0 (Windows NT 10.0; Win64; x64) AppleWebKit/537.36 (KHTML, like Gecko) Chrome/150.0.0.0 Safari/537.36" faceandfollicle.com 10.36.254.103
24.32.108.167 - - [19/Aug/2026:14:50:41 -0600] "GET /wp-content/plugins/otter-blocks/build/animation/frontend.js?ver=bba681f823090ae1664e HTTP/2.0" 200 1915 "https://faceandfollicle.com/" "Mozilla/5.0 (Windows NT 10.0; Win64; x64) AppleWebKit/537.36 (KHTML, like Gecko) Chrome/150.0.0.0 Safari/537.36" faceandfollicle.com 10.36.254.103
24.32.108.167 - - [19/Aug/2026:14:50:41 -0600] "GET /wp-content/plugins/jetpack/_inc/blocks/slideshow/view.js?minify=false&ver=16.1.1 HTTP/2.0" 200 6034 "https://faceandfollicle.com/" "Mozilla/5.0 (Windows NT 10.0; Win64; x64) AppleWebKit/537.36 (KHTML, like Gecko) Chrome/150.0.0.0 Safari/537.36" faceandfollicle.com 10.36.254.103
144.230.178.204 - - [19/Aug/2026:14:50:42 -0600] "GET /consultation-diagnostic-services/ HTTP/1.1" 409 83 "-" "Mozilla/5.0 (Windows NT 10.0; Win64; x64) AppleWebKit/537.36 (KHTML, like Gecko) Chrome/151.0.0.0 Safari/537.36" faceandfollicle.com 10.36.254.103
144.230.178.204 - - [19/Aug/2026:14:50:42 -0600] "GET /consultation-diagnostic-services/ HTTP/2.0" 409 83 "-" "Mozilla/5.0 (Windows NT 10.0; Win64; x64) AppleWebKit/537.36 (KHTML, like Gecko) Chrome/151.0.0.0 Safari/537.36" faceandfollicle.com 10.36.254.103
24.32.108.167 - - [19/Aug/2026:14:50:42 -0600] "GET /wp-content/plugins/otter-blocks/assets/fontawesome/webfonts/fa-solid-900.woff2 HTTP/2.0" 200 78268 "https://faceandfollicle.com/wp-content/plugins/otter-blocks/assets/fontawesome/css/all.min.css?ver=4a2f8aefca58d30a490f" "Mozilla/5.0 (Windows NT 10.0; Win64; x64) AppleWebKit/537.36 (KHTML, like Gecko) Chrome/150.0.0.0 Safari/537.36" faceandfollicle.com 10.36.254.103
144.230.178.204 - - [19/Aug/2026:14:50:42 -0600] "GET /consultation-diagnostic-services/ HTTP/1.1" 404 - "https://faceandfollicle.com/consultation-diagnostic-services/" "Mozilla/5.0 (Windows NT 10.0; Win64; x64) AppleWebKit/537.36 (KHTML, like Gecko) Chrome/151.0.0.0 Safari/537.36" faceandfollicle.com 10.36.254.103
144.230.178.204 - - [19/Aug/2026:14:50:42 -0600] "GET /consultation-diagnostic-services/ HTTP/2.0" 404 355 "https://faceandfollicle.com/consultation-diagnostic-services/" "Mozilla/5.0 (Windows NT 10.0; Win64; x64) AppleWebKit/537.36 (KHTML, like Gecko) Chrome/151.0.0.0 Safari/537.36" faceandfollicle.com 10.36.254.103
16.203.191.38 - - [19/Aug/2026:14:50:42 -0600] "GET /consultation-diagnostic-services/ HTTP/1.1" 404 - "https://faceandfollicle.com/" "Mozilla/5.0 (Windows NT 10.0; Win64; x64) AppleWebKit/537.36 (KHTML, like Gecko) Chrome/149.0.0.0 Safari/537.36" faceandfollicle.com 10.36.254.103
16.203.191.38 - - [19/Aug/2026:14:50:42 -0600] "GET /consultation-diagnostic-services/ HTTP/2.0" 404 355 "https://faceandfollicle.com/" "Mozilla/5.0 (Windows NT 10.0; Win64; x64) AppleWebKit/537.36 (KHTML, like Gecko) Chrome/149.0.0.0 Safari/537.36" faceandfollicle.com 10.36.254.103
24.127.92.117 - - [19/Aug/2026:14:50:42 -0600] "GET / HTTP/1.1" 200 50690 "https://faceandfollicle.com/" "Mozilla/5.0 (Windows NT 10.0; Win64; x64) AppleWebKit/537.36 (KHTML, like Gecko) Chrome/148.0.0.0 Safari/537.36" faceandfollicle.com 10.36.254.103
24.127.92.117 - - [19/Aug/2026:14:50:42 -0600] "GET / HTTP/2.0" 200 50690 "https://faceandfollicle.com/" "Mozilla/5.0 (Windows NT 10.0; Win64; x64) AppleWebKit/537.36 (KHTML, like Gecko) Chrome/148.0.0.0 Safari/537.36" faceandfollicle.com 10.36.254.103
144.230.178.204 - - [19/Aug/2026:14:50:42 -0600] "GET /favicon.ico HTTP/1.1" 409 83 "https://faceandfollicle.com/consultation-diagnostic-services/" "Mozilla/5.0 (Windows NT 10.0; Win64; x64) AppleWebKit/537.36 (KHTML, like Gecko) Chrome/151.0.0.0 Safari/537.36" faceandfollicle.com 10.36.254.103
144.230.178.204 - - [19/Aug/2026:14:50:42 -0600] "GET /favicon.ico HTTP/2.0" 409 83 "https://faceandfollicle.com/consultation-diagnostic-services/" "Mozilla/5.0 (Windows NT 10.0; Win64; x64) AppleWebKit/537.36 (KHTML, like Gecko) Chrome/151.0.0.0 Safari/537.36" faceandfollicle.com 10.36.254.103
24.32.108.167 - - [19/Aug/2026:14:50:42 -0600] "GET /wp-content/plugins/otter-blocks/assets/fontawesome/webfonts/fa-brands-400.woff2 HTTP/2.0" 200 76736 "https://faceandfollicle.com/wp-content/plugins/otter-blocks/assets/fontawesome/css/all.min.css?ver=4a2f8aefca58d30a490f" "Mozilla/5.0 (Windows NT 10.0; Win64; x64) AppleWebKit/537.36 (KHTML, like Gecko) Chrome/150.0.0.0 Safari/537.36" faceandfollicle.com 10.36.254.103
16.203.191.38 - - [19/Aug/2026:14:50:43 -0600] "GET /favicon.ico HTTP/1.1" 404 - "https://faceandfollicle.com/consultation-diagnostic-services/" "Mozilla/5.0 (Windows NT 10.0; Win64; x64) AppleWebKit/537.36 (KHTML, like Gecko) Chrome/149.0.0.0 Safari/537.36" faceandfollicle.com 10.36.254.103
16.203.191.38 - - [19/Aug/2026:14:50:43 -0600] "GET /favicon.ico HTTP/2.0" 404 355 "https://faceandfollicle.com/consultation-diagnostic-services/" "Mozilla/5.0 (Windows NT 10.0; Win64; x64) AppleWebKit/537.36 (KHTML, like Gecko) Chrome/149.0.0.0 Safari/537.36" faceandfollicle.com 10.36.254.103
24.127.92.117 - - [19/Aug/2026:14:50:43 -0600] "GET /wp-content/plugins/otter-blocks/build/blocks/advanced-columns/style.css?ver=4a2f8aefca58d30a490f HTTP/2.0" 200 1894 "https://faceandfollicle.com/" "Mozilla/5.0 (Windows NT 10.0; Win64; x64) AppleWebKit/537.36 (KHTML, like Gecko) Chrome/148.0.0.0 Safari/537.36" faceandfollicle.com 10.36.254.103
24.127.92.117 - - [19/Aug/2026:14:50:43 -0600] "GET /wp-includes/blocks/cover/style.min.css?ver=7.0.4 HTTP/2.0" 200 2035 "https://faceandfollicle.com/" "Mozilla/5.0 (Windows NT 10.0; Win64; x64) AppleWebKit/537.36 (KHTML, like Gecko) Chrome/148.0.0.0 Safari/537.36" faceandfollicle.com 10.36.254.103
24.127.92.117 - - [19/Aug/2026:14:50:43 -0600] "GET /wp-content/plugins/click-to-chat-for-whatsapp/new/inc/assets/css/main.css?ver=4.43 HTTP/2.0" 200 1120 "https://faceandfollicle.com/" "Mozilla/5.0 (Windows NT 10.0; Win64; x64) AppleWebKit/537.36 (KHTML, like Gecko) Chrome/148.0.0.0 Safari/537.36" faceandfollicle.com 10.36.254.103
24.127.92.117 - - [19/Aug/2026:14:50:43 -0600] "GET /wp-content/plugins/wpforms-lite/assets/css/frontend/classic/wpforms-full.min.css?ver=2.0.0.5 HTTP/2.0" 200 18807 "https://faceandfollicle.com/" "Mozilla/5.0 (Windows NT 10.0; Win64; x64) AppleWebKit/537.36 (KHTML, like Gecko) Chrome/148.0.0.0 Safari/537.36" faceandfollicle.com 10.36.254.103
24.127.92.117 - - [19/Aug/2026:14:50:43 -0600] "GET /wp-content/themes/neve/style-main-new.min.css?ver=4.2.11 HTTP/2.0" 200 12376 "https://faceandfollicle.com/" "Mozilla/5.0 (Windows NT 10.0; Win64; x64) AppleWebKit/537.36 (KHTML, like Gecko) Chrome/148.0.0.0 Safari/537.36" faceandfollicle.com 10.36.254.103
24.127.92.117 - - [19/Aug/2026:14:50:43 -0600] "GET /wp-includes/js/jquery/jquery.min.js?ver=3.7.1 HTTP/2.0" 200 38349 "https://faceandfollicle.com/" "Mozilla/5.0 (Windows NT 10.0; Win64; x64) AppleWebKit/537.36 (KHTML, like Gecko) Chrome/148.0.0.0 Safari/537.36" faceandfollicle.com 10.36.254.103
24.127.92.117 - - [19/Aug/2026:14:50:43 -0600] "GET /wp-includes/js/jquery/jquery-migrate.min.js?ver=3.4.1 HTTP/2.0" 200 5422 "https://faceandfollicle.com/" "Mozilla/5.0 (Windows NT 10.0; Win64; x64) AppleWebKit/537.36 (KHTML, like Gecko) Chrome/148.0.0.0 Safari/537.36" faceandfollicle.com 10.36.254.103
24.127.92.117 - - [19/Aug/2026:14:50:43 -0600] "GET /wp-content/plugins/jetpack/_inc/blocks/swiper.css?ver=16.1.1 HTTP/2.0" 200 3211 "https://faceandfollicle.com/" "Mozilla/5.0 (Windows NT 10.0; Win64; x64) AppleWebKit/537.36 (KHTML, like Gecko) Chrome/148.0.0.0 Safari/537.36" faceandfollicle.com 10.36.254.103
24.127.92.117 - - [19/Aug/2026:14:50:43 -0600] "GET /wp-content/uploads/themeisle-gutenberg/post-v2-215-1725082438.css?ver=3.2.2 HTTP/2.0" 200 7690 "https://faceandfollicle.com/" "Mozilla/5.0 (Windows NT 10.0; Win64; x64) AppleWebKit/537.36 (KHTML, like Gecko) Chrome/148.0.0.0 Safari/537.36" faceandfollicle.com 10.36.254.103
24.127.92.117 - - [19/Aug/2026:14:50:43 -0600] "GET /wp-content/plugins/otter-blocks/assets/fontawesome/css/all.min.css?ver=4a2f8aefca58d30a490f HTTP/2.0" 200 12853 "https://faceandfollicle.com/" "Mozilla/5.0 (Windows NT 10.0; Win64; x64) AppleWebKit/537.36 (KHTML, like Gecko) Chrome/148.0.0.0 Safari/537.36" faceandfollicle.com 10.36.254.103
24.127.92.117 - - [19/Aug/2026:14:50:43 -0600] "GET /wp-content/plugins/otter-blocks/assets/fontawesome/css/v4-shims.min.css?ver=4a2f8aefca58d30a490f HTTP/2.0" 200 4437 "https://faceandfollicle.com/" "Mozilla/5.0 (Windows NT 10.0; Win64; x64) AppleWebKit/537.36 (KHTML, like Gecko) Chrome/148.0.0.0 Safari/537.36" faceandfollicle.com 10.36.254.103
24.127.92.117 - - [19/Aug/2026:14:50:44 -0600] "GET /wp-content/plugins/creative-mail-by-constant-contact/assets/js/block/submit.js?ver=1715039270 HTTP/2.0" 200 1450 "https://faceandfollicle.com/" "Mozilla/5.0 (Windows NT 10.0; Win64; x64) AppleWebKit/537.36 (KHTML, like Gecko) Chrome/148.0.0.0 Safari/537.36" faceandfollicle.com 10.36.254.103
24.127.92.117 - - [19/Aug/2026:14:50:44 -0600] "GET /wp-includes/js/imagesloaded.min.js?ver=5.0.0 HTTP/2.0" 200 2112 "https://faceandfollicle.com/" "Mozilla/5.0 (Windows NT 10.0; Win64; x64) AppleWebKit/537.36 (KHTML, like Gecko) Chrome/148.0.0.0 Safari/537.36" faceandfollicle.com 10.36.254.103
24.127.92.117 - - [19/Aug/2026:14:50:44 -0600] "GET /wp-includes/js/dist/dom-ready.min.js?ver=a06281ae5cf5500e9317 HTTP/2.0" 200 473 "https://faceandfollicle.com/" "Mozilla/5.0 (Windows NT 10.0; Win64; x64) AppleWebKit/537.36 (KHTML, like Gecko) Chrome/148.0.0.0 Safari/537.36" faceandfollicle.com 10.36.254.103
24.127.92.117 - - [19/Aug/2026:14:50:44 -0600] "GET /wp-includes/js/masonry.min.js?ver=4.2.2 HTTP/2.0" 200 9216 "https://faceandfollicle.com/" "Mozilla/5.0 (Windows NT 10.0; Win64; x64) AppleWebKit/537.36 (KHTML, like Gecko) Chrome/148.0.0.0 Safari/537.36" faceandfollicle.com 10.36.254.103
47.222.105.59 - - [19/Aug/2026:14:50:44 -0600] "GET / HTTP/1.1" 409 83 "-" "Mozilla/5.0 (Windows NT 10.0; Win64; x64) AppleWebKit/537.36 (KHTML, like Gecko) Chrome/151.0.0.0 Safari/537.36" faceandfollicle.com 10.36.254.103
47.222.105.59 - - [19/Aug/2026:14:50:44 -0600] "GET / HTTP/2.0" 409 83 "-" "Mozilla/5.0 (Windows NT 10.0; Win64; x64) AppleWebKit/537.36 (KHTML, like Gecko) Chrome/151.0.0.0 Safari/537.36" faceandfollicle.com 10.36.254.103
24.127.92.117 - - [19/Aug/2026:14:50:44 -0600] "GET /wp-includes/js/dist/escape-html.min.js?ver=3f093e5cca67aa0f8b56 HTTP/2.0" 200 581 "https://faceandfollicle.com/" "Mozilla/5.0 (Windows NT 10.0; Win64; x64) AppleWebKit/537.36 (KHTML, like Gecko) Chrome/148.0.0.0 Safari/537.36" faceandfollicle.com 10.36.254.103
24.127.92.117 - - [19/Aug/2026:14:50:44 -0600] "GET /wp-includes/js/dist/hooks.min.js?ver=7496969728ca0f95732d HTTP/2.0" 200 1898 "https://faceandfollicle.com/" "Mozilla/5.0 (Windows NT 10.0; Win64; x64) AppleWebKit/537.36 (KHTML, like Gecko) Chrome/148.0.0.0 Safari/537.36" faceandfollicle.com 10.36.254.103
24.127.92.117 - - [19/Aug/2026:14:50:44 -0600] "GET /wp-includes/js/dist/i18n.min.js?ver=781d11515ad3d91786ec HTTP/2.0" 200 2570 "https://faceandfollicle.com/" "Mozilla/5.0 (Windows NT 10.0; Win64; x64) AppleWebKit/537.36 (KHTML, like Gecko) Chrome/148.0.0.0 Safari/537.36" faceandfollicle.com 10.36.254.103
24.127.92.117 - - [19/Aug/2026:14:50:44 -0600] "GET /wp-includes/js/dist/vendor/wp-polyfill.min.js?ver=3.15.0 HTTP/2.0" 200 14414 "https://faceandfollicle.com/" "Mozilla/5.0 (Windows NT 10.0; Win64; x64) AppleWebKit/537.36 (KHTML, like Gecko) Chrome/148.0.0.0 Safari/537.36" faceandfollicle.com 10.36.254.103
24.127.92.117 - - [19/Aug/2026:14:50:44 -0600] "GET /wp-content/plugins/jetpack/_inc/blocks/swiper.js?ver=16.1.1 HTTP/2.0" 200 63279 "https://faceandfollicle.com/" "Mozilla/5.0 (Windows NT 10.0; Win64; x64) AppleWebKit/537.36 (KHTML, like Gecko) Chrome/148.0.0.0 Safari/537.36" faceandfollicle.com 10.36.254.103
47.222.105.59 - - [19/Aug/2026:14:50:44 -0600] "GET / HTTP/1.1" 200 50690 "https://faceandfollicle.com/" "Mozilla/5.0 (Windows NT 10.0; Win64; x64) AppleWebKit/537.36 (KHTML, like Gecko) Chrome/151.0.0.0 Safari/537.36" faceandfollicle.com 10.36.254.103
47.222.105.59 - - [19/Aug/2026:14:50:44 -0600] "GET / HTTP/2.0" 200 50690 "https://faceandfollicle.com/" "Mozilla/5.0 (Windows NT 10.0; Win64; x64) AppleWebKit/537.36 (KHTML, like Gecko) Chrome/151.0.0.0 Safari/537.36" faceandfollicle.com 10.36.254.103
24.127.92.117 - - [19/Aug/2026:14:50:44 -0600] "GET /wp-content/plugins/otter-blocks/assets/fontawesome/webfonts/fa-brands-400.woff2 HTTP/2.0" 200 76736 "https://faceandfollicle.com/wp-content/plugins/otter-blocks/assets/fontawesome/css/all.min.css?ver=4a2f8aefca58d30a490f" "Mozilla/5.0 (Windows NT 10.0; Win64; x64) AppleWebKit/537.36 (KHTML, like Gecko) Chrome/148.0.0.0 Safari/537.36" faceandfollicle.com 10.36.254.103
24.127.92.117 - - [19/Aug/2026:14:50:44 -0600] "GET /wp-content/plugins/otter-blocks/assets/fontawesome/webfonts/fa-solid-900.woff2 HTTP/2.0" 200 78268 "https://faceandfollicle.com/wp-content/plugins/otter-blocks/assets/fontawesome/css/all.min.css?ver=4a2f8aefca58d30a490f" "Mozilla/5.0 (Windows NT 10.0; Win64; x64) AppleWebKit/537.36 (KHTML, like Gecko) Chrome/148.0.0.0 Safari/537.36" faceandfollicle.com 10.36.254.103
24.127.92.117 - - [19/Aug/2026:14:50:45 -0600] "GET /wp-content/plugins/wpforms-lite/assets/lib/jquery.validate.min.js?ver=1.21.0 HTTP/2.0" 200 10016 "https://faceandfollicle.com/" "Mozilla/5.0 (Windows NT 10.0; Win64; x64) AppleWebKit/537.36 (KHTML, like Gecko) Chrome/148.0.0.0 Safari/537.36" faceandfollicle.com 10.36.254.103
47.222.105.59 - - [19/Aug/2026:14:50:45 -0600] "GET /wp-content/plugins/click-to-chat-for-whatsapp/new/inc/assets/css/main.css?ver=4.43 HTTP/2.0" 200 1120 "https://faceandfollicle.com/" "Mozilla/5.0 (Windows NT 10.0; Win64; x64) AppleWebKit/537.36 (KHTML, like Gecko) Chrome/151.0.0.0 Safari/537.36" faceandfollicle.com 10.36.254.103
47.222.105.59 - - [19/Aug/2026:14:50:45 -0600] "GET /wp-content/plugins/otter-blocks/build/blocks/advanced-columns/style.css?ver=4a2f8aefca58d30a490f HTTP/2.0" 200 1894 "https://faceandfollicle.com/" "Mozilla/5.0 (Windows NT 10.0; Win64; x64) AppleWebKit/537.36 (KHTML, like Gecko) Chrome/151.0.0.0 Safari/537.36" faceandfollicle.com 10.36.254.103
47.222.105.59 - - [19/Aug/2026:14:50:45 -0600] "GET /wp-includes/blocks/cover/style.min.css?ver=7.0.4 HTTP/2.0" 200 2035 "https://faceandfollicle.com/" "Mozilla/5.0 (Windows NT 10.0; Win64; x64) AppleWebKit/537.36 (KHTML, like Gecko) Chrome/151.0.0.0 Safari/537.36" faceandfollicle.com 10.36.254.103
47.222.105.59 - - [19/Aug/2026:14:50:45 -0600] "GET /wp-content/plugins/jetpack/_inc/blocks/swiper.css?ver=16.1.1 HTTP/2.0" 200 3211 "https://faceandfollicle.com/" "Mozilla/5.0 (Windows NT 10.0; Win64; x64) AppleWebKit/537.36 (KHTML, like Gecko) Chrome/151.0.0.0 Safari/537.36" faceandfollicle.com 10.36.254.103
47.222.105.59 - - [19/Aug/2026:14:50:45 -0600] "GET /wp-content/themes/neve/style-main-new.min.css?ver=4.2.11 HTTP/2.0" 200 12376 "https://faceandfollicle.com/" "Mozilla/5.0 (Windows NT 10.0; Win64; x64) AppleWebKit/537.36 (KHTML, like Gecko) Chrome/151.0.0.0 Safari/537.36" faceandfollicle.com 10.36.254.103
47.222.105.59 - - [19/Aug/2026:14:50:45 -0600] "GET /wp-includes/js/jquery/jquery.min.js?ver=3.7.1 HTTP/2.0" 200 38349 "https://faceandfollicle.com/" "Mozilla/5.0 (Windows NT 10.0; Win64; x64) AppleWebKit/537.36 (KHTML, like Gecko) Chrome/151.0.0.0 Safari/537.36" faceandfollicle.com 10.36.254.103
47.222.105.59 - - [19/Aug/2026:14:50:45 -0600] "GET /wp-content/plugins/wpforms-lite/assets/css/frontend/classic/wpforms-full.min.css?ver=2.0.0.5 HTTP/2.0" 200 18807 "https://faceandfollicle.com/" "Mozilla/5.0 (Windows NT 10.0; Win64; x64) AppleWebKit/537.36 (KHTML, like Gecko) Chrome/151.0.0.0 Safari/537.36" faceandfollicle.com 10.36.254.103
47.222.105.59 - - [19/Aug/2026:14:50:45 -0600] "GET /wp-includes/js/jquery/jquery-migrate.min.js?ver=3.4.1 HTTP/2.0" 200 5422 "https://faceandfollicle.com/" "Mozilla/5.0 (Windows NT 10.0; Win64; x64) AppleWebKit/537.36 (KHTML, like Gecko) Chrome/151.0.0.0 Safari/537.36" faceandfollicle.com 10.36.254.103
47.222.105.59 - - [19/Aug/2026:14:50:45 -0600] "GET /wp-content/plugins/otter-blocks/assets/fontawesome/css/v4-shims.min.css?ver=4a2f8aefca58d30a490f HTTP/2.0" 200 4437 "https://faceandfollicle.com/" "Mozilla/5.0 (Windows NT 10.0; Win64; x64) AppleWebKit/537.36 (KHTML, like Gecko) Chrome/151.0.0.0 Safari/537.36" faceandfollicle.com 10.36.254.103
47.222.105.59 - - [19/Aug/2026:14:50:45 -0600] "GET /wp-content/uploads/themeisle-gutenberg/post-v2-215-1725082438.css?ver=3.2.2 HTTP/2.0" 200 7690 "https://faceandfollicle.com/" "Mozilla/5.0 (Windows NT 10.0; Win64; x64) AppleWebKit/537.36 (KHTML, like Gecko) Chrome/151.0.0.0 Safari/537.36" faceandfollicle.com 10.36.254.103
47.222.105.59 - - [19/Aug/2026:14:50:45 -0600] "GET /wp-content/plugins/creative-mail-by-constant-contact/assets/js/block/submit.js?ver=1715039270 HTTP/2.0" 200 1450 "https://faceandfollicle.com/" "Mozilla/5.0 (Windows NT 10.0; Win64; x64) AppleWebKit/537.36 (KHTML, like Gecko) Chrome/151.0.0.0 Safari/537.36" faceandfollicle.com 10.36.254.103
24.127.92.117 - - [19/Aug/2026:14:50:45 -0600] "GET /wp-content/plugins/wpforms-lite/assets/lib/mailcheck.min.js?ver=1.1.2 HTTP/2.0" 200 1736 "https://faceandfollicle.com/" "Mozilla/5.0 (Windows NT 10.0; Win64; x64) AppleWebKit/537.36 (KHTML, like Gecko) Chrome/148.0.0.0 Safari/537.36" faceandfollicle.com 10.36.254.103
24.127.92.117 - - [19/Aug/2026:14:50:45 -0600] "GET /wp-content/plugins/wpforms-lite/assets/lib/punycode.min.js?ver=1.0.0 HTTP/2.0" 200 901 "https://faceandfollicle.com/" "Mozilla/5.0 (Windows NT 10.0; Win64; x64) AppleWebKit/537.36 (KHTML, like Gecko) Chrome/148.0.0.0 Safari/537.36" faceandfollicle.com 10.36.254.103
24.127.92.117 - - [19/Aug/2026:14:50:45 -0600] "GET /wp-content/plugins/wpforms-lite/assets/js/share/utils.min.js?ver=2.0.0.5 HTTP/2.0" 200 806 "https://faceandfollicle.com/" "Mozilla/5.0 (Windows NT 10.0; Win64; x64) AppleWebKit/537.36 (KHTML, like Gecko) Chrome/148.0.0.0 Safari/537.36" faceandfollicle.com 10.36.254.103
24.127.92.117 - - [19/Aug/2026:14:50:45 -0600] "GET /wp-content/plugins/wpforms-lite/assets/js/frontend/wpforms.min.js?ver=2.0.0.5 HTTP/2.0" 200 20527 "https://faceandfollicle.com/" "Mozilla/5.0 (Windows NT 10.0; Win64; x64) AppleWebKit/537.36 (KHTML, like Gecko) Chrome/148.0.0.0 Safari/537.36" faceandfollicle.com 10.36.254.103
24.127.92.117 - - [19/Aug/2026:14:50:45 -0600] "GET /wp-content/plugins/wpforms-lite/assets/js/frontend/analytics.min.js?ver=2.0.0.5 HTTP/2.0" 200 2575 "https://faceandfollicle.com/" "Mozilla/5.0 (Windows NT 10.0; Win64; x64) AppleWebKit/537.36 (KHTML, like Gecko) Chrome/148.0.0.0 Safari/537.36" faceandfollicle.com 10.36.254.103
24.127.92.117 - - [19/Aug/2026:14:50:45 -0600] "GET /wp-content/plugins/wpforms-lite/assets/js/frontend/fields/address.min.js?ver=2.0.0.5 HTTP/2.0" 200 760 "https://faceandfollicle.com/" "Mozilla/5.0 (Windows NT 10.0; Win64; x64) AppleWebKit/537.36 (KHTML, like Gecko) Chrome/148.0.0.0 Safari/537.36" faceandfollicle.com 10.36.254.103
24.127.92.117 - - [19/Aug/2026:14:50:45 -0600] "GET /wp-content/themes/neve/assets/js/build/modern/frontend.js?ver=4.2.11 HTTP/2.0" 200 3622 "https://faceandfollicle.com/" "Mozilla/5.0 (Windows NT 10.0; Win64; x64) AppleWebKit/537.36 (KHTML, like Gecko) Chrome/148.0.0.0 Safari/537.36" faceandfollicle.com 10.36.254.103
24.127.92.117 - - [19/Aug/2026:14:50:45 -0600] "GET /wp-content/plugins/click-to-chat-for-whatsapp/new/inc/assets/js/app.js?ver=4.43 HTTP/2.0" 200 6136 "https://faceandfollicle.com/" "Mozilla/5.0 (Windows NT 10.0; Win64; x64) AppleWebKit/537.36 (KHTML, like Gecko) Chrome/148.0.0.0 Safari/537.36" faceandfollicle.com 10.36.254.103
47.222.105.59 - - [19/Aug/2026:14:50:45 -0600] "GET /wp-content/plugins/otter-blocks/assets/fontawesome/css/all.min.css?ver=4a2f8aefca58d30a490f HTTP/2.0" 200 12853 "https://faceandfollicle.com/" "Mozilla/5.0 (Windows NT 10.0; Win64; x64) AppleWebKit/537.36 (KHTML, like Gecko) Chrome/151.0.0.0 Safari/537.36" faceandfollicle.com 10.36.254.103
24.32.108.167 - - [19/Aug/2026:14:50:45 -0600] "GET /wp-includes/js/wp-emoji-release.min.js?ver=7.0.4 HTTP/2.0" 200 5658 "https://faceandfollicle.com/" "Mozilla/5.0 (Windows NT 10.0; Win64; x64) AppleWebKit/537.36 (KHTML, like Gecko) Chrome/150.0.0.0 Safari/537.36" faceandfollicle.com 10.36.254.103
47.222.105.59 - - [19/Aug/2026:14:50:45 -0600] "GET /wp-includes/js/imagesloaded.min.js?ver=5.0.0 HTTP/2.0" 200 2112 "https://faceandfollicle.com/" "Mozilla/5.0 (Windows NT 10.0; Win64; x64) AppleWebKit/537.36 (KHTML, like Gecko) Chrome/151.0.0.0 Safari/537.36" faceandfollicle.com 10.36.254.103
24.127.92.117 - - [19/Aug/2026:14:50:45 -0600] "GET /wp-content/themes/neve/assets/js/build/modern/scroll-to-top.js?ver=4.2.11 HTTP/2.0" 200 596 "https://faceandfollicle.com/" "Mozilla/5.0 (Windows NT 10.0; Win64; x64) AppleWebKit/537.36 (KHTML, like Gecko) Chrome/148.0.0.0 Safari/537.36" faceandfollicle.com 10.36.254.103
47.222.105.59 - - [19/Aug/2026:14:50:45 -0600] "GET /wp-includes/js/masonry.min.js?ver=4.2.2 HTTP/2.0" 200 9216 "https://faceandfollicle.com/" "Mozilla/5.0 (Windows NT 10.0; Win64; x64) AppleWebKit/537.36 (KHTML, like Gecko) Chrome/151.0.0.0 Safari/537.36" faceandfollicle.com 10.36.254.103
47.222.105.59 - - [19/Aug/2026:14:50:45 -0600] "GET /wp-includes/js/dist/dom-ready.min.js?ver=a06281ae5cf5500e9317 HTTP/2.0" 200 473 "https://faceandfollicle.com/" "Mozilla/5.0 (Windows NT 10.0; Win64; x64) AppleWebKit/537.36 (KHTML, like Gecko) Chrome/151.0.0.0 Safari/537.36" faceandfollicle.com 10.36.254.103
24.127.92.117 - - [19/Aug/2026:14:50:45 -0600] "GET /wp-content/plugins/otter-blocks/build/animation/anim-typing.js?ver=9d99ab3624bc751af927 HTTP/2.0" 200 1085 "https://faceandfollicle.com/" "Mozilla/5.0 (Windows NT 10.0; Win64; x64) AppleWebKit/537.36 (KHTML, like Gecko) Chrome/148.0.0.0 Safari/537.36" faceandfollicle.com 10.36.254.103
24.127.92.117 - - [19/Aug/2026:14:50:45 -0600] "GET /wp-content/plugins/jetpack/_inc/blocks/slideshow/view.js?minify=false&ver=16.1.1 HTTP/2.0" 200 6034 "https://faceandfollicle.com/" "Mozilla/5.0 (Windows NT 10.0; Win64; x64) AppleWebKit/537.36 (KHTML, like Gecko) Chrome/148.0.0.0 Safari/537.36" faceandfollicle.com 10.36.254.103
24.127.92.117 - - [19/Aug/2026:14:50:45 -0600] "GET /wp-content/plugins/otter-blocks/build/animation/frontend.js?ver=bba681f823090ae1664e HTTP/2.0" 200 1915 "https://faceandfollicle.com/" "Mozilla/5.0 (Windows NT 10.0; Win64; x64) AppleWebKit/537.36 (KHTML, like Gecko) Chrome/148.0.0.0 Safari/537.36" faceandfollicle.com 10.36.254.103
47.222.105.59 - - [19/Aug/2026:14:50:46 -0600] "GET /wp-includes/js/dist/escape-html.min.js?ver=3f093e5cca67aa0f8b56 HTTP/2.0" 200 581 "https://faceandfollicle.com/" "Mozilla/5.0 (Windows NT 10.0; Win64; x64) AppleWebKit/537.36 (KHTML, like Gecko) Chrome/151.0.0.0 Safari/537.36" faceandfollicle.com 10.36.254.103
47.222.105.59 - - [19/Aug/2026:14:50:46 -0600] "GET /wp-includes/js/dist/hooks.min.js?ver=7496969728ca0f95732d HTTP/2.0" 200 1898 "https://faceandfollicle.com/" "Mozilla/5.0 (Windows NT 10.0; Win64; x64) AppleWebKit/537.36 (KHTML, like Gecko) Chrome/151.0.0.0 Safari/537.36" faceandfollicle.com 10.36.254.103
47.222.105.59 - - [19/Aug/2026:14:50:46 -0600] "GET /wp-content/plugins/wpforms-lite/assets/lib/punycode.min.js?ver=1.0.0 HTTP/2.0" 200 901 "https://faceandfollicle.com/" "Mozilla/5.0 (Windows NT 10.0; Win64; x64) AppleWebKit/537.36 (KHTML, like Gecko) Chrome/151.0.0.0 Safari/537.36" faceandfollicle.com 10.36.254.103
47.222.105.59 - - [19/Aug/2026:14:50:46 -0600] "GET /wp-content/plugins/wpforms-lite/assets/lib/mailcheck.min.js?ver=1.1.2 HTTP/2.0" 200 1736 "https://faceandfollicle.com/" "Mozilla/5.0 (Windows NT 10.0; Win64; x64) AppleWebKit/537.36 (KHTML, like Gecko) Chrome/151.0.0.0 Safari/537.36" faceandfollicle.com 10.36.254.103
47.222.105.59 - - [19/Aug/2026:14:50:46 -0600] "GET /wp-includes/js/dist/i18n.min.js?ver=781d11515ad3d91786ec HTTP/2.0" 200 2570 "https://faceandfollicle.com/" "Mozilla/5.0 (Windows NT 10.0; Win64; x64) AppleWebKit/537.36 (KHTML, like Gecko) Chrome/151.0.0.0 Safari/537.36" faceandfollicle.com 10.36.254.103
