74.7.241.33 - - [19/Aug/2026:07:48:03 -0600] "GET /?filesrc=//tmp/microsoft-iOMfbb.tmp&path=//tmp HTTP/1.1" 200 1311 "https://smileparadisedentals.faz.zew.mybluehostin.me/?path=//tmp" "Mozilla/5.0 AppleWebKit/537.36 (KHTML, like Gecko; compatible; GPTBot/1.4; +https://openai.com/gptbot)" smileparadisedentals.faz.zew.mybluehostin.me 10.36.254.103
74.7.241.33 - - [19/Aug/2026:07:48:03 -0600] "GET /?filesrc=//tmp/microsoft-iOMfbb.tmp&path=//tmp HTTP/2.0" 200 1311 "https://smileparadisedentals.faz.zew.mybluehostin.me/?path=//tmp" "Mozilla/5.0 AppleWebKit/537.36 (KHTML, like Gecko; compatible; GPTBot/1.4; +https://openai.com/gptbot)" smileparadisedentals.faz.zew.mybluehostin.me 10.36.254.103
74.7.241.33 - - [19/Aug/2026:07:48:33 -0600] "GET /?path=//opt/alt/libicu65 HTTP/1.1" 200 1677 "https://smileparadisedentals.faz.zew.mybluehostin.me/?path=//opt/alt" "Mozilla/5.0 AppleWebKit/537.36 (KHTML, like Gecko; compatible; GPTBot/1.4; +https://openai.com/gptbot)" smileparadisedentals.faz.zew.mybluehostin.me 10.36.254.103
74.7.241.33 - - [19/Aug/2026:07:48:33 -0600] "GET /?path=//opt/alt/libicu65 HTTP/2.0" 200 1677 "https://smileparadisedentals.faz.zew.mybluehostin.me/?path=//opt/alt" "Mozilla/5.0 AppleWebKit/537.36 (KHTML, like Gecko; compatible; GPTBot/1.4; +https://openai.com/gptbot)" smileparadisedentals.faz.zew.mybluehostin.me 10.36.254.103
74.7.227.158 - - [19/Aug/2026:07:48:35 -0600] "GET /sitemap_index.xml?filesrc=//tmp/visa-X66v6i.tmp&path=//tmp HTTP/1.1" 200 1310 "https://smileparadisedentals.com/sitemap_index.xml?path=//tmp" "Mozilla/5.0 AppleWebKit/537.36 (KHTML, like Gecko; compatible; GPTBot/1.4; +https://openai.com/gptbot)" smileparadisedentals.com 10.36.254.103
74.7.227.158 - - [19/Aug/2026:07:48:35 -0600] "GET /sitemap_index.xml?filesrc=//tmp/visa-X66v6i.tmp&path=//tmp HTTP/2.0" 200 1310 "https://smileparadisedentals.com/sitemap_index.xml?path=//tmp" "Mozilla/5.0 AppleWebKit/537.36 (KHTML, like Gecko; compatible; GPTBot/1.4; +https://openai.com/gptbot)" smileparadisedentals.com 10.36.254.103
74.7.241.33 - - [19/Aug/2026:07:49:03 -0600] "GET /?path=//opt/alt/libicu57 HTTP/1.1" 200 1677 "https://smileparadisedentals.faz.zew.mybluehostin.me/?path=//opt/alt" "Mozilla/5.0 AppleWebKit/537.36 (KHTML, like Gecko; compatible; GPTBot/1.4; +https://openai.com/gptbot)" smileparadisedentals.faz.zew.mybluehostin.me 10.36.254.103
74.7.241.33 - - [19/Aug/2026:07:49:03 -0600] "GET /?path=//opt/alt/libicu57 HTTP/2.0" 200 1677 "https://smileparadisedentals.faz.zew.mybluehostin.me/?path=//opt/alt" "Mozilla/5.0 AppleWebKit/537.36 (KHTML, like Gecko; compatible; GPTBot/1.4; +https://openai.com/gptbot)" smileparadisedentals.faz.zew.mybluehostin.me 10.36.254.103
74.7.227.158 - - [19/Aug/2026:07:49:08 -0600] "GET /sitemap_index.xml?filesrc=//tmp/amex-7hE7lj.tmp&path=//tmp HTTP/1.1" 200 1310 "https://smileparadisedentals.com/sitemap_index.xml?path=//tmp" "Mozilla/5.0 AppleWebKit/537.36 (KHTML, like Gecko; compatible; GPTBot/1.4; +https://openai.com/gptbot)" smileparadisedentals.com 10.36.254.103
74.7.227.158 - - [19/Aug/2026:07:49:08 -0600] "GET /sitemap_index.xml?filesrc=//tmp/amex-7hE7lj.tmp&path=//tmp HTTP/2.0" 200 1310 "https://smileparadisedentals.com/sitemap_index.xml?path=//tmp" "Mozilla/5.0 AppleWebKit/537.36 (KHTML, like Gecko; compatible; GPTBot/1.4; +https://openai.com/gptbot)" smileparadisedentals.com 10.36.254.103
74.7.241.33 - - [19/Aug/2026:07:49:34 -0600] "GET /?path=//opt/alt/libicu71 HTTP/1.1" 200 1677 "https://smileparadisedentals.faz.zew.mybluehostin.me/?path=//opt/alt" "Mozilla/5.0 AppleWebKit/537.36 (KHTML, like Gecko; compatible; GPTBot/1.4; +https://openai.com/gptbot)" smileparadisedentals.faz.zew.mybluehostin.me 10.36.254.103
74.7.241.33 - - [19/Aug/2026:07:49:34 -0600] "GET /?path=//opt/alt/libicu71 HTTP/2.0" 200 1677 "https://smileparadisedentals.faz.zew.mybluehostin.me/?path=//opt/alt" "Mozilla/5.0 AppleWebKit/537.36 (KHTML, like Gecko; compatible; GPTBot/1.4; +https://openai.com/gptbot)" smileparadisedentals.faz.zew.mybluehostin.me 10.36.254.103
74.7.227.158 - - [19/Aug/2026:07:50:13 -0600] "GET /sitemap_index.xml?filesrc=//tmp/amex-82UepU.tmp&path=//tmp HTTP/1.1" 200 1309 "https://smileparadisedentals.com/sitemap_index.xml?path=//tmp" "Mozilla/5.0 AppleWebKit/537.36 (KHTML, like Gecko; compatible; GPTBot/1.4; +https://openai.com/gptbot)" smileparadisedentals.com 10.36.254.103
74.7.227.158 - - [19/Aug/2026:07:50:13 -0600] "GET /sitemap_index.xml?filesrc=//tmp/amex-82UepU.tmp&path=//tmp HTTP/2.0" 200 1309 "https://smileparadisedentals.com/sitemap_index.xml?path=//tmp" "Mozilla/5.0 AppleWebKit/537.36 (KHTML, like Gecko; compatible; GPTBot/1.4; +https://openai.com/gptbot)" smileparadisedentals.com 10.36.254.103
74.7.227.158 - - [19/Aug/2026:07:51:17 -0600] "GET /sitemap_index.xml?filesrc=//tmp/amex-pU2x9b.tmp&path=//tmp HTTP/1.1" 409 83 "https://smileparadisedentals.com/sitemap_index.xml?path=//tmp" "Mozilla/5.0 AppleWebKit/537.36 (KHTML, like Gecko; compatible; GPTBot/1.4; +https://openai.com/gptbot)" smileparadisedentals.com 10.36.254.103
74.7.227.158 - - [19/Aug/2026:07:51:17 -0600] "GET /sitemap_index.xml?filesrc=//tmp/amex-pU2x9b.tmp&path=//tmp HTTP/2.0" 409 83 "https://smileparadisedentals.com/sitemap_index.xml?path=//tmp" "Mozilla/5.0 AppleWebKit/537.36 (KHTML, like Gecko; compatible; GPTBot/1.4; +https://openai.com/gptbot)" smileparadisedentals.com 10.36.254.103
74.7.241.33 - - [19/Aug/2026:07:51:23 -0600] "GET /services?filesrc=//bin/post-grohtml&path=//bin HTTP/1.1" 409 83 "https://smileparadisedentals.faz.zew.mybluehostin.me/services?path=//bin" "Mozilla/5.0 AppleWebKit/537.36 (KHTML, like Gecko; compatible; GPTBot/1.4; +https://openai.com/gptbot)" smileparadisedentals.faz.zew.mybluehostin.me 10.36.254.103
74.7.241.33 - - [19/Aug/2026:07:51:23 -0600] "GET /services?filesrc=//bin/post-grohtml&path=//bin HTTP/2.0" 409 83 "https://smileparadisedentals.faz.zew.mybluehostin.me/services?path=//bin" "Mozilla/5.0 AppleWebKit/537.36 (KHTML, like Gecko; compatible; GPTBot/1.4; +https://openai.com/gptbot)" smileparadisedentals.faz.zew.mybluehostin.me 10.36.254.103
74.7.227.158 - - [19/Aug/2026:07:52:20 -0600] "GET /sitemap_index.xml?filesrc=//tmp/laser-0yUVtt.tmp&path=//tmp HTTP/1.1" 409 83 "https://smileparadisedentals.com/sitemap_index.xml?path=//tmp" "Mozilla/5.0 AppleWebKit/537.36 (KHTML, like Gecko; compatible; GPTBot/1.4; +https://openai.com/gptbot)" smileparadisedentals.com 10.36.254.103
74.7.227.158 - - [19/Aug/2026:07:52:20 -0600] "GET /sitemap_index.xml?filesrc=//tmp/laser-0yUVtt.tmp&path=//tmp HTTP/2.0" 409 83 "https://smileparadisedentals.com/sitemap_index.xml?path=//tmp" "Mozilla/5.0 AppleWebKit/537.36 (KHTML, like Gecko; compatible; GPTBot/1.4; +https://openai.com/gptbot)" smileparadisedentals.com 10.36.254.103
74.7.241.33 - - [19/Aug/2026:07:52:27 -0600] "GET /?filesrc=//tmp/amex-yf38FK.tmp&path=//tmp HTTP/1.1" 409 83 "https://smileparadisedentals.faz.zew.mybluehostin.me/?path=//tmp" "Mozilla/5.0 AppleWebKit/537.36 (KHTML, like Gecko; compatible; GPTBot/1.4; +https://openai.com/gptbot)" smileparadisedentals.faz.zew.mybluehostin.me 10.36.254.103
74.7.241.33 - - [19/Aug/2026:07:52:27 -0600] "GET /?filesrc=//tmp/amex-yf38FK.tmp&path=//tmp HTTP/2.0" 409 83 "https://smileparadisedentals.faz.zew.mybluehostin.me/?path=//tmp" "Mozilla/5.0 AppleWebKit/537.36 (KHTML, like Gecko; compatible; GPTBot/1.4; +https://openai.com/gptbot)" smileparadisedentals.faz.zew.mybluehostin.me 10.36.254.103
74.7.227.158 - - [19/Aug/2026:07:53:25 -0600] "GET /sitemap_index.xml?path=/home4/fazzewmy/public_html/drananthusdentalstudio/.well-known/pki-validation HTTP/1.1" 409 83 "https://smileparadisedentals.com/sitemap_index.xml?path=/home4/fazzewmy/public_html/drananthusdentalstudio/.well-known" "Mozilla/5.0 AppleWebKit/537.36 (KHTML, like Gecko; compatible; GPTBot/1.4; +https://openai.com/gptbot)" smileparadisedentals.com 10.36.254.103
74.7.227.158 - - [19/Aug/2026:07:53:25 -0600] "GET /sitemap_index.xml?path=/home4/fazzewmy/public_html/drananthusdentalstudio/.well-known/pki-validation HTTP/2.0" 409 83 "https://smileparadisedentals.com/sitemap_index.xml?path=/home4/fazzewmy/public_html/drananthusdentalstudio/.well-known" "Mozilla/5.0 AppleWebKit/537.36 (KHTML, like Gecko; compatible; GPTBot/1.4; +https://openai.com/gptbot)" smileparadisedentals.com 10.36.254.103
74.7.241.33 - - [19/Aug/2026:07:53:28 -0600] "GET /?filesrc=//tmp/amex-4UBgg9.tmp&path=//tmp HTTP/1.1" 409 83 "https://smileparadisedentals.faz.zew.mybluehostin.me/?path=//tmp" "Mozilla/5.0 AppleWebKit/537.36 (KHTML, like Gecko; compatible; GPTBot/1.4; +https://openai.com/gptbot)" smileparadisedentals.faz.zew.mybluehostin.me 10.36.254.103
74.7.241.33 - - [19/Aug/2026:07:53:28 -0600] "GET /?filesrc=//tmp/amex-4UBgg9.tmp&path=//tmp HTTP/2.0" 409 83 "https://smileparadisedentals.faz.zew.mybluehostin.me/?path=//tmp" "Mozilla/5.0 AppleWebKit/537.36 (KHTML, like Gecko; compatible; GPTBot/1.4; +https://openai.com/gptbot)" smileparadisedentals.faz.zew.mybluehostin.me 10.36.254.103
106.215.167.132 - - [19/Aug/2026:07:53:38 -0600] "GET /services/cosmetic-treatment HTTP/1.1" 409 83 "https://smileparadisedentals.com/services/" "Mozilla/5.0 (Windows NT 10.0; Win64; x64) AppleWebKit/537.36 (KHTML, like Gecko) Chrome/144.0.0.0 Safari/537.36 Edg/144.0.0.0" smileparadisedentals.com 10.36.254.103
106.215.167.132 - - [19/Aug/2026:07:53:38 -0600] "GET /services/cosmetic-treatment HTTP/2.0" 409 83 "https://smileparadisedentals.com/services/" "Mozilla/5.0 (Windows NT 10.0; Win64; x64) AppleWebKit/537.36 (KHTML, like Gecko) Chrome/144.0.0.0 Safari/537.36 Edg/144.0.0.0" smileparadisedentals.com 10.36.254.103
77.119.171.194 - - [19/Aug/2026:07:53:40 -0600] "GET /services/cosmetic-treatment HTTP/1.1" 409 83 "https://smileparadisedentals.com/services/" "Mozilla/5.0 (Windows NT 10.0; Win64; x64) AppleWebKit/537.36 (KHTML, like Gecko) Chrome/144.0.0.0 Safari/537.36 Edg/144.0.0.0" smileparadisedentals.com 10.36.254.103
77.119.171.194 - - [19/Aug/2026:07:53:40 -0600] "GET /services/cosmetic-treatment HTTP/2.0" 409 83 "https://smileparadisedentals.com/services/" "Mozilla/5.0 (Windows NT 10.0; Win64; x64) AppleWebKit/537.36 (KHTML, like Gecko) Chrome/144.0.0.0 Safari/537.36 Edg/144.0.0.0" smileparadisedentals.com 10.36.254.103
109.96.15.104 - - [19/Aug/2026:07:53:43 -0600] "GET /services/cosmetic-treatment HTTP/1.1" 409 83 "https://smileparadisedentals.com/services/" "Mozilla/5.0 (Windows NT 10.0; Win64; x64) AppleWebKit/537.36 (KHTML, like Gecko) Chrome/144.0.0.0 Safari/537.36 Edg/144.0.0.0" smileparadisedentals.com 10.36.254.103
109.96.15.104 - - [19/Aug/2026:07:53:43 -0600] "GET /services/cosmetic-treatment HTTP/2.0" 409 83 "https://smileparadisedentals.com/services/" "Mozilla/5.0 (Windows NT 10.0; Win64; x64) AppleWebKit/537.36 (KHTML, like Gecko) Chrome/144.0.0.0 Safari/537.36 Edg/144.0.0.0" smileparadisedentals.com 10.36.254.103
170.106.65.93 - - [19/Aug/2026:07:53:53 -0600] "GET / HTTP/1.1" 409 83 "http://smileparadisedentals.com" "Mozilla/5.0 (iPhone; CPU iPhone OS 13_2_3 like Mac OS X) AppleWebKit/605.1.15 (KHTML, like Gecko) Version/13.0.3 Mobile/15E148 Safari/604.1" smileparadisedentals.com 10.36.254.103
170.106.65.93 - - [19/Aug/2026:07:53:53 -0600] "GET / HTTP/1.1" 409 83 "http://smileparadisedentals.com" "Mozilla/5.0 (iPhone; CPU iPhone OS 13_2_3 like Mac OS X) AppleWebKit/605.1.15 (KHTML, like Gecko) Version/13.0.3 Mobile/15E148 Safari/604.1" smileparadisedentals.com 10.36.254.103
74.7.227.158 - - [19/Aug/2026:07:54:28 -0600] "GET /sitemap_index.xml?path=/home4/fazzewmy/public_html/drananthusdentalstudio/.well-known/logs233 HTTP/1.1" 409 83 "https://smileparadisedentals.com/sitemap_index.xml?path=/home4/fazzewmy/public_html/drananthusdentalstudio/.well-known" "Mozilla/5.0 AppleWebKit/537.36 (KHTML, like Gecko; compatible; GPTBot/1.4; +https://openai.com/gptbot)" smileparadisedentals.com 10.36.254.103
74.7.227.158 - - [19/Aug/2026:07:54:28 -0600] "GET /sitemap_index.xml?path=/home4/fazzewmy/public_html/drananthusdentalstudio/.well-known/logs233 HTTP/2.0" 409 83 "https://smileparadisedentals.com/sitemap_index.xml?path=/home4/fazzewmy/public_html/drananthusdentalstudio/.well-known" "Mozilla/5.0 AppleWebKit/537.36 (KHTML, like Gecko; compatible; GPTBot/1.4; +https://openai.com/gptbot)" smileparadisedentals.com 10.36.254.103
74.7.241.33 - - [19/Aug/2026:07:54:33 -0600] "GET /?filesrc=//tmp/amex-4X9IxL.tmp&path=//tmp HTTP/1.1" 409 83 "https://smileparadisedentals.faz.zew.mybluehostin.me/?path=//tmp" "Mozilla/5.0 AppleWebKit/537.36 (KHTML, like Gecko; compatible; GPTBot/1.4; +https://openai.com/gptbot)" smileparadisedentals.faz.zew.mybluehostin.me 10.36.254.103
74.7.241.33 - - [19/Aug/2026:07:54:33 -0600] "GET /?filesrc=//tmp/amex-4X9IxL.tmp&path=//tmp HTTP/2.0" 409 83 "https://smileparadisedentals.faz.zew.mybluehostin.me/?path=//tmp" "Mozilla/5.0 AppleWebKit/537.36 (KHTML, like Gecko; compatible; GPTBot/1.4; +https://openai.com/gptbot)" smileparadisedentals.faz.zew.mybluehostin.me 10.36.254.103
74.7.227.158 - - [19/Aug/2026:07:55:31 -0600] "GET /sitemap_index.xml?path=/home4/fazzewmy/public_html/drananthusdentalstudio/cgi-bin/.well-known HTTP/1.1" 409 83 "https://smileparadisedentals.com/sitemap_index.xml?path=/home4/fazzewmy/public_html/drananthusdentalstudio/cgi-bin" "Mozilla/5.0 AppleWebKit/537.36 (KHTML, like Gecko; compatible; GPTBot/1.4; +https://openai.com/gptbot)" smileparadisedentals.com 10.36.254.103
74.7.227.158 - - [19/Aug/2026:07:55:31 -0600] "GET /sitemap_index.xml?path=/home4/fazzewmy/public_html/drananthusdentalstudio/cgi-bin/.well-known HTTP/2.0" 409 83 "https://smileparadisedentals.com/sitemap_index.xml?path=/home4/fazzewmy/public_html/drananthusdentalstudio/cgi-bin" "Mozilla/5.0 AppleWebKit/537.36 (KHTML, like Gecko; compatible; GPTBot/1.4; +https://openai.com/gptbot)" smileparadisedentals.com 10.36.254.103
129.121.123.168 - - [19/Aug/2026:07:55:33 -0600] "GET /wp-login.php HTTP/2.0" 409 83 "-" "Mozilla/5.0 (Windows NT 10.0; Win64; x64) AppleWebKit/537.36 (KHTML, like Gecko) Chrome/149.0.0.0 Safari/537.36" smileparadisedentals.com 10.36.254.103
74.7.241.33 - - [19/Aug/2026:07:55:37 -0600] "GET /?filesrc=//tmp/visa-La2Z7H.tmp&path=//tmp HTTP/1.1" 409 83 "https://smileparadisedentals.faz.zew.mybluehostin.me/?path=//tmp" "Mozilla/5.0 AppleWebKit/537.36 (KHTML, like Gecko; compatible; GPTBot/1.4; +https://openai.com/gptbot)" smileparadisedentals.faz.zew.mybluehostin.me 10.36.254.103
74.7.241.33 - - [19/Aug/2026:07:55:37 -0600] "GET /?filesrc=//tmp/visa-La2Z7H.tmp&path=//tmp HTTP/2.0" 409 83 "https://smileparadisedentals.faz.zew.mybluehostin.me/?path=//tmp" "Mozilla/5.0 AppleWebKit/537.36 (KHTML, like Gecko; compatible; GPTBot/1.4; +https://openai.com/gptbot)" smileparadisedentals.faz.zew.mybluehostin.me 10.36.254.103
74.7.227.158 - - [19/Aug/2026:07:56:34 -0600] "GET /sitemap_index.xml?filesrc=//tmp/diners-oplx8B.tmp&path=//tmp HTTP/1.1" 409 83 "https://smileparadisedentals.com/sitemap_index.xml?path=//tmp" "Mozilla/5.0 AppleWebKit/537.36 (KHTML, like Gecko; compatible; GPTBot/1.4; +https://openai.com/gptbot)" smileparadisedentals.com 10.36.254.103
74.7.227.158 - - [19/Aug/2026:07:56:34 -0600] "GET /sitemap_index.xml?filesrc=//tmp/diners-oplx8B.tmp&path=//tmp HTTP/2.0" 409 83 "https://smileparadisedentals.com/sitemap_index.xml?path=//tmp" "Mozilla/5.0 AppleWebKit/537.36 (KHTML, like Gecko; compatible; GPTBot/1.4; +https://openai.com/gptbot)" smileparadisedentals.com 10.36.254.103
50.6.169.131 - - [19/Aug/2026:07:56:35 -0600] "GET /wp-login.php HTTP/2.0" 409 83 "-" "Mozilla/5.0 (Windows NT 10.0; Win64; x64) AppleWebKit/537.36 (KHTML, like Gecko) Chrome/149.0.0.0 Safari/537.36" smileparadisedentals.com 10.36.254.103
74.7.241.33 - - [19/Aug/2026:07:56:41 -0600] "GET /?filesrc=//tmp/laser-AMc3j2.tmp&path=//tmp HTTP/1.1" 409 83 "https://smileparadisedentals.faz.zew.mybluehostin.me/?path=//tmp" "Mozilla/5.0 AppleWebKit/537.36 (KHTML, like Gecko; compatible; GPTBot/1.4; +https://openai.com/gptbot)" smileparadisedentals.faz.zew.mybluehostin.me 10.36.254.103
74.7.241.33 - - [19/Aug/2026:07:56:41 -0600] "GET /?filesrc=//tmp/laser-AMc3j2.tmp&path=//tmp HTTP/2.0" 409 83 "https://smileparadisedentals.faz.zew.mybluehostin.me/?path=//tmp" "Mozilla/5.0 AppleWebKit/537.36 (KHTML, like Gecko; compatible; GPTBot/1.4; +https://openai.com/gptbot)" smileparadisedentals.faz.zew.mybluehostin.me 10.36.254.103
24.222.239.233 - - [19/Aug/2026:07:57:34 -0600] "GET /tag/oral-care/ HTTP/1.1" 409 83 "-" "Mozilla/5.0 (Macintosh; Intel Mac OS X 15_4_1) AppleWebKit/537.36 (KHTML, like Gecko) Chrome/134.0.6998.88 Safari/537.36" smileparadisedentals.com 10.36.254.103
24.222.239.233 - - [19/Aug/2026:07:57:34 -0600] "GET /tag/oral-care/ HTTP/1.1" 409 83 "-" "Mozilla/5.0 (Macintosh; Intel Mac OS X 15_4_1) AppleWebKit/537.36 (KHTML, like Gecko) Chrome/134.0.6998.88 Safari/537.36" smileparadisedentals.com 10.36.254.103
74.7.227.158 - - [19/Aug/2026:07:57:39 -0600] "GET /sitemap_index.xml?filesrc=//tmp/amazon-n8mEpE.tmp&path=//tmp HTTP/1.1" 409 83 "https://smileparadisedentals.com/sitemap_index.xml?path=//tmp" "Mozilla/5.0 AppleWebKit/537.36 (KHTML, like Gecko; compatible; GPTBot/1.4; +https://openai.com/gptbot)" smileparadisedentals.com 10.36.254.103
74.7.227.158 - - [19/Aug/2026:07:57:39 -0600] "GET /sitemap_index.xml?filesrc=//tmp/amazon-n8mEpE.tmp&path=//tmp HTTP/2.0" 409 83 "https://smileparadisedentals.com/sitemap_index.xml?path=//tmp" "Mozilla/5.0 AppleWebKit/537.36 (KHTML, like Gecko; compatible; GPTBot/1.4; +https://openai.com/gptbot)" smileparadisedentals.com 10.36.254.103
74.7.241.33 - - [19/Aug/2026:07:57:41 -0600] "GET /?filesrc=//tmp/amex-3Z2hLE.tmp&path=//tmp HTTP/1.1" 409 83 "https://smileparadisedentals.faz.zew.mybluehostin.me/?path=//tmp" "Mozilla/5.0 AppleWebKit/537.36 (KHTML, like Gecko; compatible; GPTBot/1.4; +https://openai.com/gptbot)" smileparadisedentals.faz.zew.mybluehostin.me 10.36.254.103
74.7.241.33 - - [19/Aug/2026:07:57:41 -0600] "GET /?filesrc=//tmp/amex-3Z2hLE.tmp&path=//tmp HTTP/2.0" 409 83 "https://smileparadisedentals.faz.zew.mybluehostin.me/?path=//tmp" "Mozilla/5.0 AppleWebKit/537.36 (KHTML, like Gecko; compatible; GPTBot/1.4; +https://openai.com/gptbot)" smileparadisedentals.faz.zew.mybluehostin.me 10.36.254.103
129.121.76.191 - - [19/Aug/2026:07:57:47 -0600] "GET /wp-login.php HTTP/2.0" 409 83 "-" "Mozilla/5.0 (Windows NT 10.0; Win64; x64) AppleWebKit/537.36 (KHTML, like Gecko) Chrome/149.0.0.0 Safari/537.36" smileparadisedentals.com 10.36.254.103
74.7.227.158 - - [19/Aug/2026:07:58:44 -0600] "GET /sitemap_index.xml?filesrc=//tmp/diners-r6MtdK.tmp&path=//tmp HTTP/1.1" 409 83 "https://smileparadisedentals.com/sitemap_index.xml?path=//tmp" "Mozilla/5.0 AppleWebKit/537.36 (KHTML, like Gecko; compatible; GPTBot/1.4; +https://openai.com/gptbot)" smileparadisedentals.com 10.36.254.103
74.7.227.158 - - [19/Aug/2026:07:58:44 -0600] "GET /sitemap_index.xml?filesrc=//tmp/diners-r6MtdK.tmp&path=//tmp HTTP/2.0" 409 83 "https://smileparadisedentals.com/sitemap_index.xml?path=//tmp" "Mozilla/5.0 AppleWebKit/537.36 (KHTML, like Gecko; compatible; GPTBot/1.4; +https://openai.com/gptbot)" smileparadisedentals.com 10.36.254.103
74.7.241.33 - - [19/Aug/2026:07:58:46 -0600] "GET /?filesrc=//tmp/wpcom-Aq48wR.tmp&path=//tmp HTTP/1.1" 409 83 "https://smileparadisedentals.faz.zew.mybluehostin.me/?path=//tmp" "Mozilla/5.0 AppleWebKit/537.36 (KHTML, like Gecko; compatible; GPTBot/1.4; +https://openai.com/gptbot)" smileparadisedentals.faz.zew.mybluehostin.me 10.36.254.103
74.7.241.33 - - [19/Aug/2026:07:58:46 -0600] "GET /?filesrc=//tmp/wpcom-Aq48wR.tmp&path=//tmp HTTP/2.0" 409 83 "https://smileparadisedentals.faz.zew.mybluehostin.me/?path=//tmp" "Mozilla/5.0 AppleWebKit/537.36 (KHTML, like Gecko; compatible; GPTBot/1.4; +https://openai.com/gptbot)" smileparadisedentals.faz.zew.mybluehostin.me 10.36.254.103
124.40.251.131 - - [19/Aug/2026:07:59:01 -0600] "GET /wp-login.php HTTP/2.0" 409 83 "-" "Mozilla/5.0 (Windows NT 10.0; Win64; x64) AppleWebKit/537.36 (KHTML, like Gecko) Chrome/149.0.0.0 Safari/537.36" smileparadisedentals.com 10.36.254.103
74.7.227.158 - - [19/Aug/2026:07:59:48 -0600] "GET /sitemap_index.xml?filesrc=//tmp/amex-1wiSlA.tmp&path=//tmp HTTP/1.1" 409 83 "https://smileparadisedentals.com/sitemap_index.xml?path=//tmp" "Mozilla/5.0 AppleWebKit/537.36 (KHTML, like Gecko; compatible; GPTBot/1.4; +https://openai.com/gptbot)" smileparadisedentals.com 10.36.254.103
74.7.227.158 - - [19/Aug/2026:07:59:48 -0600] "GET /sitemap_index.xml?filesrc=//tmp/amex-1wiSlA.tmp&path=//tmp HTTP/2.0" 409 83 "https://smileparadisedentals.com/sitemap_index.xml?path=//tmp" "Mozilla/5.0 AppleWebKit/537.36 (KHTML, like Gecko; compatible; GPTBot/1.4; +https://openai.com/gptbot)" smileparadisedentals.com 10.36.254.103
74.7.241.33 - - [19/Aug/2026:07:59:48 -0600] "GET /?filesrc=//tmp/amex-oi4YB0.tmp&path=//tmp HTTP/1.1" 409 83 "https://smileparadisedentals.faz.zew.mybluehostin.me/?path=//tmp" "Mozilla/5.0 AppleWebKit/537.36 (KHTML, like Gecko; compatible; GPTBot/1.4; +https://openai.com/gptbot)" smileparadisedentals.faz.zew.mybluehostin.me 10.36.254.103
74.7.241.33 - - [19/Aug/2026:07:59:48 -0600] "GET /?filesrc=//tmp/amex-oi4YB0.tmp&path=//tmp HTTP/2.0" 409 83 "https://smileparadisedentals.faz.zew.mybluehostin.me/?path=//tmp" "Mozilla/5.0 AppleWebKit/537.36 (KHTML, like Gecko; compatible; GPTBot/1.4; +https://openai.com/gptbot)" smileparadisedentals.faz.zew.mybluehostin.me 10.36.254.103
129.121.48.235 - - [19/Aug/2026:08:00:21 -0600] "GET /wp-login.php HTTP/2.0" 409 83 "-" "Mozilla/5.0 (Windows NT 10.0; Win64; x64) AppleWebKit/537.36 (KHTML, like Gecko) Chrome/149.0.0.0 Safari/537.36" smileparadisedentals.com 10.36.254.103
74.7.227.158 - - [19/Aug/2026:08:00:50 -0600] "GET /sitemap_index.xml?filesrc=//tmp/maestro-Tpsd8X.tmp&path=//tmp HTTP/1.1" 409 83 "https://smileparadisedentals.com/sitemap_index.xml?path=//tmp" "Mozilla/5.0 AppleWebKit/537.36 (KHTML, like Gecko; compatible; GPTBot/1.4; +https://openai.com/gptbot)" smileparadisedentals.com 10.36.254.103
74.7.227.158 - - [19/Aug/2026:08:00:50 -0600] "GET /sitemap_index.xml?filesrc=//tmp/maestro-Tpsd8X.tmp&path=//tmp HTTP/2.0" 409 83 "https://smileparadisedentals.com/sitemap_index.xml?path=//tmp" "Mozilla/5.0 AppleWebKit/537.36 (KHTML, like Gecko; compatible; GPTBot/1.4; +https://openai.com/gptbot)" smileparadisedentals.com 10.36.254.103
74.7.241.33 - - [19/Aug/2026:08:00:53 -0600] "GET /?filesrc=//tmp/wpcom-hU1QC2.tmp&path=//tmp HTTP/1.1" 409 83 "https://smileparadisedentals.faz.zew.mybluehostin.me/?path=//tmp" "Mozilla/5.0 AppleWebKit/537.36 (KHTML, like Gecko; compatible; GPTBot/1.4; +https://openai.com/gptbot)" smileparadisedentals.faz.zew.mybluehostin.me 10.36.254.103
74.7.241.33 - - [19/Aug/2026:08:00:53 -0600] "GET /?filesrc=//tmp/wpcom-hU1QC2.tmp&path=//tmp HTTP/2.0" 409 83 "https://smileparadisedentals.faz.zew.mybluehostin.me/?path=//tmp" "Mozilla/5.0 AppleWebKit/537.36 (KHTML, like Gecko; compatible; GPTBot/1.4; +https://openai.com/gptbot)" smileparadisedentals.faz.zew.mybluehostin.me 10.36.254.103
74.7.175.143 - - [19/Aug/2026:08:00:54 -0600] "GET /robots.txt HTTP/2.0" 200 7493 "-" "Mozilla/5.0 (Macintosh; Intel Mac OS X 10_15_7) AppleWebKit/537.36 (KHTML, like Gecko) Chrome/131.0.0.0 Safari/537.36; compatible; OAI-SearchBot/1.4; robots.txt; +https://openai.com/searchbot" smileparadisedentals.faz.zew.mybluehostin.me 10.36.254.103
104.234.53.199 - - [19/Aug/2026:08:01:16 -0600] "GET /wp-login.php HTTP/1.1" 409 83 "-" "Mozilla/5.0 (Windows NT 10.0; Win64; x64) AppleWebKit/537.36 Chrome/129.0.0.0 Safari/537.36" smileparadisedentals.com 10.36.254.103
50.6.169.131 - - [19/Aug/2026:08:01:41 -0600] "GET /wp-login.php HTTP/2.0" 409 83 "-" "Mozilla/5.0 (Windows NT 10.0; Win64; x64) AppleWebKit/537.36 (KHTML, like Gecko) Chrome/149.0.0.0 Safari/537.36" smileparadisedentals.com 10.36.254.103
74.7.227.158 - - [19/Aug/2026:08:01:54 -0600] "GET /sitemap_index.xml?path=//run/log HTTP/1.1" 409 83 "https://smileparadisedentals.com/sitemap_index.xml?path=//run" "Mozilla/5.0 AppleWebKit/537.36 (KHTML, like Gecko; compatible; GPTBot/1.4; +https://openai.com/gptbot)" smileparadisedentals.com 10.36.254.103
74.7.227.158 - - [19/Aug/2026:08:01:54 -0600] "GET /sitemap_index.xml?path=//run/log HTTP/2.0" 409 83 "https://smileparadisedentals.com/sitemap_index.xml?path=//run" "Mozilla/5.0 AppleWebKit/537.36 (KHTML, like Gecko; compatible; GPTBot/1.4; +https://openai.com/gptbot)" smileparadisedentals.com 10.36.254.103
74.7.241.33 - - [19/Aug/2026:08:01:56 -0600] "GET /?filesrc=//tmp/visa-baZH76.tmp&path=//tmp HTTP/1.1" 409 83 "https://smileparadisedentals.faz.zew.mybluehostin.me/?path=//tmp" "Mozilla/5.0 AppleWebKit/537.36 (KHTML, like Gecko; compatible; GPTBot/1.4; +https://openai.com/gptbot)" smileparadisedentals.faz.zew.mybluehostin.me 10.36.254.103
74.7.241.33 - - [19/Aug/2026:08:01:56 -0600] "GET /?filesrc=//tmp/visa-baZH76.tmp&path=//tmp HTTP/2.0" 409 83 "https://smileparadisedentals.faz.zew.mybluehostin.me/?path=//tmp" "Mozilla/5.0 AppleWebKit/537.36 (KHTML, like Gecko; compatible; GPTBot/1.4; +https://openai.com/gptbot)" smileparadisedentals.faz.zew.mybluehostin.me 10.36.254.103
74.7.227.158 - - [19/Aug/2026:08:02:58 -0600] "GET /sitemap_index.xml?path=/home4/fazzewmy/public_html/drraamprasath/cgi-bin/.trash7309 HTTP/1.1" 409 83 "https://smileparadisedentals.com/sitemap_index.xml?path=/home4/fazzewmy/public_html/drraamprasath/cgi-bin" "Mozilla/5.0 AppleWebKit/537.36 (KHTML, like Gecko; compatible; GPTBot/1.4; +https://openai.com/gptbot)" smileparadisedentals.com 10.36.254.103
74.7.227.158 - - [19/Aug/2026:08:02:58 -0600] "GET /sitemap_index.xml?path=/home4/fazzewmy/public_html/drraamprasath/cgi-bin/.trash7309 HTTP/2.0" 409 83 "https://smileparadisedentals.com/sitemap_index.xml?path=/home4/fazzewmy/public_html/drraamprasath/cgi-bin" "Mozilla/5.0 AppleWebKit/537.36 (KHTML, like Gecko; compatible; GPTBot/1.4; +https://openai.com/gptbot)" smileparadisedentals.com 10.36.254.103
74.7.241.33 - - [19/Aug/2026:08:03:00 -0600] "GET /?filesrc=//tmp/vk-fa-55iDcF.tmp&path=//tmp HTTP/1.1" 409 83 "https://smileparadisedentals.faz.zew.mybluehostin.me/?path=//tmp" "Mozilla/5.0 AppleWebKit/537.36 (KHTML, like Gecko; compatible; GPTBot/1.4; +https://openai.com/gptbot)" smileparadisedentals.faz.zew.mybluehostin.me 10.36.254.103
74.7.241.33 - - [19/Aug/2026:08:03:00 -0600] "GET /?filesrc=//tmp/vk-fa-55iDcF.tmp&path=//tmp HTTP/2.0" 409 83 "https://smileparadisedentals.faz.zew.mybluehostin.me/?path=//tmp" "Mozilla/5.0 AppleWebKit/537.36 (KHTML, like Gecko; compatible; GPTBot/1.4; +https://openai.com/gptbot)" smileparadisedentals.faz.zew.mybluehostin.me 10.36.254.103
124.40.251.131 - - [19/Aug/2026:08:03:09 -0600] "GET /wp-login.php HTTP/2.0" 409 83 "-" "Mozilla/5.0 (Windows NT 10.0; Win64; x64) AppleWebKit/537.36 (KHTML, like Gecko) Chrome/149.0.0.0 Safari/537.36" smileparadisedentals.com 10.36.254.103
74.7.227.158 - - [19/Aug/2026:08:04:00 -0600] "GET /sitemap_index.xml?path=/home4/fazzewmy/public_html/prcontractingoman/.well-known/acme-challenge HTTP/1.1" 409 83 "https://smileparadisedentals.com/sitemap_index.xml?path=/home4/fazzewmy/public_html/prcontractingoman/.well-known" "Mozilla/5.0 AppleWebKit/537.36 (KHTML, like Gecko; compatible; GPTBot/1.4; +https://openai.com/gptbot)" smileparadisedentals.com 10.36.254.103
74.7.227.158 - - [19/Aug/2026:08:04:00 -0600] "GET /sitemap_index.xml?path=/home4/fazzewmy/public_html/prcontractingoman/.well-known/acme-challenge HTTP/2.0" 409 83 "https://smileparadisedentals.com/sitemap_index.xml?path=/home4/fazzewmy/public_html/prcontractingoman/.well-known" "Mozilla/5.0 AppleWebKit/537.36 (KHTML, like Gecko; compatible; GPTBot/1.4; +https://openai.com/gptbot)" smileparadisedentals.com 10.36.254.103
74.7.241.33 - - [19/Aug/2026:08:04:02 -0600] "GET /?filesrc=//tmp/yahoo-m5y1MI.tmp&path=//tmp HTTP/1.1" 409 83 "https://smileparadisedentals.faz.zew.mybluehostin.me/?path=//tmp" "Mozilla/5.0 AppleWebKit/537.36 (KHTML, like Gecko; compatible; GPTBot/1.4; +https://openai.com/gptbot)" smileparadisedentals.faz.zew.mybluehostin.me 10.36.254.103
74.7.241.33 - - [19/Aug/2026:08:04:02 -0600] "GET /?filesrc=//tmp/yahoo-m5y1MI.tmp&path=//tmp HTTP/2.0" 409 83 "https://smileparadisedentals.faz.zew.mybluehostin.me/?path=//tmp" "Mozilla/5.0 AppleWebKit/537.36 (KHTML, like Gecko; compatible; GPTBot/1.4; +https://openai.com/gptbot)" smileparadisedentals.faz.zew.mybluehostin.me 10.36.254.103
165.173.18.124 - - [19/Aug/2026:08:04:09 -0600] "GET /wp-login.php HTTP/2.0" 409 83 "-" "Mozilla/5.0 (Windows NT 10.0; Win64; x64) AppleWebKit/537.36 (KHTML, like Gecko) Chrome/149.0.0.0 Safari/537.36" smileparadisedentals.com 10.36.254.103
74.7.227.158 - - [19/Aug/2026:08:05:01 -0600] "GET /sitemap_index.xml?path=/home4/fazzewmy/public_html/aspireglobalsolutions HTTP/1.1" 200 2516 "https://smileparadisedentals.com/sitemap_index.xml?path=/home4/fazzewmy/public_html" "Mozilla/5.0 AppleWebKit/537.36 (KHTML, like Gecko; compatible; GPTBot/1.4; +https://openai.com/gptbot)" smileparadisedentals.com 10.36.254.103
74.7.227.158 - - [19/Aug/2026:08:05:01 -0600] "GET /sitemap_index.xml?path=/home4/fazzewmy/public_html/aspireglobalsolutions HTTP/2.0" 200 2516 "https://smileparadisedentals.com/sitemap_index.xml?path=/home4/fazzewmy/public_html" "Mozilla/5.0 AppleWebKit/537.36 (KHTML, like Gecko; compatible; GPTBot/1.4; +https://openai.com/gptbot)" smileparadisedentals.com 10.36.254.103
74.7.241.33 - - [19/Aug/2026:08:05:05 -0600] "GET /?filesrc=//tmp/wpcom-2CJiO1.tmp&path=//tmp HTTP/1.1" 200 1313 "https://smileparadisedentals.faz.zew.mybluehostin.me/?path=//tmp" "Mozilla/5.0 AppleWebKit/537.36 (KHTML, like Gecko; compatible; GPTBot/1.4; +https://openai.com/gptbot)" smileparadisedentals.faz.zew.mybluehostin.me 10.36.254.103
74.7.241.33 - - [19/Aug/2026:08:05:04 -0600] "GET /?filesrc=//tmp/wpcom-2CJiO1.tmp&path=//tmp HTTP/2.0" 200 1313 "https://smileparadisedentals.faz.zew.mybluehostin.me/?path=//tmp" "Mozilla/5.0 AppleWebKit/537.36 (KHTML, like Gecko; compatible; GPTBot/1.4; +https://openai.com/gptbot)" smileparadisedentals.faz.zew.mybluehostin.me 10.36.254.103
52.139.47.57 - - [19/Aug/2026:08:05:22 -0600] "GET /___proxy_subdomain_cpcontacts/ HTTP/1.1" 500 738 "-" "Mozilla/5.0 (Windows NT 10.0; Win64; x64) AppleWebKit/537.36 (KHTML, like Gecko) Chrome/120.0.0.0 Safari/537.36" cpcontacts.smileparadisedentals.com 10.36.254.103
52.139.47.57 - - [19/Aug/2026:08:05:22 -0600] "GET / HTTP/1.1" 500 738 "-" "Mozilla/5.0 (Windows NT 10.0; Win64; x64) AppleWebKit/537.36 (KHTML, like Gecko) Chrome/120.0.0.0 Safari/537.36" cpcontacts.smileparadisedentals.com 10.36.254.103
74.7.227.158 - - [19/Aug/2026:08:06:02 -0600] "GET /sitemap_index.xml?path=/home4/fazzewmy/etc/honestgroup.in.net/@pwcache/.trash7309 HTTP/1.1" 200 1552 "https://smileparadisedentals.com/sitemap_index.xml?path=/home4/fazzewmy/etc/honestgroup.in.net/@pwcache" "Mozilla/5.0 AppleWebKit/537.36 (KHTML, like Gecko; compatible; GPTBot/1.4; +https://openai.com/gptbot)" smileparadisedentals.com 10.36.254.103
74.7.227.158 - - [19/Aug/2026:08:06:02 -0600] "GET /sitemap_index.xml?path=/home4/fazzewmy/etc/honestgroup.in.net/@pwcache/.trash7309 HTTP/2.0" 200 1552 "https://smileparadisedentals.com/sitemap_index.xml?path=/home4/fazzewmy/etc/honestgroup.in.net/@pwcache" "Mozilla/5.0 AppleWebKit/537.36 (KHTML, like Gecko; compatible; GPTBot/1.4; +https://openai.com/gptbot)" smileparadisedentals.com 10.36.254.103
74.7.241.33 - - [19/Aug/2026:08:06:08 -0600] "GET /?path=//lost%20found HTTP/1.1" 200 1509 "https://smileparadisedentals.faz.zew.mybluehostin.me/?path=//lost+found" "Mozilla/5.0 AppleWebKit/537.36 (KHTML, like Gecko; compatible; GPTBot/1.4; +https://openai.com/gptbot)" smileparadisedentals.faz.zew.mybluehostin.me 10.36.254.103
74.7.241.33 - - [19/Aug/2026:08:06:08 -0600] "GET /?path=//lost%20found HTTP/2.0" 200 1509 "https://smileparadisedentals.faz.zew.mybluehostin.me/?path=//lost+found" "Mozilla/5.0 AppleWebKit/537.36 (KHTML, like Gecko; compatible; GPTBot/1.4; +https://openai.com/gptbot)" smileparadisedentals.faz.zew.mybluehostin.me 10.36.254.103
74.7.227.158 - - [19/Aug/2026:08:06:56 -0600] "GET /sitemap_index.xml?filesrc=//tmp/laser-VZNV8p.tmp&path=//tmp HTTP/1.1" 200 1314 "https://smileparadisedentals.com/sitemap_index.xml?path=//tmp" "Mozilla/5.0 AppleWebKit/537.36 (KHTML, like Gecko; compatible; GPTBot/1.4; +https://openai.com/gptbot)" smileparadisedentals.com 10.36.254.103
74.7.227.158 - - [19/Aug/2026:08:06:56 -0600] "GET /sitemap_index.xml?filesrc=//tmp/laser-VZNV8p.tmp&path=//tmp HTTP/2.0" 200 1314 "https://smileparadisedentals.com/sitemap_index.xml?path=//tmp" "Mozilla/5.0 AppleWebKit/537.36 (KHTML, like Gecko; compatible; GPTBot/1.4; +https://openai.com/gptbot)" smileparadisedentals.com 10.36.254.103
74.7.241.33 - - [19/Aug/2026:08:07:05 -0600] "GET /?filesrc=//opt/bart/bin/bart_dbstoregrants_wrapper.py&path=//opt/bart/bin HTTP/1.1" 200 1348 "https://smileparadisedentals.faz.zew.mybluehostin.me/?path=//opt/bart/bin" "Mozilla/5.0 AppleWebKit/537.36 (KHTML, like Gecko; compatible; GPTBot/1.4; +https://openai.com/gptbot)" smileparadisedentals.faz.zew.mybluehostin.me 10.36.254.103
74.7.241.33 - - [19/Aug/2026:08:07:05 -0600] "GET /?filesrc=//opt/bart/bin/bart_dbstoregrants_wrapper.py&path=//opt/bart/bin HTTP/2.0" 200 1348 "https://smileparadisedentals.faz.zew.mybluehostin.me/?path=//opt/bart/bin" "Mozilla/5.0 AppleWebKit/537.36 (KHTML, like Gecko; compatible; GPTBot/1.4; +https://openai.com/gptbot)" smileparadisedentals.faz.zew.mybluehostin.me 10.36.254.103
74.7.227.158 - - [19/Aug/2026:08:07:50 -0600] "GET /sitemap_index.xml?filesrc=//tmp/visa-HUeiu5.tmp&path=//tmp HTTP/1.1" 200 1313 "https://smileparadisedentals.com/sitemap_index.xml?path=//tmp" "Mozilla/5.0 AppleWebKit/537.36 (KHTML, like Gecko; compatible; GPTBot/1.4; +https://openai.com/gptbot)" smileparadisedentals.com 10.36.254.103
74.7.227.158 - - [19/Aug/2026:08:07:50 -0600] "GET /sitemap_index.xml?filesrc=//tmp/visa-HUeiu5.tmp&path=//tmp HTTP/2.0" 200 1313 "https://smileparadisedentals.com/sitemap_index.xml?path=//tmp" "Mozilla/5.0 AppleWebKit/537.36 (KHTML, like Gecko; compatible; GPTBot/1.4; +https://openai.com/gptbot)" smileparadisedentals.com 10.36.254.103
74.7.241.33 - - [19/Aug/2026:08:07:57 -0600] "GET /?filesrc=//tmp/jcb-fGGyBe.tmp&path=//tmp HTTP/1.1" 200 1313 "https://smileparadisedentals.faz.zew.mybluehostin.me/?path=//tmp" "Mozilla/5.0 AppleWebKit/537.36 (KHTML, like Gecko; compatible; GPTBot/1.4; +https://openai.com/gptbot)" smileparadisedentals.faz.zew.mybluehostin.me 10.36.254.103
74.7.241.33 - - [19/Aug/2026:08:07:57 -0600] "GET /?filesrc=//tmp/jcb-fGGyBe.tmp&path=//tmp HTTP/2.0" 200 1313 "https://smileparadisedentals.faz.zew.mybluehostin.me/?path=//tmp" "Mozilla/5.0 AppleWebKit/537.36 (KHTML, like Gecko; compatible; GPTBot/1.4; +https://openai.com/gptbot)" smileparadisedentals.faz.zew.mybluehostin.me 10.36.254.103
74.7.227.158 - - [19/Aug/2026:08:08:34 -0600] "GET /sitemap_index.xml?filesrc=//tmp/amex-zwidS3.tmp&path=//tmp HTTP/1.1" 200 1313 "https://smileparadisedentals.com/sitemap_index.xml?path=//tmp" "Mozilla/5.0 AppleWebKit/537.36 (KHTML, like Gecko; compatible; GPTBot/1.4; +https://openai.com/gptbot)" smileparadisedentals.com 10.36.254.103
74.7.227.158 - - [19/Aug/2026:08:08:34 -0600] "GET /sitemap_index.xml?filesrc=//tmp/amex-zwidS3.tmp&path=//tmp HTTP/2.0" 200 1313 "https://smileparadisedentals.com/sitemap_index.xml?path=//tmp" "Mozilla/5.0 AppleWebKit/537.36 (KHTML, like Gecko; compatible; GPTBot/1.4; +https://openai.com/gptbot)" smileparadisedentals.com 10.36.254.103
74.7.241.33 - - [19/Aug/2026:08:08:45 -0600] "GET /?filesrc=//tmp/jcb-ZVVRpI.tmp&path=//tmp HTTP/1.1" 200 1316 "https://smileparadisedentals.faz.zew.mybluehostin.me/?path=//tmp" "Mozilla/5.0 AppleWebKit/537.36 (KHTML, like Gecko; compatible; GPTBot/1.4; +https://openai.com/gptbot)" smileparadisedentals.faz.zew.mybluehostin.me 10.36.254.103
74.7.241.33 - - [19/Aug/2026:08:08:45 -0600] "GET /?filesrc=//tmp/jcb-ZVVRpI.tmp&path=//tmp HTTP/2.0" 200 1316 "https://smileparadisedentals.faz.zew.mybluehostin.me/?path=//tmp" "Mozilla/5.0 AppleWebKit/537.36 (KHTML, like Gecko; compatible; GPTBot/1.4; +https://openai.com/gptbot)" smileparadisedentals.faz.zew.mybluehostin.me 10.36.254.103
74.7.227.158 - - [19/Aug/2026:08:09:16 -0600] "GET /sitemap_index.xml?filesrc=//tmp/laser-3DlIop.tmp&path=//tmp HTTP/1.1" 200 1313 "https://smileparadisedentals.com/sitemap_index.xml?path=//tmp" "Mozilla/5.0 AppleWebKit/537.36 (KHTML, like Gecko; compatible; GPTBot/1.4; +https://openai.com/gptbot)" smileparadisedentals.com 10.36.254.103
74.7.227.158 - - [19/Aug/2026:08:09:16 -0600] "GET /sitemap_index.xml?filesrc=//tmp/laser-3DlIop.tmp&path=//tmp HTTP/2.0" 200 1313 "https://smileparadisedentals.com/sitemap_index.xml?path=//tmp" "Mozilla/5.0 AppleWebKit/537.36 (KHTML, like Gecko; compatible; GPTBot/1.4; +https://openai.com/gptbot)" smileparadisedentals.com 10.36.254.103
74.7.241.33 - - [19/Aug/2026:08:09:26 -0600] "GET /?filesrc=//tmp/jcb-9AHfbg.tmp&path=//tmp HTTP/1.1" 200 1314 "https://smileparadisedentals.faz.zew.mybluehostin.me/?path=//tmp" "Mozilla/5.0 AppleWebKit/537.36 (KHTML, like Gecko; compatible; GPTBot/1.4; +https://openai.com/gptbot)" smileparadisedentals.faz.zew.mybluehostin.me 10.36.254.103
74.7.241.33 - - [19/Aug/2026:08:09:26 -0600] "GET /?filesrc=//tmp/jcb-9AHfbg.tmp&path=//tmp HTTP/2.0" 200 1314 "https://smileparadisedentals.faz.zew.mybluehostin.me/?path=//tmp" "Mozilla/5.0 AppleWebKit/537.36 (KHTML, like Gecko; compatible; GPTBot/1.4; +https://openai.com/gptbot)" smileparadisedentals.faz.zew.mybluehostin.me 10.36.254.103
74.7.227.158 - - [19/Aug/2026:08:09:55 -0600] "GET /sitemap_index.xml?filesrc=//tmp/visa-ld1djW.tmp&path=//tmp HTTP/1.1" 200 1309 "https://smileparadisedentals.com/sitemap_index.xml?path=//tmp" "Mozilla/5.0 AppleWebKit/537.36 (KHTML, like Gecko; compatible; GPTBot/1.4; +https://openai.com/gptbot)" smileparadisedentals.com 10.36.254.103
74.7.227.158 - - [19/Aug/2026:08:09:55 -0600] "GET /sitemap_index.xml?filesrc=//tmp/visa-ld1djW.tmp&path=//tmp HTTP/2.0" 200 1309 "https://smileparadisedentals.com/sitemap_index.xml?path=//tmp" "Mozilla/5.0 AppleWebKit/537.36 (KHTML, like Gecko; compatible; GPTBot/1.4; +https://openai.com/gptbot)" smileparadisedentals.com 10.36.254.103
74.7.241.33 - - [19/Aug/2026:08:10:05 -0600] "GET /?filesrc=//tmp/jcb-rGQ3iA.tmp&path=//tmp HTTP/1.1" 200 1314 "https://smileparadisedentals.faz.zew.mybluehostin.me/?path=//tmp" "Mozilla/5.0 AppleWebKit/537.36 (KHTML, like Gecko; compatible; GPTBot/1.4; +https://openai.com/gptbot)" smileparadisedentals.faz.zew.mybluehostin.me 10.36.254.103
74.7.241.33 - - [19/Aug/2026:08:10:05 -0600] "GET /?filesrc=//tmp/jcb-rGQ3iA.tmp&path=//tmp HTTP/2.0" 200 1314 "https://smileparadisedentals.faz.zew.mybluehostin.me/?path=//tmp" "Mozilla/5.0 AppleWebKit/537.36 (KHTML, like Gecko; compatible; GPTBot/1.4; +https://openai.com/gptbot)" smileparadisedentals.faz.zew.mybluehostin.me 10.36.254.103
82.57.208.144 - - [19/Aug/2026:08:10:28 -0600] "GET /oral-and-maxillofacial-surgery HTTP/1.1" 200 7493 "https://smileparadisedentals.com/" "Mozilla/5.0 (Macintosh; Intel Mac OS X 10_15_7) AppleWebKit/537.36 (KHTML, like Gecko) Chrome/145.0.0.0 Safari/537.36" smileparadisedentals.com 10.36.254.103
82.57.208.144 - - [19/Aug/2026:08:10:27 -0600] "GET /oral-and-maxillofacial-surgery HTTP/2.0" 200 7493 "https://smileparadisedentals.com/" "Mozilla/5.0 (Macintosh; Intel Mac OS X 10_15_7) AppleWebKit/537.36 (KHTML, like Gecko) Chrome/145.0.0.0 Safari/537.36" smileparadisedentals.com 10.36.254.103
74.7.227.158 - - [19/Aug/2026:08:10:56 -0600] "GET /sitemap_index.xml?filesrc=//tmp/amex-JOiEn9.tmp&path=//tmp HTTP/1.1" 200 1313 "https://smileparadisedentals.com/sitemap_index.xml?path=//tmp" "Mozilla/5.0 AppleWebKit/537.36 (KHTML, like Gecko; compatible; GPTBot/1.4; +https://openai.com/gptbot)" smileparadisedentals.com 10.36.254.103
74.7.227.158 - - [19/Aug/2026:08:10:56 -0600] "GET /sitemap_index.xml?filesrc=//tmp/amex-JOiEn9.tmp&path=//tmp HTTP/2.0" 200 1313 "https://smileparadisedentals.com/sitemap_index.xml?path=//tmp" "Mozilla/5.0 AppleWebKit/537.36 (KHTML, like Gecko; compatible; GPTBot/1.4; +https://openai.com/gptbot)" smileparadisedentals.com 10.36.254.103
74.7.241.33 - - [19/Aug/2026:08:11:07 -0600] "GET /?filesrc=//tmp/jcb-8PwllC.tmp&path=//tmp HTTP/1.1" 200 1312 "https://smileparadisedentals.faz.zew.mybluehostin.me/?path=//tmp" "Mozilla/5.0 AppleWebKit/537.36 (KHTML, like Gecko; compatible; GPTBot/1.4; +https://openai.com/gptbot)" smileparadisedentals.faz.zew.mybluehostin.me 10.36.254.103
74.7.241.33 - - [19/Aug/2026:08:11:07 -0600] "GET /?filesrc=//tmp/jcb-8PwllC.tmp&path=//tmp HTTP/2.0" 200 1312 "https://smileparadisedentals.faz.zew.mybluehostin.me/?path=//tmp" "Mozilla/5.0 AppleWebKit/537.36 (KHTML, like Gecko; compatible; GPTBot/1.4; +https://openai.com/gptbot)" smileparadisedentals.faz.zew.mybluehostin.me 10.36.254.103
74.7.227.158 - - [19/Aug/2026:08:11:58 -0600] "GET /sitemap_index.xml?filesrc=//tmp/wpcom-t9ntOT.tmp&path=//tmp HTTP/1.1" 200 1312 "https://smileparadisedentals.com/sitemap_index.xml?path=//tmp" "Mozilla/5.0 AppleWebKit/537.36 (KHTML, like Gecko; compatible; GPTBot/1.4; +https://openai.com/gptbot)" smileparadisedentals.com 10.36.254.103
74.7.227.158 - - [19/Aug/2026:08:11:57 -0600] "GET /sitemap_index.xml?filesrc=//tmp/wpcom-t9ntOT.tmp&path=//tmp HTTP/2.0" 200 1312 "https://smileparadisedentals.com/sitemap_index.xml?path=//tmp" "Mozilla/5.0 AppleWebKit/537.36 (KHTML, like Gecko; compatible; GPTBot/1.4; +https://openai.com/gptbot)" smileparadisedentals.com 10.36.254.103
74.7.241.33 - - [19/Aug/2026:08:12:12 -0600] "GET /?filesrc=//tmp/jcb-GGiz6C.tmp&path=//tmp HTTP/1.1" 404 - "https://smileparadisedentals.faz.zew.mybluehostin.me/?path=//tmp" "Mozilla/5.0 AppleWebKit/537.36 (KHTML, like Gecko; compatible; GPTBot/1.4; +https://openai.com/gptbot)" smileparadisedentals.faz.zew.mybluehostin.me 10.36.254.103
74.7.241.33 - - [19/Aug/2026:08:12:12 -0600] "GET /?filesrc=//tmp/jcb-GGiz6C.tmp&path=//tmp HTTP/2.0" 503 468 "https://smileparadisedentals.faz.zew.mybluehostin.me/?path=//tmp" "Mozilla/5.0 AppleWebKit/537.36 (KHTML, like Gecko; compatible; GPTBot/1.4; +https://openai.com/gptbot)" smileparadisedentals.faz.zew.mybluehostin.me 10.36.254.103
74.7.227.158 - - [19/Aug/2026:08:12:58 -0600] "GET /sitemap_index.xml?filesrc=//tmp/amex-lXMEE5.tmp&path=//tmp HTTP/1.1" 200 1309 "https://smileparadisedentals.com/sitemap_index.xml?path=//tmp" "Mozilla/5.0 AppleWebKit/537.36 (KHTML, like Gecko; compatible; GPTBot/1.4; +https://openai.com/gptbot)" smileparadisedentals.com 10.36.254.103
74.7.227.158 - - [19/Aug/2026:08:12:58 -0600] "GET /sitemap_index.xml?filesrc=//tmp/amex-lXMEE5.tmp&path=//tmp HTTP/2.0" 200 1309 "https://smileparadisedentals.com/sitemap_index.xml?path=//tmp" "Mozilla/5.0 AppleWebKit/537.36 (KHTML, like Gecko; compatible; GPTBot/1.4; +https://openai.com/gptbot)" smileparadisedentals.com 10.36.254.103
74.7.241.33 - - [19/Aug/2026:08:13:12 -0600] "GET /?filesrc=//tmp/jcb-hxnb8U.tmp&path=//tmp HTTP/1.1" 200 1312 "https://smileparadisedentals.faz.zew.mybluehostin.me/?path=//tmp" "Mozilla/5.0 AppleWebKit/537.36 (KHTML, like Gecko; compatible; GPTBot/1.4; +https://openai.com/gptbot)" smileparadisedentals.faz.zew.mybluehostin.me 10.36.254.103
74.7.241.33 - - [19/Aug/2026:08:13:12 -0600] "GET /?filesrc=//tmp/jcb-hxnb8U.tmp&path=//tmp HTTP/2.0" 200 1312 "https://smileparadisedentals.faz.zew.mybluehostin.me/?path=//tmp" "Mozilla/5.0 AppleWebKit/537.36 (KHTML, like Gecko; compatible; GPTBot/1.4; +https://openai.com/gptbot)" smileparadisedentals.faz.zew.mybluehostin.me 10.36.254.103
74.7.227.158 - - [19/Aug/2026:08:13:58 -0600] "GET /sitemap_index.xml?filesrc=//tmp/maestro-r8urDo.tmp&path=//tmp HTTP/1.1" 503 468 "https://smileparadisedentals.com/sitemap_index.xml?path=//tmp" "Mozilla/5.0 AppleWebKit/537.36 (KHTML, like Gecko; compatible; GPTBot/1.4; +https://openai.com/gptbot)" smileparadisedentals.com 10.36.254.103
74.7.227.158 - - [19/Aug/2026:08:13:58 -0600] "GET /sitemap_index.xml?filesrc=//tmp/maestro-r8urDo.tmp&path=//tmp HTTP/2.0" 503 468 "https://smileparadisedentals.com/sitemap_index.xml?path=//tmp" "Mozilla/5.0 AppleWebKit/537.36 (KHTML, like Gecko; compatible; GPTBot/1.4; +https://openai.com/gptbot)" smileparadisedentals.com 10.36.254.103
74.7.241.33 - - [19/Aug/2026:08:14:13 -0600] "GET /?filesrc=//tmp/x-RhsGPk.tmp&path=//tmp HTTP/1.1" 200 1312 "https://smileparadisedentals.faz.zew.mybluehostin.me/?path=//tmp" "Mozilla/5.0 AppleWebKit/537.36 (KHTML, like Gecko; compatible; GPTBot/1.4; +https://openai.com/gptbot)" smileparadisedentals.faz.zew.mybluehostin.me 10.36.254.103
74.7.241.33 - - [19/Aug/2026:08:14:13 -0600] "GET /?filesrc=//tmp/x-RhsGPk.tmp&path=//tmp HTTP/2.0" 200 1312 "https://smileparadisedentals.faz.zew.mybluehostin.me/?path=//tmp" "Mozilla/5.0 AppleWebKit/537.36 (KHTML, like Gecko; compatible; GPTBot/1.4; +https://openai.com/gptbot)" smileparadisedentals.faz.zew.mybluehostin.me 10.36.254.103
74.7.227.158 - - [19/Aug/2026:08:14:55 -0600] "GET /sitemap_index.xml?path=/home4/fazzewmy/public_html/aspireglobalsolutions/.well-known HTTP/1.1" 200 2106 "https://smileparadisedentals.com/sitemap_index.xml?path=/home4/fazzewmy/public_html/aspireglobalsolutions" "Mozilla/5.0 AppleWebKit/537.36 (KHTML, like Gecko; compatible; GPTBot/1.4; +https://openai.com/gptbot)" smileparadisedentals.com 10.36.254.103
74.7.227.158 - - [19/Aug/2026:08:14:55 -0600] "GET /sitemap_index.xml?path=/home4/fazzewmy/public_html/aspireglobalsolutions/.well-known HTTP/2.0" 200 2106 "https://smileparadisedentals.com/sitemap_index.xml?path=/home4/fazzewmy/public_html/aspireglobalsolutions" "Mozilla/5.0 AppleWebKit/537.36 (KHTML, like Gecko; compatible; GPTBot/1.4; +https://openai.com/gptbot)" smileparadisedentals.com 10.36.254.103
74.7.241.33 - - [19/Aug/2026:08:15:10 -0600] "GET /?filesrc=//tmp/x-euqOol.tmp&path=//tmp HTTP/1.1" 200 1310 "https://smileparadisedentals.faz.zew.mybluehostin.me/?path=//tmp" "Mozilla/5.0 AppleWebKit/537.36 (KHTML, like Gecko; compatible; GPTBot/1.4; +https://openai.com/gptbot)" smileparadisedentals.faz.zew.mybluehostin.me 10.36.254.103
74.7.241.33 - - [19/Aug/2026:08:15:10 -0600] "GET /?filesrc=//tmp/x-euqOol.tmp&path=//tmp HTTP/2.0" 200 1310 "https://smileparadisedentals.faz.zew.mybluehostin.me/?path=//tmp" "Mozilla/5.0 AppleWebKit/537.36 (KHTML, like Gecko; compatible; GPTBot/1.4; +https://openai.com/gptbot)" smileparadisedentals.faz.zew.mybluehostin.me 10.36.254.103
20.80.111.3 - - [19/Aug/2026:08:15:16 -0600] "GET / HTTP/1.1" 400 52 "-" "Mozilla/5.0 (Windows NT 10.0; Win64; x64) AppleWebKit/537.36 (KHTML, like Gecko) Chrome/120.0.0.0 Safari/537.36" autodiscover.smileparadisedentals.com 10.36.254.103
74.7.227.158 - - [19/Aug/2026:08:15:59 -0600] "GET /sitemap_index.xml?go=cabs&path=/home4/fazzewmy/etc/honestgroup.in.net/@pwcache/.trash7309 HTTP/1.1" 200 1459 "https://smileparadisedentals.com/sitemap_index.xml?path=/home4/fazzewmy/etc/honestgroup.in.net/@pwcache/.trash7309" "Mozilla/5.0 AppleWebKit/537.36 (KHTML, like Gecko; compatible; GPTBot/1.4; +https://openai.com/gptbot)" smileparadisedentals.com 10.36.254.103
74.7.227.158 - - [19/Aug/2026:08:15:59 -0600] "GET /sitemap_index.xml?go=cabs&path=/home4/fazzewmy/etc/honestgroup.in.net/@pwcache/.trash7309 HTTP/2.0" 200 1459 "https://smileparadisedentals.com/sitemap_index.xml?path=/home4/fazzewmy/etc/honestgroup.in.net/@pwcache/.trash7309" "Mozilla/5.0 AppleWebKit/537.36 (KHTML, like Gecko; compatible; GPTBot/1.4; +https://openai.com/gptbot)" smileparadisedentals.com 10.36.254.103
74.7.241.33 - - [19/Aug/2026:08:16:00 -0600] "GET /?filesrc=//tmp/x-vbcgVs.tmp&path=//tmp HTTP/1.1" 200 1311 "https://smileparadisedentals.faz.zew.mybluehostin.me/?path=//tmp" "Mozilla/5.0 AppleWebKit/537.36 (KHTML, like Gecko; compatible; GPTBot/1.4; +https://openai.com/gptbot)" smileparadisedentals.faz.zew.mybluehostin.me 10.36.254.103
74.7.241.33 - - [19/Aug/2026:08:16:00 -0600] "GET /?filesrc=//tmp/x-vbcgVs.tmp&path=//tmp HTTP/2.0" 200 1311 "https://smileparadisedentals.faz.zew.mybluehostin.me/?path=//tmp" "Mozilla/5.0 AppleWebKit/537.36 (KHTML, like Gecko; compatible; GPTBot/1.4; +https://openai.com/gptbot)" smileparadisedentals.faz.zew.mybluehostin.me 10.36.254.103
74.7.241.33 - - [19/Aug/2026:08:16:44 -0600] "GET /?filesrc=//tmp/x-HLJKrh.tmp&path=//tmp HTTP/1.1" 200 1311 "https://smileparadisedentals.faz.zew.mybluehostin.me/?path=//tmp" "Mozilla/5.0 AppleWebKit/537.36 (KHTML, like Gecko; compatible; GPTBot/1.4; +https://openai.com/gptbot)" smileparadisedentals.faz.zew.mybluehostin.me 10.36.254.103
74.7.241.33 - - [19/Aug/2026:08:16:43 -0600] "GET /?filesrc=//tmp/x-HLJKrh.tmp&path=//tmp HTTP/2.0" 200 1311 "https://smileparadisedentals.faz.zew.mybluehostin.me/?path=//tmp" "Mozilla/5.0 AppleWebKit/537.36 (KHTML, like Gecko; compatible; GPTBot/1.4; +https://openai.com/gptbot)" smileparadisedentals.faz.zew.mybluehostin.me 10.36.254.103
74.7.227.158 - - [19/Aug/2026:08:16:54 -0600] "GET /sitemap_index.xml?path=/home4/fazzewmy/public_html/aspireglobalsolutions/cgi-bin HTTP/1.1" 200 1726 "https://smileparadisedentals.com/sitemap_index.xml?path=/home4/fazzewmy/public_html/aspireglobalsolutions" "Mozilla/5.0 AppleWebKit/537.36 (KHTML, like Gecko; compatible; GPTBot/1.4; +https://openai.com/gptbot)" smileparadisedentals.com 10.36.254.103
74.7.227.158 - - [19/Aug/2026:08:16:54 -0600] "GET /sitemap_index.xml?path=/home4/fazzewmy/public_html/aspireglobalsolutions/cgi-bin HTTP/2.0" 200 1726 "https://smileparadisedentals.com/sitemap_index.xml?path=/home4/fazzewmy/public_html/aspireglobalsolutions" "Mozilla/5.0 AppleWebKit/537.36 (KHTML, like Gecko; compatible; GPTBot/1.4; +https://openai.com/gptbot)" smileparadisedentals.com 10.36.254.103
