74.7.241.33 - - [19/Aug/2026:12:38:51 -0600] "GET /?filesrc=//bin/lsattr&path=//bin HTTP/2.0" 200 124722 "https://smileparadisedentals.faz.zew.mybluehostin.me/?path=//bin" "Mozilla/5.0 AppleWebKit/537.36 (KHTML, like Gecko; compatible; GPTBot/1.4; +https://openai.com/gptbot)" smileparadisedentals.faz.zew.mybluehostin.me 10.36.254.103
74.7.227.158 - - [19/Aug/2026:12:38:53 -0600] "GET /sitemap_index.xml?go=cabs&path=//var/nis HTTP/1.1" 200 1650 "https://smileparadisedentals.com/sitemap_index.xml?path=//var/nis" "Mozilla/5.0 AppleWebKit/537.36 (KHTML, like Gecko; compatible; GPTBot/1.4; +https://openai.com/gptbot)" smileparadisedentals.com 10.36.254.103
74.7.227.158 - - [19/Aug/2026:12:38:53 -0600] "GET /sitemap_index.xml?go=cabs&path=//var/nis HTTP/2.0" 200 1650 "https://smileparadisedentals.com/sitemap_index.xml?path=//var/nis" "Mozilla/5.0 AppleWebKit/537.36 (KHTML, like Gecko; compatible; GPTBot/1.4; +https://openai.com/gptbot)" smileparadisedentals.com 10.36.254.103
74.7.241.33 - - [19/Aug/2026:12:38:53 -0600] "GET /?filesrc=//bin/pnmcat&path=//bin HTTP/1.1" 200 126988 "https://smileparadisedentals.faz.zew.mybluehostin.me/?path=//bin" "Mozilla/5.0 AppleWebKit/537.36 (KHTML, like Gecko; compatible; GPTBot/1.4; +https://openai.com/gptbot)" smileparadisedentals.faz.zew.mybluehostin.me 10.36.254.103
74.7.241.33 - - [19/Aug/2026:12:38:53 -0600] "GET /?filesrc=//bin/pnmcat&path=//bin HTTP/2.0" 200 126988 "https://smileparadisedentals.faz.zew.mybluehostin.me/?path=//bin" "Mozilla/5.0 AppleWebKit/537.36 (KHTML, like Gecko; compatible; GPTBot/1.4; +https://openai.com/gptbot)" smileparadisedentals.faz.zew.mybluehostin.me 10.36.254.103
74.7.227.158 - - [19/Aug/2026:12:38:54 -0600] "GET /sitemap_index.xml?path=//var/asl/data/suspicious HTTP/1.1" 200 1820 "https://smileparadisedentals.com/sitemap_index.xml?path=//var/asl/data" "Mozilla/5.0 AppleWebKit/537.36 (KHTML, like Gecko; compatible; GPTBot/1.4; +https://openai.com/gptbot)" smileparadisedentals.com 10.36.254.103
74.7.227.158 - - [19/Aug/2026:12:38:54 -0600] "GET /sitemap_index.xml?path=//var/asl/data/suspicious HTTP/2.0" 200 1820 "https://smileparadisedentals.com/sitemap_index.xml?path=//var/asl/data" "Mozilla/5.0 AppleWebKit/537.36 (KHTML, like Gecko; compatible; GPTBot/1.4; +https://openai.com/gptbot)" smileparadisedentals.com 10.36.254.103
74.7.241.33 - - [19/Aug/2026:12:38:55 -0600] "GET /?filesrc=//bin/gneqn&path=//bin HTTP/1.1" 200 120394 "https://smileparadisedentals.faz.zew.mybluehostin.me/?path=//bin" "Mozilla/5.0 AppleWebKit/537.36 (KHTML, like Gecko; compatible; GPTBot/1.4; +https://openai.com/gptbot)" smileparadisedentals.faz.zew.mybluehostin.me 10.36.254.103
74.7.241.33 - - [19/Aug/2026:12:38:55 -0600] "GET /?filesrc=//bin/gneqn&path=//bin HTTP/2.0" 200 120394 "https://smileparadisedentals.faz.zew.mybluehostin.me/?path=//bin" "Mozilla/5.0 AppleWebKit/537.36 (KHTML, like Gecko; compatible; GPTBot/1.4; +https://openai.com/gptbot)" smileparadisedentals.faz.zew.mybluehostin.me 10.36.254.103
74.7.227.158 - - [19/Aug/2026:12:38:56 -0600] "GET /sitemap_index.xml?path=/home4/fazzewmy/www/logfixscm/cgi-bin HTTP/1.1" 200 2214 "https://smileparadisedentals.com/sitemap_index.xml?path=/home4/fazzewmy/www/logfixscm" "Mozilla/5.0 AppleWebKit/537.36 (KHTML, like Gecko; compatible; GPTBot/1.4; +https://openai.com/gptbot)" smileparadisedentals.com 10.36.254.103
74.7.227.158 - - [19/Aug/2026:12:38:56 -0600] "GET /sitemap_index.xml?path=/home4/fazzewmy/www/logfixscm/cgi-bin HTTP/2.0" 200 2214 "https://smileparadisedentals.com/sitemap_index.xml?path=/home4/fazzewmy/www/logfixscm" "Mozilla/5.0 AppleWebKit/537.36 (KHTML, like Gecko; compatible; GPTBot/1.4; +https://openai.com/gptbot)" smileparadisedentals.com 10.36.254.103
74.7.241.33 - - [19/Aug/2026:12:38:57 -0600] "GET /?filesrc=//bin/which&path=//bin HTTP/1.1" 200 130367 "https://smileparadisedentals.faz.zew.mybluehostin.me/?path=//bin" "Mozilla/5.0 AppleWebKit/537.36 (KHTML, like Gecko; compatible; GPTBot/1.4; +https://openai.com/gptbot)" smileparadisedentals.faz.zew.mybluehostin.me 10.36.254.103
74.7.241.33 - - [19/Aug/2026:12:38:57 -0600] "GET /?filesrc=//bin/which&path=//bin HTTP/2.0" 200 130367 "https://smileparadisedentals.faz.zew.mybluehostin.me/?path=//bin" "Mozilla/5.0 AppleWebKit/537.36 (KHTML, like Gecko; compatible; GPTBot/1.4; +https://openai.com/gptbot)" smileparadisedentals.faz.zew.mybluehostin.me 10.36.254.103
74.7.227.158 - - [19/Aug/2026:12:38:57 -0600] "GET /sitemap_index.xml?path=//run/percona-telemetry-agent HTTP/1.1" 200 1770 "https://smileparadisedentals.com/sitemap_index.xml?path=//run" "Mozilla/5.0 AppleWebKit/537.36 (KHTML, like Gecko; compatible; GPTBot/1.4; +https://openai.com/gptbot)" smileparadisedentals.com 10.36.254.103
74.7.227.158 - - [19/Aug/2026:12:38:57 -0600] "GET /sitemap_index.xml?path=//run/percona-telemetry-agent HTTP/2.0" 200 1770 "https://smileparadisedentals.com/sitemap_index.xml?path=//run" "Mozilla/5.0 AppleWebKit/537.36 (KHTML, like Gecko; compatible; GPTBot/1.4; +https://openai.com/gptbot)" smileparadisedentals.com 10.36.254.103
74.7.241.33 - - [19/Aug/2026:12:38:58 -0600] "GET /?filesrc=//bin/facter&path=//bin HTTP/1.1" 200 119570 "https://smileparadisedentals.faz.zew.mybluehostin.me/?path=//bin" "Mozilla/5.0 AppleWebKit/537.36 (KHTML, like Gecko; compatible; GPTBot/1.4; +https://openai.com/gptbot)" smileparadisedentals.faz.zew.mybluehostin.me 10.36.254.103
74.7.241.33 - - [19/Aug/2026:12:38:58 -0600] "GET /?filesrc=//bin/facter&path=//bin HTTP/2.0" 200 119570 "https://smileparadisedentals.faz.zew.mybluehostin.me/?path=//bin" "Mozilla/5.0 AppleWebKit/537.36 (KHTML, like Gecko; compatible; GPTBot/1.4; +https://openai.com/gptbot)" smileparadisedentals.faz.zew.mybluehostin.me 10.36.254.103
74.7.227.158 - - [19/Aug/2026:12:38:58 -0600] "GET /sitemap_index.xml?path=//boot HTTP/1.1" 200 1764 "https://smileparadisedentals.com/sitemap_index.xml?path=/" "Mozilla/5.0 AppleWebKit/537.36 (KHTML, like Gecko; compatible; GPTBot/1.4; +https://openai.com/gptbot)" smileparadisedentals.com 10.36.254.103
74.7.227.158 - - [19/Aug/2026:12:38:58 -0600] "GET /sitemap_index.xml?path=//boot HTTP/2.0" 200 1764 "https://smileparadisedentals.com/sitemap_index.xml?path=/" "Mozilla/5.0 AppleWebKit/537.36 (KHTML, like Gecko; compatible; GPTBot/1.4; +https://openai.com/gptbot)" smileparadisedentals.com 10.36.254.103
162.214.80.130 - - [19/Aug/2026:12:39:01 -0600] "POST /wp-cron.php?doing_wp_cron=1787164741.4124379158020019531250 HTTP/1.1" 200 - "-" "WordPress/7.0.4; https://smileparadisedentals.com" smileparadisedentals.com 10.36.254.103
74.7.227.158 - - [19/Aug/2026:12:39:00 -0600] "GET /sitemap_index.xml?path=//root HTTP/1.1" 200 1764 "https://smileparadisedentals.com/sitemap_index.xml?path=/" "Mozilla/5.0 AppleWebKit/537.36 (KHTML, like Gecko; compatible; GPTBot/1.4; +https://openai.com/gptbot)" smileparadisedentals.com 10.36.254.103
74.7.227.158 - - [19/Aug/2026:12:39:00 -0600] "GET /sitemap_index.xml?path=//root HTTP/2.0" 200 1764 "https://smileparadisedentals.com/sitemap_index.xml?path=/" "Mozilla/5.0 AppleWebKit/537.36 (KHTML, like Gecko; compatible; GPTBot/1.4; +https://openai.com/gptbot)" smileparadisedentals.com 10.36.254.103
162.214.80.130 - - [19/Aug/2026:12:39:01 -0600] "POST /wp-cron.php?doing_wp_cron=1787164741.4375579357147216796875 HTTP/1.1" 200 - "-" "WordPress/7.0.4; https://smileparadisedentals.com" smileparadisedentals.com 10.36.254.103
74.7.241.33 - - [19/Aug/2026:12:39:00 -0600] "GET /?filesrc=//bin/ssltap&path=//bin HTTP/1.1" 200 147334 "https://smileparadisedentals.faz.zew.mybluehostin.me/?path=//bin" "Mozilla/5.0 AppleWebKit/537.36 (KHTML, like Gecko; compatible; GPTBot/1.4; +https://openai.com/gptbot)" smileparadisedentals.faz.zew.mybluehostin.me 10.36.254.103
74.7.241.33 - - [19/Aug/2026:12:39:00 -0600] "GET /?filesrc=//bin/ssltap&path=//bin HTTP/2.0" 200 147334 "https://smileparadisedentals.faz.zew.mybluehostin.me/?path=//bin" "Mozilla/5.0 AppleWebKit/537.36 (KHTML, like Gecko; compatible; GPTBot/1.4; +https://openai.com/gptbot)" smileparadisedentals.faz.zew.mybluehostin.me 10.36.254.103
74.7.227.158 - - [19/Aug/2026:12:39:01 -0600] "GET /sitemap_index.xml?path=/home4/fazzewmy/public_html/prcontractingoman/.trash7309 HTTP/1.1" 200 1796 "https://smileparadisedentals.com/sitemap_index.xml?path=/home4/fazzewmy/public_html/prcontractingoman" "Mozilla/5.0 AppleWebKit/537.36 (KHTML, like Gecko; compatible; GPTBot/1.4; +https://openai.com/gptbot)" smileparadisedentals.com 10.36.254.103
74.7.227.158 - - [19/Aug/2026:12:39:01 -0600] "GET /sitemap_index.xml?path=/home4/fazzewmy/public_html/prcontractingoman/.trash7309 HTTP/2.0" 200 1796 "https://smileparadisedentals.com/sitemap_index.xml?path=/home4/fazzewmy/public_html/prcontractingoman" "Mozilla/5.0 AppleWebKit/537.36 (KHTML, like Gecko; compatible; GPTBot/1.4; +https://openai.com/gptbot)" smileparadisedentals.com 10.36.254.103
74.7.241.33 - - [19/Aug/2026:12:39:01 -0600] "GET /?filesrc=//bin/nmcli&path=//bin HTTP/1.1" 200 478401 "https://smileparadisedentals.faz.zew.mybluehostin.me/?path=//bin" "Mozilla/5.0 AppleWebKit/537.36 (KHTML, like Gecko; compatible; GPTBot/1.4; +https://openai.com/gptbot)" smileparadisedentals.faz.zew.mybluehostin.me 10.36.254.103
74.7.241.33 - - [19/Aug/2026:12:39:01 -0600] "GET /?filesrc=//bin/nmcli&path=//bin HTTP/2.0" 200 478401 "https://smileparadisedentals.faz.zew.mybluehostin.me/?path=//bin" "Mozilla/5.0 AppleWebKit/537.36 (KHTML, like Gecko; compatible; GPTBot/1.4; +https://openai.com/gptbot)" smileparadisedentals.faz.zew.mybluehostin.me 10.36.254.103
74.7.227.158 - - [19/Aug/2026:12:39:03 -0600] "GET /sitemap_index.xml?path=/home4/fazzewmy/www/kryztl/.trash7309 HTTP/1.1" 200 1789 "https://smileparadisedentals.com/sitemap_index.xml?path=/home4/fazzewmy/www/kryztl" "Mozilla/5.0 AppleWebKit/537.36 (KHTML, like Gecko; compatible; GPTBot/1.4; +https://openai.com/gptbot)" smileparadisedentals.com 10.36.254.103
74.7.227.158 - - [19/Aug/2026:12:39:03 -0600] "GET /sitemap_index.xml?path=/home4/fazzewmy/www/kryztl/.trash7309 HTTP/2.0" 200 1789 "https://smileparadisedentals.com/sitemap_index.xml?path=/home4/fazzewmy/www/kryztl" "Mozilla/5.0 AppleWebKit/537.36 (KHTML, like Gecko; compatible; GPTBot/1.4; +https://openai.com/gptbot)" smileparadisedentals.com 10.36.254.103
74.7.241.33 - - [19/Aug/2026:12:39:04 -0600] "GET /?filesrc=//bin/teamnl&path=//bin HTTP/1.1" 200 127116 "https://smileparadisedentals.faz.zew.mybluehostin.me/?path=//bin" "Mozilla/5.0 AppleWebKit/537.36 (KHTML, like Gecko; compatible; GPTBot/1.4; +https://openai.com/gptbot)" smileparadisedentals.faz.zew.mybluehostin.me 10.36.254.103
74.7.241.33 - - [19/Aug/2026:12:39:04 -0600] "GET /?filesrc=//bin/teamnl&path=//bin HTTP/2.0" 200 127116 "https://smileparadisedentals.faz.zew.mybluehostin.me/?path=//bin" "Mozilla/5.0 AppleWebKit/537.36 (KHTML, like Gecko; compatible; GPTBot/1.4; +https://openai.com/gptbot)" smileparadisedentals.faz.zew.mybluehostin.me 10.36.254.103
74.7.227.158 - - [19/Aug/2026:12:39:05 -0600] "GET /sitemap_index.xml?path=/home4/fazzewmy/www/kryztl/.well-known HTTP/1.1" 200 2611 "https://smileparadisedentals.com/sitemap_index.xml?path=/home4/fazzewmy/www/kryztl" "Mozilla/5.0 AppleWebKit/537.36 (KHTML, like Gecko; compatible; GPTBot/1.4; +https://openai.com/gptbot)" smileparadisedentals.com 10.36.254.103
74.7.227.158 - - [19/Aug/2026:12:39:05 -0600] "GET /sitemap_index.xml?path=/home4/fazzewmy/www/kryztl/.well-known HTTP/2.0" 200 2611 "https://smileparadisedentals.com/sitemap_index.xml?path=/home4/fazzewmy/www/kryztl" "Mozilla/5.0 AppleWebKit/537.36 (KHTML, like Gecko; compatible; GPTBot/1.4; +https://openai.com/gptbot)" smileparadisedentals.com 10.36.254.103
74.7.227.158 - - [19/Aug/2026:12:39:07 -0600] "GET /sitemap_index.xml?path=/home4/fazzewmy/www/kryztl/cgi-bin HTTP/1.1" 200 1742 "https://smileparadisedentals.com/sitemap_index.xml?path=/home4/fazzewmy/www/kryztl" "Mozilla/5.0 AppleWebKit/537.36 (KHTML, like Gecko; compatible; GPTBot/1.4; +https://openai.com/gptbot)" smileparadisedentals.com 10.36.254.103
74.7.227.158 - - [19/Aug/2026:12:39:07 -0600] "GET /sitemap_index.xml?path=/home4/fazzewmy/www/kryztl/cgi-bin HTTP/2.0" 200 1742 "https://smileparadisedentals.com/sitemap_index.xml?path=/home4/fazzewmy/www/kryztl" "Mozilla/5.0 AppleWebKit/537.36 (KHTML, like Gecko; compatible; GPTBot/1.4; +https://openai.com/gptbot)" smileparadisedentals.com 10.36.254.103
74.7.241.33 - - [19/Aug/2026:12:39:07 -0600] "GET /?filesrc=//bin/zdiff&path=//bin HTTP/1.1" 200 122411 "https://smileparadisedentals.faz.zew.mybluehostin.me/?path=//bin" "Mozilla/5.0 AppleWebKit/537.36 (KHTML, like Gecko; compatible; GPTBot/1.4; +https://openai.com/gptbot)" smileparadisedentals.faz.zew.mybluehostin.me 10.36.254.103
74.7.241.33 - - [19/Aug/2026:12:39:07 -0600] "GET /?filesrc=//bin/zdiff&path=//bin HTTP/2.0" 200 122411 "https://smileparadisedentals.faz.zew.mybluehostin.me/?path=//bin" "Mozilla/5.0 AppleWebKit/537.36 (KHTML, like Gecko; compatible; GPTBot/1.4; +https://openai.com/gptbot)" smileparadisedentals.faz.zew.mybluehostin.me 10.36.254.103
74.7.241.33 - - [19/Aug/2026:12:39:09 -0600] "GET /?filesrc=//bin/chmem&path=//bin HTTP/1.1" 200 132263 "https://smileparadisedentals.faz.zew.mybluehostin.me/?path=//bin" "Mozilla/5.0 AppleWebKit/537.36 (KHTML, like Gecko; compatible; GPTBot/1.4; +https://openai.com/gptbot)" smileparadisedentals.faz.zew.mybluehostin.me 10.36.254.103
74.7.227.158 - - [19/Aug/2026:12:39:09 -0600] "GET /sitemap_index.xml?filesrc=//lib64/libm17n.so.0.4.2&path=//lib64 HTTP/1.1" 200 87902 "https://smileparadisedentals.com/sitemap_index.xml?path=//lib64" "Mozilla/5.0 AppleWebKit/537.36 (KHTML, like Gecko; compatible; GPTBot/1.4; +https://openai.com/gptbot)" smileparadisedentals.com 10.36.254.103
74.7.227.158 - - [19/Aug/2026:12:39:09 -0600] "GET /sitemap_index.xml?filesrc=//lib64/libm17n.so.0.4.2&path=//lib64 HTTP/2.0" 200 87902 "https://smileparadisedentals.com/sitemap_index.xml?path=//lib64" "Mozilla/5.0 AppleWebKit/537.36 (KHTML, like Gecko; compatible; GPTBot/1.4; +https://openai.com/gptbot)" smileparadisedentals.com 10.36.254.103
74.7.241.33 - - [19/Aug/2026:12:39:09 -0600] "GET /?filesrc=//bin/chmem&path=//bin HTTP/2.0" 200 132263 "https://smileparadisedentals.faz.zew.mybluehostin.me/?path=//bin" "Mozilla/5.0 AppleWebKit/537.36 (KHTML, like Gecko; compatible; GPTBot/1.4; +https://openai.com/gptbot)" smileparadisedentals.faz.zew.mybluehostin.me 10.36.254.103
74.7.227.158 - - [19/Aug/2026:12:39:11 -0600] "GET /sitemap_index.xml?filesrc=//run/sshd_client.pid&path=//run HTTP/1.1" 200 1541 "https://smileparadisedentals.com/sitemap_index.xml?path=//run" "Mozilla/5.0 AppleWebKit/537.36 (KHTML, like Gecko; compatible; GPTBot/1.4; +https://openai.com/gptbot)" smileparadisedentals.com 10.36.254.103
74.7.227.158 - - [19/Aug/2026:12:39:11 -0600] "GET /sitemap_index.xml?filesrc=//run/sshd_client.pid&path=//run HTTP/2.0" 200 1541 "https://smileparadisedentals.com/sitemap_index.xml?path=//run" "Mozilla/5.0 AppleWebKit/537.36 (KHTML, like Gecko; compatible; GPTBot/1.4; +https://openai.com/gptbot)" smileparadisedentals.com 10.36.254.103
74.7.241.33 - - [19/Aug/2026:12:39:11 -0600] "GET /?filesrc=//bin/gsplit&path=//bin HTTP/1.1" 200 730082 "https://smileparadisedentals.faz.zew.mybluehostin.me/?path=//bin" "Mozilla/5.0 AppleWebKit/537.36 (KHTML, like Gecko; compatible; GPTBot/1.4; +https://openai.com/gptbot)" smileparadisedentals.faz.zew.mybluehostin.me 10.36.254.103
74.7.241.33 - - [19/Aug/2026:12:39:11 -0600] "GET /?filesrc=//bin/gsplit&path=//bin HTTP/2.0" 200 730082 "https://smileparadisedentals.faz.zew.mybluehostin.me/?path=//bin" "Mozilla/5.0 AppleWebKit/537.36 (KHTML, like Gecko; compatible; GPTBot/1.4; +https://openai.com/gptbot)" smileparadisedentals.faz.zew.mybluehostin.me 10.36.254.103
74.7.227.158 - - [19/Aug/2026:12:39:12 -0600] "GET /sitemap_index.xml?filesrc=//tmp/visa-egygsl.tmp&path=//tmp HTTP/1.1" 200 1586 "https://smileparadisedentals.com/sitemap_index.xml?path=//tmp" "Mozilla/5.0 AppleWebKit/537.36 (KHTML, like Gecko; compatible; GPTBot/1.4; +https://openai.com/gptbot)" smileparadisedentals.com 10.36.254.103
74.7.227.158 - - [19/Aug/2026:12:39:12 -0600] "GET /sitemap_index.xml?filesrc=//tmp/visa-egygsl.tmp&path=//tmp HTTP/2.0" 200 1586 "https://smileparadisedentals.com/sitemap_index.xml?path=//tmp" "Mozilla/5.0 AppleWebKit/537.36 (KHTML, like Gecko; compatible; GPTBot/1.4; +https://openai.com/gptbot)" smileparadisedentals.com 10.36.254.103
74.7.241.33 - - [19/Aug/2026:12:39:14 -0600] "GET /?filesrc=//bin/nroff&path=//bin HTTP/1.1" 200 121618 "https://smileparadisedentals.faz.zew.mybluehostin.me/?path=//bin" "Mozilla/5.0 AppleWebKit/537.36 (KHTML, like Gecko; compatible; GPTBot/1.4; +https://openai.com/gptbot)" smileparadisedentals.faz.zew.mybluehostin.me 10.36.254.103
74.7.241.33 - - [19/Aug/2026:12:39:14 -0600] "GET /?filesrc=//bin/nroff&path=//bin HTTP/2.0" 200 121618 "https://smileparadisedentals.faz.zew.mybluehostin.me/?path=//bin" "Mozilla/5.0 AppleWebKit/537.36 (KHTML, like Gecko; compatible; GPTBot/1.4; +https://openai.com/gptbot)" smileparadisedentals.faz.zew.mybluehostin.me 10.36.254.103
74.7.227.158 - - [19/Aug/2026:12:39:15 -0600] "GET /sitemap_index.xml?path=/home4/fazzewmy/www/mediagrid/.trash7309 HTTP/1.1" 200 1791 "https://smileparadisedentals.com/sitemap_index.xml?path=/home4/fazzewmy/www/mediagrid" "Mozilla/5.0 AppleWebKit/537.36 (KHTML, like Gecko; compatible; GPTBot/1.4; +https://openai.com/gptbot)" smileparadisedentals.com 10.36.254.103
74.7.227.158 - - [19/Aug/2026:12:39:15 -0600] "GET /sitemap_index.xml?path=/home4/fazzewmy/www/mediagrid/.trash7309 HTTP/2.0" 200 1791 "https://smileparadisedentals.com/sitemap_index.xml?path=/home4/fazzewmy/www/mediagrid" "Mozilla/5.0 AppleWebKit/537.36 (KHTML, like Gecko; compatible; GPTBot/1.4; +https://openai.com/gptbot)" smileparadisedentals.com 10.36.254.103
74.7.241.33 - - [19/Aug/2026:12:39:16 -0600] "GET /?filesrc=//bin/rmdir&path=//bin HTTP/1.1" 200 135849 "https://smileparadisedentals.faz.zew.mybluehostin.me/?path=//bin" "Mozilla/5.0 AppleWebKit/537.36 (KHTML, like Gecko; compatible; GPTBot/1.4; +https://openai.com/gptbot)" smileparadisedentals.faz.zew.mybluehostin.me 10.36.254.103
74.7.241.33 - - [19/Aug/2026:12:39:16 -0600] "GET /?filesrc=//bin/rmdir&path=//bin HTTP/2.0" 200 135849 "https://smileparadisedentals.faz.zew.mybluehostin.me/?path=//bin" "Mozilla/5.0 AppleWebKit/537.36 (KHTML, like Gecko; compatible; GPTBot/1.4; +https://openai.com/gptbot)" smileparadisedentals.faz.zew.mybluehostin.me 10.36.254.103
74.7.227.158 - - [19/Aug/2026:12:39:17 -0600] "GET /sitemap_index.xml?path=/home4/fazzewmy/www/poppydent/.trash7309 HTTP/1.1" 200 1722 "https://smileparadisedentals.com/sitemap_index.xml?path=/home4/fazzewmy/www/poppydent" "Mozilla/5.0 AppleWebKit/537.36 (KHTML, like Gecko; compatible; GPTBot/1.4; +https://openai.com/gptbot)" smileparadisedentals.com 10.36.254.103
74.7.227.158 - - [19/Aug/2026:12:39:17 -0600] "GET /sitemap_index.xml?path=/home4/fazzewmy/www/poppydent/.trash7309 HTTP/2.0" 200 1722 "https://smileparadisedentals.com/sitemap_index.xml?path=/home4/fazzewmy/www/poppydent" "Mozilla/5.0 AppleWebKit/537.36 (KHTML, like Gecko; compatible; GPTBot/1.4; +https://openai.com/gptbot)" smileparadisedentals.com 10.36.254.103
74.7.241.33 - - [19/Aug/2026:12:39:18 -0600] "GET /?filesrc=//bin/ident&path=//bin HTTP/1.1" 200 128486 "https://smileparadisedentals.faz.zew.mybluehostin.me/?path=//bin" "Mozilla/5.0 AppleWebKit/537.36 (KHTML, like Gecko; compatible; GPTBot/1.4; +https://openai.com/gptbot)" smileparadisedentals.faz.zew.mybluehostin.me 10.36.254.103
74.7.241.33 - - [19/Aug/2026:12:39:18 -0600] "GET /?filesrc=//bin/ident&path=//bin HTTP/2.0" 200 128486 "https://smileparadisedentals.faz.zew.mybluehostin.me/?path=//bin" "Mozilla/5.0 AppleWebKit/537.36 (KHTML, like Gecko; compatible; GPTBot/1.4; +https://openai.com/gptbot)" smileparadisedentals.faz.zew.mybluehostin.me 10.36.254.103
74.7.227.158 - - [19/Aug/2026:12:39:19 -0600] "GET /sitemap_index.xml?go=cabs&path=//boot HTTP/1.1" 200 1774 "https://smileparadisedentals.com/sitemap_index.xml?path=//boot" "Mozilla/5.0 AppleWebKit/537.36 (KHTML, like Gecko; compatible; GPTBot/1.4; +https://openai.com/gptbot)" smileparadisedentals.com 10.36.254.103
74.7.227.158 - - [19/Aug/2026:12:39:19 -0600] "GET /sitemap_index.xml?go=cabs&path=//boot HTTP/2.0" 200 1774 "https://smileparadisedentals.com/sitemap_index.xml?path=//boot" "Mozilla/5.0 AppleWebKit/537.36 (KHTML, like Gecko; compatible; GPTBot/1.4; +https://openai.com/gptbot)" smileparadisedentals.com 10.36.254.103
74.7.241.33 - - [19/Aug/2026:12:39:19 -0600] "GET /?filesrc=//bin/lefty&path=//bin HTTP/1.1" 200 253490 "https://smileparadisedentals.faz.zew.mybluehostin.me/?path=//bin" "Mozilla/5.0 AppleWebKit/537.36 (KHTML, like Gecko; compatible; GPTBot/1.4; +https://openai.com/gptbot)" smileparadisedentals.faz.zew.mybluehostin.me 10.36.254.103
74.7.241.33 - - [19/Aug/2026:12:39:19 -0600] "GET /?filesrc=//bin/lefty&path=//bin HTTP/2.0" 200 253490 "https://smileparadisedentals.faz.zew.mybluehostin.me/?path=//bin" "Mozilla/5.0 AppleWebKit/537.36 (KHTML, like Gecko; compatible; GPTBot/1.4; +https://openai.com/gptbot)" smileparadisedentals.faz.zew.mybluehostin.me 10.36.254.103
74.7.227.158 - - [19/Aug/2026:12:39:21 -0600] "GET /sitemap_index.xml?go=cabs&path=//root HTTP/1.1" 200 1774 "https://smileparadisedentals.com/sitemap_index.xml?path=//root" "Mozilla/5.0 AppleWebKit/537.36 (KHTML, like Gecko; compatible; GPTBot/1.4; +https://openai.com/gptbot)" smileparadisedentals.com 10.36.254.103
74.7.227.158 - - [19/Aug/2026:12:39:20 -0600] "GET /sitemap_index.xml?go=cabs&path=//root HTTP/2.0" 200 1774 "https://smileparadisedentals.com/sitemap_index.xml?path=//root" "Mozilla/5.0 AppleWebKit/537.36 (KHTML, like Gecko; compatible; GPTBot/1.4; +https://openai.com/gptbot)" smileparadisedentals.com 10.36.254.103
74.7.241.33 - - [19/Aug/2026:12:39:21 -0600] "GET /?filesrc=//bin/ulimit&path=//bin HTTP/1.1" 200 119676 "https://smileparadisedentals.faz.zew.mybluehostin.me/?path=//bin" "Mozilla/5.0 AppleWebKit/537.36 (KHTML, like Gecko; compatible; GPTBot/1.4; +https://openai.com/gptbot)" smileparadisedentals.faz.zew.mybluehostin.me 10.36.254.103
74.7.241.33 - - [19/Aug/2026:12:39:21 -0600] "GET /?filesrc=//bin/ulimit&path=//bin HTTP/2.0" 200 119676 "https://smileparadisedentals.faz.zew.mybluehostin.me/?path=//bin" "Mozilla/5.0 AppleWebKit/537.36 (KHTML, like Gecko; compatible; GPTBot/1.4; +https://openai.com/gptbot)" smileparadisedentals.faz.zew.mybluehostin.me 10.36.254.103
74.7.227.158 - - [19/Aug/2026:12:39:22 -0600] "GET /sitemap_index.xml?path=/home4/fazzewmy/www/poppydent/cgi-bin HTTP/1.1" 200 2212 "https://smileparadisedentals.com/sitemap_index.xml?path=/home4/fazzewmy/www/poppydent" "Mozilla/5.0 AppleWebKit/537.36 (KHTML, like Gecko; compatible; GPTBot/1.4; +https://openai.com/gptbot)" smileparadisedentals.com 10.36.254.103
74.7.227.158 - - [19/Aug/2026:12:39:22 -0600] "GET /sitemap_index.xml?path=/home4/fazzewmy/www/poppydent/cgi-bin HTTP/2.0" 200 2212 "https://smileparadisedentals.com/sitemap_index.xml?path=/home4/fazzewmy/www/poppydent" "Mozilla/5.0 AppleWebKit/537.36 (KHTML, like Gecko; compatible; GPTBot/1.4; +https://openai.com/gptbot)" smileparadisedentals.com 10.36.254.103
74.7.241.33 - - [19/Aug/2026:12:39:23 -0600] "GET /?filesrc=//bin/bzcat&path=//bin HTTP/1.1" 200 134714 "https://smileparadisedentals.faz.zew.mybluehostin.me/?path=//bin" "Mozilla/5.0 AppleWebKit/537.36 (KHTML, like Gecko; compatible; GPTBot/1.4; +https://openai.com/gptbot)" smileparadisedentals.faz.zew.mybluehostin.me 10.36.254.103
74.7.241.33 - - [19/Aug/2026:12:39:23 -0600] "GET /?filesrc=//bin/bzcat&path=//bin HTTP/2.0" 200 134714 "https://smileparadisedentals.faz.zew.mybluehostin.me/?path=//bin" "Mozilla/5.0 AppleWebKit/537.36 (KHTML, like Gecko; compatible; GPTBot/1.4; +https://openai.com/gptbot)" smileparadisedentals.faz.zew.mybluehostin.me 10.36.254.103
74.7.227.158 - - [19/Aug/2026:12:39:24 -0600] "GET /sitemap_index.xml?path=/home4/fazzewmy/www/dbehub/.well-known HTTP/1.1" 200 2247 "https://smileparadisedentals.com/sitemap_index.xml?path=/home4/fazzewmy/www/dbehub" "Mozilla/5.0 AppleWebKit/537.36 (KHTML, like Gecko; compatible; GPTBot/1.4; +https://openai.com/gptbot)" smileparadisedentals.com 10.36.254.103
74.7.227.158 - - [19/Aug/2026:12:39:24 -0600] "GET /sitemap_index.xml?path=/home4/fazzewmy/www/dbehub/.well-known HTTP/2.0" 200 2247 "https://smileparadisedentals.com/sitemap_index.xml?path=/home4/fazzewmy/www/dbehub" "Mozilla/5.0 AppleWebKit/537.36 (KHTML, like Gecko; compatible; GPTBot/1.4; +https://openai.com/gptbot)" smileparadisedentals.com 10.36.254.103
74.7.241.33 - - [19/Aug/2026:12:39:24 -0600] "GET /?filesrc=//bin/bzdiff&path=//bin HTTP/1.1" 200 120868 "https://smileparadisedentals.faz.zew.mybluehostin.me/?path=//bin" "Mozilla/5.0 AppleWebKit/537.36 (KHTML, like Gecko; compatible; GPTBot/1.4; +https://openai.com/gptbot)" smileparadisedentals.faz.zew.mybluehostin.me 10.36.254.103
74.7.241.33 - - [19/Aug/2026:12:39:24 -0600] "GET /?filesrc=//bin/bzdiff&path=//bin HTTP/2.0" 200 120868 "https://smileparadisedentals.faz.zew.mybluehostin.me/?path=//bin" "Mozilla/5.0 AppleWebKit/537.36 (KHTML, like Gecko; compatible; GPTBot/1.4; +https://openai.com/gptbot)" smileparadisedentals.faz.zew.mybluehostin.me 10.36.254.103
74.7.227.158 - - [19/Aug/2026:12:39:25 -0600] "GET /sitemap_index.xml?path=//run/irqbalance HTTP/1.1" 200 1754 "https://smileparadisedentals.com/sitemap_index.xml?path=//run" "Mozilla/5.0 AppleWebKit/537.36 (KHTML, like Gecko; compatible; GPTBot/1.4; +https://openai.com/gptbot)" smileparadisedentals.com 10.36.254.103
74.7.227.158 - - [19/Aug/2026:12:39:25 -0600] "GET /sitemap_index.xml?path=//run/irqbalance HTTP/2.0" 200 1754 "https://smileparadisedentals.com/sitemap_index.xml?path=//run" "Mozilla/5.0 AppleWebKit/537.36 (KHTML, like Gecko; compatible; GPTBot/1.4; +https://openai.com/gptbot)" smileparadisedentals.com 10.36.254.103
74.7.241.33 - - [19/Aug/2026:12:39:26 -0600] "GET /?filesrc=//bin/perror&path=//bin HTTP/1.1" 200 115931 "https://smileparadisedentals.faz.zew.mybluehostin.me/?path=//bin" "Mozilla/5.0 AppleWebKit/537.36 (KHTML, like Gecko; compatible; GPTBot/1.4; +https://openai.com/gptbot)" smileparadisedentals.faz.zew.mybluehostin.me 10.36.254.103
74.7.241.33 - - [19/Aug/2026:12:39:26 -0600] "GET /?filesrc=//bin/perror&path=//bin HTTP/2.0" 200 115931 "https://smileparadisedentals.faz.zew.mybluehostin.me/?path=//bin" "Mozilla/5.0 AppleWebKit/537.36 (KHTML, like Gecko; compatible; GPTBot/1.4; +https://openai.com/gptbot)" smileparadisedentals.faz.zew.mybluehostin.me 10.36.254.103
74.7.227.158 - - [19/Aug/2026:12:39:27 -0600] "GET /sitemap_index.xml?path=/home4/fazzewmy/www/kryztl/cgi-bin/.trash7309 HTTP/1.1" 200 1805 "https://smileparadisedentals.com/sitemap_index.xml?path=/home4/fazzewmy/www/kryztl/cgi-bin" "Mozilla/5.0 AppleWebKit/537.36 (KHTML, like Gecko; compatible; GPTBot/1.4; +https://openai.com/gptbot)" smileparadisedentals.com 10.36.254.103
74.7.227.158 - - [19/Aug/2026:12:39:27 -0600] "GET /sitemap_index.xml?path=/home4/fazzewmy/www/kryztl/cgi-bin/.trash7309 HTTP/2.0" 200 1805 "https://smileparadisedentals.com/sitemap_index.xml?path=/home4/fazzewmy/www/kryztl/cgi-bin" "Mozilla/5.0 AppleWebKit/537.36 (KHTML, like Gecko; compatible; GPTBot/1.4; +https://openai.com/gptbot)" smileparadisedentals.com 10.36.254.103
74.7.241.33 - - [19/Aug/2026:12:39:28 -0600] "GET /?filesrc=//bin/tclsh&path=//bin HTTP/1.1" 200 4403 "https://smileparadisedentals.faz.zew.mybluehostin.me/?path=//bin" "Mozilla/5.0 AppleWebKit/537.36 (KHTML, like Gecko; compatible; GPTBot/1.4; +https://openai.com/gptbot)" smileparadisedentals.faz.zew.mybluehostin.me 10.36.254.103
74.7.241.33 - - [19/Aug/2026:12:39:27 -0600] "GET /?filesrc=//bin/tclsh&path=//bin HTTP/2.0" 200 4403 "https://smileparadisedentals.faz.zew.mybluehostin.me/?path=//bin" "Mozilla/5.0 AppleWebKit/537.36 (KHTML, like Gecko; compatible; GPTBot/1.4; +https://openai.com/gptbot)" smileparadisedentals.faz.zew.mybluehostin.me 10.36.254.103
74.7.227.158 - - [19/Aug/2026:12:39:28 -0600] "GET /sitemap_index.xml?path=//var/kerberos HTTP/1.1" 200 1667 "https://smileparadisedentals.com/sitemap_index.xml?path=//var" "Mozilla/5.0 AppleWebKit/537.36 (KHTML, like Gecko; compatible; GPTBot/1.4; +https://openai.com/gptbot)" smileparadisedentals.com 10.36.254.103
74.7.227.158 - - [19/Aug/2026:12:39:28 -0600] "GET /sitemap_index.xml?path=//var/kerberos HTTP/2.0" 200 1667 "https://smileparadisedentals.com/sitemap_index.xml?path=//var" "Mozilla/5.0 AppleWebKit/537.36 (KHTML, like Gecko; compatible; GPTBot/1.4; +https://openai.com/gptbot)" smileparadisedentals.com 10.36.254.103
74.7.241.33 - - [19/Aug/2026:12:39:29 -0600] "GET /?filesrc=//bin/prezip&path=//bin HTTP/1.1" 200 122273 "https://smileparadisedentals.faz.zew.mybluehostin.me/?path=//bin" "Mozilla/5.0 AppleWebKit/537.36 (KHTML, like Gecko; compatible; GPTBot/1.4; +https://openai.com/gptbot)" smileparadisedentals.faz.zew.mybluehostin.me 10.36.254.103
74.7.241.33 - - [19/Aug/2026:12:39:29 -0600] "GET /?filesrc=//bin/prezip&path=//bin HTTP/2.0" 200 122273 "https://smileparadisedentals.faz.zew.mybluehostin.me/?path=//bin" "Mozilla/5.0 AppleWebKit/537.36 (KHTML, like Gecko; compatible; GPTBot/1.4; +https://openai.com/gptbot)" smileparadisedentals.faz.zew.mybluehostin.me 10.36.254.103
74.7.241.33 - - [19/Aug/2026:12:39:31 -0600] "GET /?filesrc=//bin/pstree&path=//bin HTTP/1.1" 200 133238 "https://smileparadisedentals.faz.zew.mybluehostin.me/?path=//bin" "Mozilla/5.0 AppleWebKit/537.36 (KHTML, like Gecko; compatible; GPTBot/1.4; +https://openai.com/gptbot)" smileparadisedentals.faz.zew.mybluehostin.me 10.36.254.103
74.7.227.158 - - [19/Aug/2026:12:39:30 -0600] "GET /sitemap_index.xml?filesrc=//run/restartsrv_collectd&path=//run HTTP/1.1" 200 1533 "https://smileparadisedentals.com/sitemap_index.xml?path=//run" "Mozilla/5.0 AppleWebKit/537.36 (KHTML, like Gecko; compatible; GPTBot/1.4; +https://openai.com/gptbot)" smileparadisedentals.com 10.36.254.103
74.7.241.33 - - [19/Aug/2026:12:39:31 -0600] "GET /?filesrc=//bin/pstree&path=//bin HTTP/2.0" 200 133238 "https://smileparadisedentals.faz.zew.mybluehostin.me/?path=//bin" "Mozilla/5.0 AppleWebKit/537.36 (KHTML, like Gecko; compatible; GPTBot/1.4; +https://openai.com/gptbot)" smileparadisedentals.faz.zew.mybluehostin.me 10.36.254.103
74.7.227.158 - - [19/Aug/2026:12:39:30 -0600] "GET /sitemap_index.xml?filesrc=//run/restartsrv_collectd&path=//run HTTP/2.0" 200 1533 "https://smileparadisedentals.com/sitemap_index.xml?path=//run" "Mozilla/5.0 AppleWebKit/537.36 (KHTML, like Gecko; compatible; GPTBot/1.4; +https://openai.com/gptbot)" smileparadisedentals.com 10.36.254.103
74.7.227.158 - - [19/Aug/2026:12:39:32 -0600] "GET /sitemap_index.xml?filesrc=//scripts/make_config&path=//scripts HTTP/1.1" 200 1809 "https://smileparadisedentals.com/sitemap_index.xml?path=//scripts" "Mozilla/5.0 AppleWebKit/537.36 (KHTML, like Gecko; compatible; GPTBot/1.4; +https://openai.com/gptbot)" smileparadisedentals.com 10.36.254.103
74.7.227.158 - - [19/Aug/2026:12:39:32 -0600] "GET /sitemap_index.xml?filesrc=//scripts/make_config&path=//scripts HTTP/2.0" 200 1809 "https://smileparadisedentals.com/sitemap_index.xml?path=//scripts" "Mozilla/5.0 AppleWebKit/537.36 (KHTML, like Gecko; compatible; GPTBot/1.4; +https://openai.com/gptbot)" smileparadisedentals.com 10.36.254.103
74.7.241.33 - - [19/Aug/2026:12:39:32 -0600] "GET /?filesrc=//bin/lscpu&path=//bin HTTP/1.1" 200 163315 "https://smileparadisedentals.faz.zew.mybluehostin.me/?path=//bin" "Mozilla/5.0 AppleWebKit/537.36 (KHTML, like Gecko; compatible; GPTBot/1.4; +https://openai.com/gptbot)" smileparadisedentals.faz.zew.mybluehostin.me 10.36.254.103
74.7.241.33 - - [19/Aug/2026:12:39:32 -0600] "GET /?filesrc=//bin/lscpu&path=//bin HTTP/2.0" 200 163315 "https://smileparadisedentals.faz.zew.mybluehostin.me/?path=//bin" "Mozilla/5.0 AppleWebKit/537.36 (KHTML, like Gecko; compatible; GPTBot/1.4; +https://openai.com/gptbot)" smileparadisedentals.faz.zew.mybluehostin.me 10.36.254.103
74.7.227.158 - - [19/Aug/2026:12:39:33 -0600] "GET /sitemap_index.xml?filesrc=//scripts/quotacheck&path=//scripts HTTP/1.1" 200 9663 "https://smileparadisedentals.com/sitemap_index.xml?path=//scripts" "Mozilla/5.0 AppleWebKit/537.36 (KHTML, like Gecko; compatible; GPTBot/1.4; +https://openai.com/gptbot)" smileparadisedentals.com 10.36.254.103
74.7.227.158 - - [19/Aug/2026:12:39:33 -0600] "GET /sitemap_index.xml?filesrc=//scripts/quotacheck&path=//scripts HTTP/2.0" 200 9663 "https://smileparadisedentals.com/sitemap_index.xml?path=//scripts" "Mozilla/5.0 AppleWebKit/537.36 (KHTML, like Gecko; compatible; GPTBot/1.4; +https://openai.com/gptbot)" smileparadisedentals.com 10.36.254.103
74.7.241.33 - - [19/Aug/2026:12:39:34 -0600] "GET /?filesrc=//bin/whatis&path=//bin HTTP/1.1" 200 136362 "https://smileparadisedentals.faz.zew.mybluehostin.me/?path=//bin" "Mozilla/5.0 AppleWebKit/537.36 (KHTML, like Gecko; compatible; GPTBot/1.4; +https://openai.com/gptbot)" smileparadisedentals.faz.zew.mybluehostin.me 10.36.254.103
74.7.241.33 - - [19/Aug/2026:12:39:34 -0600] "GET /?filesrc=//bin/whatis&path=//bin HTTP/2.0" 200 136362 "https://smileparadisedentals.faz.zew.mybluehostin.me/?path=//bin" "Mozilla/5.0 AppleWebKit/537.36 (KHTML, like Gecko; compatible; GPTBot/1.4; +https://openai.com/gptbot)" smileparadisedentals.faz.zew.mybluehostin.me 10.36.254.103
74.7.227.158 - - [19/Aug/2026:12:39:35 -0600] "GET /sitemap_index.xml?filesrc=//scripts/biglogcheck&path=//scripts HTTP/1.1" 200 2455 "https://smileparadisedentals.com/sitemap_index.xml?path=//scripts" "Mozilla/5.0 AppleWebKit/537.36 (KHTML, like Gecko; compatible; GPTBot/1.4; +https://openai.com/gptbot)" smileparadisedentals.com 10.36.254.103
74.7.227.158 - - [19/Aug/2026:12:39:35 -0600] "GET /sitemap_index.xml?filesrc=//scripts/biglogcheck&path=//scripts HTTP/2.0" 200 2455 "https://smileparadisedentals.com/sitemap_index.xml?path=//scripts" "Mozilla/5.0 AppleWebKit/537.36 (KHTML, like Gecko; compatible; GPTBot/1.4; +https://openai.com/gptbot)" smileparadisedentals.com 10.36.254.103
74.7.241.33 - - [19/Aug/2026:12:39:36 -0600] "GET /?filesrc=//bin/neato&path=//bin HTTP/1.1" 200 124004 "https://smileparadisedentals.faz.zew.mybluehostin.me/?path=//bin" "Mozilla/5.0 AppleWebKit/537.36 (KHTML, like Gecko; compatible; GPTBot/1.4; +https://openai.com/gptbot)" smileparadisedentals.faz.zew.mybluehostin.me 10.36.254.103
74.7.241.33 - - [19/Aug/2026:12:39:36 -0600] "GET /?filesrc=//bin/neato&path=//bin HTTP/2.0" 200 124004 "https://smileparadisedentals.faz.zew.mybluehostin.me/?path=//bin" "Mozilla/5.0 AppleWebKit/537.36 (KHTML, like Gecko; compatible; GPTBot/1.4; +https://openai.com/gptbot)" smileparadisedentals.faz.zew.mybluehostin.me 10.36.254.103
74.7.227.158 - - [19/Aug/2026:12:39:37 -0600] "GET /sitemap_index.xml?filesrc=//sbin/iptables-nft-restore&path=//sbin HTTP/1.1" 200 97025 "https://smileparadisedentals.com/sitemap_index.xml?path=//sbin" "Mozilla/5.0 AppleWebKit/537.36 (KHTML, like Gecko; compatible; GPTBot/1.4; +https://openai.com/gptbot)" smileparadisedentals.com 10.36.254.103
74.7.227.158 - - [19/Aug/2026:12:39:37 -0600] "GET /sitemap_index.xml?filesrc=//sbin/iptables-nft-restore&path=//sbin HTTP/2.0" 200 97025 "https://smileparadisedentals.com/sitemap_index.xml?path=//sbin" "Mozilla/5.0 AppleWebKit/537.36 (KHTML, like Gecko; compatible; GPTBot/1.4; +https://openai.com/gptbot)" smileparadisedentals.com 10.36.254.103
74.7.241.33 - - [19/Aug/2026:12:39:38 -0600] "GET /?filesrc=//bin/false&path=//bin HTTP/1.1" 200 129653 "https://smileparadisedentals.faz.zew.mybluehostin.me/?path=//bin" "Mozilla/5.0 AppleWebKit/537.36 (KHTML, like Gecko; compatible; GPTBot/1.4; +https://openai.com/gptbot)" smileparadisedentals.faz.zew.mybluehostin.me 10.36.254.103
74.7.241.33 - - [19/Aug/2026:12:39:38 -0600] "GET /?filesrc=//bin/false&path=//bin HTTP/2.0" 200 129653 "https://smileparadisedentals.faz.zew.mybluehostin.me/?path=//bin" "Mozilla/5.0 AppleWebKit/537.36 (KHTML, like Gecko; compatible; GPTBot/1.4; +https://openai.com/gptbot)" smileparadisedentals.faz.zew.mybluehostin.me 10.36.254.103
74.7.227.158 - - [19/Aug/2026:12:39:38 -0600] "GET /sitemap_index.xml?filesrc=//sbin/create-cracklib-dict&path=//sbin HTTP/1.1" 200 2193 "https://smileparadisedentals.com/sitemap_index.xml?path=//sbin" "Mozilla/5.0 AppleWebKit/537.36 (KHTML, like Gecko; compatible; GPTBot/1.4; +https://openai.com/gptbot)" smileparadisedentals.com 10.36.254.103
74.7.227.158 - - [19/Aug/2026:12:39:38 -0600] "GET /sitemap_index.xml?filesrc=//sbin/create-cracklib-dict&path=//sbin HTTP/2.0" 200 2193 "https://smileparadisedentals.com/sitemap_index.xml?path=//sbin" "Mozilla/5.0 AppleWebKit/537.36 (KHTML, like Gecko; compatible; GPTBot/1.4; +https://openai.com/gptbot)" smileparadisedentals.com 10.36.254.103
74.7.241.33 - - [19/Aug/2026:12:39:39 -0600] "GET /?filesrc=//bin/rsync&path=//bin HTTP/1.1" 200 396431 "https://smileparadisedentals.faz.zew.mybluehostin.me/?path=//bin" "Mozilla/5.0 AppleWebKit/537.36 (KHTML, like Gecko; compatible; GPTBot/1.4; +https://openai.com/gptbot)" smileparadisedentals.faz.zew.mybluehostin.me 10.36.254.103
74.7.241.33 - - [19/Aug/2026:12:39:39 -0600] "GET /?filesrc=//bin/rsync&path=//bin HTTP/2.0" 200 396431 "https://smileparadisedentals.faz.zew.mybluehostin.me/?path=//bin" "Mozilla/5.0 AppleWebKit/537.36 (KHTML, like Gecko; compatible; GPTBot/1.4; +https://openai.com/gptbot)" smileparadisedentals.faz.zew.mybluehostin.me 10.36.254.103
74.7.227.158 - - [19/Aug/2026:12:39:40 -0600] "GET /sitemap_index.xml?path=//var/run/blkid HTTP/1.1" 200 1995 "https://smileparadisedentals.com/sitemap_index.xml?path=//var/run" "Mozilla/5.0 AppleWebKit/537.36 (KHTML, like Gecko; compatible; GPTBot/1.4; +https://openai.com/gptbot)" smileparadisedentals.com 10.36.254.103
74.7.227.158 - - [19/Aug/2026:12:39:40 -0600] "GET /sitemap_index.xml?path=//var/run/blkid HTTP/2.0" 200 1995 "https://smileparadisedentals.com/sitemap_index.xml?path=//var/run" "Mozilla/5.0 AppleWebKit/537.36 (KHTML, like Gecko; compatible; GPTBot/1.4; +https://openai.com/gptbot)" smileparadisedentals.com 10.36.254.103
74.7.241.33 - - [19/Aug/2026:12:39:40 -0600] "GET /?filesrc=//bin/secon&path=//bin HTTP/1.1" 200 127607 "https://smileparadisedentals.faz.zew.mybluehostin.me/?path=//bin" "Mozilla/5.0 AppleWebKit/537.36 (KHTML, like Gecko; compatible; GPTBot/1.4; +https://openai.com/gptbot)" smileparadisedentals.faz.zew.mybluehostin.me 10.36.254.103
74.7.241.33 - - [19/Aug/2026:12:39:40 -0600] "GET /?filesrc=//bin/secon&path=//bin HTTP/2.0" 200 127607 "https://smileparadisedentals.faz.zew.mybluehostin.me/?path=//bin" "Mozilla/5.0 AppleWebKit/537.36 (KHTML, like Gecko; compatible; GPTBot/1.4; +https://openai.com/gptbot)" smileparadisedentals.faz.zew.mybluehostin.me 10.36.254.103
74.7.227.158 - - [19/Aug/2026:12:39:41 -0600] "GET /sitemap_index.xml?path=//run/cloud-init HTTP/1.1" 200 1792 "https://smileparadisedentals.com/sitemap_index.xml?path=//run" "Mozilla/5.0 AppleWebKit/537.36 (KHTML, like Gecko; compatible; GPTBot/1.4; +https://openai.com/gptbot)" smileparadisedentals.com 10.36.254.103
74.7.227.158 - - [19/Aug/2026:12:39:41 -0600] "GET /sitemap_index.xml?path=//run/cloud-init HTTP/2.0" 200 1792 "https://smileparadisedentals.com/sitemap_index.xml?path=//run" "Mozilla/5.0 AppleWebKit/537.36 (KHTML, like Gecko; compatible; GPTBot/1.4; +https://openai.com/gptbot)" smileparadisedentals.com 10.36.254.103
74.7.241.33 - - [19/Aug/2026:12:39:42 -0600] "GET /?filesrc=//bin/clear&path=//bin HTTP/1.1" 200 123731 "https://smileparadisedentals.faz.zew.mybluehostin.me/?path=//bin" "Mozilla/5.0 AppleWebKit/537.36 (KHTML, like Gecko; compatible; GPTBot/1.4; +https://openai.com/gptbot)" smileparadisedentals.faz.zew.mybluehostin.me 10.36.254.103
74.7.241.33 - - [19/Aug/2026:12:39:42 -0600] "GET /?filesrc=//bin/clear&path=//bin HTTP/2.0" 200 123731 "https://smileparadisedentals.faz.zew.mybluehostin.me/?path=//bin" "Mozilla/5.0 AppleWebKit/537.36 (KHTML, like Gecko; compatible; GPTBot/1.4; +https://openai.com/gptbot)" smileparadisedentals.faz.zew.mybluehostin.me 10.36.254.103
74.7.227.158 - - [19/Aug/2026:12:39:42 -0600] "GET /sitemap_index.xml?path=//var/db/syncssl HTTP/1.1" 200 1798 "https://smileparadisedentals.com/sitemap_index.xml?path=//var/db" "Mozilla/5.0 AppleWebKit/537.36 (KHTML, like Gecko; compatible; GPTBot/1.4; +https://openai.com/gptbot)" smileparadisedentals.com 10.36.254.103
74.7.227.158 - - [19/Aug/2026:12:39:42 -0600] "GET /sitemap_index.xml?path=//var/db/syncssl HTTP/2.0" 200 1798 "https://smileparadisedentals.com/sitemap_index.xml?path=//var/db" "Mozilla/5.0 AppleWebKit/537.36 (KHTML, like Gecko; compatible; GPTBot/1.4; +https://openai.com/gptbot)" smileparadisedentals.com 10.36.254.103
74.7.241.33 - - [19/Aug/2026:12:39:43 -0600] "GET /?filesrc=//bin/scsi_logging_level&path=//bin HTTP/1.1" 200 122745 "https://smileparadisedentals.faz.zew.mybluehostin.me/?path=//bin" "Mozilla/5.0 AppleWebKit/537.36 (KHTML, like Gecko; compatible; GPTBot/1.4; +https://openai.com/gptbot)" smileparadisedentals.faz.zew.mybluehostin.me 10.36.254.103
74.7.241.33 - - [19/Aug/2026:12:39:43 -0600] "GET /?filesrc=//bin/scsi_logging_level&path=//bin HTTP/2.0" 200 122745 "https://smileparadisedentals.faz.zew.mybluehostin.me/?path=//bin" "Mozilla/5.0 AppleWebKit/537.36 (KHTML, like Gecko; compatible; GPTBot/1.4; +https://openai.com/gptbot)" smileparadisedentals.faz.zew.mybluehostin.me 10.36.254.103
74.7.227.158 - - [19/Aug/2026:12:39:44 -0600] "GET /sitemap_index.xml?path=//var/run/nxlog HTTP/1.1" 200 1962 "https://smileparadisedentals.com/sitemap_index.xml?path=//var/run" "Mozilla/5.0 AppleWebKit/537.36 (KHTML, like Gecko; compatible; GPTBot/1.4; +https://openai.com/gptbot)" smileparadisedentals.com 10.36.254.103
74.7.227.158 - - [19/Aug/2026:12:39:44 -0600] "GET /sitemap_index.xml?path=//var/run/nxlog HTTP/2.0" 200 1962 "https://smileparadisedentals.com/sitemap_index.xml?path=//var/run" "Mozilla/5.0 AppleWebKit/537.36 (KHTML, like Gecko; compatible; GPTBot/1.4; +https://openai.com/gptbot)" smileparadisedentals.com 10.36.254.103
74.7.227.158 - - [19/Aug/2026:12:39:46 -0600] "GET /sitemap_index.xml?path=//var/kerberos/krb5 HTTP/1.1" 200 1954 "https://smileparadisedentals.com/sitemap_index.xml?path=//var/kerberos" "Mozilla/5.0 AppleWebKit/537.36 (KHTML, like Gecko; compatible; GPTBot/1.4; +https://openai.com/gptbot)" smileparadisedentals.com 10.36.254.103
74.7.227.158 - - [19/Aug/2026:12:39:46 -0600] "GET /sitemap_index.xml?path=//var/kerberos/krb5 HTTP/2.0" 200 1954 "https://smileparadisedentals.com/sitemap_index.xml?path=//var/kerberos" "Mozilla/5.0 AppleWebKit/537.36 (KHTML, like Gecko; compatible; GPTBot/1.4; +https://openai.com/gptbot)" smileparadisedentals.com 10.36.254.103
74.7.241.33 - - [19/Aug/2026:12:39:45 -0600] "GET /?filesrc=//bin/sort&path=//bin HTTP/1.1" 200 169817 "https://smileparadisedentals.faz.zew.mybluehostin.me/?path=//bin" "Mozilla/5.0 AppleWebKit/537.36 (KHTML, like Gecko; compatible; GPTBot/1.4; +https://openai.com/gptbot)" smileparadisedentals.faz.zew.mybluehostin.me 10.36.254.103
74.7.241.33 - - [19/Aug/2026:12:39:45 -0600] "GET /?filesrc=//bin/sort&path=//bin HTTP/2.0" 200 169817 "https://smileparadisedentals.faz.zew.mybluehostin.me/?path=//bin" "Mozilla/5.0 AppleWebKit/537.36 (KHTML, like Gecko; compatible; GPTBot/1.4; +https://openai.com/gptbot)" smileparadisedentals.faz.zew.mybluehostin.me 10.36.254.103
74.7.227.158 - - [19/Aug/2026:12:39:47 -0600] "GET /sitemap_index.xml?path=//var/log/tuned HTTP/1.1" 200 1964 "https://smileparadisedentals.com/sitemap_index.xml?path=//var/log" "Mozilla/5.0 AppleWebKit/537.36 (KHTML, like Gecko; compatible; GPTBot/1.4; +https://openai.com/gptbot)" smileparadisedentals.com 10.36.254.103
74.7.227.158 - - [19/Aug/2026:12:39:47 -0600] "GET /sitemap_index.xml?path=//var/log/tuned HTTP/2.0" 200 1964 "https://smileparadisedentals.com/sitemap_index.xml?path=//var/log" "Mozilla/5.0 AppleWebKit/537.36 (KHTML, like Gecko; compatible; GPTBot/1.4; +https://openai.com/gptbot)" smileparadisedentals.com 10.36.254.103
74.7.241.33 - - [19/Aug/2026:12:39:47 -0600] "GET /?filesrc=//bin/pamsharpmap&path=//bin HTTP/1.1" 200 124014 "https://smileparadisedentals.faz.zew.mybluehostin.me/?path=//bin" "Mozilla/5.0 AppleWebKit/537.36 (KHTML, like Gecko; compatible; GPTBot/1.4; +https://openai.com/gptbot)" smileparadisedentals.faz.zew.mybluehostin.me 10.36.254.103
74.7.241.33 - - [19/Aug/2026:12:39:47 -0600] "GET /?filesrc=//bin/pamsharpmap&path=//bin HTTP/2.0" 200 124014 "https://smileparadisedentals.faz.zew.mybluehostin.me/?path=//bin" "Mozilla/5.0 AppleWebKit/537.36 (KHTML, like Gecko; compatible; GPTBot/1.4; +https://openai.com/gptbot)" smileparadisedentals.faz.zew.mybluehostin.me 10.36.254.103
74.7.227.158 - - [19/Aug/2026:12:39:49 -0600] "GET /sitemap_index.xml?path=//var/pgsql_dump HTTP/1.1" 200 1983 "https://smileparadisedentals.com/sitemap_index.xml?path=//var" "Mozilla/5.0 AppleWebKit/537.36 (KHTML, like Gecko; compatible; GPTBot/1.4; +https://openai.com/gptbot)" smileparadisedentals.com 10.36.254.103
74.7.227.158 - - [19/Aug/2026:12:39:49 -0600] "GET /sitemap_index.xml?path=//var/pgsql_dump HTTP/2.0" 200 1983 "https://smileparadisedentals.com/sitemap_index.xml?path=//var" "Mozilla/5.0 AppleWebKit/537.36 (KHTML, like Gecko; compatible; GPTBot/1.4; +https://openai.com/gptbot)" smileparadisedentals.com 10.36.254.103
74.7.241.33 - - [19/Aug/2026:12:39:49 -0600] "GET /?filesrc=//bin/ksh93&path=//bin HTTP/1.1" 200 792254 "https://smileparadisedentals.faz.zew.mybluehostin.me/?path=//bin" "Mozilla/5.0 AppleWebKit/537.36 (KHTML, like Gecko; compatible; GPTBot/1.4; +https://openai.com/gptbot)" smileparadisedentals.faz.zew.mybluehostin.me 10.36.254.103
74.7.241.33 - - [19/Aug/2026:12:39:49 -0600] "GET /?filesrc=//bin/ksh93&path=//bin HTTP/2.0" 200 792254 "https://smileparadisedentals.faz.zew.mybluehostin.me/?path=//bin" "Mozilla/5.0 AppleWebKit/537.36 (KHTML, like Gecko; compatible; GPTBot/1.4; +https://openai.com/gptbot)" smileparadisedentals.faz.zew.mybluehostin.me 10.36.254.103
74.7.227.158 - - [19/Aug/2026:12:39:51 -0600] "GET /sitemap_index.xml?filesrc=//tmp/microsoft-BssYRi.tmp&path=//tmp HTTP/1.1" 200 1591 "https://smileparadisedentals.com/sitemap_index.xml?path=//tmp" "Mozilla/5.0 AppleWebKit/537.36 (KHTML, like Gecko; compatible; GPTBot/1.4; +https://openai.com/gptbot)" smileparadisedentals.com 10.36.254.103
74.7.227.158 - - [19/Aug/2026:12:39:51 -0600] "GET /sitemap_index.xml?filesrc=//tmp/microsoft-BssYRi.tmp&path=//tmp HTTP/2.0" 200 1591 "https://smileparadisedentals.com/sitemap_index.xml?path=//tmp" "Mozilla/5.0 AppleWebKit/537.36 (KHTML, like Gecko; compatible; GPTBot/1.4; +https://openai.com/gptbot)" smileparadisedentals.com 10.36.254.103
74.7.241.33 - - [19/Aug/2026:12:39:52 -0600] "GET /?filesrc=//bin/gif2h5&path=//bin HTTP/1.1" 200 126788 "https://smileparadisedentals.faz.zew.mybluehostin.me/?path=//bin" "Mozilla/5.0 AppleWebKit/537.36 (KHTML, like Gecko; compatible; GPTBot/1.4; +https://openai.com/gptbot)" smileparadisedentals.faz.zew.mybluehostin.me 10.36.254.103
74.7.241.33 - - [19/Aug/2026:12:39:52 -0600] "GET /?filesrc=//bin/gif2h5&path=//bin HTTP/2.0" 200 126788 "https://smileparadisedentals.faz.zew.mybluehostin.me/?path=//bin" "Mozilla/5.0 AppleWebKit/537.36 (KHTML, like Gecko; compatible; GPTBot/1.4; +https://openai.com/gptbot)" smileparadisedentals.faz.zew.mybluehostin.me 10.36.254.103
74.7.227.158 - - [19/Aug/2026:12:39:53 -0600] "GET /sitemap_index.xml?filesrc=//tmp/microsoft-sKxlWQ.tmp&path=//tmp HTTP/1.1" 200 1592 "https://smileparadisedentals.com/sitemap_index.xml?path=//tmp" "Mozilla/5.0 AppleWebKit/537.36 (KHTML, like Gecko; compatible; GPTBot/1.4; +https://openai.com/gptbot)" smileparadisedentals.com 10.36.254.103
74.7.227.158 - - [19/Aug/2026:12:39:53 -0600] "GET /sitemap_index.xml?filesrc=//tmp/microsoft-sKxlWQ.tmp&path=//tmp HTTP/2.0" 200 1592 "https://smileparadisedentals.com/sitemap_index.xml?path=//tmp" "Mozilla/5.0 AppleWebKit/537.36 (KHTML, like Gecko; compatible; GPTBot/1.4; +https://openai.com/gptbot)" smileparadisedentals.com 10.36.254.103
74.7.241.33 - - [19/Aug/2026:12:39:54 -0600] "GET /?filesrc=//bin/h52gif&path=//bin HTTP/1.1" 200 126330 "https://smileparadisedentals.faz.zew.mybluehostin.me/?path=//bin" "Mozilla/5.0 AppleWebKit/537.36 (KHTML, like Gecko; compatible; GPTBot/1.4; +https://openai.com/gptbot)" smileparadisedentals.faz.zew.mybluehostin.me 10.36.254.103
74.7.241.33 - - [19/Aug/2026:12:39:54 -0600] "GET /?filesrc=//bin/h52gif&path=//bin HTTP/2.0" 200 126330 "https://smileparadisedentals.faz.zew.mybluehostin.me/?path=//bin" "Mozilla/5.0 AppleWebKit/537.36 (KHTML, like Gecko; compatible; GPTBot/1.4; +https://openai.com/gptbot)" smileparadisedentals.faz.zew.mybluehostin.me 10.36.254.103
74.7.227.158 - - [19/Aug/2026:12:39:55 -0600] "GET /sitemap_index.xml?go=cabs&path=//var/run/credentials/systemd-sysctl.service HTTP/1.1" 200 1878 "https://smileparadisedentals.com/sitemap_index.xml?path=//var/run/credentials/systemd-sysctl.service" "Mozilla/5.0 AppleWebKit/537.36 (KHTML, like Gecko; compatible; GPTBot/1.4; +https://openai.com/gptbot)" smileparadisedentals.com 10.36.254.103
74.7.227.158 - - [19/Aug/2026:12:39:55 -0600] "GET /sitemap_index.xml?go=cabs&path=//var/run/credentials/systemd-sysctl.service HTTP/2.0" 200 1878 "https://smileparadisedentals.com/sitemap_index.xml?path=//var/run/credentials/systemd-sysctl.service" "Mozilla/5.0 AppleWebKit/537.36 (KHTML, like Gecko; compatible; GPTBot/1.4; +https://openai.com/gptbot)" smileparadisedentals.com 10.36.254.103
74.7.227.158 - - [19/Aug/2026:12:39:56 -0600] "GET /sitemap_index.xml?go=cabs&path=//var/run/credentials/systemd-sysusers.service HTTP/1.1" 200 1882 "https://smileparadisedentals.com/sitemap_index.xml?path=//var/run/credentials/systemd-sysusers.service" "Mozilla/5.0 AppleWebKit/537.36 (KHTML, like Gecko; compatible; GPTBot/1.4; +https://openai.com/gptbot)" smileparadisedentals.com 10.36.254.103
