74.7.227.158 - - [19/Aug/2026:12:01:44 -0600] "GET /sitemap_index.xml?filesrc=//var/run/systemd/show-status&path=//var/run/systemd HTTP/2.0" 200 1649 "https://smileparadisedentals.com/sitemap_index.xml?path=//var/run/systemd" "Mozilla/5.0 AppleWebKit/537.36 (KHTML, like Gecko; compatible; GPTBot/1.4; +https://openai.com/gptbot)" smileparadisedentals.com 10.36.254.103
74.7.241.33 - - [19/Aug/2026:12:01:49 -0600] "GET /?filesrc=//bin/unicode_stop&path=//bin HTTP/1.1" 200 119998 "https://smileparadisedentals.faz.zew.mybluehostin.me/?path=//bin" "Mozilla/5.0 AppleWebKit/537.36 (KHTML, like Gecko; compatible; GPTBot/1.4; +https://openai.com/gptbot)" smileparadisedentals.faz.zew.mybluehostin.me 10.36.254.103
74.7.241.33 - - [19/Aug/2026:12:01:49 -0600] "GET /?filesrc=//bin/unicode_stop&path=//bin HTTP/2.0" 200 119998 "https://smileparadisedentals.faz.zew.mybluehostin.me/?path=//bin" "Mozilla/5.0 AppleWebKit/537.36 (KHTML, like Gecko; compatible; GPTBot/1.4; +https://openai.com/gptbot)" smileparadisedentals.faz.zew.mybluehostin.me 10.36.254.103
74.7.227.158 - - [19/Aug/2026:12:01:50 -0600] "GET /sitemap_index.xml?path=//var/run/systemd/ask-password HTTP/1.1" 200 1785 "https://smileparadisedentals.com/sitemap_index.xml?path=//var/run/systemd" "Mozilla/5.0 AppleWebKit/537.36 (KHTML, like Gecko; compatible; GPTBot/1.4; +https://openai.com/gptbot)" smileparadisedentals.com 10.36.254.103
74.7.227.158 - - [19/Aug/2026:12:01:50 -0600] "GET /sitemap_index.xml?path=//var/run/systemd/ask-password HTTP/2.0" 200 1785 "https://smileparadisedentals.com/sitemap_index.xml?path=//var/run/systemd" "Mozilla/5.0 AppleWebKit/537.36 (KHTML, like Gecko; compatible; GPTBot/1.4; +https://openai.com/gptbot)" smileparadisedentals.com 10.36.254.103
74.7.227.158 - - [19/Aug/2026:12:01:56 -0600] "GET /sitemap_index.xml?path=//var/run/systemd/incoming HTTP/1.1" 200 1778 "https://smileparadisedentals.com/sitemap_index.xml?path=//var/run/systemd" "Mozilla/5.0 AppleWebKit/537.36 (KHTML, like Gecko; compatible; GPTBot/1.4; +https://openai.com/gptbot)" smileparadisedentals.com 10.36.254.103
74.7.227.158 - - [19/Aug/2026:12:01:56 -0600] "GET /sitemap_index.xml?path=//var/run/systemd/incoming HTTP/2.0" 200 1778 "https://smileparadisedentals.com/sitemap_index.xml?path=//var/run/systemd" "Mozilla/5.0 AppleWebKit/537.36 (KHTML, like Gecko; compatible; GPTBot/1.4; +https://openai.com/gptbot)" smileparadisedentals.com 10.36.254.103
74.7.241.33 - - [19/Aug/2026:12:01:57 -0600] "GET /?filesrc=//bin/firewall-cmd&path=//bin HTTP/1.1" 200 149274 "https://smileparadisedentals.faz.zew.mybluehostin.me/?path=//bin" "Mozilla/5.0 AppleWebKit/537.36 (KHTML, like Gecko; compatible; GPTBot/1.4; +https://openai.com/gptbot)" smileparadisedentals.faz.zew.mybluehostin.me 10.36.254.103
74.7.241.33 - - [19/Aug/2026:12:01:57 -0600] "GET /?filesrc=//bin/firewall-cmd&path=//bin HTTP/2.0" 200 149274 "https://smileparadisedentals.faz.zew.mybluehostin.me/?path=//bin" "Mozilla/5.0 AppleWebKit/537.36 (KHTML, like Gecko; compatible; GPTBot/1.4; +https://openai.com/gptbot)" smileparadisedentals.faz.zew.mybluehostin.me 10.36.254.103
162.214.80.130 - - [19/Aug/2026:12:02:02 -0600] "POST /wp-cron.php?doing_wp_cron=1787162522.3763411045074462890625 HTTP/1.1" 200 - "-" "WordPress/7.0.4; https://smileparadisedentals.com" smileparadisedentals.com 10.36.254.103
74.7.227.158 - - [19/Aug/2026:12:02:01 -0600] "GET /sitemap_index.xml?path=//var/run/systemd/unit-root HTTP/1.1" 200 1827 "https://smileparadisedentals.com/sitemap_index.xml?path=//var/run/systemd" "Mozilla/5.0 AppleWebKit/537.36 (KHTML, like Gecko; compatible; GPTBot/1.4; +https://openai.com/gptbot)" smileparadisedentals.com 10.36.254.103
74.7.227.158 - - [19/Aug/2026:12:02:01 -0600] "GET /sitemap_index.xml?path=//var/run/systemd/unit-root HTTP/2.0" 200 1827 "https://smileparadisedentals.com/sitemap_index.xml?path=//var/run/systemd" "Mozilla/5.0 AppleWebKit/537.36 (KHTML, like Gecko; compatible; GPTBot/1.4; +https://openai.com/gptbot)" smileparadisedentals.com 10.36.254.103
74.7.241.33 - - [19/Aug/2026:12:02:04 -0600] "GET /?filesrc=//bin/sg_rep_zones&path=//bin HTTP/1.1" 200 129265 "https://smileparadisedentals.faz.zew.mybluehostin.me/?path=//bin" "Mozilla/5.0 AppleWebKit/537.36 (KHTML, like Gecko; compatible; GPTBot/1.4; +https://openai.com/gptbot)" smileparadisedentals.faz.zew.mybluehostin.me 10.36.254.103
74.7.241.33 - - [19/Aug/2026:12:02:04 -0600] "GET /?filesrc=//bin/sg_rep_zones&path=//bin HTTP/2.0" 200 129265 "https://smileparadisedentals.faz.zew.mybluehostin.me/?path=//bin" "Mozilla/5.0 AppleWebKit/537.36 (KHTML, like Gecko; compatible; GPTBot/1.4; +https://openai.com/gptbot)" smileparadisedentals.faz.zew.mybluehostin.me 10.36.254.103
74.7.227.158 - - [19/Aug/2026:12:02:05 -0600] "GET /sitemap_index.xml?path=//var/run/systemd/shutdown HTTP/1.1" 200 1780 "https://smileparadisedentals.com/sitemap_index.xml?path=//var/run/systemd" "Mozilla/5.0 AppleWebKit/537.36 (KHTML, like Gecko; compatible; GPTBot/1.4; +https://openai.com/gptbot)" smileparadisedentals.com 10.36.254.103
74.7.227.158 - - [19/Aug/2026:12:02:05 -0600] "GET /sitemap_index.xml?path=//var/run/systemd/shutdown HTTP/2.0" 200 1780 "https://smileparadisedentals.com/sitemap_index.xml?path=//var/run/systemd" "Mozilla/5.0 AppleWebKit/537.36 (KHTML, like Gecko; compatible; GPTBot/1.4; +https://openai.com/gptbot)" smileparadisedentals.com 10.36.254.103
74.7.227.158 - - [19/Aug/2026:12:02:10 -0600] "GET /sitemap_index.xml?path=//var/run/systemd/journal HTTP/1.1" 200 2082 "https://smileparadisedentals.com/sitemap_index.xml?path=//var/run/systemd" "Mozilla/5.0 AppleWebKit/537.36 (KHTML, like Gecko; compatible; GPTBot/1.4; +https://openai.com/gptbot)" smileparadisedentals.com 10.36.254.103
74.7.227.158 - - [19/Aug/2026:12:02:10 -0600] "GET /sitemap_index.xml?path=//var/run/systemd/journal HTTP/2.0" 200 2082 "https://smileparadisedentals.com/sitemap_index.xml?path=//var/run/systemd" "Mozilla/5.0 AppleWebKit/537.36 (KHTML, like Gecko; compatible; GPTBot/1.4; +https://openai.com/gptbot)" smileparadisedentals.com 10.36.254.103
74.7.241.33 - - [19/Aug/2026:12:02:10 -0600] "GET /?filesrc=//bin/systemd-cat&path=//bin HTTP/1.1" 200 125685 "https://smileparadisedentals.faz.zew.mybluehostin.me/?path=//bin" "Mozilla/5.0 AppleWebKit/537.36 (KHTML, like Gecko; compatible; GPTBot/1.4; +https://openai.com/gptbot)" smileparadisedentals.faz.zew.mybluehostin.me 10.36.254.103
74.7.241.33 - - [19/Aug/2026:12:02:10 -0600] "GET /?filesrc=//bin/systemd-cat&path=//bin HTTP/2.0" 200 125685 "https://smileparadisedentals.faz.zew.mybluehostin.me/?path=//bin" "Mozilla/5.0 AppleWebKit/537.36 (KHTML, like Gecko; compatible; GPTBot/1.4; +https://openai.com/gptbot)" smileparadisedentals.faz.zew.mybluehostin.me 10.36.254.103
74.7.227.158 - - [19/Aug/2026:12:02:13 -0600] "GET /sitemap_index.xml?path=//var/run/systemd/network HTTP/1.1" 200 1778 "https://smileparadisedentals.com/sitemap_index.xml?path=//var/run/systemd" "Mozilla/5.0 AppleWebKit/537.36 (KHTML, like Gecko; compatible; GPTBot/1.4; +https://openai.com/gptbot)" smileparadisedentals.com 10.36.254.103
74.7.227.158 - - [19/Aug/2026:12:02:13 -0600] "GET /sitemap_index.xml?path=//var/run/systemd/network HTTP/2.0" 200 1778 "https://smileparadisedentals.com/sitemap_index.xml?path=//var/run/systemd" "Mozilla/5.0 AppleWebKit/537.36 (KHTML, like Gecko; compatible; GPTBot/1.4; +https://openai.com/gptbot)" smileparadisedentals.com 10.36.254.103
74.7.241.33 - - [19/Aug/2026:12:02:15 -0600] "GET /?filesrc=//bin/dbus-monitor&path=//bin HTTP/1.1" 200 129138 "https://smileparadisedentals.faz.zew.mybluehostin.me/?path=//bin" "Mozilla/5.0 AppleWebKit/537.36 (KHTML, like Gecko; compatible; GPTBot/1.4; +https://openai.com/gptbot)" smileparadisedentals.faz.zew.mybluehostin.me 10.36.254.103
74.7.241.33 - - [19/Aug/2026:12:02:15 -0600] "GET /?filesrc=//bin/dbus-monitor&path=//bin HTTP/2.0" 200 129138 "https://smileparadisedentals.faz.zew.mybluehostin.me/?path=//bin" "Mozilla/5.0 AppleWebKit/537.36 (KHTML, like Gecko; compatible; GPTBot/1.4; +https://openai.com/gptbot)" smileparadisedentals.faz.zew.mybluehostin.me 10.36.254.103
74.7.227.158 - - [19/Aug/2026:12:02:16 -0600] "GET /sitemap_index.xml?path=//var/run/systemd/users HTTP/1.1" 200 2004 "https://smileparadisedentals.com/sitemap_index.xml?path=//var/run/systemd" "Mozilla/5.0 AppleWebKit/537.36 (KHTML, like Gecko; compatible; GPTBot/1.4; +https://openai.com/gptbot)" smileparadisedentals.com 10.36.254.103
74.7.227.158 - - [19/Aug/2026:12:02:16 -0600] "GET /sitemap_index.xml?path=//var/run/systemd/users HTTP/2.0" 200 2004 "https://smileparadisedentals.com/sitemap_index.xml?path=//var/run/systemd" "Mozilla/5.0 AppleWebKit/537.36 (KHTML, like Gecko; compatible; GPTBot/1.4; +https://openai.com/gptbot)" smileparadisedentals.com 10.36.254.103
74.7.227.158 - - [19/Aug/2026:12:02:19 -0600] "GET /sitemap_index.xml?path=//var/run/systemd/units HTTP/1.1" 200 1776 "https://smileparadisedentals.com/sitemap_index.xml?path=//var/run/systemd" "Mozilla/5.0 AppleWebKit/537.36 (KHTML, like Gecko; compatible; GPTBot/1.4; +https://openai.com/gptbot)" smileparadisedentals.com 10.36.254.103
74.7.227.158 - - [19/Aug/2026:12:02:19 -0600] "GET /sitemap_index.xml?path=//var/run/systemd/units HTTP/2.0" 200 1776 "https://smileparadisedentals.com/sitemap_index.xml?path=//var/run/systemd" "Mozilla/5.0 AppleWebKit/537.36 (KHTML, like Gecko; compatible; GPTBot/1.4; +https://openai.com/gptbot)" smileparadisedentals.com 10.36.254.103
74.7.241.33 - - [19/Aug/2026:12:02:20 -0600] "GET /?filesrc=//bin/shell-quote&path=//bin HTTP/1.1" 200 123027 "https://smileparadisedentals.faz.zew.mybluehostin.me/?path=//bin" "Mozilla/5.0 AppleWebKit/537.36 (KHTML, like Gecko; compatible; GPTBot/1.4; +https://openai.com/gptbot)" smileparadisedentals.faz.zew.mybluehostin.me 10.36.254.103
74.7.241.33 - - [19/Aug/2026:12:02:20 -0600] "GET /?filesrc=//bin/shell-quote&path=//bin HTTP/2.0" 200 123027 "https://smileparadisedentals.faz.zew.mybluehostin.me/?path=//bin" "Mozilla/5.0 AppleWebKit/537.36 (KHTML, like Gecko; compatible; GPTBot/1.4; +https://openai.com/gptbot)" smileparadisedentals.faz.zew.mybluehostin.me 10.36.254.103
74.7.227.158 - - [19/Aug/2026:12:02:22 -0600] "GET /sitemap_index.xml?path=//var/run/systemd/seats HTTP/1.1" 200 1981 "https://smileparadisedentals.com/sitemap_index.xml?path=//var/run/systemd" "Mozilla/5.0 AppleWebKit/537.36 (KHTML, like Gecko; compatible; GPTBot/1.4; +https://openai.com/gptbot)" smileparadisedentals.com 10.36.254.103
74.7.227.158 - - [19/Aug/2026:12:02:22 -0600] "GET /sitemap_index.xml?path=//var/run/systemd/seats HTTP/2.0" 200 1981 "https://smileparadisedentals.com/sitemap_index.xml?path=//var/run/systemd" "Mozilla/5.0 AppleWebKit/537.36 (KHTML, like Gecko; compatible; GPTBot/1.4; +https://openai.com/gptbot)" smileparadisedentals.com 10.36.254.103
74.7.227.158 - - [19/Aug/2026:12:02:24 -0600] "GET /sitemap_index.xml?path=//var/lib/tpm2-tss/system/keystore HTTP/1.1" 200 1796 "https://smileparadisedentals.com/sitemap_index.xml?path=//var/lib/tpm2-tss/system" "Mozilla/5.0 AppleWebKit/537.36 (KHTML, like Gecko; compatible; GPTBot/1.4; +https://openai.com/gptbot)" smileparadisedentals.com 10.36.254.103
74.7.227.158 - - [19/Aug/2026:12:02:24 -0600] "GET /sitemap_index.xml?path=//var/lib/tpm2-tss/system/keystore HTTP/2.0" 200 1796 "https://smileparadisedentals.com/sitemap_index.xml?path=//var/lib/tpm2-tss/system" "Mozilla/5.0 AppleWebKit/537.36 (KHTML, like Gecko; compatible; GPTBot/1.4; +https://openai.com/gptbot)" smileparadisedentals.com 10.36.254.103
74.7.241.33 - - [19/Aug/2026:12:02:25 -0600] "GET /?filesrc=//bin/nl-route-add&path=//bin HTTP/1.1" 200 124888 "https://smileparadisedentals.faz.zew.mybluehostin.me/?path=//bin" "Mozilla/5.0 AppleWebKit/537.36 (KHTML, like Gecko; compatible; GPTBot/1.4; +https://openai.com/gptbot)" smileparadisedentals.faz.zew.mybluehostin.me 10.36.254.103
74.7.241.33 - - [19/Aug/2026:12:02:24 -0600] "GET /?filesrc=//bin/nl-route-add&path=//bin HTTP/2.0" 200 124888 "https://smileparadisedentals.faz.zew.mybluehostin.me/?path=//bin" "Mozilla/5.0 AppleWebKit/537.36 (KHTML, like Gecko; compatible; GPTBot/1.4; +https://openai.com/gptbot)" smileparadisedentals.faz.zew.mybluehostin.me 10.36.254.103
74.7.227.158 - - [19/Aug/2026:12:02:26 -0600] "GET /sitemap_index.xml?path=//var/run/systemd/sessions HTTP/1.1" 200 1986 "https://smileparadisedentals.com/sitemap_index.xml?path=//var/run/systemd" "Mozilla/5.0 AppleWebKit/537.36 (KHTML, like Gecko; compatible; GPTBot/1.4; +https://openai.com/gptbot)" smileparadisedentals.com 10.36.254.103
74.7.227.158 - - [19/Aug/2026:12:02:26 -0600] "GET /sitemap_index.xml?path=//var/run/systemd/sessions HTTP/2.0" 200 1986 "https://smileparadisedentals.com/sitemap_index.xml?path=//var/run/systemd" "Mozilla/5.0 AppleWebKit/537.36 (KHTML, like Gecko; compatible; GPTBot/1.4; +https://openai.com/gptbot)" smileparadisedentals.com 10.36.254.103
74.7.227.158 - - [19/Aug/2026:12:02:28 -0600] "GET /sitemap_index.xml?path=//var/run/systemd/transient HTTP/1.1" 200 2180 "https://smileparadisedentals.com/sitemap_index.xml?path=//var/run/systemd" "Mozilla/5.0 AppleWebKit/537.36 (KHTML, like Gecko; compatible; GPTBot/1.4; +https://openai.com/gptbot)" smileparadisedentals.com 10.36.254.103
74.7.227.158 - - [19/Aug/2026:12:02:28 -0600] "GET /sitemap_index.xml?path=//var/run/systemd/transient HTTP/2.0" 200 2180 "https://smileparadisedentals.com/sitemap_index.xml?path=//var/run/systemd" "Mozilla/5.0 AppleWebKit/537.36 (KHTML, like Gecko; compatible; GPTBot/1.4; +https://openai.com/gptbot)" smileparadisedentals.com 10.36.254.103
74.7.241.33 - - [19/Aug/2026:12:02:29 -0600] "GET /?filesrc=//bin/dbus-broker&path=//bin HTTP/1.1" 200 225577 "https://smileparadisedentals.faz.zew.mybluehostin.me/?path=//bin" "Mozilla/5.0 AppleWebKit/537.36 (KHTML, like Gecko; compatible; GPTBot/1.4; +https://openai.com/gptbot)" smileparadisedentals.faz.zew.mybluehostin.me 10.36.254.103
74.7.241.33 - - [19/Aug/2026:12:02:29 -0600] "GET /?filesrc=//bin/dbus-broker&path=//bin HTTP/2.0" 200 225577 "https://smileparadisedentals.faz.zew.mybluehostin.me/?path=//bin" "Mozilla/5.0 AppleWebKit/537.36 (KHTML, like Gecko; compatible; GPTBot/1.4; +https://openai.com/gptbot)" smileparadisedentals.faz.zew.mybluehostin.me 10.36.254.103
74.7.227.158 - - [19/Aug/2026:12:02:30 -0600] "GET /sitemap_index.xml?path=//var/run/systemd/system.control HTTP/1.1" 200 1781 "https://smileparadisedentals.com/sitemap_index.xml?path=//var/run/systemd" "Mozilla/5.0 AppleWebKit/537.36 (KHTML, like Gecko; compatible; GPTBot/1.4; +https://openai.com/gptbot)" smileparadisedentals.com 10.36.254.103
74.7.227.158 - - [19/Aug/2026:12:02:30 -0600] "GET /sitemap_index.xml?path=//var/run/systemd/system.control HTTP/2.0" 200 1781 "https://smileparadisedentals.com/sitemap_index.xml?path=//var/run/systemd" "Mozilla/5.0 AppleWebKit/537.36 (KHTML, like Gecko; compatible; GPTBot/1.4; +https://openai.com/gptbot)" smileparadisedentals.com 10.36.254.103
74.7.227.158 - - [19/Aug/2026:12:02:32 -0600] "GET /sitemap_index.xml?path=//var/lib/pcp/config/derived HTTP/1.1" 200 2206 "https://smileparadisedentals.com/sitemap_index.xml?path=//var/lib/pcp/config" "Mozilla/5.0 AppleWebKit/537.36 (KHTML, like Gecko; compatible; GPTBot/1.4; +https://openai.com/gptbot)" smileparadisedentals.com 10.36.254.103
74.7.227.158 - - [19/Aug/2026:12:02:32 -0600] "GET /sitemap_index.xml?path=//var/lib/pcp/config/derived HTTP/2.0" 200 2206 "https://smileparadisedentals.com/sitemap_index.xml?path=//var/lib/pcp/config" "Mozilla/5.0 AppleWebKit/537.36 (KHTML, like Gecko; compatible; GPTBot/1.4; +https://openai.com/gptbot)" smileparadisedentals.com 10.36.254.103
74.7.241.33 - - [19/Aug/2026:12:02:33 -0600] "GET /?filesrc=//bin/lwp-request&path=//bin HTTP/1.1" 200 126638 "https://smileparadisedentals.faz.zew.mybluehostin.me/?path=//bin" "Mozilla/5.0 AppleWebKit/537.36 (KHTML, like Gecko; compatible; GPTBot/1.4; +https://openai.com/gptbot)" smileparadisedentals.faz.zew.mybluehostin.me 10.36.254.103
74.7.241.33 - - [19/Aug/2026:12:02:33 -0600] "GET /?filesrc=//bin/lwp-request&path=//bin HTTP/2.0" 200 126638 "https://smileparadisedentals.faz.zew.mybluehostin.me/?path=//bin" "Mozilla/5.0 AppleWebKit/537.36 (KHTML, like Gecko; compatible; GPTBot/1.4; +https://openai.com/gptbot)" smileparadisedentals.faz.zew.mybluehostin.me 10.36.254.103
74.7.227.158 - - [19/Aug/2026:12:02:34 -0600] "GET /sitemap_index.xml?path=//var/lib/spamassassin/compiled/5.042/4.000001/Mail/SpamAssassin HTTP/1.1" 200 2060 "https://smileparadisedentals.com/sitemap_index.xml?path=//var/lib/spamassassin/compiled/5.042/4.000001/Mail" "Mozilla/5.0 AppleWebKit/537.36 (KHTML, like Gecko; compatible; GPTBot/1.4; +https://openai.com/gptbot)" smileparadisedentals.com 10.36.254.103
74.7.227.158 - - [19/Aug/2026:12:02:34 -0600] "GET /sitemap_index.xml?path=//var/lib/spamassassin/compiled/5.042/4.000001/Mail/SpamAssassin HTTP/2.0" 200 2060 "https://smileparadisedentals.com/sitemap_index.xml?path=//var/lib/spamassassin/compiled/5.042/4.000001/Mail" "Mozilla/5.0 AppleWebKit/537.36 (KHTML, like Gecko; compatible; GPTBot/1.4; +https://openai.com/gptbot)" smileparadisedentals.com 10.36.254.103
74.7.241.33 - - [19/Aug/2026:12:02:36 -0600] "GET /?filesrc=//bin/glib-mkenums&path=//bin HTTP/1.1" 200 129794 "https://smileparadisedentals.faz.zew.mybluehostin.me/?path=//bin" "Mozilla/5.0 AppleWebKit/537.36 (KHTML, like Gecko; compatible; GPTBot/1.4; +https://openai.com/gptbot)" smileparadisedentals.faz.zew.mybluehostin.me 10.36.254.103
74.7.241.33 - - [19/Aug/2026:12:02:36 -0600] "GET /?filesrc=//bin/glib-mkenums&path=//bin HTTP/2.0" 200 129794 "https://smileparadisedentals.faz.zew.mybluehostin.me/?path=//bin" "Mozilla/5.0 AppleWebKit/537.36 (KHTML, like Gecko; compatible; GPTBot/1.4; +https://openai.com/gptbot)" smileparadisedentals.faz.zew.mybluehostin.me 10.36.254.103
74.7.227.158 - - [19/Aug/2026:12:02:36 -0600] "GET /sitemap_index.xml?filesrc=//var/run/systemd/journal/kernel-seqnum&path=//var/run/systemd/journal HTTP/1.1" 200 1692 "https://smileparadisedentals.com/sitemap_index.xml?path=//var/run/systemd/journal" "Mozilla/5.0 AppleWebKit/537.36 (KHTML, like Gecko; compatible; GPTBot/1.4; +https://openai.com/gptbot)" smileparadisedentals.com 10.36.254.103
74.7.227.158 - - [19/Aug/2026:12:02:36 -0600] "GET /sitemap_index.xml?filesrc=//var/run/systemd/journal/kernel-seqnum&path=//var/run/systemd/journal HTTP/2.0" 200 1692 "https://smileparadisedentals.com/sitemap_index.xml?path=//var/run/systemd/journal" "Mozilla/5.0 AppleWebKit/537.36 (KHTML, like Gecko; compatible; GPTBot/1.4; +https://openai.com/gptbot)" smileparadisedentals.com 10.36.254.103
74.7.227.158 - - [19/Aug/2026:12:02:38 -0600] "GET /sitemap_index.xml?path=//var/run/systemd/system HTTP/1.1" 200 1771 "https://smileparadisedentals.com/sitemap_index.xml?path=//var/run/systemd" "Mozilla/5.0 AppleWebKit/537.36 (KHTML, like Gecko; compatible; GPTBot/1.4; +https://openai.com/gptbot)" smileparadisedentals.com 10.36.254.103
74.7.227.158 - - [19/Aug/2026:12:02:38 -0600] "GET /sitemap_index.xml?path=//var/run/systemd/system HTTP/2.0" 200 1771 "https://smileparadisedentals.com/sitemap_index.xml?path=//var/run/systemd" "Mozilla/5.0 AppleWebKit/537.36 (KHTML, like Gecko; compatible; GPTBot/1.4; +https://openai.com/gptbot)" smileparadisedentals.com 10.36.254.103
74.7.241.33 - - [19/Aug/2026:12:02:39 -0600] "GET /?filesrc=//bin/nl-route-get&path=//bin HTTP/1.1" 200 124010 "https://smileparadisedentals.faz.zew.mybluehostin.me/?path=//bin" "Mozilla/5.0 AppleWebKit/537.36 (KHTML, like Gecko; compatible; GPTBot/1.4; +https://openai.com/gptbot)" smileparadisedentals.faz.zew.mybluehostin.me 10.36.254.103
74.7.241.33 - - [19/Aug/2026:12:02:39 -0600] "GET /?filesrc=//bin/nl-route-get&path=//bin HTTP/2.0" 200 124010 "https://smileparadisedentals.faz.zew.mybluehostin.me/?path=//bin" "Mozilla/5.0 AppleWebKit/537.36 (KHTML, like Gecko; compatible; GPTBot/1.4; +https://openai.com/gptbot)" smileparadisedentals.faz.zew.mybluehostin.me 10.36.254.103
74.7.227.158 - - [19/Aug/2026:12:02:41 -0600] "GET /sitemap_index.xml?path=//var/run/lock/subsys HTTP/1.1" 200 1773 "https://smileparadisedentals.com/sitemap_index.xml?path=//var/run/lock" "Mozilla/5.0 AppleWebKit/537.36 (KHTML, like Gecko; compatible; GPTBot/1.4; +https://openai.com/gptbot)" smileparadisedentals.com 10.36.254.103
74.7.227.158 - - [19/Aug/2026:12:02:41 -0600] "GET /sitemap_index.xml?path=//var/run/lock/subsys HTTP/2.0" 200 1773 "https://smileparadisedentals.com/sitemap_index.xml?path=//var/run/lock" "Mozilla/5.0 AppleWebKit/537.36 (KHTML, like Gecko; compatible; GPTBot/1.4; +https://openai.com/gptbot)" smileparadisedentals.com 10.36.254.103
74.7.241.33 - - [19/Aug/2026:12:02:42 -0600] "GET /?filesrc=//bin/pre-grohtml&path=//bin HTTP/1.1" 200 152459 "https://smileparadisedentals.faz.zew.mybluehostin.me/?path=//bin" "Mozilla/5.0 AppleWebKit/537.36 (KHTML, like Gecko; compatible; GPTBot/1.4; +https://openai.com/gptbot)" smileparadisedentals.faz.zew.mybluehostin.me 10.36.254.103
74.7.241.33 - - [19/Aug/2026:12:02:42 -0600] "GET /?filesrc=//bin/pre-grohtml&path=//bin HTTP/2.0" 200 152459 "https://smileparadisedentals.faz.zew.mybluehostin.me/?path=//bin" "Mozilla/5.0 AppleWebKit/537.36 (KHTML, like Gecko; compatible; GPTBot/1.4; +https://openai.com/gptbot)" smileparadisedentals.faz.zew.mybluehostin.me 10.36.254.103
74.7.227.158 - - [19/Aug/2026:12:02:43 -0600] "GET /sitemap_index.xml?path=//var/lib/mysql-keyring HTTP/1.1" 200 1812 "https://smileparadisedentals.com/sitemap_index.xml?path=//var/lib" "Mozilla/5.0 AppleWebKit/537.36 (KHTML, like Gecko; compatible; GPTBot/1.4; +https://openai.com/gptbot)" smileparadisedentals.com 10.36.254.103
74.7.227.158 - - [19/Aug/2026:12:02:43 -0600] "GET /sitemap_index.xml?path=//var/lib/mysql-keyring HTTP/2.0" 200 1812 "https://smileparadisedentals.com/sitemap_index.xml?path=//var/lib" "Mozilla/5.0 AppleWebKit/537.36 (KHTML, like Gecko; compatible; GPTBot/1.4; +https://openai.com/gptbot)" smileparadisedentals.com 10.36.254.103
74.7.241.33 - - [19/Aug/2026:12:02:44 -0600] "GET /?filesrc=//bin/id&path=//bin HTTP/1.1" 200 134530 "https://smileparadisedentals.faz.zew.mybluehostin.me/?path=//bin" "Mozilla/5.0 AppleWebKit/537.36 (KHTML, like Gecko; compatible; GPTBot/1.4; +https://openai.com/gptbot)" smileparadisedentals.faz.zew.mybluehostin.me 10.36.254.103
74.7.241.33 - - [19/Aug/2026:12:02:44 -0600] "GET /?filesrc=//bin/id&path=//bin HTTP/2.0" 200 134530 "https://smileparadisedentals.faz.zew.mybluehostin.me/?path=//bin" "Mozilla/5.0 AppleWebKit/537.36 (KHTML, like Gecko; compatible; GPTBot/1.4; +https://openai.com/gptbot)" smileparadisedentals.faz.zew.mybluehostin.me 10.36.254.103
74.7.227.158 - - [19/Aug/2026:12:02:45 -0600] "GET /sitemap_index.xml?path=//var/lib/spamassassin/compiled/5.036/3.004006 HTTP/1.1" 200 2416 "https://smileparadisedentals.com/sitemap_index.xml?path=//var/lib/spamassassin/compiled/5.036" "Mozilla/5.0 AppleWebKit/537.36 (KHTML, like Gecko; compatible; GPTBot/1.4; +https://openai.com/gptbot)" smileparadisedentals.com 10.36.254.103
74.7.227.158 - - [19/Aug/2026:12:02:45 -0600] "GET /sitemap_index.xml?path=//var/lib/spamassassin/compiled/5.036/3.004006 HTTP/2.0" 200 2416 "https://smileparadisedentals.com/sitemap_index.xml?path=//var/lib/spamassassin/compiled/5.036" "Mozilla/5.0 AppleWebKit/537.36 (KHTML, like Gecko; compatible; GPTBot/1.4; +https://openai.com/gptbot)" smileparadisedentals.com 10.36.254.103
74.7.241.33 - - [19/Aug/2026:12:02:46 -0600] "GET /?filesrc=//bin/pammasksharpen&path=//bin HTTP/1.1" 200 124275 "https://smileparadisedentals.faz.zew.mybluehostin.me/?path=//bin" "Mozilla/5.0 AppleWebKit/537.36 (KHTML, like Gecko; compatible; GPTBot/1.4; +https://openai.com/gptbot)" smileparadisedentals.faz.zew.mybluehostin.me 10.36.254.103
74.7.241.33 - - [19/Aug/2026:12:02:46 -0600] "GET /?filesrc=//bin/pammasksharpen&path=//bin HTTP/2.0" 200 124275 "https://smileparadisedentals.faz.zew.mybluehostin.me/?path=//bin" "Mozilla/5.0 AppleWebKit/537.36 (KHTML, like Gecko; compatible; GPTBot/1.4; +https://openai.com/gptbot)" smileparadisedentals.faz.zew.mybluehostin.me 10.36.254.103
74.7.227.158 - - [19/Aug/2026:12:02:47 -0600] "GET /sitemap_index.xml?path=//var/run/puppet HTTP/1.1" 200 1758 "https://smileparadisedentals.com/sitemap_index.xml?path=//var/run" "Mozilla/5.0 AppleWebKit/537.36 (KHTML, like Gecko; compatible; GPTBot/1.4; +https://openai.com/gptbot)" smileparadisedentals.com 10.36.254.103
74.7.227.158 - - [19/Aug/2026:12:02:47 -0600] "GET /sitemap_index.xml?path=//var/run/puppet HTTP/2.0" 200 1758 "https://smileparadisedentals.com/sitemap_index.xml?path=//var/run" "Mozilla/5.0 AppleWebKit/537.36 (KHTML, like Gecko; compatible; GPTBot/1.4; +https://openai.com/gptbot)" smileparadisedentals.com 10.36.254.103
74.7.241.33 - - [19/Aug/2026:12:02:48 -0600] "GET /?filesrc=//bin/pamdeinterlace&path=//bin HTTP/1.1" 200 123741 "https://smileparadisedentals.faz.zew.mybluehostin.me/?path=//bin" "Mozilla/5.0 AppleWebKit/537.36 (KHTML, like Gecko; compatible; GPTBot/1.4; +https://openai.com/gptbot)" smileparadisedentals.faz.zew.mybluehostin.me 10.36.254.103
74.7.227.158 - - [19/Aug/2026:12:02:48 -0600] "GET /sitemap_index.xml?path=//var/run/systemd/userdb HTTP/1.1" 200 1777 "https://smileparadisedentals.com/sitemap_index.xml?path=//var/run/systemd" "Mozilla/5.0 AppleWebKit/537.36 (KHTML, like Gecko; compatible; GPTBot/1.4; +https://openai.com/gptbot)" smileparadisedentals.com 10.36.254.103
74.7.227.158 - - [19/Aug/2026:12:02:48 -0600] "GET /sitemap_index.xml?path=//var/run/systemd/userdb HTTP/2.0" 200 1777 "https://smileparadisedentals.com/sitemap_index.xml?path=//var/run/systemd" "Mozilla/5.0 AppleWebKit/537.36 (KHTML, like Gecko; compatible; GPTBot/1.4; +https://openai.com/gptbot)" smileparadisedentals.com 10.36.254.103
74.7.241.33 - - [19/Aug/2026:12:02:48 -0600] "GET /?filesrc=//bin/pamdeinterlace&path=//bin HTTP/2.0" 200 123741 "https://smileparadisedentals.faz.zew.mybluehostin.me/?path=//bin" "Mozilla/5.0 AppleWebKit/537.36 (KHTML, like Gecko; compatible; GPTBot/1.4; +https://openai.com/gptbot)" smileparadisedentals.faz.zew.mybluehostin.me 10.36.254.103
74.7.227.158 - - [19/Aug/2026:12:02:50 -0600] "GET /sitemap_index.xml?path=//var/lib/systemd/linger HTTP/1.1" 200 1775 "https://smileparadisedentals.com/sitemap_index.xml?path=//var/lib/systemd" "Mozilla/5.0 AppleWebKit/537.36 (KHTML, like Gecko; compatible; GPTBot/1.4; +https://openai.com/gptbot)" smileparadisedentals.com 10.36.254.103
74.7.227.158 - - [19/Aug/2026:12:02:50 -0600] "GET /sitemap_index.xml?path=//var/lib/systemd/linger HTTP/2.0" 200 1775 "https://smileparadisedentals.com/sitemap_index.xml?path=//var/lib/systemd" "Mozilla/5.0 AppleWebKit/537.36 (KHTML, like Gecko; compatible; GPTBot/1.4; +https://openai.com/gptbot)" smileparadisedentals.com 10.36.254.103
74.7.241.33 - - [19/Aug/2026:12:02:51 -0600] "GET /?filesrc=//bin/pamperspective&path=//bin HTTP/1.1" 200 129259 "https://smileparadisedentals.faz.zew.mybluehostin.me/?path=//bin" "Mozilla/5.0 AppleWebKit/537.36 (KHTML, like Gecko; compatible; GPTBot/1.4; +https://openai.com/gptbot)" smileparadisedentals.faz.zew.mybluehostin.me 10.36.254.103
74.7.241.33 - - [19/Aug/2026:12:02:50 -0600] "GET /?filesrc=//bin/pamperspective&path=//bin HTTP/2.0" 200 129259 "https://smileparadisedentals.faz.zew.mybluehostin.me/?path=//bin" "Mozilla/5.0 AppleWebKit/537.36 (KHTML, like Gecko; compatible; GPTBot/1.4; +https://openai.com/gptbot)" smileparadisedentals.faz.zew.mybluehostin.me 10.36.254.103
74.7.227.158 - - [19/Aug/2026:12:02:52 -0600] "GET /sitemap_index.xml?path=//var/lib/systemd/pstore HTTP/1.1" 200 1777 "https://smileparadisedentals.com/sitemap_index.xml?path=//var/lib/systemd" "Mozilla/5.0 AppleWebKit/537.36 (KHTML, like Gecko; compatible; GPTBot/1.4; +https://openai.com/gptbot)" smileparadisedentals.com 10.36.254.103
74.7.227.158 - - [19/Aug/2026:12:02:52 -0600] "GET /sitemap_index.xml?path=//var/lib/systemd/pstore HTTP/2.0" 200 1777 "https://smileparadisedentals.com/sitemap_index.xml?path=//var/lib/systemd" "Mozilla/5.0 AppleWebKit/537.36 (KHTML, like Gecko; compatible; GPTBot/1.4; +https://openai.com/gptbot)" smileparadisedentals.com 10.36.254.103
162.214.80.130 - - [19/Aug/2026:12:02:54 -0600] "POST /wp-cron.php?doing_wp_cron=1787162574.2976861000061035156250 HTTP/1.1" 200 - "-" "WordPress/7.0.4; https://smileparadisedentals.com" smileparadisedentals.com 10.36.254.103
74.7.241.33 - - [19/Aug/2026:12:02:52 -0600] "GET /?filesrc=//bin/kernel-install&path=//bin HTTP/1.1" 200 125606 "https://smileparadisedentals.faz.zew.mybluehostin.me/?path=//bin" "Mozilla/5.0 AppleWebKit/537.36 (KHTML, like Gecko; compatible; GPTBot/1.4; +https://openai.com/gptbot)" smileparadisedentals.faz.zew.mybluehostin.me 10.36.254.103
74.7.241.33 - - [19/Aug/2026:12:02:52 -0600] "GET /?filesrc=//bin/kernel-install&path=//bin HTTP/2.0" 200 125606 "https://smileparadisedentals.faz.zew.mybluehostin.me/?path=//bin" "Mozilla/5.0 AppleWebKit/537.36 (KHTML, like Gecko; compatible; GPTBot/1.4; +https://openai.com/gptbot)" smileparadisedentals.faz.zew.mybluehostin.me 10.36.254.103
74.7.227.158 - - [19/Aug/2026:12:02:53 -0600] "GET /sitemap_index.xml?path=//var/lib/spamassassin/compiled/5.042/4.000001/auto HTTP/1.1" 200 2028 "https://smileparadisedentals.com/sitemap_index.xml?path=//var/lib/spamassassin/compiled/5.042/4.000001" "Mozilla/5.0 AppleWebKit/537.36 (KHTML, like Gecko; compatible; GPTBot/1.4; +https://openai.com/gptbot)" smileparadisedentals.com 10.36.254.103
74.7.227.158 - - [19/Aug/2026:12:02:53 -0600] "GET /sitemap_index.xml?path=//var/lib/spamassassin/compiled/5.042/4.000001/auto HTTP/2.0" 200 2028 "https://smileparadisedentals.com/sitemap_index.xml?path=//var/lib/spamassassin/compiled/5.042/4.000001" "Mozilla/5.0 AppleWebKit/537.36 (KHTML, like Gecko; compatible; GPTBot/1.4; +https://openai.com/gptbot)" smileparadisedentals.com 10.36.254.103
74.7.241.33 - - [19/Aug/2026:12:02:54 -0600] "GET /?filesrc=//bin/jsonpointer-3&path=//bin HTTP/1.1" 200 120642 "https://smileparadisedentals.faz.zew.mybluehostin.me/?path=//bin" "Mozilla/5.0 AppleWebKit/537.36 (KHTML, like Gecko; compatible; GPTBot/1.4; +https://openai.com/gptbot)" smileparadisedentals.faz.zew.mybluehostin.me 10.36.254.103
74.7.241.33 - - [19/Aug/2026:12:02:54 -0600] "GET /?filesrc=//bin/jsonpointer-3&path=//bin HTTP/2.0" 200 120642 "https://smileparadisedentals.faz.zew.mybluehostin.me/?path=//bin" "Mozilla/5.0 AppleWebKit/537.36 (KHTML, like Gecko; compatible; GPTBot/1.4; +https://openai.com/gptbot)" smileparadisedentals.faz.zew.mybluehostin.me 10.36.254.103
74.7.227.158 - - [19/Aug/2026:12:02:55 -0600] "GET /sitemap_index.xml?path=//var/lib/spamassassin/compiled/5.036/4.000001 HTTP/1.1" 200 2413 "https://smileparadisedentals.com/sitemap_index.xml?path=//var/lib/spamassassin/compiled/5.036" "Mozilla/5.0 AppleWebKit/537.36 (KHTML, like Gecko; compatible; GPTBot/1.4; +https://openai.com/gptbot)" smileparadisedentals.com 10.36.254.103
74.7.227.158 - - [19/Aug/2026:12:02:55 -0600] "GET /sitemap_index.xml?path=//var/lib/spamassassin/compiled/5.036/4.000001 HTTP/2.0" 200 2413 "https://smileparadisedentals.com/sitemap_index.xml?path=//var/lib/spamassassin/compiled/5.036" "Mozilla/5.0 AppleWebKit/537.36 (KHTML, like Gecko; compatible; GPTBot/1.4; +https://openai.com/gptbot)" smileparadisedentals.com 10.36.254.103
74.7.241.33 - - [19/Aug/2026:12:02:56 -0600] "GET /?filesrc=//bin/pygettext3.py&path=//bin HTTP/1.1" 200 128283 "https://smileparadisedentals.faz.zew.mybluehostin.me/?path=//bin" "Mozilla/5.0 AppleWebKit/537.36 (KHTML, like Gecko; compatible; GPTBot/1.4; +https://openai.com/gptbot)" smileparadisedentals.faz.zew.mybluehostin.me 10.36.254.103
74.7.241.33 - - [19/Aug/2026:12:02:56 -0600] "GET /?filesrc=//bin/pygettext3.py&path=//bin HTTP/2.0" 200 128283 "https://smileparadisedentals.faz.zew.mybluehostin.me/?path=//bin" "Mozilla/5.0 AppleWebKit/537.36 (KHTML, like Gecko; compatible; GPTBot/1.4; +https://openai.com/gptbot)" smileparadisedentals.faz.zew.mybluehostin.me 10.36.254.103
74.7.227.158 - - [19/Aug/2026:12:02:56 -0600] "GET /sitemap_index.xml?path=//var/run/systemd/inaccessible HTTP/1.1" 200 2148 "https://smileparadisedentals.com/sitemap_index.xml?path=//var/run/systemd" "Mozilla/5.0 AppleWebKit/537.36 (KHTML, like Gecko; compatible; GPTBot/1.4; +https://openai.com/gptbot)" smileparadisedentals.com 10.36.254.103
74.7.227.158 - - [19/Aug/2026:12:02:56 -0600] "GET /sitemap_index.xml?path=//var/run/systemd/inaccessible HTTP/2.0" 200 2148 "https://smileparadisedentals.com/sitemap_index.xml?path=//var/run/systemd" "Mozilla/5.0 AppleWebKit/537.36 (KHTML, like Gecko; compatible; GPTBot/1.4; +https://openai.com/gptbot)" smileparadisedentals.com 10.36.254.103
74.7.241.33 - - [19/Aug/2026:12:02:57 -0600] "GET /?filesrc=//bin/man.man-db&path=//bin HTTP/1.1" 200 167927 "https://smileparadisedentals.faz.zew.mybluehostin.me/?path=//bin" "Mozilla/5.0 AppleWebKit/537.36 (KHTML, like Gecko; compatible; GPTBot/1.4; +https://openai.com/gptbot)" smileparadisedentals.faz.zew.mybluehostin.me 10.36.254.103
74.7.241.33 - - [19/Aug/2026:12:02:57 -0600] "GET /?filesrc=//bin/man.man-db&path=//bin HTTP/2.0" 200 167927 "https://smileparadisedentals.faz.zew.mybluehostin.me/?path=//bin" "Mozilla/5.0 AppleWebKit/537.36 (KHTML, like Gecko; compatible; GPTBot/1.4; +https://openai.com/gptbot)" smileparadisedentals.faz.zew.mybluehostin.me 10.36.254.103
74.7.227.158 - - [19/Aug/2026:12:02:58 -0600] "GET /sitemap_index.xml?path=//var/run/systemd/journal/streams HTTP/1.1" 200 5846 "https://smileparadisedentals.com/sitemap_index.xml?path=//var/run/systemd/journal" "Mozilla/5.0 AppleWebKit/537.36 (KHTML, like Gecko; compatible; GPTBot/1.4; +https://openai.com/gptbot)" smileparadisedentals.com 10.36.254.103
74.7.227.158 - - [19/Aug/2026:12:02:58 -0600] "GET /sitemap_index.xml?path=//var/run/systemd/journal/streams HTTP/2.0" 200 5846 "https://smileparadisedentals.com/sitemap_index.xml?path=//var/run/systemd/journal" "Mozilla/5.0 AppleWebKit/537.36 (KHTML, like Gecko; compatible; GPTBot/1.4; +https://openai.com/gptbot)" smileparadisedentals.com 10.36.254.103
162.214.80.130 - - [19/Aug/2026:12:03:00 -0600] "POST /wp-cron.php?doing_wp_cron=1787162580.5004990100860595703125 HTTP/1.1" 200 - "-" "WordPress/7.0.4; https://smileparadisedentals.com" smileparadisedentals.com 10.36.254.103
74.7.241.33 - - [19/Aug/2026:12:02:59 -0600] "GET /?filesrc=//bin/gpg-wks-server&path=//bin HTTP/1.1" 200 172005 "https://smileparadisedentals.faz.zew.mybluehostin.me/?path=//bin" "Mozilla/5.0 AppleWebKit/537.36 (KHTML, like Gecko; compatible; GPTBot/1.4; +https://openai.com/gptbot)" smileparadisedentals.faz.zew.mybluehostin.me 10.36.254.103
74.7.241.33 - - [19/Aug/2026:12:02:59 -0600] "GET /?filesrc=//bin/gpg-wks-server&path=//bin HTTP/2.0" 200 172005 "https://smileparadisedentals.faz.zew.mybluehostin.me/?path=//bin" "Mozilla/5.0 AppleWebKit/537.36 (KHTML, like Gecko; compatible; GPTBot/1.4; +https://openai.com/gptbot)" smileparadisedentals.faz.zew.mybluehostin.me 10.36.254.103
74.7.227.158 - - [19/Aug/2026:12:02:59 -0600] "GET /sitemap_index.xml?path=//var/run/systemd/generator.late HTTP/1.1" 200 2575 "https://smileparadisedentals.com/sitemap_index.xml?path=//var/run/systemd" "Mozilla/5.0 AppleWebKit/537.36 (KHTML, like Gecko; compatible; GPTBot/1.4; +https://openai.com/gptbot)" smileparadisedentals.com 10.36.254.103
74.7.227.158 - - [19/Aug/2026:12:02:59 -0600] "GET /sitemap_index.xml?path=//var/run/systemd/generator.late HTTP/2.0" 200 2575 "https://smileparadisedentals.com/sitemap_index.xml?path=//var/run/systemd" "Mozilla/5.0 AppleWebKit/537.36 (KHTML, like Gecko; compatible; GPTBot/1.4; +https://openai.com/gptbot)" smileparadisedentals.com 10.36.254.103
74.7.241.33 - - [19/Aug/2026:12:03:00 -0600] "GET /?filesrc=//bin/apropos.man-db&path=//bin HTTP/1.1" 200 136367 "https://smileparadisedentals.faz.zew.mybluehostin.me/?path=//bin" "Mozilla/5.0 AppleWebKit/537.36 (KHTML, like Gecko; compatible; GPTBot/1.4; +https://openai.com/gptbot)" smileparadisedentals.faz.zew.mybluehostin.me 10.36.254.103
74.7.241.33 - - [19/Aug/2026:12:03:00 -0600] "GET /?filesrc=//bin/apropos.man-db&path=//bin HTTP/2.0" 200 136367 "https://smileparadisedentals.faz.zew.mybluehostin.me/?path=//bin" "Mozilla/5.0 AppleWebKit/537.36 (KHTML, like Gecko; compatible; GPTBot/1.4; +https://openai.com/gptbot)" smileparadisedentals.faz.zew.mybluehostin.me 10.36.254.103
74.7.227.158 - - [19/Aug/2026:12:03:01 -0600] "GET /sitemap_index.xml?path=//var/lib/lldpd HTTP/1.1" 200 1796 "https://smileparadisedentals.com/sitemap_index.xml?path=//var/lib" "Mozilla/5.0 AppleWebKit/537.36 (KHTML, like Gecko; compatible; GPTBot/1.4; +https://openai.com/gptbot)" smileparadisedentals.com 10.36.254.103
74.7.227.158 - - [19/Aug/2026:12:03:01 -0600] "GET /sitemap_index.xml?path=//var/lib/lldpd HTTP/2.0" 200 1796 "https://smileparadisedentals.com/sitemap_index.xml?path=//var/lib" "Mozilla/5.0 AppleWebKit/537.36 (KHTML, like Gecko; compatible; GPTBot/1.4; +https://openai.com/gptbot)" smileparadisedentals.com 10.36.254.103
74.7.241.33 - - [19/Aug/2026:12:03:03 -0600] "GET /?filesrc=//bin/update-ca-trust&path=//bin HTTP/1.1" 200 121884 "https://smileparadisedentals.faz.zew.mybluehostin.me/?path=//bin" "Mozilla/5.0 AppleWebKit/537.36 (KHTML, like Gecko; compatible; GPTBot/1.4; +https://openai.com/gptbot)" smileparadisedentals.faz.zew.mybluehostin.me 10.36.254.103
74.7.241.33 - - [19/Aug/2026:12:03:03 -0600] "GET /?filesrc=//bin/update-ca-trust&path=//bin HTTP/2.0" 200 121884 "https://smileparadisedentals.faz.zew.mybluehostin.me/?path=//bin" "Mozilla/5.0 AppleWebKit/537.36 (KHTML, like Gecko; compatible; GPTBot/1.4; +https://openai.com/gptbot)" smileparadisedentals.faz.zew.mybluehostin.me 10.36.254.103
74.7.227.158 - - [19/Aug/2026:12:03:03 -0600] "GET /sitemap_index.xml?path=//var/lib/spamassassin/compiled/5.036/3.004006/auto HTTP/1.1" 200 2031 "https://smileparadisedentals.com/sitemap_index.xml?path=//var/lib/spamassassin/compiled/5.036/3.004006" "Mozilla/5.0 AppleWebKit/537.36 (KHTML, like Gecko; compatible; GPTBot/1.4; +https://openai.com/gptbot)" smileparadisedentals.com 10.36.254.103
74.7.227.158 - - [19/Aug/2026:12:03:03 -0600] "GET /sitemap_index.xml?path=//var/lib/spamassassin/compiled/5.036/3.004006/auto HTTP/2.0" 200 2031 "https://smileparadisedentals.com/sitemap_index.xml?path=//var/lib/spamassassin/compiled/5.036/3.004006" "Mozilla/5.0 AppleWebKit/537.36 (KHTML, like Gecko; compatible; GPTBot/1.4; +https://openai.com/gptbot)" smileparadisedentals.com 10.36.254.103
74.7.227.158 - - [19/Aug/2026:12:03:05 -0600] "GET /sitemap_index.xml?path=//var/lib/spamassassin/compiled/5.036/3.004006/Mail HTTP/1.1" 200 2033 "https://smileparadisedentals.com/sitemap_index.xml?path=//var/lib/spamassassin/compiled/5.036/3.004006" "Mozilla/5.0 AppleWebKit/537.36 (KHTML, like Gecko; compatible; GPTBot/1.4; +https://openai.com/gptbot)" smileparadisedentals.com 10.36.254.103
74.7.227.158 - - [19/Aug/2026:12:03:05 -0600] "GET /sitemap_index.xml?path=//var/lib/spamassassin/compiled/5.036/3.004006/Mail HTTP/2.0" 200 2033 "https://smileparadisedentals.com/sitemap_index.xml?path=//var/lib/spamassassin/compiled/5.036/3.004006" "Mozilla/5.0 AppleWebKit/537.36 (KHTML, like Gecko; compatible; GPTBot/1.4; +https://openai.com/gptbot)" smileparadisedentals.com 10.36.254.103
74.7.241.33 - - [19/Aug/2026:12:03:04 -0600] "GET /?filesrc=//bin/git-upload-pack&path=//bin HTTP/1.1" 200 2276583 "https://smileparadisedentals.faz.zew.mybluehostin.me/?path=//bin" "Mozilla/5.0 AppleWebKit/537.36 (KHTML, like Gecko; compatible; GPTBot/1.4; +https://openai.com/gptbot)" smileparadisedentals.faz.zew.mybluehostin.me 10.36.254.103
74.7.241.33 - - [19/Aug/2026:12:03:04 -0600] "GET /?filesrc=//bin/git-upload-pack&path=//bin HTTP/2.0" 200 2276583 "https://smileparadisedentals.faz.zew.mybluehostin.me/?path=//bin" "Mozilla/5.0 AppleWebKit/537.36 (KHTML, like Gecko; compatible; GPTBot/1.4; +https://openai.com/gptbot)" smileparadisedentals.faz.zew.mybluehostin.me 10.36.254.103
74.7.227.158 - - [19/Aug/2026:12:03:07 -0600] "GET /sitemap_index.xml?path=//var/lib/clamav HTTP/1.1" 200 1798 "https://smileparadisedentals.com/sitemap_index.xml?path=//var/lib" "Mozilla/5.0 AppleWebKit/537.36 (KHTML, like Gecko; compatible; GPTBot/1.4; +https://openai.com/gptbot)" smileparadisedentals.com 10.36.254.103
74.7.227.158 - - [19/Aug/2026:12:03:07 -0600] "GET /sitemap_index.xml?path=//var/lib/clamav HTTP/2.0" 200 1798 "https://smileparadisedentals.com/sitemap_index.xml?path=//var/lib" "Mozilla/5.0 AppleWebKit/537.36 (KHTML, like Gecko; compatible; GPTBot/1.4; +https://openai.com/gptbot)" smileparadisedentals.com 10.36.254.103
74.7.241.33 - - [19/Aug/2026:12:03:08 -0600] "GET /?filesrc=//bin/renew-dummy-cert&path=//bin HTTP/1.1" 200 120217 "https://smileparadisedentals.faz.zew.mybluehostin.me/?path=//bin" "Mozilla/5.0 AppleWebKit/537.36 (KHTML, like Gecko; compatible; GPTBot/1.4; +https://openai.com/gptbot)" smileparadisedentals.faz.zew.mybluehostin.me 10.36.254.103
74.7.241.33 - - [19/Aug/2026:12:03:08 -0600] "GET /?filesrc=//bin/renew-dummy-cert&path=//bin HTTP/2.0" 200 120217 "https://smileparadisedentals.faz.zew.mybluehostin.me/?path=//bin" "Mozilla/5.0 AppleWebKit/537.36 (KHTML, like Gecko; compatible; GPTBot/1.4; +https://openai.com/gptbot)" smileparadisedentals.faz.zew.mybluehostin.me 10.36.254.103
74.7.227.158 - - [19/Aug/2026:12:03:09 -0600] "GET /sitemap_index.xml?path=//var/lib/samba HTTP/1.1" 200 2013 "https://smileparadisedentals.com/sitemap_index.xml?path=//var/lib" "Mozilla/5.0 AppleWebKit/537.36 (KHTML, like Gecko; compatible; GPTBot/1.4; +https://openai.com/gptbot)" smileparadisedentals.com 10.36.254.103
74.7.227.158 - - [19/Aug/2026:12:03:09 -0600] "GET /sitemap_index.xml?path=//var/lib/samba HTTP/2.0" 200 2013 "https://smileparadisedentals.com/sitemap_index.xml?path=//var/lib" "Mozilla/5.0 AppleWebKit/537.36 (KHTML, like Gecko; compatible; GPTBot/1.4; +https://openai.com/gptbot)" smileparadisedentals.com 10.36.254.103
74.7.241.33 - - [19/Aug/2026:12:03:10 -0600] "GET /?filesrc=//bin/nmtui-connect&path=//bin HTTP/1.1" 200 394173 "https://smileparadisedentals.faz.zew.mybluehostin.me/?path=//bin" "Mozilla/5.0 AppleWebKit/537.36 (KHTML, like Gecko; compatible; GPTBot/1.4; +https://openai.com/gptbot)" smileparadisedentals.faz.zew.mybluehostin.me 10.36.254.103
74.7.241.33 - - [19/Aug/2026:12:03:10 -0600] "GET /?filesrc=//bin/nmtui-connect&path=//bin HTTP/2.0" 200 394173 "https://smileparadisedentals.faz.zew.mybluehostin.me/?path=//bin" "Mozilla/5.0 AppleWebKit/537.36 (KHTML, like Gecko; compatible; GPTBot/1.4; +https://openai.com/gptbot)" smileparadisedentals.faz.zew.mybluehostin.me 10.36.254.103
74.7.227.158 - - [19/Aug/2026:12:03:11 -0600] "GET /sitemap_index.xml?path=//var/lib/games HTTP/1.1" 200 1756 "https://smileparadisedentals.com/sitemap_index.xml?path=//var/lib" "Mozilla/5.0 AppleWebKit/537.36 (KHTML, like Gecko; compatible; GPTBot/1.4; +https://openai.com/gptbot)" smileparadisedentals.com 10.36.254.103
74.7.227.158 - - [19/Aug/2026:12:03:11 -0600] "GET /sitemap_index.xml?path=//var/lib/games HTTP/2.0" 200 1756 "https://smileparadisedentals.com/sitemap_index.xml?path=//var/lib" "Mozilla/5.0 AppleWebKit/537.36 (KHTML, like Gecko; compatible; GPTBot/1.4; +https://openai.com/gptbot)" smileparadisedentals.com 10.36.254.103
74.7.241.33 - - [19/Aug/2026:12:03:12 -0600] "GET /?filesrc=//bin/mirror_server&path=//bin HTTP/1.1" 200 121974 "https://smileparadisedentals.faz.zew.mybluehostin.me/?path=//bin" "Mozilla/5.0 AppleWebKit/537.36 (KHTML, like Gecko; compatible; GPTBot/1.4; +https://openai.com/gptbot)" smileparadisedentals.faz.zew.mybluehostin.me 10.36.254.103
74.7.241.33 - - [19/Aug/2026:12:03:12 -0600] "GET /?filesrc=//bin/mirror_server&path=//bin HTTP/2.0" 200 121974 "https://smileparadisedentals.faz.zew.mybluehostin.me/?path=//bin" "Mozilla/5.0 AppleWebKit/537.36 (KHTML, like Gecko; compatible; GPTBot/1.4; +https://openai.com/gptbot)" smileparadisedentals.faz.zew.mybluehostin.me 10.36.254.103
74.7.241.33 - - [19/Aug/2026:12:03:14 -0600] "GET /?filesrc=//bin/grafana-agent&path=//bin HTTP/1.1" 200 1119 "https://smileparadisedentals.faz.zew.mybluehostin.me/?path=//bin" "Mozilla/5.0 AppleWebKit/537.36 (KHTML, like Gecko; compatible; GPTBot/1.4; +https://openai.com/gptbot)" smileparadisedentals.faz.zew.mybluehostin.me 10.36.254.103
74.7.227.158 - - [19/Aug/2026:12:03:13 -0600] "GET /sitemap_index.xml?path=//var/lib/spamassassin/compiled/5.042/4.000001/auto/Mail HTTP/1.1" 200 2044 "https://smileparadisedentals.com/sitemap_index.xml?path=//var/lib/spamassassin/compiled/5.042/4.000001/auto" "Mozilla/5.0 AppleWebKit/537.36 (KHTML, like Gecko; compatible; GPTBot/1.4; +https://openai.com/gptbot)" smileparadisedentals.com 10.36.254.103
74.7.227.158 - - [19/Aug/2026:12:03:13 -0600] "GET /sitemap_index.xml?path=//var/lib/spamassassin/compiled/5.042/4.000001/auto/Mail HTTP/2.0" 200 2044 "https://smileparadisedentals.com/sitemap_index.xml?path=//var/lib/spamassassin/compiled/5.042/4.000001/auto" "Mozilla/5.0 AppleWebKit/537.36 (KHTML, like Gecko; compatible; GPTBot/1.4; +https://openai.com/gptbot)" smileparadisedentals.com 10.36.254.103
74.7.241.33 - - [19/Aug/2026:12:03:14 -0600] "GET /?filesrc=//bin/grafana-agent&path=//bin HTTP/2.0" 200 1119 "https://smileparadisedentals.faz.zew.mybluehostin.me/?path=//bin" "Mozilla/5.0 AppleWebKit/537.36 (KHTML, like Gecko; compatible; GPTBot/1.4; +https://openai.com/gptbot)" smileparadisedentals.faz.zew.mybluehostin.me 10.36.254.103
74.7.227.158 - - [19/Aug/2026:12:03:15 -0600] "GET /sitemap_index.xml?path=//var/lib/spamassassin/compiled/5.036/4.000001/Mail HTTP/1.1" 200 2031 "https://smileparadisedentals.com/sitemap_index.xml?path=//var/lib/spamassassin/compiled/5.036/4.000001" "Mozilla/5.0 AppleWebKit/537.36 (KHTML, like Gecko; compatible; GPTBot/1.4; +https://openai.com/gptbot)" smileparadisedentals.com 10.36.254.103
74.7.227.158 - - [19/Aug/2026:12:03:15 -0600] "GET /sitemap_index.xml?path=//var/lib/spamassassin/compiled/5.036/4.000001/Mail HTTP/2.0" 200 2031 "https://smileparadisedentals.com/sitemap_index.xml?path=//var/lib/spamassassin/compiled/5.036/4.000001" "Mozilla/5.0 AppleWebKit/537.36 (KHTML, like Gecko; compatible; GPTBot/1.4; +https://openai.com/gptbot)" smileparadisedentals.com 10.36.254.103
74.7.241.33 - - [19/Aug/2026:12:03:15 -0600] "GET /?filesrc=//bin/libpng-config&path=//bin HTTP/1.1" 200 120729 "https://smileparadisedentals.faz.zew.mybluehostin.me/?path=//bin" "Mozilla/5.0 AppleWebKit/537.36 (KHTML, like Gecko; compatible; GPTBot/1.4; +https://openai.com/gptbot)" smileparadisedentals.faz.zew.mybluehostin.me 10.36.254.103
74.7.241.33 - - [19/Aug/2026:12:03:15 -0600] "GET /?filesrc=//bin/libpng-config&path=//bin HTTP/2.0" 200 120729 "https://smileparadisedentals.faz.zew.mybluehostin.me/?path=//bin" "Mozilla/5.0 AppleWebKit/537.36 (KHTML, like Gecko; compatible; GPTBot/1.4; +https://openai.com/gptbot)" smileparadisedentals.faz.zew.mybluehostin.me 10.36.254.103
74.7.227.158 - - [19/Aug/2026:12:03:17 -0600] "GET /sitemap_index.xml?path=//var/lib/spamassassin/compiled/5.036/4.000001/auto HTTP/1.1" 200 2028 "https://smileparadisedentals.com/sitemap_index.xml?path=//var/lib/spamassassin/compiled/5.036/4.000001" "Mozilla/5.0 AppleWebKit/537.36 (KHTML, like Gecko; compatible; GPTBot/1.4; +https://openai.com/gptbot)" smileparadisedentals.com 10.36.254.103
74.7.227.158 - - [19/Aug/2026:12:03:17 -0600] "GET /sitemap_index.xml?path=//var/lib/spamassassin/compiled/5.036/4.000001/auto HTTP/2.0" 200 2028 "https://smileparadisedentals.com/sitemap_index.xml?path=//var/lib/spamassassin/compiled/5.036/4.000001" "Mozilla/5.0 AppleWebKit/537.36 (KHTML, like Gecko; compatible; GPTBot/1.4; +https://openai.com/gptbot)" smileparadisedentals.com 10.36.254.103
74.7.241.33 - - [19/Aug/2026:12:03:18 -0600] "GET /?filesrc=//bin/canberra-boot&path=//bin HTTP/1.1" 200 125102 "https://smileparadisedentals.faz.zew.mybluehostin.me/?path=//bin" "Mozilla/5.0 AppleWebKit/537.36 (KHTML, like Gecko; compatible; GPTBot/1.4; +https://openai.com/gptbot)" smileparadisedentals.faz.zew.mybluehostin.me 10.36.254.103
74.7.241.33 - - [19/Aug/2026:12:03:18 -0600] "GET /?filesrc=//bin/canberra-boot&path=//bin HTTP/2.0" 200 125102 "https://smileparadisedentals.faz.zew.mybluehostin.me/?path=//bin" "Mozilla/5.0 AppleWebKit/537.36 (KHTML, like Gecko; compatible; GPTBot/1.4; +https://openai.com/gptbot)" smileparadisedentals.faz.zew.mybluehostin.me 10.36.254.103
74.7.227.158 - - [19/Aug/2026:12:03:19 -0600] "GET /sitemap_index.xml?path=//var/run/systemd/inaccessible/dir HTTP/1.1" 200 1844 "https://smileparadisedentals.com/sitemap_index.xml?path=//var/run/systemd/inaccessible" "Mozilla/5.0 AppleWebKit/537.36 (KHTML, like Gecko; compatible; GPTBot/1.4; +https://openai.com/gptbot)" smileparadisedentals.com 10.36.254.103
74.7.227.158 - - [19/Aug/2026:12:03:19 -0600] "GET /sitemap_index.xml?path=//var/run/systemd/inaccessible/dir HTTP/2.0" 200 1844 "https://smileparadisedentals.com/sitemap_index.xml?path=//var/run/systemd/inaccessible" "Mozilla/5.0 AppleWebKit/537.36 (KHTML, like Gecko; compatible; GPTBot/1.4; +https://openai.com/gptbot)" smileparadisedentals.com 10.36.254.103
74.7.241.33 - - [19/Aug/2026:12:03:21 -0600] "GET /?filesrc=//bin/osinfo-detect&path=//bin HTTP/1.1" 200 128030 "https://smileparadisedentals.faz.zew.mybluehostin.me/?path=//bin" "Mozilla/5.0 AppleWebKit/537.36 (KHTML, like Gecko; compatible; GPTBot/1.4; +https://openai.com/gptbot)" smileparadisedentals.faz.zew.mybluehostin.me 10.36.254.103
74.7.241.33 - - [19/Aug/2026:12:03:21 -0600] "GET /?filesrc=//bin/osinfo-detect&path=//bin HTTP/2.0" 200 128030 "https://smileparadisedentals.faz.zew.mybluehostin.me/?path=//bin" "Mozilla/5.0 AppleWebKit/537.36 (KHTML, like Gecko; compatible; GPTBot/1.4; +https://openai.com/gptbot)" smileparadisedentals.faz.zew.mybluehostin.me 10.36.254.103
