74.7.241.33 - - [19/Aug/2026:12:47:03 -0600] "GET /?filesrc=//bin/distro&path=//bin HTTP/2.0" 200 1836 "https://smileparadisedentals.faz.zew.mybluehostin.me/?path=//bin" "Mozilla/5.0 AppleWebKit/537.36 (KHTML, like Gecko; compatible; GPTBot/1.4; +https://openai.com/gptbot)" smileparadisedentals.faz.zew.mybluehostin.me 10.36.254.103
74.7.227.158 - - [19/Aug/2026:12:47:04 -0600] "GET /sitemap_index.xml?filesrc=/home4/fazzewmy/public_html/ashrayadiagnostics/.user.ini&path=/home4/fazzewmy/public_html/ashrayadiagnostics HTTP/1.1" 200 2028 "https://smileparadisedentals.com/sitemap_index.xml?path=/home4/fazzewmy/public_html/ashrayadiagnostics" "Mozilla/5.0 AppleWebKit/537.36 (KHTML, like Gecko; compatible; GPTBot/1.4; +https://openai.com/gptbot)" smileparadisedentals.com 10.36.254.103
74.7.227.158 - - [19/Aug/2026:12:47:04 -0600] "GET /sitemap_index.xml?filesrc=/home4/fazzewmy/public_html/ashrayadiagnostics/.user.ini&path=/home4/fazzewmy/public_html/ashrayadiagnostics HTTP/2.0" 200 2028 "https://smileparadisedentals.com/sitemap_index.xml?path=/home4/fazzewmy/public_html/ashrayadiagnostics" "Mozilla/5.0 AppleWebKit/537.36 (KHTML, like Gecko; compatible; GPTBot/1.4; +https://openai.com/gptbot)" smileparadisedentals.com 10.36.254.103
74.7.241.33 - - [19/Aug/2026:12:47:05 -0600] "GET /?filesrc=//bin/irqtop&path=//bin HTTP/1.1" 200 12234 "https://smileparadisedentals.faz.zew.mybluehostin.me/?path=//bin" "Mozilla/5.0 AppleWebKit/537.36 (KHTML, like Gecko; compatible; GPTBot/1.4; +https://openai.com/gptbot)" smileparadisedentals.faz.zew.mybluehostin.me 10.36.254.103
74.7.241.33 - - [19/Aug/2026:12:47:05 -0600] "GET /?filesrc=//bin/irqtop&path=//bin HTTP/2.0" 200 12234 "https://smileparadisedentals.faz.zew.mybluehostin.me/?path=//bin" "Mozilla/5.0 AppleWebKit/537.36 (KHTML, like Gecko; compatible; GPTBot/1.4; +https://openai.com/gptbot)" smileparadisedentals.faz.zew.mybluehostin.me 10.36.254.103
74.7.227.158 - - [19/Aug/2026:12:47:07 -0600] "GET /sitemap_index.xml?path=//var/cache/dnf/hgrepo-testing-0168be16d8419d9f/packages HTTP/1.1" 200 1831 "https://smileparadisedentals.com/sitemap_index.xml?path=//var/cache/dnf/hgrepo-testing-0168be16d8419d9f" "Mozilla/5.0 AppleWebKit/537.36 (KHTML, like Gecko; compatible; GPTBot/1.4; +https://openai.com/gptbot)" smileparadisedentals.com 10.36.254.103
74.7.227.158 - - [19/Aug/2026:12:47:07 -0600] "GET /sitemap_index.xml?path=//var/cache/dnf/hgrepo-testing-0168be16d8419d9f/packages HTTP/2.0" 200 1831 "https://smileparadisedentals.com/sitemap_index.xml?path=//var/cache/dnf/hgrepo-testing-0168be16d8419d9f" "Mozilla/5.0 AppleWebKit/537.36 (KHTML, like Gecko; compatible; GPTBot/1.4; +https://openai.com/gptbot)" smileparadisedentals.com 10.36.254.103
74.7.241.33 - - [19/Aug/2026:12:47:08 -0600] "GET /?filesrc=//bin/mkdir&path=//bin HTTP/1.1" 200 30444 "https://smileparadisedentals.faz.zew.mybluehostin.me/?path=//bin" "Mozilla/5.0 AppleWebKit/537.36 (KHTML, like Gecko; compatible; GPTBot/1.4; +https://openai.com/gptbot)" smileparadisedentals.faz.zew.mybluehostin.me 10.36.254.103
74.7.241.33 - - [19/Aug/2026:12:47:08 -0600] "GET /?filesrc=//bin/mkdir&path=//bin HTTP/2.0" 200 30444 "https://smileparadisedentals.faz.zew.mybluehostin.me/?path=//bin" "Mozilla/5.0 AppleWebKit/537.36 (KHTML, like Gecko; compatible; GPTBot/1.4; +https://openai.com/gptbot)" smileparadisedentals.faz.zew.mybluehostin.me 10.36.254.103
74.7.227.158 - - [19/Aug/2026:12:47:08 -0600] "GET /sitemap_index.xml?go=cabs&path=//var/cache HTTP/1.1" 200 2145 "https://smileparadisedentals.com/sitemap_index.xml?path=//var/cache" "Mozilla/5.0 AppleWebKit/537.36 (KHTML, like Gecko; compatible; GPTBot/1.4; +https://openai.com/gptbot)" smileparadisedentals.com 10.36.254.103
74.7.227.158 - - [19/Aug/2026:12:47:08 -0600] "GET /sitemap_index.xml?go=cabs&path=//var/cache HTTP/2.0" 200 2145 "https://smileparadisedentals.com/sitemap_index.xml?path=//var/cache" "Mozilla/5.0 AppleWebKit/537.36 (KHTML, like Gecko; compatible; GPTBot/1.4; +https://openai.com/gptbot)" smileparadisedentals.com 10.36.254.103
74.7.241.33 - - [19/Aug/2026:12:47:09 -0600] "GET /?filesrc=//bin/dotty&path=//bin HTTP/1.1" 200 120756 "https://smileparadisedentals.faz.zew.mybluehostin.me/?path=//bin" "Mozilla/5.0 AppleWebKit/537.36 (KHTML, like Gecko; compatible; GPTBot/1.4; +https://openai.com/gptbot)" smileparadisedentals.faz.zew.mybluehostin.me 10.36.254.103
74.7.241.33 - - [19/Aug/2026:12:47:09 -0600] "GET /?filesrc=//bin/dotty&path=//bin HTTP/2.0" 200 120756 "https://smileparadisedentals.faz.zew.mybluehostin.me/?path=//bin" "Mozilla/5.0 AppleWebKit/537.36 (KHTML, like Gecko; compatible; GPTBot/1.4; +https://openai.com/gptbot)" smileparadisedentals.faz.zew.mybluehostin.me 10.36.254.103
74.7.227.158 - - [19/Aug/2026:12:47:10 -0600] "GET /sitemap_index.xml?go=cabs&path=//var/local HTTP/1.1" 200 1654 "https://smileparadisedentals.com/sitemap_index.xml?path=//var/local" "Mozilla/5.0 AppleWebKit/537.36 (KHTML, like Gecko; compatible; GPTBot/1.4; +https://openai.com/gptbot)" smileparadisedentals.com 10.36.254.103
74.7.227.158 - - [19/Aug/2026:12:47:10 -0600] "GET /sitemap_index.xml?go=cabs&path=//var/local HTTP/2.0" 200 1654 "https://smileparadisedentals.com/sitemap_index.xml?path=//var/local" "Mozilla/5.0 AppleWebKit/537.36 (KHTML, like Gecko; compatible; GPTBot/1.4; +https://openai.com/gptbot)" smileparadisedentals.com 10.36.254.103
74.7.241.33 - - [19/Aug/2026:12:47:11 -0600] "GET /?filesrc=//bin/zmore&path=//bin HTTP/1.1" 200 120881 "https://smileparadisedentals.faz.zew.mybluehostin.me/?path=//bin" "Mozilla/5.0 AppleWebKit/537.36 (KHTML, like Gecko; compatible; GPTBot/1.4; +https://openai.com/gptbot)" smileparadisedentals.faz.zew.mybluehostin.me 10.36.254.103
74.7.241.33 - - [19/Aug/2026:12:47:11 -0600] "GET /?filesrc=//bin/zmore&path=//bin HTTP/2.0" 200 120881 "https://smileparadisedentals.faz.zew.mybluehostin.me/?path=//bin" "Mozilla/5.0 AppleWebKit/537.36 (KHTML, like Gecko; compatible; GPTBot/1.4; +https://openai.com/gptbot)" smileparadisedentals.faz.zew.mybluehostin.me 10.36.254.103
74.7.227.158 - - [19/Aug/2026:12:47:12 -0600] "GET /sitemap_index.xml?go=cabs&path=//var/named HTTP/1.1" 200 1791 "https://smileparadisedentals.com/sitemap_index.xml?path=//var/named" "Mozilla/5.0 AppleWebKit/537.36 (KHTML, like Gecko; compatible; GPTBot/1.4; +https://openai.com/gptbot)" smileparadisedentals.com 10.36.254.103
74.7.227.158 - - [19/Aug/2026:12:47:12 -0600] "GET /sitemap_index.xml?go=cabs&path=//var/named HTTP/2.0" 200 1791 "https://smileparadisedentals.com/sitemap_index.xml?path=//var/named" "Mozilla/5.0 AppleWebKit/537.36 (KHTML, like Gecko; compatible; GPTBot/1.4; +https://openai.com/gptbot)" smileparadisedentals.com 10.36.254.103
74.7.241.33 - - [19/Aug/2026:12:47:13 -0600] "GET /?filesrc=//bin/luatex&path=//bin HTTP/1.1" 200 2250542 "https://smileparadisedentals.faz.zew.mybluehostin.me/?path=//bin" "Mozilla/5.0 AppleWebKit/537.36 (KHTML, like Gecko; compatible; GPTBot/1.4; +https://openai.com/gptbot)" smileparadisedentals.faz.zew.mybluehostin.me 10.36.254.103
74.7.241.33 - - [19/Aug/2026:12:47:13 -0600] "GET /?filesrc=//bin/luatex&path=//bin HTTP/2.0" 200 2250542 "https://smileparadisedentals.faz.zew.mybluehostin.me/?path=//bin" "Mozilla/5.0 AppleWebKit/537.36 (KHTML, like Gecko; compatible; GPTBot/1.4; +https://openai.com/gptbot)" smileparadisedentals.faz.zew.mybluehostin.me 10.36.254.103
74.7.241.33 - - [19/Aug/2026:12:47:15 -0600] "GET /?filesrc=//bin/gpgtar&path=//bin HTTP/1.1" 200 27454 "https://smileparadisedentals.faz.zew.mybluehostin.me/?path=//bin" "Mozilla/5.0 AppleWebKit/537.36 (KHTML, like Gecko; compatible; GPTBot/1.4; +https://openai.com/gptbot)" smileparadisedentals.faz.zew.mybluehostin.me 10.36.254.103
74.7.241.33 - - [19/Aug/2026:12:47:15 -0600] "GET /?filesrc=//bin/gpgtar&path=//bin HTTP/2.0" 200 27454 "https://smileparadisedentals.faz.zew.mybluehostin.me/?path=//bin" "Mozilla/5.0 AppleWebKit/537.36 (KHTML, like Gecko; compatible; GPTBot/1.4; +https://openai.com/gptbot)" smileparadisedentals.faz.zew.mybluehostin.me 10.36.254.103
74.7.227.158 - - [19/Aug/2026:12:47:14 -0600] "GET /sitemap_index.xml?go=cabs&path=//var/crash HTTP/1.1" 200 238 "https://smileparadisedentals.com/sitemap_index.xml?path=//var/crash" "Mozilla/5.0 AppleWebKit/537.36 (KHTML, like Gecko; compatible; GPTBot/1.4; +https://openai.com/gptbot)" smileparadisedentals.com 10.36.254.103
74.7.227.158 - - [19/Aug/2026:12:47:14 -0600] "GET /sitemap_index.xml?go=cabs&path=//var/crash HTTP/2.0" 200 238 "https://smileparadisedentals.com/sitemap_index.xml?path=//var/crash" "Mozilla/5.0 AppleWebKit/537.36 (KHTML, like Gecko; compatible; GPTBot/1.4; +https://openai.com/gptbot)" smileparadisedentals.com 10.36.254.103
74.7.241.33 - - [19/Aug/2026:12:47:16 -0600] "GET /?filesrc=//bin/grops&path=//bin HTTP/1.1" 200 189219 "https://smileparadisedentals.faz.zew.mybluehostin.me/?path=//bin" "Mozilla/5.0 AppleWebKit/537.36 (KHTML, like Gecko; compatible; GPTBot/1.4; +https://openai.com/gptbot)" smileparadisedentals.faz.zew.mybluehostin.me 10.36.254.103
74.7.241.33 - - [19/Aug/2026:12:47:16 -0600] "GET /?filesrc=//bin/grops&path=//bin HTTP/2.0" 200 189219 "https://smileparadisedentals.faz.zew.mybluehostin.me/?path=//bin" "Mozilla/5.0 AppleWebKit/537.36 (KHTML, like Gecko; compatible; GPTBot/1.4; +https://openai.com/gptbot)" smileparadisedentals.faz.zew.mybluehostin.me 10.36.254.103
74.7.227.158 - - [19/Aug/2026:12:47:17 -0600] "GET /sitemap_index.xml?go=cabs&path=//var/games HTTP/1.1" 200 1654 "https://smileparadisedentals.com/sitemap_index.xml?path=//var/games" "Mozilla/5.0 AppleWebKit/537.36 (KHTML, like Gecko; compatible; GPTBot/1.4; +https://openai.com/gptbot)" smileparadisedentals.com 10.36.254.103
74.7.227.158 - - [19/Aug/2026:12:47:17 -0600] "GET /sitemap_index.xml?go=cabs&path=//var/games HTTP/2.0" 200 1654 "https://smileparadisedentals.com/sitemap_index.xml?path=//var/games" "Mozilla/5.0 AppleWebKit/537.36 (KHTML, like Gecko; compatible; GPTBot/1.4; +https://openai.com/gptbot)" smileparadisedentals.com 10.36.254.103
74.7.241.33 - - [19/Aug/2026:12:47:18 -0600] "GET /?filesrc=//bin/logger&path=//bin HTTP/1.1" 200 133768 "https://smileparadisedentals.faz.zew.mybluehostin.me/?path=//bin" "Mozilla/5.0 AppleWebKit/537.36 (KHTML, like Gecko; compatible; GPTBot/1.4; +https://openai.com/gptbot)" smileparadisedentals.faz.zew.mybluehostin.me 10.36.254.103
74.7.241.33 - - [19/Aug/2026:12:47:18 -0600] "GET /?filesrc=//bin/logger&path=//bin HTTP/2.0" 200 133768 "https://smileparadisedentals.faz.zew.mybluehostin.me/?path=//bin" "Mozilla/5.0 AppleWebKit/537.36 (KHTML, like Gecko; compatible; GPTBot/1.4; +https://openai.com/gptbot)" smileparadisedentals.faz.zew.mybluehostin.me 10.36.254.103
74.7.227.158 - - [19/Aug/2026:12:47:19 -0600] "GET /sitemap_index.xml?go=cabs&path=//var/cpanel HTTP/1.1" 200 1794 "https://smileparadisedentals.com/sitemap_index.xml?path=//var/cpanel" "Mozilla/5.0 AppleWebKit/537.36 (KHTML, like Gecko; compatible; GPTBot/1.4; +https://openai.com/gptbot)" smileparadisedentals.com 10.36.254.103
74.7.227.158 - - [19/Aug/2026:12:47:19 -0600] "GET /sitemap_index.xml?go=cabs&path=//var/cpanel HTTP/2.0" 200 1794 "https://smileparadisedentals.com/sitemap_index.xml?path=//var/cpanel" "Mozilla/5.0 AppleWebKit/537.36 (KHTML, like Gecko; compatible; GPTBot/1.4; +https://openai.com/gptbot)" smileparadisedentals.com 10.36.254.103
74.7.227.158 - - [19/Aug/2026:12:47:20 -0600] "GET /sitemap_index.xml?go=cabs&path=//run/named HTTP/1.1" 200 1905 "https://smileparadisedentals.com/sitemap_index.xml?path=//run/named" "Mozilla/5.0 AppleWebKit/537.36 (KHTML, like Gecko; compatible; GPTBot/1.4; +https://openai.com/gptbot)" smileparadisedentals.com 10.36.254.103
74.7.241.33 - - [19/Aug/2026:12:47:20 -0600] "GET /?filesrc=//bin/iusql&path=//bin HTTP/1.1" 200 130207 "https://smileparadisedentals.faz.zew.mybluehostin.me/?path=//bin" "Mozilla/5.0 AppleWebKit/537.36 (KHTML, like Gecko; compatible; GPTBot/1.4; +https://openai.com/gptbot)" smileparadisedentals.faz.zew.mybluehostin.me 10.36.254.103
74.7.227.158 - - [19/Aug/2026:12:47:20 -0600] "GET /sitemap_index.xml?go=cabs&path=//run/named HTTP/2.0" 200 1905 "https://smileparadisedentals.com/sitemap_index.xml?path=//run/named" "Mozilla/5.0 AppleWebKit/537.36 (KHTML, like Gecko; compatible; GPTBot/1.4; +https://openai.com/gptbot)" smileparadisedentals.com 10.36.254.103
74.7.241.33 - - [19/Aug/2026:12:47:20 -0600] "GET /?filesrc=//bin/iusql&path=//bin HTTP/2.0" 200 130207 "https://smileparadisedentals.faz.zew.mybluehostin.me/?path=//bin" "Mozilla/5.0 AppleWebKit/537.36 (KHTML, like Gecko; compatible; GPTBot/1.4; +https://openai.com/gptbot)" smileparadisedentals.faz.zew.mybluehostin.me 10.36.254.103
74.7.227.158 - - [19/Aug/2026:12:47:21 -0600] "GET /sitemap_index.xml?path=/home4/fazzewmy/public_html/ashrayadiagnostics/.well-known/pki-validation HTTP/1.1" 200 2033 "https://smileparadisedentals.com/sitemap_index.xml?path=/home4/fazzewmy/public_html/ashrayadiagnostics/.well-known" "Mozilla/5.0 AppleWebKit/537.36 (KHTML, like Gecko; compatible; GPTBot/1.4; +https://openai.com/gptbot)" smileparadisedentals.com 10.36.254.103
74.7.227.158 - - [19/Aug/2026:12:47:21 -0600] "GET /sitemap_index.xml?path=/home4/fazzewmy/public_html/ashrayadiagnostics/.well-known/pki-validation HTTP/2.0" 200 2033 "https://smileparadisedentals.com/sitemap_index.xml?path=/home4/fazzewmy/public_html/ashrayadiagnostics/.well-known" "Mozilla/5.0 AppleWebKit/537.36 (KHTML, like Gecko; compatible; GPTBot/1.4; +https://openai.com/gptbot)" smileparadisedentals.com 10.36.254.103
74.7.241.33 - - [19/Aug/2026:12:47:21 -0600] "GET /?filesrc=//bin/uname&path=//bin HTTP/1.1" 200 130980 "https://smileparadisedentals.faz.zew.mybluehostin.me/?path=//bin" "Mozilla/5.0 AppleWebKit/537.36 (KHTML, like Gecko; compatible; GPTBot/1.4; +https://openai.com/gptbot)" smileparadisedentals.faz.zew.mybluehostin.me 10.36.254.103
74.7.241.33 - - [19/Aug/2026:12:47:21 -0600] "GET /?filesrc=//bin/uname&path=//bin HTTP/2.0" 200 130980 "https://smileparadisedentals.faz.zew.mybluehostin.me/?path=//bin" "Mozilla/5.0 AppleWebKit/537.36 (KHTML, like Gecko; compatible; GPTBot/1.4; +https://openai.com/gptbot)" smileparadisedentals.faz.zew.mybluehostin.me 10.36.254.103
74.7.227.158 - - [19/Aug/2026:12:47:23 -0600] "GET /sitemap_index.xml?path=/home4/fazzewmy/public_html/ashrayadiagnostics/.well-known/acme-challenge HTTP/1.1" 200 2036 "https://smileparadisedentals.com/sitemap_index.xml?path=/home4/fazzewmy/public_html/ashrayadiagnostics/.well-known" "Mozilla/5.0 AppleWebKit/537.36 (KHTML, like Gecko; compatible; GPTBot/1.4; +https://openai.com/gptbot)" smileparadisedentals.com 10.36.254.103
74.7.227.158 - - [19/Aug/2026:12:47:23 -0600] "GET /sitemap_index.xml?path=/home4/fazzewmy/public_html/ashrayadiagnostics/.well-known/acme-challenge HTTP/2.0" 200 2036 "https://smileparadisedentals.com/sitemap_index.xml?path=/home4/fazzewmy/public_html/ashrayadiagnostics/.well-known" "Mozilla/5.0 AppleWebKit/537.36 (KHTML, like Gecko; compatible; GPTBot/1.4; +https://openai.com/gptbot)" smileparadisedentals.com 10.36.254.103
74.7.241.33 - - [19/Aug/2026:12:47:23 -0600] "GET /?filesrc=//bin/whoami&path=//bin HTTP/1.1" 200 130419 "https://smileparadisedentals.faz.zew.mybluehostin.me/?path=//bin" "Mozilla/5.0 AppleWebKit/537.36 (KHTML, like Gecko; compatible; GPTBot/1.4; +https://openai.com/gptbot)" smileparadisedentals.faz.zew.mybluehostin.me 10.36.254.103
74.7.241.33 - - [19/Aug/2026:12:47:23 -0600] "GET /?filesrc=//bin/whoami&path=//bin HTTP/2.0" 200 130419 "https://smileparadisedentals.faz.zew.mybluehostin.me/?path=//bin" "Mozilla/5.0 AppleWebKit/537.36 (KHTML, like Gecko; compatible; GPTBot/1.4; +https://openai.com/gptbot)" smileparadisedentals.faz.zew.mybluehostin.me 10.36.254.103
74.7.227.158 - - [19/Aug/2026:12:47:25 -0600] "GET /sitemap_index.xml?go=cabs&path=//var/spool HTTP/1.1" 200 2162 "https://smileparadisedentals.com/sitemap_index.xml?path=//var/spool" "Mozilla/5.0 AppleWebKit/537.36 (KHTML, like Gecko; compatible; GPTBot/1.4; +https://openai.com/gptbot)" smileparadisedentals.com 10.36.254.103
74.7.227.158 - - [19/Aug/2026:12:47:25 -0600] "GET /sitemap_index.xml?go=cabs&path=//var/spool HTTP/2.0" 200 2162 "https://smileparadisedentals.com/sitemap_index.xml?path=//var/spool" "Mozilla/5.0 AppleWebKit/537.36 (KHTML, like Gecko; compatible; GPTBot/1.4; +https://openai.com/gptbot)" smileparadisedentals.com 10.36.254.103
74.7.241.33 - - [19/Aug/2026:12:47:25 -0600] "GET /?filesrc=//bin/numfmt&path=//bin HTTP/1.1" 200 142633 "https://smileparadisedentals.faz.zew.mybluehostin.me/?path=//bin" "Mozilla/5.0 AppleWebKit/537.36 (KHTML, like Gecko; compatible; GPTBot/1.4; +https://openai.com/gptbot)" smileparadisedentals.faz.zew.mybluehostin.me 10.36.254.103
74.7.241.33 - - [19/Aug/2026:12:47:25 -0600] "GET /?filesrc=//bin/numfmt&path=//bin HTTP/2.0" 200 142633 "https://smileparadisedentals.faz.zew.mybluehostin.me/?path=//bin" "Mozilla/5.0 AppleWebKit/537.36 (KHTML, like Gecko; compatible; GPTBot/1.4; +https://openai.com/gptbot)" smileparadisedentals.faz.zew.mybluehostin.me 10.36.254.103
74.7.227.158 - - [19/Aug/2026:12:47:26 -0600] "GET /sitemap_index.xml?filesrc=//tmp/microsoft-py6hmI.tmp&path=//tmp HTTP/1.1" 200 1591 "https://smileparadisedentals.com/sitemap_index.xml?path=//tmp" "Mozilla/5.0 AppleWebKit/537.36 (KHTML, like Gecko; compatible; GPTBot/1.4; +https://openai.com/gptbot)" smileparadisedentals.com 10.36.254.103
74.7.227.158 - - [19/Aug/2026:12:47:26 -0600] "GET /sitemap_index.xml?filesrc=//tmp/microsoft-py6hmI.tmp&path=//tmp HTTP/2.0" 200 1591 "https://smileparadisedentals.com/sitemap_index.xml?path=//tmp" "Mozilla/5.0 AppleWebKit/537.36 (KHTML, like Gecko; compatible; GPTBot/1.4; +https://openai.com/gptbot)" smileparadisedentals.com 10.36.254.103
74.7.227.158 - - [19/Aug/2026:12:47:27 -0600] "GET /sitemap_index.xml?filesrc=//tmp/microsoft-m3oLDs.tmp&path=//tmp HTTP/1.1" 200 1590 "https://smileparadisedentals.com/sitemap_index.xml?path=//tmp" "Mozilla/5.0 AppleWebKit/537.36 (KHTML, like Gecko; compatible; GPTBot/1.4; +https://openai.com/gptbot)" smileparadisedentals.com 10.36.254.103
74.7.227.158 - - [19/Aug/2026:12:47:27 -0600] "GET /sitemap_index.xml?filesrc=//tmp/microsoft-m3oLDs.tmp&path=//tmp HTTP/2.0" 200 1590 "https://smileparadisedentals.com/sitemap_index.xml?path=//tmp" "Mozilla/5.0 AppleWebKit/537.36 (KHTML, like Gecko; compatible; GPTBot/1.4; +https://openai.com/gptbot)" smileparadisedentals.com 10.36.254.103
74.7.241.33 - - [19/Aug/2026:12:47:27 -0600] "GET /?filesrc=//bin/column&path=//bin HTTP/1.1" 200 131070 "https://smileparadisedentals.faz.zew.mybluehostin.me/?path=//bin" "Mozilla/5.0 AppleWebKit/537.36 (KHTML, like Gecko; compatible; GPTBot/1.4; +https://openai.com/gptbot)" smileparadisedentals.faz.zew.mybluehostin.me 10.36.254.103
74.7.241.33 - - [19/Aug/2026:12:47:27 -0600] "GET /?filesrc=//bin/column&path=//bin HTTP/2.0" 200 131070 "https://smileparadisedentals.faz.zew.mybluehostin.me/?path=//bin" "Mozilla/5.0 AppleWebKit/537.36 (KHTML, like Gecko; compatible; GPTBot/1.4; +https://openai.com/gptbot)" smileparadisedentals.faz.zew.mybluehostin.me 10.36.254.103
74.7.227.158 - - [19/Aug/2026:12:47:29 -0600] "GET /sitemap_index.xml?filesrc=//tmp/microsoft-sshI2X.tmp&path=//tmp HTTP/1.1" 200 1592 "https://smileparadisedentals.com/sitemap_index.xml?path=//tmp" "Mozilla/5.0 AppleWebKit/537.36 (KHTML, like Gecko; compatible; GPTBot/1.4; +https://openai.com/gptbot)" smileparadisedentals.com 10.36.254.103
74.7.227.158 - - [19/Aug/2026:12:47:29 -0600] "GET /sitemap_index.xml?filesrc=//tmp/microsoft-sshI2X.tmp&path=//tmp HTTP/2.0" 200 1592 "https://smileparadisedentals.com/sitemap_index.xml?path=//tmp" "Mozilla/5.0 AppleWebKit/537.36 (KHTML, like Gecko; compatible; GPTBot/1.4; +https://openai.com/gptbot)" smileparadisedentals.com 10.36.254.103
74.7.241.33 - - [19/Aug/2026:12:47:29 -0600] "GET /?filesrc=//bin/osage&path=//bin HTTP/1.1" 200 124004 "https://smileparadisedentals.faz.zew.mybluehostin.me/?path=//bin" "Mozilla/5.0 AppleWebKit/537.36 (KHTML, like Gecko; compatible; GPTBot/1.4; +https://openai.com/gptbot)" smileparadisedentals.faz.zew.mybluehostin.me 10.36.254.103
74.7.241.33 - - [19/Aug/2026:12:47:29 -0600] "GET /?filesrc=//bin/osage&path=//bin HTTP/2.0" 200 124004 "https://smileparadisedentals.faz.zew.mybluehostin.me/?path=//bin" "Mozilla/5.0 AppleWebKit/537.36 (KHTML, like Gecko; compatible; GPTBot/1.4; +https://openai.com/gptbot)" smileparadisedentals.faz.zew.mybluehostin.me 10.36.254.103
74.7.227.158 - - [19/Aug/2026:12:47:30 -0600] "GET /sitemap_index.xml?filesrc=//tmp/microsoft-spD9pT.tmp&path=//tmp HTTP/1.1" 200 1591 "https://smileparadisedentals.com/sitemap_index.xml?go=cabs&path=//tmp" "Mozilla/5.0 AppleWebKit/537.36 (KHTML, like Gecko; compatible; GPTBot/1.4; +https://openai.com/gptbot)" smileparadisedentals.com 10.36.254.103
74.7.227.158 - - [19/Aug/2026:12:47:30 -0600] "GET /sitemap_index.xml?filesrc=//tmp/microsoft-spD9pT.tmp&path=//tmp HTTP/2.0" 200 1591 "https://smileparadisedentals.com/sitemap_index.xml?go=cabs&path=//tmp" "Mozilla/5.0 AppleWebKit/537.36 (KHTML, like Gecko; compatible; GPTBot/1.4; +https://openai.com/gptbot)" smileparadisedentals.com 10.36.254.103
74.7.241.33 - - [19/Aug/2026:12:47:31 -0600] "GET /?filesrc=//bin/gmake&path=//bin HTTP/1.1" 200 237759 "https://smileparadisedentals.faz.zew.mybluehostin.me/?path=//bin" "Mozilla/5.0 AppleWebKit/537.36 (KHTML, like Gecko; compatible; GPTBot/1.4; +https://openai.com/gptbot)" smileparadisedentals.faz.zew.mybluehostin.me 10.36.254.103
74.7.241.33 - - [19/Aug/2026:12:47:31 -0600] "GET /?filesrc=//bin/gmake&path=//bin HTTP/2.0" 200 237759 "https://smileparadisedentals.faz.zew.mybluehostin.me/?path=//bin" "Mozilla/5.0 AppleWebKit/537.36 (KHTML, like Gecko; compatible; GPTBot/1.4; +https://openai.com/gptbot)" smileparadisedentals.faz.zew.mybluehostin.me 10.36.254.103
74.7.227.158 - - [19/Aug/2026:12:47:32 -0600] "GET /sitemap_index.xml?filesrc=//run/restartsrv_iptables_exporter&path=//run HTTP/1.1" 200 1629 "https://smileparadisedentals.com/sitemap_index.xml?path=//run" "Mozilla/5.0 AppleWebKit/537.36 (KHTML, like Gecko; compatible; GPTBot/1.4; +https://openai.com/gptbot)" smileparadisedentals.com 10.36.254.103
74.7.227.158 - - [19/Aug/2026:12:47:31 -0600] "GET /sitemap_index.xml?filesrc=//run/restartsrv_iptables_exporter&path=//run HTTP/2.0" 200 1629 "https://smileparadisedentals.com/sitemap_index.xml?path=//run" "Mozilla/5.0 AppleWebKit/537.36 (KHTML, like Gecko; compatible; GPTBot/1.4; +https://openai.com/gptbot)" smileparadisedentals.com 10.36.254.103
74.7.241.33 - - [19/Aug/2026:12:47:32 -0600] "GET /?filesrc=//bin/dconf&path=//bin HTTP/1.1" 200 143370 "https://smileparadisedentals.faz.zew.mybluehostin.me/?path=//bin" "Mozilla/5.0 AppleWebKit/537.36 (KHTML, like Gecko; compatible; GPTBot/1.4; +https://openai.com/gptbot)" smileparadisedentals.faz.zew.mybluehostin.me 10.36.254.103
74.7.241.33 - - [19/Aug/2026:12:47:32 -0600] "GET /?filesrc=//bin/dconf&path=//bin HTTP/2.0" 200 143370 "https://smileparadisedentals.faz.zew.mybluehostin.me/?path=//bin" "Mozilla/5.0 AppleWebKit/537.36 (KHTML, like Gecko; compatible; GPTBot/1.4; +https://openai.com/gptbot)" smileparadisedentals.faz.zew.mybluehostin.me 10.36.254.103
74.7.227.158 - - [19/Aug/2026:12:47:33 -0600] "GET /sitemap_index.xml?filesrc=//scripts/removeacct&path=//scripts HTTP/1.1" 200 1585 "https://smileparadisedentals.com/sitemap_index.xml?path=//scripts" "Mozilla/5.0 AppleWebKit/537.36 (KHTML, like Gecko; compatible; GPTBot/1.4; +https://openai.com/gptbot)" smileparadisedentals.com 10.36.254.103
74.7.227.158 - - [19/Aug/2026:12:47:33 -0600] "GET /sitemap_index.xml?filesrc=//scripts/removeacct&path=//scripts HTTP/2.0" 200 1585 "https://smileparadisedentals.com/sitemap_index.xml?path=//scripts" "Mozilla/5.0 AppleWebKit/537.36 (KHTML, like Gecko; compatible; GPTBot/1.4; +https://openai.com/gptbot)" smileparadisedentals.com 10.36.254.103
74.7.241.33 - - [19/Aug/2026:12:47:33 -0600] "GET /?filesrc=//bin/geosop&path=//bin HTTP/1.1" 200 182502 "https://smileparadisedentals.faz.zew.mybluehostin.me/?path=//bin" "Mozilla/5.0 AppleWebKit/537.36 (KHTML, like Gecko; compatible; GPTBot/1.4; +https://openai.com/gptbot)" smileparadisedentals.faz.zew.mybluehostin.me 10.36.254.103
74.7.241.33 - - [19/Aug/2026:12:47:33 -0600] "GET /?filesrc=//bin/geosop&path=//bin HTTP/2.0" 200 182502 "https://smileparadisedentals.faz.zew.mybluehostin.me/?path=//bin" "Mozilla/5.0 AppleWebKit/537.36 (KHTML, like Gecko; compatible; GPTBot/1.4; +https://openai.com/gptbot)" smileparadisedentals.faz.zew.mybluehostin.me 10.36.254.103
74.7.227.158 - - [19/Aug/2026:12:47:34 -0600] "GET /sitemap_index.xml?filesrc=//scripts/installpkg&path=//scripts HTTP/1.1" 200 1927 "https://smileparadisedentals.com/sitemap_index.xml?path=//scripts" "Mozilla/5.0 AppleWebKit/537.36 (KHTML, like Gecko; compatible; GPTBot/1.4; +https://openai.com/gptbot)" smileparadisedentals.com 10.36.254.103
74.7.227.158 - - [19/Aug/2026:12:47:34 -0600] "GET /sitemap_index.xml?filesrc=//scripts/installpkg&path=//scripts HTTP/2.0" 200 1927 "https://smileparadisedentals.com/sitemap_index.xml?path=//scripts" "Mozilla/5.0 AppleWebKit/537.36 (KHTML, like Gecko; compatible; GPTBot/1.4; +https://openai.com/gptbot)" smileparadisedentals.com 10.36.254.103
74.7.241.33 - - [19/Aug/2026:12:47:35 -0600] "GET /?filesrc=//bin/mkofm&path=//bin HTTP/1.1" 200 119733 "https://smileparadisedentals.faz.zew.mybluehostin.me/?path=//bin" "Mozilla/5.0 AppleWebKit/537.36 (KHTML, like Gecko; compatible; GPTBot/1.4; +https://openai.com/gptbot)" smileparadisedentals.faz.zew.mybluehostin.me 10.36.254.103
74.7.241.33 - - [19/Aug/2026:12:47:35 -0600] "GET /?filesrc=//bin/mkofm&path=//bin HTTP/2.0" 200 119733 "https://smileparadisedentals.faz.zew.mybluehostin.me/?path=//bin" "Mozilla/5.0 AppleWebKit/537.36 (KHTML, like Gecko; compatible; GPTBot/1.4; +https://openai.com/gptbot)" smileparadisedentals.faz.zew.mybluehostin.me 10.36.254.103
74.7.227.158 - - [19/Aug/2026:12:47:36 -0600] "GET /sitemap_index.xml?filesrc=//var/log/awstats_collector.log&path=//var/log HTTP/2.0" 200 2996 "https://smileparadisedentals.com/sitemap_index.xml?path=//var/log" "Mozilla/5.0 AppleWebKit/537.36 (KHTML, like Gecko; compatible; GPTBot/1.4; +https://openai.com/gptbot)" smileparadisedentals.com 10.36.254.103
74.7.241.33 - - [19/Aug/2026:12:47:36 -0600] "GET /?filesrc=//bin/nohup&path=//bin HTTP/1.1" 200 131915 "https://smileparadisedentals.faz.zew.mybluehostin.me/?path=//bin" "Mozilla/5.0 AppleWebKit/537.36 (KHTML, like Gecko; compatible; GPTBot/1.4; +https://openai.com/gptbot)" smileparadisedentals.faz.zew.mybluehostin.me 10.36.254.103
74.7.241.33 - - [19/Aug/2026:12:47:36 -0600] "GET /?filesrc=//bin/nohup&path=//bin HTTP/2.0" 200 131915 "https://smileparadisedentals.faz.zew.mybluehostin.me/?path=//bin" "Mozilla/5.0 AppleWebKit/537.36 (KHTML, like Gecko; compatible; GPTBot/1.4; +https://openai.com/gptbot)" smileparadisedentals.faz.zew.mybluehostin.me 10.36.254.103
74.7.227.158 - - [19/Aug/2026:12:47:37 -0600] "GET /sitemap_index.xml?filesrc=//scripts/update_freebusy_data&path=//scripts HTTP/1.1" 200 4020 "https://smileparadisedentals.com/sitemap_index.xml?path=//scripts" "Mozilla/5.0 AppleWebKit/537.36 (KHTML, like Gecko; compatible; GPTBot/1.4; +https://openai.com/gptbot)" smileparadisedentals.com 10.36.254.103
74.7.227.158 - - [19/Aug/2026:12:47:37 -0600] "GET /sitemap_index.xml?filesrc=//scripts/update_freebusy_data&path=//scripts HTTP/2.0" 200 4020 "https://smileparadisedentals.com/sitemap_index.xml?path=//scripts" "Mozilla/5.0 AppleWebKit/537.36 (KHTML, like Gecko; compatible; GPTBot/1.4; +https://openai.com/gptbot)" smileparadisedentals.com 10.36.254.103
74.7.241.33 - - [19/Aug/2026:12:47:38 -0600] "GET /?filesrc=//bin/manweb&path=//bin HTTP/1.1" 200 124475 "https://smileparadisedentals.faz.zew.mybluehostin.me/?path=//bin" "Mozilla/5.0 AppleWebKit/537.36 (KHTML, like Gecko; compatible; GPTBot/1.4; +https://openai.com/gptbot)" smileparadisedentals.faz.zew.mybluehostin.me 10.36.254.103
74.7.241.33 - - [19/Aug/2026:12:47:38 -0600] "GET /?filesrc=//bin/manweb&path=//bin HTTP/2.0" 200 124475 "https://smileparadisedentals.faz.zew.mybluehostin.me/?path=//bin" "Mozilla/5.0 AppleWebKit/537.36 (KHTML, like Gecko; compatible; GPTBot/1.4; +https://openai.com/gptbot)" smileparadisedentals.faz.zew.mybluehostin.me 10.36.254.103
74.7.227.158 - - [19/Aug/2026:12:47:39 -0600] "GET /sitemap_index.xml?filesrc=//var/run/restartsrv_postgresql&path=//var/run HTTP/1.1" 200 1639 "https://smileparadisedentals.com/sitemap_index.xml?path=//var/run" "Mozilla/5.0 AppleWebKit/537.36 (KHTML, like Gecko; compatible; GPTBot/1.4; +https://openai.com/gptbot)" smileparadisedentals.com 10.36.254.103
74.7.227.158 - - [19/Aug/2026:12:47:39 -0600] "GET /sitemap_index.xml?filesrc=//var/run/restartsrv_postgresql&path=//var/run HTTP/2.0" 200 1639 "https://smileparadisedentals.com/sitemap_index.xml?path=//var/run" "Mozilla/5.0 AppleWebKit/537.36 (KHTML, like Gecko; compatible; GPTBot/1.4; +https://openai.com/gptbot)" smileparadisedentals.com 10.36.254.103
74.7.241.33 - - [19/Aug/2026:12:47:39 -0600] "GET /?filesrc=//bin/newgrp&path=//bin HTTP/1.1" 200 132663 "https://smileparadisedentals.faz.zew.mybluehostin.me/?path=//bin" "Mozilla/5.0 AppleWebKit/537.36 (KHTML, like Gecko; compatible; GPTBot/1.4; +https://openai.com/gptbot)" smileparadisedentals.faz.zew.mybluehostin.me 10.36.254.103
74.7.241.33 - - [19/Aug/2026:12:47:39 -0600] "GET /?filesrc=//bin/newgrp&path=//bin HTTP/2.0" 200 132663 "https://smileparadisedentals.faz.zew.mybluehostin.me/?path=//bin" "Mozilla/5.0 AppleWebKit/537.36 (KHTML, like Gecko; compatible; GPTBot/1.4; +https://openai.com/gptbot)" smileparadisedentals.faz.zew.mybluehostin.me 10.36.254.103
74.7.241.33 - - [19/Aug/2026:12:47:42 -0600] "GET /?filesrc=//bin/alloy&path=//bin HTTP/1.1" 200 1113 "https://smileparadisedentals.faz.zew.mybluehostin.me/?path=//bin" "Mozilla/5.0 AppleWebKit/537.36 (KHTML, like Gecko; compatible; GPTBot/1.4; +https://openai.com/gptbot)" smileparadisedentals.faz.zew.mybluehostin.me 10.36.254.103
74.7.241.33 - - [19/Aug/2026:12:47:42 -0600] "GET /?filesrc=//bin/alloy&path=//bin HTTP/2.0" 200 1113 "https://smileparadisedentals.faz.zew.mybluehostin.me/?path=//bin" "Mozilla/5.0 AppleWebKit/537.36 (KHTML, like Gecko; compatible; GPTBot/1.4; +https://openai.com/gptbot)" smileparadisedentals.faz.zew.mybluehostin.me 10.36.254.103
74.7.227.158 - - [19/Aug/2026:12:47:41 -0600] "GET /sitemap_index.xml?filesrc=//var/log/xferlog.offsetftpsep&path=//var/log HTTP/1.1" 200 1363 "https://smileparadisedentals.com/sitemap_index.xml?path=//var/log" "Mozilla/5.0 AppleWebKit/537.36 (KHTML, like Gecko; compatible; GPTBot/1.4; +https://openai.com/gptbot)" smileparadisedentals.com 10.36.254.103
74.7.227.158 - - [19/Aug/2026:12:47:41 -0600] "GET /sitemap_index.xml?filesrc=//var/log/xferlog.offsetftpsep&path=//var/log HTTP/2.0" 200 1363 "https://smileparadisedentals.com/sitemap_index.xml?path=//var/log" "Mozilla/5.0 AppleWebKit/537.36 (KHTML, like Gecko; compatible; GPTBot/1.4; +https://openai.com/gptbot)" smileparadisedentals.com 10.36.254.103
74.7.241.33 - - [19/Aug/2026:12:47:43 -0600] "GET /?filesrc=//bin/getopt&path=//bin HTTP/1.1" 200 8016 "https://smileparadisedentals.faz.zew.mybluehostin.me/?path=//bin" "Mozilla/5.0 AppleWebKit/537.36 (KHTML, like Gecko; compatible; GPTBot/1.4; +https://openai.com/gptbot)" smileparadisedentals.faz.zew.mybluehostin.me 10.36.254.103
74.7.241.33 - - [19/Aug/2026:12:47:43 -0600] "GET /?filesrc=//bin/getopt&path=//bin HTTP/2.0" 200 8016 "https://smileparadisedentals.faz.zew.mybluehostin.me/?path=//bin" "Mozilla/5.0 AppleWebKit/537.36 (KHTML, like Gecko; compatible; GPTBot/1.4; +https://openai.com/gptbot)" smileparadisedentals.faz.zew.mybluehostin.me 10.36.254.103
74.7.227.158 - - [19/Aug/2026:12:47:43 -0600] "GET /sitemap_index.xml?filesrc=//var/log/removedomain.stat.log&path=//var/log HTTP/2.0" 200 1935 "https://smileparadisedentals.com/sitemap_index.xml?path=//var/log" "Mozilla/5.0 AppleWebKit/537.36 (KHTML, like Gecko; compatible; GPTBot/1.4; +https://openai.com/gptbot)" smileparadisedentals.com 10.36.254.103
74.7.227.158 - - [19/Aug/2026:12:47:44 -0600] "GET /sitemap_index.xml?filesrc=//var/cache/dnf/PHP_ELS-ee043bb6e1cac4f5/repodata/repomd.xml&path=//var/cache/dnf/PHP_ELS-ee043bb6e1cac4f5/repodata HTTP/1.1" 200 2721 "https://smileparadisedentals.com/sitemap_index.xml?path=//var/cache/dnf/PHP_ELS-ee043bb6e1cac4f5/repodata" "Mozilla/5.0 AppleWebKit/537.36 (KHTML, like Gecko; compatible; GPTBot/1.4; +https://openai.com/gptbot)" smileparadisedentals.com 10.36.254.103
74.7.227.158 - - [19/Aug/2026:12:47:44 -0600] "GET /sitemap_index.xml?filesrc=//var/cache/dnf/PHP_ELS-ee043bb6e1cac4f5/repodata/repomd.xml&path=//var/cache/dnf/PHP_ELS-ee043bb6e1cac4f5/repodata HTTP/2.0" 200 2721 "https://smileparadisedentals.com/sitemap_index.xml?path=//var/cache/dnf/PHP_ELS-ee043bb6e1cac4f5/repodata" "Mozilla/5.0 AppleWebKit/537.36 (KHTML, like Gecko; compatible; GPTBot/1.4; +https://openai.com/gptbot)" smileparadisedentals.com 10.36.254.103
74.7.241.33 - - [19/Aug/2026:12:47:44 -0600] "GET /?filesrc=//bin/upower&path=//bin HTTP/1.1" 200 126187 "https://smileparadisedentals.faz.zew.mybluehostin.me/?path=//bin" "Mozilla/5.0 AppleWebKit/537.36 (KHTML, like Gecko; compatible; GPTBot/1.4; +https://openai.com/gptbot)" smileparadisedentals.faz.zew.mybluehostin.me 10.36.254.103
74.7.241.33 - - [19/Aug/2026:12:47:44 -0600] "GET /?filesrc=//bin/upower&path=//bin HTTP/2.0" 200 126187 "https://smileparadisedentals.faz.zew.mybluehostin.me/?path=//bin" "Mozilla/5.0 AppleWebKit/537.36 (KHTML, like Gecko; compatible; GPTBot/1.4; +https://openai.com/gptbot)" smileparadisedentals.faz.zew.mybluehostin.me 10.36.254.103
74.7.227.158 - - [19/Aug/2026:12:47:46 -0600] "GET /sitemap_index.xml?go=cabs&path=//var/log/sa/202508 HTTP/1.1" 200 1395 "https://smileparadisedentals.com/sitemap_index.xml?path=//var/log/sa/202508" "Mozilla/5.0 AppleWebKit/537.36 (KHTML, like Gecko; compatible; GPTBot/1.4; +https://openai.com/gptbot)" smileparadisedentals.com 10.36.254.103
74.7.227.158 - - [19/Aug/2026:12:47:45 -0600] "GET /sitemap_index.xml?go=cabs&path=//var/log/sa/202508 HTTP/2.0" 200 1395 "https://smileparadisedentals.com/sitemap_index.xml?path=//var/log/sa/202508" "Mozilla/5.0 AppleWebKit/537.36 (KHTML, like Gecko; compatible; GPTBot/1.4; +https://openai.com/gptbot)" smileparadisedentals.com 10.36.254.103
74.7.241.33 - - [19/Aug/2026:12:47:46 -0600] "GET /?filesrc=//bin/mkfifo&path=//bin HTTP/1.1" 200 135629 "https://smileparadisedentals.faz.zew.mybluehostin.me/?path=//bin" "Mozilla/5.0 AppleWebKit/537.36 (KHTML, like Gecko; compatible; GPTBot/1.4; +https://openai.com/gptbot)" smileparadisedentals.faz.zew.mybluehostin.me 10.36.254.103
74.7.241.33 - - [19/Aug/2026:12:47:46 -0600] "GET /?filesrc=//bin/mkfifo&path=//bin HTTP/2.0" 200 135629 "https://smileparadisedentals.faz.zew.mybluehostin.me/?path=//bin" "Mozilla/5.0 AppleWebKit/537.36 (KHTML, like Gecko; compatible; GPTBot/1.4; +https://openai.com/gptbot)" smileparadisedentals.faz.zew.mybluehostin.me 10.36.254.103
74.7.227.158 - - [19/Aug/2026:12:47:47 -0600] "GET /sitemap_index.xml?go=cabs&path=//var/log/sa/202509 HTTP/1.1" 200 1676 "https://smileparadisedentals.com/sitemap_index.xml?path=//var/log/sa/202509" "Mozilla/5.0 AppleWebKit/537.36 (KHTML, like Gecko; compatible; GPTBot/1.4; +https://openai.com/gptbot)" smileparadisedentals.com 10.36.254.103
74.7.227.158 - - [19/Aug/2026:12:47:47 -0600] "GET /sitemap_index.xml?go=cabs&path=//var/log/sa/202509 HTTP/2.0" 200 1676 "https://smileparadisedentals.com/sitemap_index.xml?path=//var/log/sa/202509" "Mozilla/5.0 AppleWebKit/537.36 (KHTML, like Gecko; compatible; GPTBot/1.4; +https://openai.com/gptbot)" smileparadisedentals.com 10.36.254.103
74.7.241.33 - - [19/Aug/2026:12:47:47 -0600] "GET /?filesrc=//bin/exempi&path=//bin HTTP/1.1" 200 128785 "https://smileparadisedentals.faz.zew.mybluehostin.me/?path=//bin" "Mozilla/5.0 AppleWebKit/537.36 (KHTML, like Gecko; compatible; GPTBot/1.4; +https://openai.com/gptbot)" smileparadisedentals.faz.zew.mybluehostin.me 10.36.254.103
74.7.241.33 - - [19/Aug/2026:12:47:47 -0600] "GET /?filesrc=//bin/exempi&path=//bin HTTP/2.0" 200 128785 "https://smileparadisedentals.faz.zew.mybluehostin.me/?path=//bin" "Mozilla/5.0 AppleWebKit/537.36 (KHTML, like Gecko; compatible; GPTBot/1.4; +https://openai.com/gptbot)" smileparadisedentals.faz.zew.mybluehostin.me 10.36.254.103
74.7.227.158 - - [19/Aug/2026:12:47:48 -0600] "GET /sitemap_index.xml?go=cabs&path=//var/log/sa/202511 HTTP/1.1" 200 1675 "https://smileparadisedentals.com/sitemap_index.xml?path=//var/log/sa/202511" "Mozilla/5.0 AppleWebKit/537.36 (KHTML, like Gecko; compatible; GPTBot/1.4; +https://openai.com/gptbot)" smileparadisedentals.com 10.36.254.103
74.7.227.158 - - [19/Aug/2026:12:47:48 -0600] "GET /sitemap_index.xml?go=cabs&path=//var/log/sa/202511 HTTP/2.0" 200 1675 "https://smileparadisedentals.com/sitemap_index.xml?path=//var/log/sa/202511" "Mozilla/5.0 AppleWebKit/537.36 (KHTML, like Gecko; compatible; GPTBot/1.4; +https://openai.com/gptbot)" smileparadisedentals.com 10.36.254.103
74.7.241.33 - - [19/Aug/2026:12:47:48 -0600] "GET /?filesrc=//bin/gvmap&path=//bin HTTP/1.1" 200 281947 "https://smileparadisedentals.faz.zew.mybluehostin.me/?path=//bin" "Mozilla/5.0 AppleWebKit/537.36 (KHTML, like Gecko; compatible; GPTBot/1.4; +https://openai.com/gptbot)" smileparadisedentals.faz.zew.mybluehostin.me 10.36.254.103
74.7.241.33 - - [19/Aug/2026:12:47:48 -0600] "GET /?filesrc=//bin/gvmap&path=//bin HTTP/2.0" 200 281947 "https://smileparadisedentals.faz.zew.mybluehostin.me/?path=//bin" "Mozilla/5.0 AppleWebKit/537.36 (KHTML, like Gecko; compatible; GPTBot/1.4; +https://openai.com/gptbot)" smileparadisedentals.faz.zew.mybluehostin.me 10.36.254.103
74.7.227.158 - - [19/Aug/2026:12:47:50 -0600] "GET /sitemap_index.xml?go=cabs&path=//var/log/sa/202510 HTTP/1.1" 200 1675 "https://smileparadisedentals.com/sitemap_index.xml?path=//var/log/sa/202510" "Mozilla/5.0 AppleWebKit/537.36 (KHTML, like Gecko; compatible; GPTBot/1.4; +https://openai.com/gptbot)" smileparadisedentals.com 10.36.254.103
74.7.227.158 - - [19/Aug/2026:12:47:50 -0600] "GET /sitemap_index.xml?go=cabs&path=//var/log/sa/202510 HTTP/2.0" 200 1675 "https://smileparadisedentals.com/sitemap_index.xml?path=//var/log/sa/202510" "Mozilla/5.0 AppleWebKit/537.36 (KHTML, like Gecko; compatible; GPTBot/1.4; +https://openai.com/gptbot)" smileparadisedentals.com 10.36.254.103
74.7.241.33 - - [19/Aug/2026:12:47:50 -0600] "GET /?filesrc=//bin/funzip&path=//bin HTTP/1.1" 200 132087 "https://smileparadisedentals.faz.zew.mybluehostin.me/?path=//bin" "Mozilla/5.0 AppleWebKit/537.36 (KHTML, like Gecko; compatible; GPTBot/1.4; +https://openai.com/gptbot)" smileparadisedentals.faz.zew.mybluehostin.me 10.36.254.103
74.7.241.33 - - [19/Aug/2026:12:47:50 -0600] "GET /?filesrc=//bin/funzip&path=//bin HTTP/2.0" 200 132087 "https://smileparadisedentals.faz.zew.mybluehostin.me/?path=//bin" "Mozilla/5.0 AppleWebKit/537.36 (KHTML, like Gecko; compatible; GPTBot/1.4; +https://openai.com/gptbot)" smileparadisedentals.faz.zew.mybluehostin.me 10.36.254.103
74.7.227.158 - - [19/Aug/2026:12:47:51 -0600] "GET /sitemap_index.xml?go=cabs&path=//var/log/sa/202506 HTTP/1.1" 200 1395 "https://smileparadisedentals.com/sitemap_index.xml?path=//var/log/sa/202506" "Mozilla/5.0 AppleWebKit/537.36 (KHTML, like Gecko; compatible; GPTBot/1.4; +https://openai.com/gptbot)" smileparadisedentals.com 10.36.254.103
74.7.227.158 - - [19/Aug/2026:12:47:51 -0600] "GET /sitemap_index.xml?go=cabs&path=//var/log/sa/202506 HTTP/2.0" 200 1395 "https://smileparadisedentals.com/sitemap_index.xml?path=//var/log/sa/202506" "Mozilla/5.0 AppleWebKit/537.36 (KHTML, like Gecko; compatible; GPTBot/1.4; +https://openai.com/gptbot)" smileparadisedentals.com 10.36.254.103
74.7.241.33 - - [19/Aug/2026:12:47:51 -0600] "GET /?filesrc=//bin/htdbm&path=//bin HTTP/1.1" 200 129027 "https://smileparadisedentals.faz.zew.mybluehostin.me/?path=//bin" "Mozilla/5.0 AppleWebKit/537.36 (KHTML, like Gecko; compatible; GPTBot/1.4; +https://openai.com/gptbot)" smileparadisedentals.faz.zew.mybluehostin.me 10.36.254.103
74.7.241.33 - - [19/Aug/2026:12:47:51 -0600] "GET /?filesrc=//bin/htdbm&path=//bin HTTP/2.0" 200 129027 "https://smileparadisedentals.faz.zew.mybluehostin.me/?path=//bin" "Mozilla/5.0 AppleWebKit/537.36 (KHTML, like Gecko; compatible; GPTBot/1.4; +https://openai.com/gptbot)" smileparadisedentals.faz.zew.mybluehostin.me 10.36.254.103
74.7.227.158 - - [19/Aug/2026:12:47:52 -0600] "GET /sitemap_index.xml?go=cabs&path=//var/log/sa/202507 HTTP/1.1" 200 1675 "https://smileparadisedentals.com/sitemap_index.xml?path=//var/log/sa/202507" "Mozilla/5.0 AppleWebKit/537.36 (KHTML, like Gecko; compatible; GPTBot/1.4; +https://openai.com/gptbot)" smileparadisedentals.com 10.36.254.103
74.7.227.158 - - [19/Aug/2026:12:47:52 -0600] "GET /sitemap_index.xml?go=cabs&path=//var/log/sa/202507 HTTP/2.0" 200 1675 "https://smileparadisedentals.com/sitemap_index.xml?path=//var/log/sa/202507" "Mozilla/5.0 AppleWebKit/537.36 (KHTML, like Gecko; compatible; GPTBot/1.4; +https://openai.com/gptbot)" smileparadisedentals.com 10.36.254.103
74.7.227.158 - - [19/Aug/2026:12:47:54 -0600] "GET /sitemap_index.xml?path=//var/cache/dnf/epel-a47cf4dce90f65c7/packages HTTP/1.1" 200 1819 "https://smileparadisedentals.com/sitemap_index.xml?path=//var/cache/dnf/epel-a47cf4dce90f65c7" "Mozilla/5.0 AppleWebKit/537.36 (KHTML, like Gecko; compatible; GPTBot/1.4; +https://openai.com/gptbot)" smileparadisedentals.com 10.36.254.103
74.7.227.158 - - [19/Aug/2026:12:47:54 -0600] "GET /sitemap_index.xml?path=//var/cache/dnf/epel-a47cf4dce90f65c7/packages HTTP/2.0" 200 1819 "https://smileparadisedentals.com/sitemap_index.xml?path=//var/cache/dnf/epel-a47cf4dce90f65c7" "Mozilla/5.0 AppleWebKit/537.36 (KHTML, like Gecko; compatible; GPTBot/1.4; +https://openai.com/gptbot)" smileparadisedentals.com 10.36.254.103
162.214.80.130 - - [19/Aug/2026:12:47:55 -0600] "POST /wp-cron.php?doing_wp_cron=1787165275.2923800945281982421875 HTTP/1.1" 200 - "-" "WordPress/7.0.4; https://smileparadisedentals.com" smileparadisedentals.com 10.36.254.103
74.7.241.33 - - [19/Aug/2026:12:47:53 -0600] "GET /?filesrc=//bin/python&path=//bin HTTP/1.1" 200 122782 "https://smileparadisedentals.faz.zew.mybluehostin.me/?path=//bin" "Mozilla/5.0 AppleWebKit/537.36 (KHTML, like Gecko; compatible; GPTBot/1.4; +https://openai.com/gptbot)" smileparadisedentals.faz.zew.mybluehostin.me 10.36.254.103
74.7.241.33 - - [19/Aug/2026:12:47:53 -0600] "GET /?filesrc=//bin/python&path=//bin HTTP/2.0" 200 122782 "https://smileparadisedentals.faz.zew.mybluehostin.me/?path=//bin" "Mozilla/5.0 AppleWebKit/537.36 (KHTML, like Gecko; compatible; GPTBot/1.4; +https://openai.com/gptbot)" smileparadisedentals.faz.zew.mybluehostin.me 10.36.254.103
74.7.227.158 - - [19/Aug/2026:12:47:55 -0600] "GET /sitemap_index.xml?path=//var/cache/dnf/appstream-0a8174e0a3d29b90/packages HTTP/1.1" 200 1828 "https://smileparadisedentals.com/sitemap_index.xml?path=//var/cache/dnf/appstream-0a8174e0a3d29b90" "Mozilla/5.0 AppleWebKit/537.36 (KHTML, like Gecko; compatible; GPTBot/1.4; +https://openai.com/gptbot)" smileparadisedentals.com 10.36.254.103
74.7.227.158 - - [19/Aug/2026:12:47:55 -0600] "GET /sitemap_index.xml?path=//var/cache/dnf/appstream-0a8174e0a3d29b90/packages HTTP/2.0" 200 1828 "https://smileparadisedentals.com/sitemap_index.xml?path=//var/cache/dnf/appstream-0a8174e0a3d29b90" "Mozilla/5.0 AppleWebKit/537.36 (KHTML, like Gecko; compatible; GPTBot/1.4; +https://openai.com/gptbot)" smileparadisedentals.com 10.36.254.103
74.7.241.33 - - [19/Aug/2026:12:47:55 -0600] "GET /?filesrc=//bin/texlua&path=//bin HTTP/1.1" 200 2369790 "https://smileparadisedentals.faz.zew.mybluehostin.me/?path=//bin" "Mozilla/5.0 AppleWebKit/537.36 (KHTML, like Gecko; compatible; GPTBot/1.4; +https://openai.com/gptbot)" smileparadisedentals.faz.zew.mybluehostin.me 10.36.254.103
74.7.241.33 - - [19/Aug/2026:12:47:55 -0600] "GET /?filesrc=//bin/texlua&path=//bin HTTP/2.0" 200 2369790 "https://smileparadisedentals.faz.zew.mybluehostin.me/?path=//bin" "Mozilla/5.0 AppleWebKit/537.36 (KHTML, like Gecko; compatible; GPTBot/1.4; +https://openai.com/gptbot)" smileparadisedentals.faz.zew.mybluehostin.me 10.36.254.103
74.7.227.158 - - [19/Aug/2026:12:47:56 -0600] "GET /sitemap_index.xml?go=cabs&path=//lib64/sssd HTTP/1.1" 200 2417 "https://smileparadisedentals.com/sitemap_index.xml?path=//lib64/sssd" "Mozilla/5.0 AppleWebKit/537.36 (KHTML, like Gecko; compatible; GPTBot/1.4; +https://openai.com/gptbot)" smileparadisedentals.com 10.36.254.103
74.7.227.158 - - [19/Aug/2026:12:47:56 -0600] "GET /sitemap_index.xml?go=cabs&path=//lib64/sssd HTTP/2.0" 200 2417 "https://smileparadisedentals.com/sitemap_index.xml?path=//lib64/sssd" "Mozilla/5.0 AppleWebKit/537.36 (KHTML, like Gecko; compatible; GPTBot/1.4; +https://openai.com/gptbot)" smileparadisedentals.com 10.36.254.103
74.7.241.33 - - [19/Aug/2026:12:47:57 -0600] "GET /?filesrc=//bin/pdftex&path=//bin HTTP/1.1" 200 546870 "https://smileparadisedentals.faz.zew.mybluehostin.me/?path=//bin" "Mozilla/5.0 AppleWebKit/537.36 (KHTML, like Gecko; compatible; GPTBot/1.4; +https://openai.com/gptbot)" smileparadisedentals.faz.zew.mybluehostin.me 10.36.254.103
74.7.241.33 - - [19/Aug/2026:12:47:57 -0600] "GET /?filesrc=//bin/pdftex&path=//bin HTTP/2.0" 200 546870 "https://smileparadisedentals.faz.zew.mybluehostin.me/?path=//bin" "Mozilla/5.0 AppleWebKit/537.36 (KHTML, like Gecko; compatible; GPTBot/1.4; +https://openai.com/gptbot)" smileparadisedentals.faz.zew.mybluehostin.me 10.36.254.103
74.7.227.158 - - [19/Aug/2026:12:47:57 -0600] "GET /sitemap_index.xml?go=cabs&path=/home4/fazzewmy/etc/mediagrid.in/info/.well-known HTTP/1.1" 200 1915 "https://smileparadisedentals.com/sitemap_index.xml?path=/home4/fazzewmy/etc/mediagrid.in/info/.well-known" "Mozilla/5.0 AppleWebKit/537.36 (KHTML, like Gecko; compatible; GPTBot/1.4; +https://openai.com/gptbot)" smileparadisedentals.com 10.36.254.103
74.7.227.158 - - [19/Aug/2026:12:47:57 -0600] "GET /sitemap_index.xml?go=cabs&path=/home4/fazzewmy/etc/mediagrid.in/info/.well-known HTTP/2.0" 200 1915 "https://smileparadisedentals.com/sitemap_index.xml?path=/home4/fazzewmy/etc/mediagrid.in/info/.well-known" "Mozilla/5.0 AppleWebKit/537.36 (KHTML, like Gecko; compatible; GPTBot/1.4; +https://openai.com/gptbot)" smileparadisedentals.com 10.36.254.103
74.7.241.33 - - [19/Aug/2026:12:47:58 -0600] "GET /?filesrc=//bin/ntpmon&path=//bin HTTP/1.1" 200 126381 "https://smileparadisedentals.faz.zew.mybluehostin.me/?path=//bin" "Mozilla/5.0 AppleWebKit/537.36 (KHTML, like Gecko; compatible; GPTBot/1.4; +https://openai.com/gptbot)" smileparadisedentals.faz.zew.mybluehostin.me 10.36.254.103
74.7.241.33 - - [19/Aug/2026:12:47:58 -0600] "GET /?filesrc=//bin/ntpmon&path=//bin HTTP/2.0" 200 126381 "https://smileparadisedentals.faz.zew.mybluehostin.me/?path=//bin" "Mozilla/5.0 AppleWebKit/537.36 (KHTML, like Gecko; compatible; GPTBot/1.4; +https://openai.com/gptbot)" smileparadisedentals.faz.zew.mybluehostin.me 10.36.254.103
162.214.80.130 - - [19/Aug/2026:12:48:01 -0600] "POST /wp-cron.php?doing_wp_cron=1787165281.3583219051361083984375 HTTP/1.1" 200 - "-" "WordPress/7.0.4; https://smileparadisedentals.com" smileparadisedentals.com 10.36.254.103
74.7.241.33 - - [19/Aug/2026:12:48:00 -0600] "GET /?filesrc=//bin/pbmupc&path=//bin HTTP/1.1" 200 125454 "https://smileparadisedentals.faz.zew.mybluehostin.me/?path=//bin" "Mozilla/5.0 AppleWebKit/537.36 (KHTML, like Gecko; compatible; GPTBot/1.4; +https://openai.com/gptbot)" smileparadisedentals.faz.zew.mybluehostin.me 10.36.254.103
74.7.241.33 - - [19/Aug/2026:12:48:00 -0600] "GET /?filesrc=//bin/pbmupc&path=//bin HTTP/2.0" 200 125454 "https://smileparadisedentals.faz.zew.mybluehostin.me/?path=//bin" "Mozilla/5.0 AppleWebKit/537.36 (KHTML, like Gecko; compatible; GPTBot/1.4; +https://openai.com/gptbot)" smileparadisedentals.faz.zew.mybluehostin.me 10.36.254.103
74.7.227.158 - - [19/Aug/2026:12:47:59 -0600] "GET /sitemap_index.xml?filesrc=//lib64/libxml2.so.2.9.13&path=//lib64 HTTP/1.1" 200 734197 "https://smileparadisedentals.com/sitemap_index.xml?path=//lib64" "Mozilla/5.0 AppleWebKit/537.36 (KHTML, like Gecko; compatible; GPTBot/1.4; +https://openai.com/gptbot)" smileparadisedentals.com 10.36.254.103
74.7.227.158 - - [19/Aug/2026:12:47:59 -0600] "GET /sitemap_index.xml?filesrc=//lib64/libxml2.so.2.9.13&path=//lib64 HTTP/2.0" 200 734197 "https://smileparadisedentals.com/sitemap_index.xml?path=//lib64" "Mozilla/5.0 AppleWebKit/537.36 (KHTML, like Gecko; compatible; GPTBot/1.4; +https://openai.com/gptbot)" smileparadisedentals.com 10.36.254.103
74.7.227.158 - - [19/Aug/2026:12:48:01 -0600] "GET /sitemap_index.xml?filesrc=//lib64/liblcms2.so.2.0.12&path=//lib64 HTTP/1.1" 200 175068 "https://smileparadisedentals.com/sitemap_index.xml?path=//lib64" "Mozilla/5.0 AppleWebKit/537.36 (KHTML, like Gecko; compatible; GPTBot/1.4; +https://openai.com/gptbot)" smileparadisedentals.com 10.36.254.103
74.7.241.33 - - [19/Aug/2026:12:48:01 -0600] "GET /?filesrc=//bin/colrm&path=//bin HTTP/1.1" 200 124803 "https://smileparadisedentals.faz.zew.mybluehostin.me/?path=//bin" "Mozilla/5.0 AppleWebKit/537.36 (KHTML, like Gecko; compatible; GPTBot/1.4; +https://openai.com/gptbot)" smileparadisedentals.faz.zew.mybluehostin.me 10.36.254.103
74.7.227.158 - - [19/Aug/2026:12:48:01 -0600] "GET /sitemap_index.xml?filesrc=//lib64/liblcms2.so.2.0.12&path=//lib64 HTTP/2.0" 200 175068 "https://smileparadisedentals.com/sitemap_index.xml?path=//lib64" "Mozilla/5.0 AppleWebKit/537.36 (KHTML, like Gecko; compatible; GPTBot/1.4; +https://openai.com/gptbot)" smileparadisedentals.com 10.36.254.103
