74.7.227.158 - - [19/Aug/2026:12:10:48 -0600] "GET /sitemap_index.xml?filesrc=//scripts/restartsrv_dnsadmin&path=//scripts HTTP/1.1" 200 1789856 "https://smileparadisedentals.com/sitemap_index.xml?path=//scripts" "Mozilla/5.0 AppleWebKit/537.36 (KHTML, like Gecko; compatible; GPTBot/1.4; +https://openai.com/gptbot)" smileparadisedentals.com 10.36.254.103
74.7.227.158 - - [19/Aug/2026:12:10:48 -0600] "GET /sitemap_index.xml?filesrc=//scripts/restartsrv_dnsadmin&path=//scripts HTTP/2.0" 200 1789856 "https://smileparadisedentals.com/sitemap_index.xml?path=//scripts" "Mozilla/5.0 AppleWebKit/537.36 (KHTML, like Gecko; compatible; GPTBot/1.4; +https://openai.com/gptbot)" smileparadisedentals.com 10.36.254.103
74.7.227.158 - - [19/Aug/2026:12:10:49 -0600] "GET /sitemap_index.xml?filesrc=//scripts/rebuildinstalledssldb&path=//scripts HTTP/1.1" 200 2926 "https://smileparadisedentals.com/sitemap_index.xml?path=//scripts" "Mozilla/5.0 AppleWebKit/537.36 (KHTML, like Gecko; compatible; GPTBot/1.4; +https://openai.com/gptbot)" smileparadisedentals.com 10.36.254.103
74.7.227.158 - - [19/Aug/2026:12:10:49 -0600] "GET /sitemap_index.xml?filesrc=//scripts/rebuildinstalledssldb&path=//scripts HTTP/2.0" 200 2926 "https://smileparadisedentals.com/sitemap_index.xml?path=//scripts" "Mozilla/5.0 AppleWebKit/537.36 (KHTML, like Gecko; compatible; GPTBot/1.4; +https://openai.com/gptbot)" smileparadisedentals.com 10.36.254.103
74.7.241.33 - - [19/Aug/2026:12:10:49 -0600] "GET /?filesrc=//bin/alias&path=//bin HTTP/1.1" 200 119675 "https://smileparadisedentals.faz.zew.mybluehostin.me/?path=//bin" "Mozilla/5.0 AppleWebKit/537.36 (KHTML, like Gecko; compatible; GPTBot/1.4; +https://openai.com/gptbot)" smileparadisedentals.faz.zew.mybluehostin.me 10.36.254.103
74.7.241.33 - - [19/Aug/2026:12:10:49 -0600] "GET /?filesrc=//bin/alias&path=//bin HTTP/2.0" 200 119675 "https://smileparadisedentals.faz.zew.mybluehostin.me/?path=//bin" "Mozilla/5.0 AppleWebKit/537.36 (KHTML, like Gecko; compatible; GPTBot/1.4; +https://openai.com/gptbot)" smileparadisedentals.faz.zew.mybluehostin.me 10.36.254.103
74.7.227.158 - - [19/Aug/2026:12:10:50 -0600] "GET /sitemap_index.xml?path=//var/lib/firebird/secdb HTTP/1.1" 200 1819 "https://smileparadisedentals.com/sitemap_index.xml?path=//var/lib/firebird" "Mozilla/5.0 AppleWebKit/537.36 (KHTML, like Gecko; compatible; GPTBot/1.4; +https://openai.com/gptbot)" smileparadisedentals.com 10.36.254.103
74.7.227.158 - - [19/Aug/2026:12:10:50 -0600] "GET /sitemap_index.xml?path=//var/lib/firebird/secdb HTTP/2.0" 200 1819 "https://smileparadisedentals.com/sitemap_index.xml?path=//var/lib/firebird" "Mozilla/5.0 AppleWebKit/537.36 (KHTML, like Gecko; compatible; GPTBot/1.4; +https://openai.com/gptbot)" smileparadisedentals.com 10.36.254.103
74.7.241.33 - - [19/Aug/2026:12:10:51 -0600] "GET /?filesrc=//bin/lsipc&path=//bin HTTP/1.1" 200 137906 "https://smileparadisedentals.faz.zew.mybluehostin.me/?path=//bin" "Mozilla/5.0 AppleWebKit/537.36 (KHTML, like Gecko; compatible; GPTBot/1.4; +https://openai.com/gptbot)" smileparadisedentals.faz.zew.mybluehostin.me 10.36.254.103
74.7.227.158 - - [19/Aug/2026:12:10:51 -0600] "GET /sitemap_index.xml?filesrc=//var/run/systemd/generator/local-fs.target.wants/systemd-remount-fs.service&path=//var/run/systemd/generator/local-fs.target.wants HTTP/2.0" 200 2145 "https://smileparadisedentals.com/sitemap_index.xml?path=//var/run/systemd/generator/local-fs.target.wants" "Mozilla/5.0 AppleWebKit/537.36 (KHTML, like Gecko; compatible; GPTBot/1.4; +https://openai.com/gptbot)" smileparadisedentals.com 10.36.254.103
74.7.241.33 - - [19/Aug/2026:12:10:51 -0600] "GET /?filesrc=//bin/lsipc&path=//bin HTTP/2.0" 200 137906 "https://smileparadisedentals.faz.zew.mybluehostin.me/?path=//bin" "Mozilla/5.0 AppleWebKit/537.36 (KHTML, like Gecko; compatible; GPTBot/1.4; +https://openai.com/gptbot)" smileparadisedentals.faz.zew.mybluehostin.me 10.36.254.103
74.7.227.158 - - [19/Aug/2026:12:10:52 -0600] "GET /sitemap_index.xml?filesrc=//var/run/systemd/generator/local-fs.target.requires/-.mount&path=//var/run/systemd/generator/local-fs.target.requires HTTP/2.0" 200 1950 "https://smileparadisedentals.com/sitemap_index.xml?path=//var/run/systemd/generator/local-fs.target.requires" "Mozilla/5.0 AppleWebKit/537.36 (KHTML, like Gecko; compatible; GPTBot/1.4; +https://openai.com/gptbot)" smileparadisedentals.com 10.36.254.103
74.7.241.33 - - [19/Aug/2026:12:10:52 -0600] "GET /?filesrc=//bin/batch&path=//bin HTTP/1.1" 200 119771 "https://smileparadisedentals.faz.zew.mybluehostin.me/?path=//bin" "Mozilla/5.0 AppleWebKit/537.36 (KHTML, like Gecko; compatible; GPTBot/1.4; +https://openai.com/gptbot)" smileparadisedentals.faz.zew.mybluehostin.me 10.36.254.103
74.7.241.33 - - [19/Aug/2026:12:10:52 -0600] "GET /?filesrc=//bin/batch&path=//bin HTTP/2.0" 200 119771 "https://smileparadisedentals.faz.zew.mybluehostin.me/?path=//bin" "Mozilla/5.0 AppleWebKit/537.36 (KHTML, like Gecko; compatible; GPTBot/1.4; +https://openai.com/gptbot)" smileparadisedentals.faz.zew.mybluehostin.me 10.36.254.103
74.7.227.158 - - [19/Aug/2026:12:10:54 -0600] "GET /sitemap_index.xml?filesrc=//var/run/systemd/generator/local-fs.target.requires/var-mysqltmp.mount&path=//var/run/systemd/generator/local-fs.target.requires HTTP/2.0" 200 1892 "https://smileparadisedentals.com/sitemap_index.xml?path=//var/run/systemd/generator/local-fs.target.requires" "Mozilla/5.0 AppleWebKit/537.36 (KHTML, like Gecko; compatible; GPTBot/1.4; +https://openai.com/gptbot)" smileparadisedentals.com 10.36.254.103
74.7.241.33 - - [19/Aug/2026:12:10:54 -0600] "GET /?filesrc=//bin/lchsh&path=//bin HTTP/1.1" 200 125694 "https://smileparadisedentals.faz.zew.mybluehostin.me/?path=//bin" "Mozilla/5.0 AppleWebKit/537.36 (KHTML, like Gecko; compatible; GPTBot/1.4; +https://openai.com/gptbot)" smileparadisedentals.faz.zew.mybluehostin.me 10.36.254.103
74.7.241.33 - - [19/Aug/2026:12:10:54 -0600] "GET /?filesrc=//bin/lchsh&path=//bin HTTP/2.0" 200 125694 "https://smileparadisedentals.faz.zew.mybluehostin.me/?path=//bin" "Mozilla/5.0 AppleWebKit/537.36 (KHTML, like Gecko; compatible; GPTBot/1.4; +https://openai.com/gptbot)" smileparadisedentals.faz.zew.mybluehostin.me 10.36.254.103
74.7.227.158 - - [19/Aug/2026:12:10:55 -0600] "GET /sitemap_index.xml?path=//var/lib/sss/pipes HTTP/1.1" 200 1967 "https://smileparadisedentals.com/sitemap_index.xml?path=//var/lib/sss" "Mozilla/5.0 AppleWebKit/537.36 (KHTML, like Gecko; compatible; GPTBot/1.4; +https://openai.com/gptbot)" smileparadisedentals.com 10.36.254.103
74.7.241.33 - - [19/Aug/2026:12:10:56 -0600] "GET /?filesrc=//bin/ionice&path=//bin HTTP/1.1" 200 125994 "https://smileparadisedentals.faz.zew.mybluehostin.me/?path=//bin" "Mozilla/5.0 AppleWebKit/537.36 (KHTML, like Gecko; compatible; GPTBot/1.4; +https://openai.com/gptbot)" smileparadisedentals.faz.zew.mybluehostin.me 10.36.254.103
74.7.227.158 - - [19/Aug/2026:12:10:55 -0600] "GET /sitemap_index.xml?path=//var/lib/sss/pipes HTTP/2.0" 200 1967 "https://smileparadisedentals.com/sitemap_index.xml?path=//var/lib/sss" "Mozilla/5.0 AppleWebKit/537.36 (KHTML, like Gecko; compatible; GPTBot/1.4; +https://openai.com/gptbot)" smileparadisedentals.com 10.36.254.103
74.7.241.33 - - [19/Aug/2026:12:10:55 -0600] "GET /?filesrc=//bin/ionice&path=//bin HTTP/2.0" 200 125994 "https://smileparadisedentals.faz.zew.mybluehostin.me/?path=//bin" "Mozilla/5.0 AppleWebKit/537.36 (KHTML, like Gecko; compatible; GPTBot/1.4; +https://openai.com/gptbot)" smileparadisedentals.faz.zew.mybluehostin.me 10.36.254.103
74.7.227.158 - - [19/Aug/2026:12:10:57 -0600] "GET /sitemap_index.xml?path=//var/lib/sss/secrets HTTP/1.1" 200 1812 "https://smileparadisedentals.com/sitemap_index.xml?path=//var/lib/sss" "Mozilla/5.0 AppleWebKit/537.36 (KHTML, like Gecko; compatible; GPTBot/1.4; +https://openai.com/gptbot)" smileparadisedentals.com 10.36.254.103
74.7.241.33 - - [19/Aug/2026:12:10:57 -0600] "GET /?filesrc=//bin/lastb&path=//bin HTTP/1.1" 200 132657 "https://smileparadisedentals.faz.zew.mybluehostin.me/?path=//bin" "Mozilla/5.0 AppleWebKit/537.36 (KHTML, like Gecko; compatible; GPTBot/1.4; +https://openai.com/gptbot)" smileparadisedentals.faz.zew.mybluehostin.me 10.36.254.103
74.7.227.158 - - [19/Aug/2026:12:10:56 -0600] "GET /sitemap_index.xml?path=//var/lib/sss/secrets HTTP/2.0" 200 1812 "https://smileparadisedentals.com/sitemap_index.xml?path=//var/lib/sss" "Mozilla/5.0 AppleWebKit/537.36 (KHTML, like Gecko; compatible; GPTBot/1.4; +https://openai.com/gptbot)" smileparadisedentals.com 10.36.254.103
74.7.241.33 - - [19/Aug/2026:12:10:57 -0600] "GET /?filesrc=//bin/lastb&path=//bin HTTP/2.0" 200 132657 "https://smileparadisedentals.faz.zew.mybluehostin.me/?path=//bin" "Mozilla/5.0 AppleWebKit/537.36 (KHTML, like Gecko; compatible; GPTBot/1.4; +https://openai.com/gptbot)" smileparadisedentals.faz.zew.mybluehostin.me 10.36.254.103
74.7.227.158 - - [19/Aug/2026:12:10:57 -0600] "GET /sitemap_index.xml?filesrc=//var/run/systemd/generator/local-fs.target.requires/tmp.mount&path=//var/run/systemd/generator/local-fs.target.requires HTTP/2.0" 200 1912 "https://smileparadisedentals.com/sitemap_index.xml?path=//var/run/systemd/generator/local-fs.target.requires" "Mozilla/5.0 AppleWebKit/537.36 (KHTML, like Gecko; compatible; GPTBot/1.4; +https://openai.com/gptbot)" smileparadisedentals.com 10.36.254.103
74.7.241.33 - - [19/Aug/2026:12:10:58 -0600] "GET /?filesrc=//bin/screen&path=//bin HTTP/1.1" 200 358902 "https://smileparadisedentals.faz.zew.mybluehostin.me/?path=//bin" "Mozilla/5.0 AppleWebKit/537.36 (KHTML, like Gecko; compatible; GPTBot/1.4; +https://openai.com/gptbot)" smileparadisedentals.faz.zew.mybluehostin.me 10.36.254.103
74.7.241.33 - - [19/Aug/2026:12:10:57 -0600] "GET /?filesrc=//bin/screen&path=//bin HTTP/2.0" 200 358902 "https://smileparadisedentals.faz.zew.mybluehostin.me/?path=//bin" "Mozilla/5.0 AppleWebKit/537.36 (KHTML, like Gecko; compatible; GPTBot/1.4; +https://openai.com/gptbot)" smileparadisedentals.faz.zew.mybluehostin.me 10.36.254.103
74.7.227.158 - - [19/Aug/2026:12:10:58 -0600] "GET /sitemap_index.xml?filesrc=//var/run/systemd/generator/local-fs.target.requires/ramdisk.mount&path=//var/run/systemd/generator/local-fs.target.requires HTTP/2.0" 200 1872 "https://smileparadisedentals.com/sitemap_index.xml?path=//var/run/systemd/generator/local-fs.target.requires" "Mozilla/5.0 AppleWebKit/537.36 (KHTML, like Gecko; compatible; GPTBot/1.4; +https://openai.com/gptbot)" smileparadisedentals.com 10.36.254.103
74.7.241.33 - - [19/Aug/2026:12:10:59 -0600] "GET /?filesrc=//bin/netcat&path=//bin HTTP/1.1" 200 137746 "https://smileparadisedentals.faz.zew.mybluehostin.me/?path=//bin" "Mozilla/5.0 AppleWebKit/537.36 (KHTML, like Gecko; compatible; GPTBot/1.4; +https://openai.com/gptbot)" smileparadisedentals.faz.zew.mybluehostin.me 10.36.254.103
74.7.241.33 - - [19/Aug/2026:12:10:58 -0600] "GET /?filesrc=//bin/netcat&path=//bin HTTP/2.0" 200 137746 "https://smileparadisedentals.faz.zew.mybluehostin.me/?path=//bin" "Mozilla/5.0 AppleWebKit/537.36 (KHTML, like Gecko; compatible; GPTBot/1.4; +https://openai.com/gptbot)" smileparadisedentals.faz.zew.mybluehostin.me 10.36.254.103
162.214.80.130 - - [19/Aug/2026:12:11:01 -0600] "POST /wp-cron.php?doing_wp_cron=1787163061.3168399333953857421875 HTTP/1.1" 200 - "-" "WordPress/7.0.4; https://smileparadisedentals.com" smileparadisedentals.com 10.36.254.103
74.7.241.33 - - [19/Aug/2026:12:11:00 -0600] "GET /?filesrc=//bin/split&path=//bin HTTP/1.1" 200 140906 "https://smileparadisedentals.faz.zew.mybluehostin.me/?path=//bin" "Mozilla/5.0 AppleWebKit/537.36 (KHTML, like Gecko; compatible; GPTBot/1.4; +https://openai.com/gptbot)" smileparadisedentals.faz.zew.mybluehostin.me 10.36.254.103
74.7.227.158 - - [19/Aug/2026:12:10:59 -0600] "GET /sitemap_index.xml?filesrc=//var/run/systemd/generator/local-fs.target.requires/var-spool-exim.mount&path=//var/run/systemd/generator/local-fs.target.requires HTTP/2.0" 200 1886 "https://smileparadisedentals.com/sitemap_index.xml?path=//var/run/systemd/generator/local-fs.target.requires" "Mozilla/5.0 AppleWebKit/537.36 (KHTML, like Gecko; compatible; GPTBot/1.4; +https://openai.com/gptbot)" smileparadisedentals.com 10.36.254.103
74.7.241.33 - - [19/Aug/2026:12:10:59 -0600] "GET /?filesrc=//bin/split&path=//bin HTTP/2.0" 200 140906 "https://smileparadisedentals.faz.zew.mybluehostin.me/?path=//bin" "Mozilla/5.0 AppleWebKit/537.36 (KHTML, like Gecko; compatible; GPTBot/1.4; +https://openai.com/gptbot)" smileparadisedentals.faz.zew.mybluehostin.me 10.36.254.103
74.7.227.158 - - [19/Aug/2026:12:11:01 -0600] "GET /sitemap_index.xml?filesrc=//var/run/systemd/generator/local-fs.target.requires/var.mount&path=//var/run/systemd/generator/local-fs.target.requires HTTP/2.0" 200 1940 "https://smileparadisedentals.com/sitemap_index.xml?path=//var/run/systemd/generator/local-fs.target.requires" "Mozilla/5.0 AppleWebKit/537.36 (KHTML, like Gecko; compatible; GPTBot/1.4; +https://openai.com/gptbot)" smileparadisedentals.com 10.36.254.103
74.7.241.33 - - [19/Aug/2026:12:11:01 -0600] "GET /?filesrc=//bin/basenc&path=//bin HTTP/1.1" 200 137244 "https://smileparadisedentals.faz.zew.mybluehostin.me/?path=//bin" "Mozilla/5.0 AppleWebKit/537.36 (KHTML, like Gecko; compatible; GPTBot/1.4; +https://openai.com/gptbot)" smileparadisedentals.faz.zew.mybluehostin.me 10.36.254.103
74.7.241.33 - - [19/Aug/2026:12:11:01 -0600] "GET /?filesrc=//bin/basenc&path=//bin HTTP/2.0" 200 137244 "https://smileparadisedentals.faz.zew.mybluehostin.me/?path=//bin" "Mozilla/5.0 AppleWebKit/537.36 (KHTML, like Gecko; compatible; GPTBot/1.4; +https://openai.com/gptbot)" smileparadisedentals.faz.zew.mybluehostin.me 10.36.254.103
74.7.227.158 - - [19/Aug/2026:12:11:02 -0600] "GET /sitemap_index.xml?filesrc=//var/run/systemd/generator/local-fs.target.wants/systemd-fsck-root.service&path=//var/run/systemd/generator/local-fs.target.wants HTTP/2.0" 200 2153 "https://smileparadisedentals.com/sitemap_index.xml?path=//var/run/systemd/generator/local-fs.target.wants" "Mozilla/5.0 AppleWebKit/537.36 (KHTML, like Gecko; compatible; GPTBot/1.4; +https://openai.com/gptbot)" smileparadisedentals.com 10.36.254.103
74.7.241.33 - - [19/Aug/2026:12:11:03 -0600] "GET /?filesrc=//bin/tiffcp&path=//bin HTTP/1.1" 200 136060 "https://smileparadisedentals.faz.zew.mybluehostin.me/?path=//bin" "Mozilla/5.0 AppleWebKit/537.36 (KHTML, like Gecko; compatible; GPTBot/1.4; +https://openai.com/gptbot)" smileparadisedentals.faz.zew.mybluehostin.me 10.36.254.103
74.7.241.33 - - [19/Aug/2026:12:11:03 -0600] "GET /?filesrc=//bin/tiffcp&path=//bin HTTP/2.0" 200 136060 "https://smileparadisedentals.faz.zew.mybluehostin.me/?path=//bin" "Mozilla/5.0 AppleWebKit/537.36 (KHTML, like Gecko; compatible; GPTBot/1.4; +https://openai.com/gptbot)" smileparadisedentals.faz.zew.mybluehostin.me 10.36.254.103
74.7.227.158 - - [19/Aug/2026:12:11:04 -0600] "GET /sitemap_index.xml?path=//var/lib/sss/mc HTTP/1.1" 200 1764 "https://smileparadisedentals.com/sitemap_index.xml?path=//var/lib/sss" "Mozilla/5.0 AppleWebKit/537.36 (KHTML, like Gecko; compatible; GPTBot/1.4; +https://openai.com/gptbot)" smileparadisedentals.com 10.36.254.103
74.7.227.158 - - [19/Aug/2026:12:11:04 -0600] "GET /sitemap_index.xml?path=//var/lib/sss/mc HTTP/2.0" 200 1764 "https://smileparadisedentals.com/sitemap_index.xml?path=//var/lib/sss" "Mozilla/5.0 AppleWebKit/537.36 (KHTML, like Gecko; compatible; GPTBot/1.4; +https://openai.com/gptbot)" smileparadisedentals.com 10.36.254.103
74.7.241.33 - - [19/Aug/2026:12:11:05 -0600] "GET /?filesrc=//bin/script&path=//bin HTTP/1.1" 200 139215 "https://smileparadisedentals.faz.zew.mybluehostin.me/?path=//bin" "Mozilla/5.0 AppleWebKit/537.36 (KHTML, like Gecko; compatible; GPTBot/1.4; +https://openai.com/gptbot)" smileparadisedentals.faz.zew.mybluehostin.me 10.36.254.103
74.7.241.33 - - [19/Aug/2026:12:11:05 -0600] "GET /?filesrc=//bin/script&path=//bin HTTP/2.0" 200 139215 "https://smileparadisedentals.faz.zew.mybluehostin.me/?path=//bin" "Mozilla/5.0 AppleWebKit/537.36 (KHTML, like Gecko; compatible; GPTBot/1.4; +https://openai.com/gptbot)" smileparadisedentals.faz.zew.mybluehostin.me 10.36.254.103
74.7.227.158 - - [19/Aug/2026:12:11:06 -0600] "GET /sitemap_index.xml?path=//var/lib/sss/db HTTP/1.1" 200 1802 "https://smileparadisedentals.com/sitemap_index.xml?path=//var/lib/sss" "Mozilla/5.0 AppleWebKit/537.36 (KHTML, like Gecko; compatible; GPTBot/1.4; +https://openai.com/gptbot)" smileparadisedentals.com 10.36.254.103
74.7.227.158 - - [19/Aug/2026:12:11:06 -0600] "GET /sitemap_index.xml?path=//var/lib/sss/db HTTP/2.0" 200 1802 "https://smileparadisedentals.com/sitemap_index.xml?path=//var/lib/sss" "Mozilla/5.0 AppleWebKit/537.36 (KHTML, like Gecko; compatible; GPTBot/1.4; +https://openai.com/gptbot)" smileparadisedentals.com 10.36.254.103
74.7.241.33 - - [19/Aug/2026:12:11:07 -0600] "GET /?filesrc=//bin/printf&path=//bin HTTP/1.1" 200 139105 "https://smileparadisedentals.faz.zew.mybluehostin.me/?path=//bin" "Mozilla/5.0 AppleWebKit/537.36 (KHTML, like Gecko; compatible; GPTBot/1.4; +https://openai.com/gptbot)" smileparadisedentals.faz.zew.mybluehostin.me 10.36.254.103
74.7.241.33 - - [19/Aug/2026:12:11:07 -0600] "GET /?filesrc=//bin/printf&path=//bin HTTP/2.0" 200 139105 "https://smileparadisedentals.faz.zew.mybluehostin.me/?path=//bin" "Mozilla/5.0 AppleWebKit/537.36 (KHTML, like Gecko; compatible; GPTBot/1.4; +https://openai.com/gptbot)" smileparadisedentals.faz.zew.mybluehostin.me 10.36.254.103
74.7.227.158 - - [19/Aug/2026:12:11:08 -0600] "GET /sitemap_index.xml?filesrc=//var/run/systemd/generator/local-fs.target.requires/var-lib-mysql.mount&path=//var/run/systemd/generator/local-fs.target.requires HTTP/2.0" 200 1952 "https://smileparadisedentals.com/sitemap_index.xml?path=//var/run/systemd/generator/local-fs.target.requires" "Mozilla/5.0 AppleWebKit/537.36 (KHTML, like Gecko; compatible; GPTBot/1.4; +https://openai.com/gptbot)" smileparadisedentals.com 10.36.254.103
74.7.227.158 - - [19/Aug/2026:12:11:08 -0600] "GET /sitemap_index.xml?path=//var/lib/nfs HTTP/1.1" 200 2036 "https://smileparadisedentals.com/sitemap_index.xml?path=//var/lib" "Mozilla/5.0 AppleWebKit/537.36 (KHTML, like Gecko; compatible; GPTBot/1.4; +https://openai.com/gptbot)" smileparadisedentals.com 10.36.254.103
74.7.227.158 - - [19/Aug/2026:12:11:08 -0600] "GET /sitemap_index.xml?path=//var/lib/nfs HTTP/2.0" 200 2036 "https://smileparadisedentals.com/sitemap_index.xml?path=//var/lib" "Mozilla/5.0 AppleWebKit/537.36 (KHTML, like Gecko; compatible; GPTBot/1.4; +https://openai.com/gptbot)" smileparadisedentals.com 10.36.254.103
74.7.241.33 - - [19/Aug/2026:12:11:08 -0600] "GET /?filesrc=//bin/csplit&path=//bin HTTP/1.1" 200 171096 "https://smileparadisedentals.faz.zew.mybluehostin.me/?path=//bin" "Mozilla/5.0 AppleWebKit/537.36 (KHTML, like Gecko; compatible; GPTBot/1.4; +https://openai.com/gptbot)" smileparadisedentals.faz.zew.mybluehostin.me 10.36.254.103
74.7.241.33 - - [19/Aug/2026:12:11:08 -0600] "GET /?filesrc=//bin/csplit&path=//bin HTTP/2.0" 200 171096 "https://smileparadisedentals.faz.zew.mybluehostin.me/?path=//bin" "Mozilla/5.0 AppleWebKit/537.36 (KHTML, like Gecko; compatible; GPTBot/1.4; +https://openai.com/gptbot)" smileparadisedentals.faz.zew.mybluehostin.me 10.36.254.103
74.7.227.158 - - [19/Aug/2026:12:11:09 -0600] "GET /sitemap_index.xml?path=//var/lib/sss/pipes/private HTTP/1.1" 200 1829 "https://smileparadisedentals.com/sitemap_index.xml?path=//var/lib/sss/pipes" "Mozilla/5.0 AppleWebKit/537.36 (KHTML, like Gecko; compatible; GPTBot/1.4; +https://openai.com/gptbot)" smileparadisedentals.com 10.36.254.103
74.7.227.158 - - [19/Aug/2026:12:11:09 -0600] "GET /sitemap_index.xml?path=//var/lib/sss/pipes/private HTTP/2.0" 200 1829 "https://smileparadisedentals.com/sitemap_index.xml?path=//var/lib/sss/pipes" "Mozilla/5.0 AppleWebKit/537.36 (KHTML, like Gecko; compatible; GPTBot/1.4; +https://openai.com/gptbot)" smileparadisedentals.com 10.36.254.103
74.7.241.33 - - [19/Aug/2026:12:11:09 -0600] "GET /?filesrc=//bin/splain&path=//bin HTTP/1.1" 200 128640 "https://smileparadisedentals.faz.zew.mybluehostin.me/?path=//bin" "Mozilla/5.0 AppleWebKit/537.36 (KHTML, like Gecko; compatible; GPTBot/1.4; +https://openai.com/gptbot)" smileparadisedentals.faz.zew.mybluehostin.me 10.36.254.103
74.7.241.33 - - [19/Aug/2026:12:11:09 -0600] "GET /?filesrc=//bin/splain&path=//bin HTTP/2.0" 200 128640 "https://smileparadisedentals.faz.zew.mybluehostin.me/?path=//bin" "Mozilla/5.0 AppleWebKit/537.36 (KHTML, like Gecko; compatible; GPTBot/1.4; +https://openai.com/gptbot)" smileparadisedentals.faz.zew.mybluehostin.me 10.36.254.103
74.7.227.158 - - [19/Aug/2026:12:11:10 -0600] "GET /sitemap_index.xml?path=//var/lib/dnf HTTP/1.1" 200 2095 "https://smileparadisedentals.com/sitemap_index.xml?path=//var/lib" "Mozilla/5.0 AppleWebKit/537.36 (KHTML, like Gecko; compatible; GPTBot/1.4; +https://openai.com/gptbot)" smileparadisedentals.com 10.36.254.103
74.7.227.158 - - [19/Aug/2026:12:11:10 -0600] "GET /sitemap_index.xml?path=//var/lib/dnf HTTP/2.0" 200 2095 "https://smileparadisedentals.com/sitemap_index.xml?path=//var/lib" "Mozilla/5.0 AppleWebKit/537.36 (KHTML, like Gecko; compatible; GPTBot/1.4; +https://openai.com/gptbot)" smileparadisedentals.com 10.36.254.103
74.7.241.33 - - [19/Aug/2026:12:11:10 -0600] "GET /?filesrc=//bin/ipcalc&path=//bin HTTP/1.1" 200 139432 "https://smileparadisedentals.faz.zew.mybluehostin.me/?path=//bin" "Mozilla/5.0 AppleWebKit/537.36 (KHTML, like Gecko; compatible; GPTBot/1.4; +https://openai.com/gptbot)" smileparadisedentals.faz.zew.mybluehostin.me 10.36.254.103
74.7.241.33 - - [19/Aug/2026:12:11:10 -0600] "GET /?filesrc=//bin/ipcalc&path=//bin HTTP/2.0" 200 139432 "https://smileparadisedentals.faz.zew.mybluehostin.me/?path=//bin" "Mozilla/5.0 AppleWebKit/537.36 (KHTML, like Gecko; compatible; GPTBot/1.4; +https://openai.com/gptbot)" smileparadisedentals.faz.zew.mybluehostin.me 10.36.254.103
74.7.227.158 - - [19/Aug/2026:12:11:12 -0600] "GET /sitemap_index.xml?path=//var/db/nscd HTTP/1.1" 200 2092 "https://smileparadisedentals.com/sitemap_index.xml?path=//var/db" "Mozilla/5.0 AppleWebKit/537.36 (KHTML, like Gecko; compatible; GPTBot/1.4; +https://openai.com/gptbot)" smileparadisedentals.com 10.36.254.103
74.7.227.158 - - [19/Aug/2026:12:11:12 -0600] "GET /sitemap_index.xml?path=//var/db/nscd HTTP/2.0" 200 2092 "https://smileparadisedentals.com/sitemap_index.xml?path=//var/db" "Mozilla/5.0 AppleWebKit/537.36 (KHTML, like Gecko; compatible; GPTBot/1.4; +https://openai.com/gptbot)" smileparadisedentals.com 10.36.254.103
74.7.241.33 - - [19/Aug/2026:12:11:12 -0600] "GET /?filesrc=//bin/lchfn&path=//bin HTTP/1.1" 200 126610 "https://smileparadisedentals.faz.zew.mybluehostin.me/?path=//bin" "Mozilla/5.0 AppleWebKit/537.36 (KHTML, like Gecko; compatible; GPTBot/1.4; +https://openai.com/gptbot)" smileparadisedentals.faz.zew.mybluehostin.me 10.36.254.103
74.7.241.33 - - [19/Aug/2026:12:11:12 -0600] "GET /?filesrc=//bin/lchfn&path=//bin HTTP/2.0" 200 126610 "https://smileparadisedentals.faz.zew.mybluehostin.me/?path=//bin" "Mozilla/5.0 AppleWebKit/537.36 (KHTML, like Gecko; compatible; GPTBot/1.4; +https://openai.com/gptbot)" smileparadisedentals.faz.zew.mybluehostin.me 10.36.254.103
74.7.227.158 - - [19/Aug/2026:12:11:13 -0600] "GET /sitemap_index.xml?filesrc=//scripts/run_if_exists&path=//scripts HTTP/1.1" 200 1899 "https://smileparadisedentals.com/sitemap_index.xml?path=//scripts" "Mozilla/5.0 AppleWebKit/537.36 (KHTML, like Gecko; compatible; GPTBot/1.4; +https://openai.com/gptbot)" smileparadisedentals.com 10.36.254.103
74.7.227.158 - - [19/Aug/2026:12:11:13 -0600] "GET /sitemap_index.xml?filesrc=//scripts/run_if_exists&path=//scripts HTTP/2.0" 200 1899 "https://smileparadisedentals.com/sitemap_index.xml?path=//scripts" "Mozilla/5.0 AppleWebKit/537.36 (KHTML, like Gecko; compatible; GPTBot/1.4; +https://openai.com/gptbot)" smileparadisedentals.com 10.36.254.103
74.7.241.33 - - [19/Aug/2026:12:11:14 -0600] "GET /?filesrc=//bin/strip&path=//bin HTTP/1.1" 200 200192 "https://smileparadisedentals.faz.zew.mybluehostin.me/?path=//bin" "Mozilla/5.0 AppleWebKit/537.36 (KHTML, like Gecko; compatible; GPTBot/1.4; +https://openai.com/gptbot)" smileparadisedentals.faz.zew.mybluehostin.me 10.36.254.103
74.7.241.33 - - [19/Aug/2026:12:11:13 -0600] "GET /?filesrc=//bin/strip&path=//bin HTTP/2.0" 200 200192 "https://smileparadisedentals.faz.zew.mybluehostin.me/?path=//bin" "Mozilla/5.0 AppleWebKit/537.36 (KHTML, like Gecko; compatible; GPTBot/1.4; +https://openai.com/gptbot)" smileparadisedentals.faz.zew.mybluehostin.me 10.36.254.103
74.7.227.158 - - [19/Aug/2026:12:11:14 -0600] "GET /sitemap_index.xml?path=//var/db/sudo HTTP/1.1" 200 1792 "https://smileparadisedentals.com/sitemap_index.xml?path=//var/db" "Mozilla/5.0 AppleWebKit/537.36 (KHTML, like Gecko; compatible; GPTBot/1.4; +https://openai.com/gptbot)" smileparadisedentals.com 10.36.254.103
74.7.241.33 - - [19/Aug/2026:12:11:14 -0600] "GET /?filesrc=//bin/sleep&path=//bin HTTP/1.1" 200 131075 "https://smileparadisedentals.faz.zew.mybluehostin.me/?path=//bin" "Mozilla/5.0 AppleWebKit/537.36 (KHTML, like Gecko; compatible; GPTBot/1.4; +https://openai.com/gptbot)" smileparadisedentals.faz.zew.mybluehostin.me 10.36.254.103
74.7.227.158 - - [19/Aug/2026:12:11:14 -0600] "GET /sitemap_index.xml?path=//var/db/sudo HTTP/2.0" 200 1792 "https://smileparadisedentals.com/sitemap_index.xml?path=//var/db" "Mozilla/5.0 AppleWebKit/537.36 (KHTML, like Gecko; compatible; GPTBot/1.4; +https://openai.com/gptbot)" smileparadisedentals.com 10.36.254.103
74.7.241.33 - - [19/Aug/2026:12:11:14 -0600] "GET /?filesrc=//bin/sleep&path=//bin HTTP/2.0" 200 131075 "https://smileparadisedentals.faz.zew.mybluehostin.me/?path=//bin" "Mozilla/5.0 AppleWebKit/537.36 (KHTML, like Gecko; compatible; GPTBot/1.4; +https://openai.com/gptbot)" smileparadisedentals.faz.zew.mybluehostin.me 10.36.254.103
74.7.227.158 - - [19/Aug/2026:12:11:16 -0600] "GET /sitemap_index.xml?path=//var/log HTTP/1.1" 200 9377 "https://smileparadisedentals.com/sitemap_index.xml?path=//var" "Mozilla/5.0 AppleWebKit/537.36 (KHTML, like Gecko; compatible; GPTBot/1.4; +https://openai.com/gptbot)" smileparadisedentals.com 10.36.254.103
74.7.227.158 - - [19/Aug/2026:12:11:16 -0600] "GET /sitemap_index.xml?path=//var/log HTTP/2.0" 200 9377 "https://smileparadisedentals.com/sitemap_index.xml?path=//var" "Mozilla/5.0 AppleWebKit/537.36 (KHTML, like Gecko; compatible; GPTBot/1.4; +https://openai.com/gptbot)" smileparadisedentals.com 10.36.254.103
74.7.241.33 - - [19/Aug/2026:12:11:16 -0600] "GET /?filesrc=//bin/ispell&path=//bin HTTP/1.1" 200 120270 "https://smileparadisedentals.faz.zew.mybluehostin.me/?path=//bin" "Mozilla/5.0 AppleWebKit/537.36 (KHTML, like Gecko; compatible; GPTBot/1.4; +https://openai.com/gptbot)" smileparadisedentals.faz.zew.mybluehostin.me 10.36.254.103
74.7.241.33 - - [19/Aug/2026:12:11:16 -0600] "GET /?filesrc=//bin/ispell&path=//bin HTTP/2.0" 200 120270 "https://smileparadisedentals.faz.zew.mybluehostin.me/?path=//bin" "Mozilla/5.0 AppleWebKit/537.36 (KHTML, like Gecko; compatible; GPTBot/1.4; +https://openai.com/gptbot)" smileparadisedentals.faz.zew.mybluehostin.me 10.36.254.103
74.7.227.158 - - [19/Aug/2026:12:11:17 -0600] "GET /sitemap_index.xml?path=//var/cache HTTP/1.1" 200 2246 "https://smileparadisedentals.com/sitemap_index.xml?path=//var" "Mozilla/5.0 AppleWebKit/537.36 (KHTML, like Gecko; compatible; GPTBot/1.4; +https://openai.com/gptbot)" smileparadisedentals.com 10.36.254.103
74.7.227.158 - - [19/Aug/2026:12:11:17 -0600] "GET /sitemap_index.xml?path=//var/cache HTTP/2.0" 200 2246 "https://smileparadisedentals.com/sitemap_index.xml?path=//var" "Mozilla/5.0 AppleWebKit/537.36 (KHTML, like Gecko; compatible; GPTBot/1.4; +https://openai.com/gptbot)" smileparadisedentals.com 10.36.254.103
74.7.241.33 - - [19/Aug/2026:12:11:17 -0600] "GET /?filesrc=//bin/snice&path=//bin HTTP/1.1" 200 129959 "https://smileparadisedentals.faz.zew.mybluehostin.me/?path=//bin" "Mozilla/5.0 AppleWebKit/537.36 (KHTML, like Gecko; compatible; GPTBot/1.4; +https://openai.com/gptbot)" smileparadisedentals.faz.zew.mybluehostin.me 10.36.254.103
74.7.241.33 - - [19/Aug/2026:12:11:17 -0600] "GET /?filesrc=//bin/snice&path=//bin HTTP/2.0" 200 129959 "https://smileparadisedentals.faz.zew.mybluehostin.me/?path=//bin" "Mozilla/5.0 AppleWebKit/537.36 (KHTML, like Gecko; compatible; GPTBot/1.4; +https://openai.com/gptbot)" smileparadisedentals.faz.zew.mybluehostin.me 10.36.254.103
74.7.227.158 - - [19/Aug/2026:12:11:18 -0600] "GET /sitemap_index.xml?path=//var/spool HTTP/1.1" 200 2262 "https://smileparadisedentals.com/sitemap_index.xml?path=//var" "Mozilla/5.0 AppleWebKit/537.36 (KHTML, like Gecko; compatible; GPTBot/1.4; +https://openai.com/gptbot)" smileparadisedentals.com 10.36.254.103
74.7.227.158 - - [19/Aug/2026:12:11:18 -0600] "GET /sitemap_index.xml?path=//var/spool HTTP/2.0" 200 2262 "https://smileparadisedentals.com/sitemap_index.xml?path=//var" "Mozilla/5.0 AppleWebKit/537.36 (KHTML, like Gecko; compatible; GPTBot/1.4; +https://openai.com/gptbot)" smileparadisedentals.com 10.36.254.103
74.7.227.158 - - [19/Aug/2026:12:11:18 -0600] "GET /sitemap_index.xml?path=//var/empty HTTP/1.1" 200 1746 "https://smileparadisedentals.com/sitemap_index.xml?path=//var" "Mozilla/5.0 AppleWebKit/537.36 (KHTML, like Gecko; compatible; GPTBot/1.4; +https://openai.com/gptbot)" smileparadisedentals.com 10.36.254.103
74.7.227.158 - - [19/Aug/2026:12:11:18 -0600] "GET /sitemap_index.xml?path=//var/empty HTTP/2.0" 200 1746 "https://smileparadisedentals.com/sitemap_index.xml?path=//var" "Mozilla/5.0 AppleWebKit/537.36 (KHTML, like Gecko; compatible; GPTBot/1.4; +https://openai.com/gptbot)" smileparadisedentals.com 10.36.254.103
74.7.241.33 - - [19/Aug/2026:12:11:18 -0600] "GET /?filesrc=//bin/alpine&path=//bin HTTP/1.1" 200 2619289 "https://smileparadisedentals.faz.zew.mybluehostin.me/?path=//bin" "Mozilla/5.0 AppleWebKit/537.36 (KHTML, like Gecko; compatible; GPTBot/1.4; +https://openai.com/gptbot)" smileparadisedentals.faz.zew.mybluehostin.me 10.36.254.103
74.7.241.33 - - [19/Aug/2026:12:11:18 -0600] "GET /?filesrc=//bin/alpine&path=//bin HTTP/2.0" 200 2619289 "https://smileparadisedentals.faz.zew.mybluehostin.me/?path=//bin" "Mozilla/5.0 AppleWebKit/537.36 (KHTML, like Gecko; compatible; GPTBot/1.4; +https://openai.com/gptbot)" smileparadisedentals.faz.zew.mybluehostin.me 10.36.254.103
74.7.227.158 - - [19/Aug/2026:12:11:19 -0600] "GET /sitemap_index.xml?path=//var/games HTTP/1.1" 200 1746 "https://smileparadisedentals.com/sitemap_index.xml?path=//var" "Mozilla/5.0 AppleWebKit/537.36 (KHTML, like Gecko; compatible; GPTBot/1.4; +https://openai.com/gptbot)" smileparadisedentals.com 10.36.254.103
74.7.227.158 - - [19/Aug/2026:12:11:19 -0600] "GET /sitemap_index.xml?path=//var/games HTTP/2.0" 200 1746 "https://smileparadisedentals.com/sitemap_index.xml?path=//var" "Mozilla/5.0 AppleWebKit/537.36 (KHTML, like Gecko; compatible; GPTBot/1.4; +https://openai.com/gptbot)" smileparadisedentals.com 10.36.254.103
74.7.227.158 - - [19/Aug/2026:12:11:20 -0600] "GET /sitemap_index.xml?path=//var/lib/nfs/v4recovery HTTP/1.1" 200 1778 "https://smileparadisedentals.com/sitemap_index.xml?path=//var/lib/nfs" "Mozilla/5.0 AppleWebKit/537.36 (KHTML, like Gecko; compatible; GPTBot/1.4; +https://openai.com/gptbot)" smileparadisedentals.com 10.36.254.103
74.7.227.158 - - [19/Aug/2026:12:11:20 -0600] "GET /sitemap_index.xml?path=//var/lib/nfs/v4recovery HTTP/2.0" 200 1778 "https://smileparadisedentals.com/sitemap_index.xml?path=//var/lib/nfs" "Mozilla/5.0 AppleWebKit/537.36 (KHTML, like Gecko; compatible; GPTBot/1.4; +https://openai.com/gptbot)" smileparadisedentals.com 10.36.254.103
74.7.241.33 - - [19/Aug/2026:12:11:20 -0600] "GET /?filesrc=//bin/uname26&path=//bin HTTP/1.1" 200 126671 "https://smileparadisedentals.faz.zew.mybluehostin.me/?path=//bin" "Mozilla/5.0 AppleWebKit/537.36 (KHTML, like Gecko; compatible; GPTBot/1.4; +https://openai.com/gptbot)" smileparadisedentals.faz.zew.mybluehostin.me 10.36.254.103
74.7.241.33 - - [19/Aug/2026:12:11:20 -0600] "GET /?filesrc=//bin/uname26&path=//bin HTTP/2.0" 200 126671 "https://smileparadisedentals.faz.zew.mybluehostin.me/?path=//bin" "Mozilla/5.0 AppleWebKit/537.36 (KHTML, like Gecko; compatible; GPTBot/1.4; +https://openai.com/gptbot)" smileparadisedentals.faz.zew.mybluehostin.me 10.36.254.103
74.7.227.158 - - [19/Aug/2026:12:11:21 -0600] "GET /sitemap_index.xml?path=//var/lib/nfs/statd HTTP/1.1" 200 1810 "https://smileparadisedentals.com/sitemap_index.xml?path=//var/lib/nfs" "Mozilla/5.0 AppleWebKit/537.36 (KHTML, like Gecko; compatible; GPTBot/1.4; +https://openai.com/gptbot)" smileparadisedentals.com 10.36.254.103
74.7.227.158 - - [19/Aug/2026:12:11:21 -0600] "GET /sitemap_index.xml?path=//var/lib/nfs/statd HTTP/2.0" 200 1810 "https://smileparadisedentals.com/sitemap_index.xml?path=//var/lib/nfs" "Mozilla/5.0 AppleWebKit/537.36 (KHTML, like Gecko; compatible; GPTBot/1.4; +https://openai.com/gptbot)" smileparadisedentals.com 10.36.254.103
74.7.241.33 - - [19/Aug/2026:12:11:21 -0600] "GET /?filesrc=//bin/jsonpointer-3.9&path=//bin HTTP/1.1" 200 120644 "https://smileparadisedentals.faz.zew.mybluehostin.me/?path=//bin" "Mozilla/5.0 AppleWebKit/537.36 (KHTML, like Gecko; compatible; GPTBot/1.4; +https://openai.com/gptbot)" smileparadisedentals.faz.zew.mybluehostin.me 10.36.254.103
74.7.241.33 - - [19/Aug/2026:12:11:21 -0600] "GET /?filesrc=//bin/jsonpointer-3.9&path=//bin HTTP/2.0" 200 120644 "https://smileparadisedentals.faz.zew.mybluehostin.me/?path=//bin" "Mozilla/5.0 AppleWebKit/537.36 (KHTML, like Gecko; compatible; GPTBot/1.4; +https://openai.com/gptbot)" smileparadisedentals.faz.zew.mybluehostin.me 10.36.254.103
74.7.227.158 - - [19/Aug/2026:12:11:22 -0600] "GET /sitemap_index.xml?path=//var/lib/nfs/rpc_pipefs HTTP/1.1" 200 2144 "https://smileparadisedentals.com/sitemap_index.xml?path=//var/lib/nfs" "Mozilla/5.0 AppleWebKit/537.36 (KHTML, like Gecko; compatible; GPTBot/1.4; +https://openai.com/gptbot)" smileparadisedentals.com 10.36.254.103
74.7.227.158 - - [19/Aug/2026:12:11:22 -0600] "GET /sitemap_index.xml?path=//var/lib/nfs/rpc_pipefs HTTP/2.0" 200 2144 "https://smileparadisedentals.com/sitemap_index.xml?path=//var/lib/nfs" "Mozilla/5.0 AppleWebKit/537.36 (KHTML, like Gecko; compatible; GPTBot/1.4; +https://openai.com/gptbot)" smileparadisedentals.com 10.36.254.103
74.7.241.33 - - [19/Aug/2026:12:11:23 -0600] "GET /?filesrc=//bin/pydoc3&path=//bin HTTP/1.1" 200 119728 "https://smileparadisedentals.faz.zew.mybluehostin.me/?path=//bin" "Mozilla/5.0 AppleWebKit/537.36 (KHTML, like Gecko; compatible; GPTBot/1.4; +https://openai.com/gptbot)" smileparadisedentals.faz.zew.mybluehostin.me 10.36.254.103
74.7.241.33 - - [19/Aug/2026:12:11:23 -0600] "GET /?filesrc=//bin/pydoc3&path=//bin HTTP/2.0" 200 119728 "https://smileparadisedentals.faz.zew.mybluehostin.me/?path=//bin" "Mozilla/5.0 AppleWebKit/537.36 (KHTML, like Gecko; compatible; GPTBot/1.4; +https://openai.com/gptbot)" smileparadisedentals.faz.zew.mybluehostin.me 10.36.254.103
74.7.227.158 - - [19/Aug/2026:12:11:24 -0600] "GET /sitemap_index.xml?path=//var/lib/dnf/repos HTTP/1.1" 200 2301 "https://smileparadisedentals.com/sitemap_index.xml?path=//var/lib/dnf" "Mozilla/5.0 AppleWebKit/537.36 (KHTML, like Gecko; compatible; GPTBot/1.4; +https://openai.com/gptbot)" smileparadisedentals.com 10.36.254.103
74.7.227.158 - - [19/Aug/2026:12:11:24 -0600] "GET /sitemap_index.xml?path=//var/lib/dnf/repos HTTP/2.0" 200 2301 "https://smileparadisedentals.com/sitemap_index.xml?path=//var/lib/dnf" "Mozilla/5.0 AppleWebKit/537.36 (KHTML, like Gecko; compatible; GPTBot/1.4; +https://openai.com/gptbot)" smileparadisedentals.com 10.36.254.103
74.7.241.33 - - [19/Aug/2026:12:11:25 -0600] "GET /?filesrc=//bin/gml2gv&path=//bin HTTP/1.1" 200 135817 "https://smileparadisedentals.faz.zew.mybluehostin.me/?path=//bin" "Mozilla/5.0 AppleWebKit/537.36 (KHTML, like Gecko; compatible; GPTBot/1.4; +https://openai.com/gptbot)" smileparadisedentals.faz.zew.mybluehostin.me 10.36.254.103
74.7.241.33 - - [19/Aug/2026:12:11:25 -0600] "GET /?filesrc=//bin/gml2gv&path=//bin HTTP/2.0" 200 135817 "https://smileparadisedentals.faz.zew.mybluehostin.me/?path=//bin" "Mozilla/5.0 AppleWebKit/537.36 (KHTML, like Gecko; compatible; GPTBot/1.4; +https://openai.com/gptbot)" smileparadisedentals.faz.zew.mybluehostin.me 10.36.254.103
74.7.227.158 - - [19/Aug/2026:12:11:26 -0600] "GET /sitemap_index.xml?path=//var/crash HTTP/1.1" 200 1746 "https://smileparadisedentals.com/sitemap_index.xml?path=//var" "Mozilla/5.0 AppleWebKit/537.36 (KHTML, like Gecko; compatible; GPTBot/1.4; +https://openai.com/gptbot)" smileparadisedentals.com 10.36.254.103
74.7.227.158 - - [19/Aug/2026:12:11:26 -0600] "GET /sitemap_index.xml?path=//var/crash HTTP/2.0" 200 1746 "https://smileparadisedentals.com/sitemap_index.xml?path=//var" "Mozilla/5.0 AppleWebKit/537.36 (KHTML, like Gecko; compatible; GPTBot/1.4; +https://openai.com/gptbot)" smileparadisedentals.com 10.36.254.103
74.7.241.33 - - [19/Aug/2026:12:11:26 -0600] "GET /?filesrc=//bin/md5sum&path=//bin HTTP/1.1" 200 134709 "https://smileparadisedentals.faz.zew.mybluehostin.me/?path=//bin" "Mozilla/5.0 AppleWebKit/537.36 (KHTML, like Gecko; compatible; GPTBot/1.4; +https://openai.com/gptbot)" smileparadisedentals.faz.zew.mybluehostin.me 10.36.254.103
74.7.241.33 - - [19/Aug/2026:12:11:26 -0600] "GET /?filesrc=//bin/md5sum&path=//bin HTTP/2.0" 200 134709 "https://smileparadisedentals.faz.zew.mybluehostin.me/?path=//bin" "Mozilla/5.0 AppleWebKit/537.36 (KHTML, like Gecko; compatible; GPTBot/1.4; +https://openai.com/gptbot)" smileparadisedentals.faz.zew.mybluehostin.me 10.36.254.103
74.7.227.158 - - [19/Aug/2026:12:11:28 -0600] "GET /sitemap_index.xml?path=//var/run/chkservd/restart_track HTTP/1.1" 200 1838 "https://smileparadisedentals.com/sitemap_index.xml?path=//var/run/chkservd" "Mozilla/5.0 AppleWebKit/537.36 (KHTML, like Gecko; compatible; GPTBot/1.4; +https://openai.com/gptbot)" smileparadisedentals.com 10.36.254.103
74.7.227.158 - - [19/Aug/2026:12:11:28 -0600] "GET /sitemap_index.xml?path=//var/run/chkservd/restart_track HTTP/2.0" 200 1838 "https://smileparadisedentals.com/sitemap_index.xml?path=//var/run/chkservd" "Mozilla/5.0 AppleWebKit/537.36 (KHTML, like Gecko; compatible; GPTBot/1.4; +https://openai.com/gptbot)" smileparadisedentals.com 10.36.254.103
74.7.241.33 - - [19/Aug/2026:12:11:28 -0600] "GET /?filesrc=//bin/gv2gml&path=//bin HTTP/1.1" 200 127871 "https://smileparadisedentals.faz.zew.mybluehostin.me/?path=//bin" "Mozilla/5.0 AppleWebKit/537.36 (KHTML, like Gecko; compatible; GPTBot/1.4; +https://openai.com/gptbot)" smileparadisedentals.faz.zew.mybluehostin.me 10.36.254.103
74.7.241.33 - - [19/Aug/2026:12:11:28 -0600] "GET /?filesrc=//bin/gv2gml&path=//bin HTTP/2.0" 200 127871 "https://smileparadisedentals.faz.zew.mybluehostin.me/?path=//bin" "Mozilla/5.0 AppleWebKit/537.36 (KHTML, like Gecko; compatible; GPTBot/1.4; +https://openai.com/gptbot)" smileparadisedentals.faz.zew.mybluehostin.me 10.36.254.103
74.7.227.158 - - [19/Aug/2026:12:11:30 -0600] "GET /sitemap_index.xml?path=//var/log/samba HTTP/1.1" 200 1795 "https://smileparadisedentals.com/sitemap_index.xml?path=//var/log" "Mozilla/5.0 AppleWebKit/537.36 (KHTML, like Gecko; compatible; GPTBot/1.4; +https://openai.com/gptbot)" smileparadisedentals.com 10.36.254.103
74.7.227.158 - - [19/Aug/2026:12:11:30 -0600] "GET /sitemap_index.xml?path=//var/log/samba HTTP/2.0" 200 1795 "https://smileparadisedentals.com/sitemap_index.xml?path=//var/log" "Mozilla/5.0 AppleWebKit/537.36 (KHTML, like Gecko; compatible; GPTBot/1.4; +https://openai.com/gptbot)" smileparadisedentals.com 10.36.254.103
74.7.241.33 - - [19/Aug/2026:12:11:32 -0600] "GET /?filesrc=//bin/gv2gxl&path=//bin HTTP/1.1" 200 135343 "https://smileparadisedentals.faz.zew.mybluehostin.me/?path=//bin" "Mozilla/5.0 AppleWebKit/537.36 (KHTML, like Gecko; compatible; GPTBot/1.4; +https://openai.com/gptbot)" smileparadisedentals.faz.zew.mybluehostin.me 10.36.254.103
74.7.241.33 - - [19/Aug/2026:12:11:31 -0600] "GET /?filesrc=//bin/gv2gxl&path=//bin HTTP/2.0" 200 135343 "https://smileparadisedentals.faz.zew.mybluehostin.me/?path=//bin" "Mozilla/5.0 AppleWebKit/537.36 (KHTML, like Gecko; compatible; GPTBot/1.4; +https://openai.com/gptbot)" smileparadisedentals.faz.zew.mybluehostin.me 10.36.254.103
74.7.227.158 - - [19/Aug/2026:12:11:33 -0600] "GET /sitemap_index.xml?filesrc=//var/log/purge_domlogs.log.2&path=//var/log HTTP/2.0" 200 1596 "https://smileparadisedentals.com/sitemap_index.xml?path=//var/log" "Mozilla/5.0 AppleWebKit/537.36 (KHTML, like Gecko; compatible; GPTBot/1.4; +https://openai.com/gptbot)" smileparadisedentals.com 10.36.254.103
74.7.241.33 - - [19/Aug/2026:12:11:34 -0600] "GET /?filesrc=//bin/h5dump&path=//bin HTTP/1.1" 200 224553 "https://smileparadisedentals.faz.zew.mybluehostin.me/?path=//bin" "Mozilla/5.0 AppleWebKit/537.36 (KHTML, like Gecko; compatible; GPTBot/1.4; +https://openai.com/gptbot)" smileparadisedentals.faz.zew.mybluehostin.me 10.36.254.103
74.7.241.33 - - [19/Aug/2026:12:11:34 -0600] "GET /?filesrc=//bin/h5dump&path=//bin HTTP/2.0" 200 224553 "https://smileparadisedentals.faz.zew.mybluehostin.me/?path=//bin" "Mozilla/5.0 AppleWebKit/537.36 (KHTML, like Gecko; compatible; GPTBot/1.4; +https://openai.com/gptbot)" smileparadisedentals.faz.zew.mybluehostin.me 10.36.254.103
162.214.80.130 - - [19/Aug/2026:12:11:37 -0600] "POST /wp-cron.php?doing_wp_cron=1787163097.4069221019744873046875 HTTP/1.1" 200 - "-" "WordPress/7.0.4; https://smileparadisedentals.com" smileparadisedentals.com 10.36.254.103
74.7.227.158 - - [19/Aug/2026:12:11:35 -0600] "GET /sitemap_index.xml?path=//var/spool/nxlog HTTP/1.1" 200 1800 "https://smileparadisedentals.com/sitemap_index.xml?path=//var/spool" "Mozilla/5.0 AppleWebKit/537.36 (KHTML, like Gecko; compatible; GPTBot/1.4; +https://openai.com/gptbot)" smileparadisedentals.com 10.36.254.103
74.7.227.158 - - [19/Aug/2026:12:11:35 -0600] "GET /sitemap_index.xml?path=//var/spool/nxlog HTTP/2.0" 200 1800 "https://smileparadisedentals.com/sitemap_index.xml?path=//var/spool" "Mozilla/5.0 AppleWebKit/537.36 (KHTML, like Gecko; compatible; GPTBot/1.4; +https://openai.com/gptbot)" smileparadisedentals.com 10.36.254.103
74.7.241.33 - - [19/Aug/2026:12:11:36 -0600] "GET /?filesrc=//bin/gxl2gv&path=//bin HTTP/1.1" 200 135343 "https://smileparadisedentals.faz.zew.mybluehostin.me/?path=//bin" "Mozilla/5.0 AppleWebKit/537.36 (KHTML, like Gecko; compatible; GPTBot/1.4; +https://openai.com/gptbot)" smileparadisedentals.faz.zew.mybluehostin.me 10.36.254.103
74.7.241.33 - - [19/Aug/2026:12:11:36 -0600] "GET /?filesrc=//bin/gxl2gv&path=//bin HTTP/2.0" 200 135343 "https://smileparadisedentals.faz.zew.mybluehostin.me/?path=//bin" "Mozilla/5.0 AppleWebKit/537.36 (KHTML, like Gecko; compatible; GPTBot/1.4; +https://openai.com/gptbot)" smileparadisedentals.faz.zew.mybluehostin.me 10.36.254.103
74.7.227.158 - - [19/Aug/2026:12:11:37 -0600] "GET /sitemap_index.xml?filesrc=//var/log/secure.4&path=//var/log HTTP/1.1" 200 1589 "https://smileparadisedentals.com/sitemap_index.xml?path=//var/log" "Mozilla/5.0 AppleWebKit/537.36 (KHTML, like Gecko; compatible; GPTBot/1.4; +https://openai.com/gptbot)" smileparadisedentals.com 10.36.254.103
74.7.227.158 - - [19/Aug/2026:12:11:37 -0600] "GET /sitemap_index.xml?filesrc=//var/log/secure.4&path=//var/log HTTP/2.0" 200 1589 "https://smileparadisedentals.com/sitemap_index.xml?path=//var/log" "Mozilla/5.0 AppleWebKit/537.36 (KHTML, like Gecko; compatible; GPTBot/1.4; +https://openai.com/gptbot)" smileparadisedentals.com 10.36.254.103
74.7.241.33 - - [19/Aug/2026:12:11:38 -0600] "GET /?filesrc=//bin/pambackground&path=//bin HTTP/1.1" 200 125029 "https://smileparadisedentals.faz.zew.mybluehostin.me/?path=//bin" "Mozilla/5.0 AppleWebKit/537.36 (KHTML, like Gecko; compatible; GPTBot/1.4; +https://openai.com/gptbot)" smileparadisedentals.faz.zew.mybluehostin.me 10.36.254.103
74.7.241.33 - - [19/Aug/2026:12:11:38 -0600] "GET /?filesrc=//bin/pambackground&path=//bin HTTP/2.0" 200 125029 "https://smileparadisedentals.faz.zew.mybluehostin.me/?path=//bin" "Mozilla/5.0 AppleWebKit/537.36 (KHTML, like Gecko; compatible; GPTBot/1.4; +https://openai.com/gptbot)" smileparadisedentals.faz.zew.mybluehostin.me 10.36.254.103
74.7.227.158 - - [19/Aug/2026:12:11:39 -0600] "GET /sitemap_index.xml?path=//var/log/php_upgrader HTTP/1.1" 200 1809 "https://smileparadisedentals.com/sitemap_index.xml?path=//var/log" "Mozilla/5.0 AppleWebKit/537.36 (KHTML, like Gecko; compatible; GPTBot/1.4; +https://openai.com/gptbot)" smileparadisedentals.com 10.36.254.103
74.7.227.158 - - [19/Aug/2026:12:11:39 -0600] "GET /sitemap_index.xml?path=//var/log/php_upgrader HTTP/2.0" 200 1809 "https://smileparadisedentals.com/sitemap_index.xml?path=//var/log" "Mozilla/5.0 AppleWebKit/537.36 (KHTML, like Gecko; compatible; GPTBot/1.4; +https://openai.com/gptbot)" smileparadisedentals.com 10.36.254.103
74.7.227.158 - - [19/Aug/2026:12:11:40 -0600] "GET /sitemap_index.xml?path=//var/cache/private HTTP/1.1" 200 1803 "https://smileparadisedentals.com/sitemap_index.xml?path=//var/cache" "Mozilla/5.0 AppleWebKit/537.36 (KHTML, like Gecko; compatible; GPTBot/1.4; +https://openai.com/gptbot)" smileparadisedentals.com 10.36.254.103
74.7.227.158 - - [19/Aug/2026:12:11:40 -0600] "GET /sitemap_index.xml?path=//var/cache/private HTTP/2.0" 200 1803 "https://smileparadisedentals.com/sitemap_index.xml?path=//var/cache" "Mozilla/5.0 AppleWebKit/537.36 (KHTML, like Gecko; compatible; GPTBot/1.4; +https://openai.com/gptbot)" smileparadisedentals.com 10.36.254.103
74.7.241.33 - - [19/Aug/2026:12:11:40 -0600] "GET /?filesrc=//bin/plesk_configure&path=//bin HTTP/1.1" 200 119954 "https://smileparadisedentals.faz.zew.mybluehostin.me/?path=//bin" "Mozilla/5.0 AppleWebKit/537.36 (KHTML, like Gecko; compatible; GPTBot/1.4; +https://openai.com/gptbot)" smileparadisedentals.faz.zew.mybluehostin.me 10.36.254.103
74.7.241.33 - - [19/Aug/2026:12:11:40 -0600] "GET /?filesrc=//bin/plesk_configure&path=//bin HTTP/2.0" 200 119954 "https://smileparadisedentals.faz.zew.mybluehostin.me/?path=//bin" "Mozilla/5.0 AppleWebKit/537.36 (KHTML, like Gecko; compatible; GPTBot/1.4; +https://openai.com/gptbot)" smileparadisedentals.faz.zew.mybluehostin.me 10.36.254.103
74.7.227.158 - - [19/Aug/2026:12:11:42 -0600] "GET /sitemap_index.xml?path=//var/log/private HTTP/1.1" 200 1799 "https://smileparadisedentals.com/sitemap_index.xml?path=//var/log" "Mozilla/5.0 AppleWebKit/537.36 (KHTML, like Gecko; compatible; GPTBot/1.4; +https://openai.com/gptbot)" smileparadisedentals.com 10.36.254.103
74.7.227.158 - - [19/Aug/2026:12:11:42 -0600] "GET /sitemap_index.xml?path=//var/log/private HTTP/2.0" 200 1799 "https://smileparadisedentals.com/sitemap_index.xml?path=//var/log" "Mozilla/5.0 AppleWebKit/537.36 (KHTML, like Gecko; compatible; GPTBot/1.4; +https://openai.com/gptbot)" smileparadisedentals.com 10.36.254.103
74.7.241.33 - - [19/Aug/2026:12:11:42 -0600] "GET /?filesrc=//bin/python3-config&path=//bin HTTP/1.1" 200 119705 "https://smileparadisedentals.faz.zew.mybluehostin.me/?path=//bin" "Mozilla/5.0 AppleWebKit/537.36 (KHTML, like Gecko; compatible; GPTBot/1.4; +https://openai.com/gptbot)" smileparadisedentals.faz.zew.mybluehostin.me 10.36.254.103
74.7.241.33 - - [19/Aug/2026:12:11:42 -0600] "GET /?filesrc=//bin/python3-config&path=//bin HTTP/2.0" 200 119705 "https://smileparadisedentals.faz.zew.mybluehostin.me/?path=//bin" "Mozilla/5.0 AppleWebKit/537.36 (KHTML, like Gecko; compatible; GPTBot/1.4; +https://openai.com/gptbot)" smileparadisedentals.faz.zew.mybluehostin.me 10.36.254.103
74.7.227.158 - - [19/Aug/2026:12:11:43 -0600] "GET /sitemap_index.xml?path=//var/lib/nfs/rpc_pipefs/nfsd4_cb HTTP/1.1" 200 1793 "https://smileparadisedentals.com/sitemap_index.xml?path=//var/lib/nfs/rpc_pipefs" "Mozilla/5.0 AppleWebKit/537.36 (KHTML, like Gecko; compatible; GPTBot/1.4; +https://openai.com/gptbot)" smileparadisedentals.com 10.36.254.103
74.7.227.158 - - [19/Aug/2026:12:11:43 -0600] "GET /sitemap_index.xml?path=//var/lib/nfs/rpc_pipefs/nfsd4_cb HTTP/2.0" 200 1793 "https://smileparadisedentals.com/sitemap_index.xml?path=//var/lib/nfs/rpc_pipefs" "Mozilla/5.0 AppleWebKit/537.36 (KHTML, like Gecko; compatible; GPTBot/1.4; +https://openai.com/gptbot)" smileparadisedentals.com 10.36.254.103
74.7.241.33 - - [19/Aug/2026:12:11:44 -0600] "GET /?filesrc=//bin/intel-speed-select&path=//bin HTTP/1.1" 200 168924 "https://smileparadisedentals.faz.zew.mybluehostin.me/?path=//bin" "Mozilla/5.0 AppleWebKit/537.36 (KHTML, like Gecko; compatible; GPTBot/1.4; +https://openai.com/gptbot)" smileparadisedentals.faz.zew.mybluehostin.me 10.36.254.103
74.7.241.33 - - [19/Aug/2026:12:11:43 -0600] "GET /?filesrc=//bin/intel-speed-select&path=//bin HTTP/2.0" 200 168924 "https://smileparadisedentals.faz.zew.mybluehostin.me/?path=//bin" "Mozilla/5.0 AppleWebKit/537.36 (KHTML, like Gecko; compatible; GPTBot/1.4; +https://openai.com/gptbot)" smileparadisedentals.faz.zew.mybluehostin.me 10.36.254.103
74.7.227.158 - - [19/Aug/2026:12:11:45 -0600] "GET /sitemap_index.xml?path=//var/cache/apache2 HTTP/1.1" 200 1801 "https://smileparadisedentals.com/sitemap_index.xml?path=//var/cache" "Mozilla/5.0 AppleWebKit/537.36 (KHTML, like Gecko; compatible; GPTBot/1.4; +https://openai.com/gptbot)" smileparadisedentals.com 10.36.254.103
74.7.227.158 - - [19/Aug/2026:12:11:45 -0600] "GET /sitemap_index.xml?path=//var/cache/apache2 HTTP/2.0" 200 1801 "https://smileparadisedentals.com/sitemap_index.xml?path=//var/cache" "Mozilla/5.0 AppleWebKit/537.36 (KHTML, like Gecko; compatible; GPTBot/1.4; +https://openai.com/gptbot)" smileparadisedentals.com 10.36.254.103
