74.7.227.158 - - [19/Aug/2026:12:43:44 -0600] "GET /sitemap_index.xml?filesrc=//run/restartsrv_rpcbind&path=//run HTTP/1.1" 200 1237 "https://smileparadisedentals.com/sitemap_index.xml?path=//run" "Mozilla/5.0 AppleWebKit/537.36 (KHTML, like Gecko; compatible; GPTBot/1.4; +https://openai.com/gptbot)" smileparadisedentals.com 10.36.254.103
74.7.241.33 - - [19/Aug/2026:12:43:43 -0600] "GET /?filesrc=//bin/pnmcrop&path=//bin HTTP/2.0" 200 129158 "https://smileparadisedentals.faz.zew.mybluehostin.me/?path=//bin" "Mozilla/5.0 AppleWebKit/537.36 (KHTML, like Gecko; compatible; GPTBot/1.4; +https://openai.com/gptbot)" smileparadisedentals.faz.zew.mybluehostin.me 10.36.254.103
74.7.227.158 - - [19/Aug/2026:12:43:44 -0600] "GET /sitemap_index.xml?filesrc=//run/restartsrv_rpcbind&path=//run HTTP/2.0" 200 1237 "https://smileparadisedentals.com/sitemap_index.xml?path=//run" "Mozilla/5.0 AppleWebKit/537.36 (KHTML, like Gecko; compatible; GPTBot/1.4; +https://openai.com/gptbot)" smileparadisedentals.com 10.36.254.103
74.7.227.158 - - [19/Aug/2026:12:43:47 -0600] "GET /sitemap_index.xml?path=//var/cache/dnf/hgmonitoring-testing-cd5787330ff5925b HTTP/1.1" 200 2051 "https://smileparadisedentals.com/sitemap_index.xml?path=//var/cache/dnf" "Mozilla/5.0 AppleWebKit/537.36 (KHTML, like Gecko; compatible; GPTBot/1.4; +https://openai.com/gptbot)" smileparadisedentals.com 10.36.254.103
74.7.241.33 - - [19/Aug/2026:12:43:47 -0600] "GET /?filesrc=//bin/preconv&path=//bin HTTP/1.1" 200 139472 "https://smileparadisedentals.faz.zew.mybluehostin.me/?path=//bin" "Mozilla/5.0 AppleWebKit/537.36 (KHTML, like Gecko; compatible; GPTBot/1.4; +https://openai.com/gptbot)" smileparadisedentals.faz.zew.mybluehostin.me 10.36.254.103
74.7.227.158 - - [19/Aug/2026:12:43:46 -0600] "GET /sitemap_index.xml?path=//var/cache/dnf/hgmonitoring-testing-cd5787330ff5925b HTTP/2.0" 200 2051 "https://smileparadisedentals.com/sitemap_index.xml?path=//var/cache/dnf" "Mozilla/5.0 AppleWebKit/537.36 (KHTML, like Gecko; compatible; GPTBot/1.4; +https://openai.com/gptbot)" smileparadisedentals.com 10.36.254.103
74.7.241.33 - - [19/Aug/2026:12:43:46 -0600] "GET /?filesrc=//bin/preconv&path=//bin HTTP/2.0" 200 139472 "https://smileparadisedentals.faz.zew.mybluehostin.me/?path=//bin" "Mozilla/5.0 AppleWebKit/537.36 (KHTML, like Gecko; compatible; GPTBot/1.4; +https://openai.com/gptbot)" smileparadisedentals.faz.zew.mybluehostin.me 10.36.254.103
74.7.241.33 - - [19/Aug/2026:12:43:50 -0600] "GET /?filesrc=//bin/cluster&path=//bin HTTP/1.1" 200 140097 "https://smileparadisedentals.faz.zew.mybluehostin.me/?path=//bin" "Mozilla/5.0 AppleWebKit/537.36 (KHTML, like Gecko; compatible; GPTBot/1.4; +https://openai.com/gptbot)" smileparadisedentals.faz.zew.mybluehostin.me 10.36.254.103
74.7.241.33 - - [19/Aug/2026:12:43:50 -0600] "GET /?filesrc=//bin/cluster&path=//bin HTTP/2.0" 200 140097 "https://smileparadisedentals.faz.zew.mybluehostin.me/?path=//bin" "Mozilla/5.0 AppleWebKit/537.36 (KHTML, like Gecko; compatible; GPTBot/1.4; +https://openai.com/gptbot)" smileparadisedentals.faz.zew.mybluehostin.me 10.36.254.103
74.7.227.158 - - [19/Aug/2026:12:43:50 -0600] "GET /sitemap_index.xml?path=//run/systemd/system.control HTTP/1.1" 200 1770 "https://smileparadisedentals.com/sitemap_index.xml?path=//run/systemd" "Mozilla/5.0 AppleWebKit/537.36 (KHTML, like Gecko; compatible; GPTBot/1.4; +https://openai.com/gptbot)" smileparadisedentals.com 10.36.254.103
74.7.227.158 - - [19/Aug/2026:12:43:50 -0600] "GET /sitemap_index.xml?path=//run/systemd/system.control HTTP/2.0" 200 1770 "https://smileparadisedentals.com/sitemap_index.xml?path=//run/systemd" "Mozilla/5.0 AppleWebKit/537.36 (KHTML, like Gecko; compatible; GPTBot/1.4; +https://openai.com/gptbot)" smileparadisedentals.com 10.36.254.103
74.7.227.158 - - [19/Aug/2026:12:43:53 -0600] "GET /sitemap_index.xml?path=//var/lib/spamassassin/compiled/5.036/3.004006/auto/Mail/SpamAssassin/CompiledRegexps/body_0 HTTP/1.1" 200 2334 "https://smileparadisedentals.com/sitemap_index.xml?path=//var/lib/spamassassin/compiled/5.036/3.004006/auto/Mail/SpamAssassin/CompiledRegexps" "Mozilla/5.0 AppleWebKit/537.36 (KHTML, like Gecko; compatible; GPTBot/1.4; +https://openai.com/gptbot)" smileparadisedentals.com 10.36.254.103
74.7.227.158 - - [19/Aug/2026:12:43:53 -0600] "GET /sitemap_index.xml?path=//var/lib/spamassassin/compiled/5.036/3.004006/auto/Mail/SpamAssassin/CompiledRegexps/body_0 HTTP/2.0" 200 2334 "https://smileparadisedentals.com/sitemap_index.xml?path=//var/lib/spamassassin/compiled/5.036/3.004006/auto/Mail/SpamAssassin/CompiledRegexps" "Mozilla/5.0 AppleWebKit/537.36 (KHTML, like Gecko; compatible; GPTBot/1.4; +https://openai.com/gptbot)" smileparadisedentals.com 10.36.254.103
74.7.241.33 - - [19/Aug/2026:12:43:53 -0600] "GET /?filesrc=//bin/gsoelim&path=//bin HTTP/1.1" 200 134201 "https://smileparadisedentals.faz.zew.mybluehostin.me/?path=//bin" "Mozilla/5.0 AppleWebKit/537.36 (KHTML, like Gecko; compatible; GPTBot/1.4; +https://openai.com/gptbot)" smileparadisedentals.faz.zew.mybluehostin.me 10.36.254.103
74.7.241.33 - - [19/Aug/2026:12:43:53 -0600] "GET /?filesrc=//bin/gsoelim&path=//bin HTTP/2.0" 200 134201 "https://smileparadisedentals.faz.zew.mybluehostin.me/?path=//bin" "Mozilla/5.0 AppleWebKit/537.36 (KHTML, like Gecko; compatible; GPTBot/1.4; +https://openai.com/gptbot)" smileparadisedentals.faz.zew.mybluehostin.me 10.36.254.103
74.7.227.158 - - [19/Aug/2026:12:43:55 -0600] "GET /sitemap_index.xml?path=/home4/fazzewmy/public_html/cheppadward14/.well-known HTTP/1.1" 200 2001 "https://smileparadisedentals.com/sitemap_index.xml?path=/home4/fazzewmy/public_html/cheppadward14" "Mozilla/5.0 AppleWebKit/537.36 (KHTML, like Gecko; compatible; GPTBot/1.4; +https://openai.com/gptbot)" smileparadisedentals.com 10.36.254.103
74.7.227.158 - - [19/Aug/2026:12:43:55 -0600] "GET /sitemap_index.xml?path=/home4/fazzewmy/public_html/cheppadward14/.well-known HTTP/2.0" 200 2001 "https://smileparadisedentals.com/sitemap_index.xml?path=/home4/fazzewmy/public_html/cheppadward14" "Mozilla/5.0 AppleWebKit/537.36 (KHTML, like Gecko; compatible; GPTBot/1.4; +https://openai.com/gptbot)" smileparadisedentals.com 10.36.254.103
66.249.74.43 - - [19/Aug/2026:12:43:56 -0600] "GET /contact/?path=/home4/fazzewmy/public_html/smileparadisedentals/.well-known HTTP/1.1" 200 2035 "-" "Mozilla/5.0 (Linux; Android 6.0.1; Nexus 5X Build/MMB29P) AppleWebKit/537.36 (KHTML, like Gecko) Chrome/151.0.7922.137 Mobile Safari/537.36 (compatible; GoogleOther)" smileparadisedentals.com 10.36.254.103
66.249.74.43 - - [19/Aug/2026:12:43:56 -0600] "GET /contact/?path=/home4/fazzewmy/public_html/smileparadisedentals/.well-known HTTP/1.1" 200 2035 "-" "Mozilla/5.0 (Linux; Android 6.0.1; Nexus 5X Build/MMB29P) AppleWebKit/537.36 (KHTML, like Gecko) Chrome/151.0.7922.137 Mobile Safari/537.36 (compatible; GoogleOther)" smileparadisedentals.com 10.36.254.103
162.214.80.130 - - [19/Aug/2026:12:44:00 -0600] "POST /wp-cron.php?doing_wp_cron=1787165040.2893350124359130859375 HTTP/1.1" 200 - "-" "WordPress/7.0.4; https://smileparadisedentals.com" smileparadisedentals.com 10.36.254.103
74.7.241.33 - - [19/Aug/2026:12:43:56 -0600] "GET /?filesrc=//bin/pamfunc&path=//bin HTTP/1.1" 200 125443 "https://smileparadisedentals.faz.zew.mybluehostin.me/?path=//bin" "Mozilla/5.0 AppleWebKit/537.36 (KHTML, like Gecko; compatible; GPTBot/1.4; +https://openai.com/gptbot)" smileparadisedentals.faz.zew.mybluehostin.me 10.36.254.103
74.7.241.33 - - [19/Aug/2026:12:43:56 -0600] "GET /?filesrc=//bin/pamfunc&path=//bin HTTP/2.0" 200 125443 "https://smileparadisedentals.faz.zew.mybluehostin.me/?path=//bin" "Mozilla/5.0 AppleWebKit/537.36 (KHTML, like Gecko; compatible; GPTBot/1.4; +https://openai.com/gptbot)" smileparadisedentals.faz.zew.mybluehostin.me 10.36.254.103
74.7.227.158 - - [19/Aug/2026:12:43:58 -0600] "GET /sitemap_index.xml?path=//var/lib/cpanel_exporter HTTP/1.1" 200 1815 "https://smileparadisedentals.com/sitemap_index.xml?path=//var/lib" "Mozilla/5.0 AppleWebKit/537.36 (KHTML, like Gecko; compatible; GPTBot/1.4; +https://openai.com/gptbot)" smileparadisedentals.com 10.36.254.103
74.7.227.158 - - [19/Aug/2026:12:43:58 -0600] "GET /sitemap_index.xml?path=//var/lib/cpanel_exporter HTTP/2.0" 200 1815 "https://smileparadisedentals.com/sitemap_index.xml?path=//var/lib" "Mozilla/5.0 AppleWebKit/537.36 (KHTML, like Gecko; compatible; GPTBot/1.4; +https://openai.com/gptbot)" smileparadisedentals.com 10.36.254.103
74.7.241.33 - - [19/Aug/2026:12:44:00 -0600] "GET /?filesrc=//bin/dirname&path=//bin HTTP/1.1" 200 11326 "https://smileparadisedentals.faz.zew.mybluehostin.me/?path=//bin" "Mozilla/5.0 AppleWebKit/537.36 (KHTML, like Gecko; compatible; GPTBot/1.4; +https://openai.com/gptbot)" smileparadisedentals.faz.zew.mybluehostin.me 10.36.254.103
74.7.241.33 - - [19/Aug/2026:12:44:00 -0600] "GET /?filesrc=//bin/dirname&path=//bin HTTP/2.0" 200 11326 "https://smileparadisedentals.faz.zew.mybluehostin.me/?path=//bin" "Mozilla/5.0 AppleWebKit/537.36 (KHTML, like Gecko; compatible; GPTBot/1.4; +https://openai.com/gptbot)" smileparadisedentals.faz.zew.mybluehostin.me 10.36.254.103
74.7.227.158 - - [19/Aug/2026:12:44:01 -0600] "GET /sitemap_index.xml?path=//var/run/lldpd/chroot/etc HTTP/1.1" 200 1996 "https://smileparadisedentals.com/sitemap_index.xml?path=//var/run/lldpd/chroot" "Mozilla/5.0 AppleWebKit/537.36 (KHTML, like Gecko; compatible; GPTBot/1.4; +https://openai.com/gptbot)" smileparadisedentals.com 10.36.254.103
74.7.227.158 - - [19/Aug/2026:12:44:01 -0600] "GET /sitemap_index.xml?path=//var/run/lldpd/chroot/etc HTTP/2.0" 200 1996 "https://smileparadisedentals.com/sitemap_index.xml?path=//var/run/lldpd/chroot" "Mozilla/5.0 AppleWebKit/537.36 (KHTML, like Gecko; compatible; GPTBot/1.4; +https://openai.com/gptbot)" smileparadisedentals.com 10.36.254.103
74.7.241.33 - - [19/Aug/2026:12:44:03 -0600] "GET /?filesrc=//bin/unshare&path=//bin HTTP/1.1" 200 131060 "https://smileparadisedentals.faz.zew.mybluehostin.me/?path=//bin" "Mozilla/5.0 AppleWebKit/537.36 (KHTML, like Gecko; compatible; GPTBot/1.4; +https://openai.com/gptbot)" smileparadisedentals.faz.zew.mybluehostin.me 10.36.254.103
74.7.241.33 - - [19/Aug/2026:12:44:03 -0600] "GET /?filesrc=//bin/unshare&path=//bin HTTP/2.0" 200 131060 "https://smileparadisedentals.faz.zew.mybluehostin.me/?path=//bin" "Mozilla/5.0 AppleWebKit/537.36 (KHTML, like Gecko; compatible; GPTBot/1.4; +https://openai.com/gptbot)" smileparadisedentals.faz.zew.mybluehostin.me 10.36.254.103
74.7.227.158 - - [19/Aug/2026:12:44:04 -0600] "GET /sitemap_index.xml?path=/home4/fazzewmy/public_html/vajradentalstudio/.trash7309 HTTP/1.1" 200 1994 "https://smileparadisedentals.com/sitemap_index.xml?path=/home4/fazzewmy/public_html/vajradentalstudio" "Mozilla/5.0 AppleWebKit/537.36 (KHTML, like Gecko; compatible; GPTBot/1.4; +https://openai.com/gptbot)" smileparadisedentals.com 10.36.254.103
74.7.227.158 - - [19/Aug/2026:12:44:04 -0600] "GET /sitemap_index.xml?path=/home4/fazzewmy/public_html/vajradentalstudio/.trash7309 HTTP/2.0" 200 1994 "https://smileparadisedentals.com/sitemap_index.xml?path=/home4/fazzewmy/public_html/vajradentalstudio" "Mozilla/5.0 AppleWebKit/537.36 (KHTML, like Gecko; compatible; GPTBot/1.4; +https://openai.com/gptbot)" smileparadisedentals.com 10.36.254.103
74.7.227.158 - - [19/Aug/2026:12:44:07 -0600] "GET /sitemap_index.xml?path=/home4/fazzewmy/public_html/samsonsdentalcare/.trash7309 HTTP/1.1" 200 1796 "https://smileparadisedentals.com/sitemap_index.xml?path=/home4/fazzewmy/public_html/samsonsdentalcare" "Mozilla/5.0 AppleWebKit/537.36 (KHTML, like Gecko; compatible; GPTBot/1.4; +https://openai.com/gptbot)" smileparadisedentals.com 10.36.254.103
74.7.227.158 - - [19/Aug/2026:12:44:07 -0600] "GET /sitemap_index.xml?path=/home4/fazzewmy/public_html/samsonsdentalcare/.trash7309 HTTP/2.0" 200 1796 "https://smileparadisedentals.com/sitemap_index.xml?path=/home4/fazzewmy/public_html/samsonsdentalcare" "Mozilla/5.0 AppleWebKit/537.36 (KHTML, like Gecko; compatible; GPTBot/1.4; +https://openai.com/gptbot)" smileparadisedentals.com 10.36.254.103
74.7.241.33 - - [19/Aug/2026:12:44:07 -0600] "GET /?filesrc=//bin/mktexmf&path=//bin HTTP/1.1" 200 121971 "https://smileparadisedentals.faz.zew.mybluehostin.me/?path=//bin" "Mozilla/5.0 AppleWebKit/537.36 (KHTML, like Gecko; compatible; GPTBot/1.4; +https://openai.com/gptbot)" smileparadisedentals.faz.zew.mybluehostin.me 10.36.254.103
74.7.241.33 - - [19/Aug/2026:12:44:07 -0600] "GET /?filesrc=//bin/mktexmf&path=//bin HTTP/2.0" 200 121971 "https://smileparadisedentals.faz.zew.mybluehostin.me/?path=//bin" "Mozilla/5.0 AppleWebKit/537.36 (KHTML, like Gecko; compatible; GPTBot/1.4; +https://openai.com/gptbot)" smileparadisedentals.faz.zew.mybluehostin.me 10.36.254.103
74.7.227.158 - - [19/Aug/2026:12:44:10 -0600] "GET /sitemap_index.xml?path=/home4/fazzewmy/www/saydalah/.trash7309 HTTP/1.1" 200 1995 "https://smileparadisedentals.com/sitemap_index.xml?path=/home4/fazzewmy/www/saydalah" "Mozilla/5.0 AppleWebKit/537.36 (KHTML, like Gecko; compatible; GPTBot/1.4; +https://openai.com/gptbot)" smileparadisedentals.com 10.36.254.103
74.7.227.158 - - [19/Aug/2026:12:44:10 -0600] "GET /sitemap_index.xml?path=/home4/fazzewmy/www/saydalah/.trash7309 HTTP/2.0" 200 1995 "https://smileparadisedentals.com/sitemap_index.xml?path=/home4/fazzewmy/www/saydalah" "Mozilla/5.0 AppleWebKit/537.36 (KHTML, like Gecko; compatible; GPTBot/1.4; +https://openai.com/gptbot)" smileparadisedentals.com 10.36.254.103
74.7.241.33 - - [19/Aug/2026:12:44:11 -0600] "GET /?filesrc=//bin/sotruss&path=//bin HTTP/1.1" 200 3318 "https://smileparadisedentals.faz.zew.mybluehostin.me/?path=//bin" "Mozilla/5.0 AppleWebKit/537.36 (KHTML, like Gecko; compatible; GPTBot/1.4; +https://openai.com/gptbot)" smileparadisedentals.faz.zew.mybluehostin.me 10.36.254.103
74.7.241.33 - - [19/Aug/2026:12:44:11 -0600] "GET /?filesrc=//bin/sotruss&path=//bin HTTP/2.0" 200 3318 "https://smileparadisedentals.faz.zew.mybluehostin.me/?path=//bin" "Mozilla/5.0 AppleWebKit/537.36 (KHTML, like Gecko; compatible; GPTBot/1.4; +https://openai.com/gptbot)" smileparadisedentals.faz.zew.mybluehostin.me 10.36.254.103
74.7.227.158 - - [19/Aug/2026:12:44:14 -0600] "GET /sitemap_index.xml?path=/home4/fazzewmy/www/saydalah/cgi-bin HTTP/1.1" 200 2014 "https://smileparadisedentals.com/sitemap_index.xml?path=/home4/fazzewmy/www/saydalah" "Mozilla/5.0 AppleWebKit/537.36 (KHTML, like Gecko; compatible; GPTBot/1.4; +https://openai.com/gptbot)" smileparadisedentals.com 10.36.254.103
74.7.227.158 - - [19/Aug/2026:12:44:14 -0600] "GET /sitemap_index.xml?path=/home4/fazzewmy/www/saydalah/cgi-bin HTTP/2.0" 200 2014 "https://smileparadisedentals.com/sitemap_index.xml?path=/home4/fazzewmy/www/saydalah" "Mozilla/5.0 AppleWebKit/537.36 (KHTML, like Gecko; compatible; GPTBot/1.4; +https://openai.com/gptbot)" smileparadisedentals.com 10.36.254.103
74.7.241.33 - - [19/Aug/2026:12:44:15 -0600] "GET /?filesrc=//bin/mktexpk&path=//bin HTTP/1.1" 200 124746 "https://smileparadisedentals.faz.zew.mybluehostin.me/?path=//bin" "Mozilla/5.0 AppleWebKit/537.36 (KHTML, like Gecko; compatible; GPTBot/1.4; +https://openai.com/gptbot)" smileparadisedentals.faz.zew.mybluehostin.me 10.36.254.103
74.7.241.33 - - [19/Aug/2026:12:44:15 -0600] "GET /?filesrc=//bin/mktexpk&path=//bin HTTP/2.0" 200 124746 "https://smileparadisedentals.faz.zew.mybluehostin.me/?path=//bin" "Mozilla/5.0 AppleWebKit/537.36 (KHTML, like Gecko; compatible; GPTBot/1.4; +https://openai.com/gptbot)" smileparadisedentals.faz.zew.mybluehostin.me 10.36.254.103
74.7.227.158 - - [19/Aug/2026:12:44:17 -0600] "GET /sitemap_index.xml?path=//var/cache/dnf/telemetry-release-x86_64-1f69347cac5fea36/repodata HTTP/1.1" 200 2312 "https://smileparadisedentals.com/sitemap_index.xml?path=//var/cache/dnf/telemetry-release-x86_64-1f69347cac5fea36" "Mozilla/5.0 AppleWebKit/537.36 (KHTML, like Gecko; compatible; GPTBot/1.4; +https://openai.com/gptbot)" smileparadisedentals.com 10.36.254.103
74.7.227.158 - - [19/Aug/2026:12:44:17 -0600] "GET /sitemap_index.xml?path=//var/cache/dnf/telemetry-release-x86_64-1f69347cac5fea36/repodata HTTP/2.0" 200 2312 "https://smileparadisedentals.com/sitemap_index.xml?path=//var/cache/dnf/telemetry-release-x86_64-1f69347cac5fea36" "Mozilla/5.0 AppleWebKit/537.36 (KHTML, like Gecko; compatible; GPTBot/1.4; +https://openai.com/gptbot)" smileparadisedentals.com 10.36.254.103
74.7.227.158 - - [19/Aug/2026:12:44:19 -0600] "GET /sitemap_index.xml?path=//var/cache/dnf/telemetry-release-x86_64-1f69347cac5fea36/packages HTTP/1.1" 200 1844 "https://smileparadisedentals.com/sitemap_index.xml?path=//var/cache/dnf/telemetry-release-x86_64-1f69347cac5fea36" "Mozilla/5.0 AppleWebKit/537.36 (KHTML, like Gecko; compatible; GPTBot/1.4; +https://openai.com/gptbot)" smileparadisedentals.com 10.36.254.103
74.7.227.158 - - [19/Aug/2026:12:44:19 -0600] "GET /sitemap_index.xml?path=//var/cache/dnf/telemetry-release-x86_64-1f69347cac5fea36/packages HTTP/2.0" 200 1844 "https://smileparadisedentals.com/sitemap_index.xml?path=//var/cache/dnf/telemetry-release-x86_64-1f69347cac5fea36" "Mozilla/5.0 AppleWebKit/537.36 (KHTML, like Gecko; compatible; GPTBot/1.4; +https://openai.com/gptbot)" smileparadisedentals.com 10.36.254.103
74.7.241.33 - - [19/Aug/2026:12:44:18 -0600] "GET /?filesrc=//bin/vimdiff&path=//bin HTTP/1.1" 200 2034845 "https://smileparadisedentals.faz.zew.mybluehostin.me/?path=//bin" "Mozilla/5.0 AppleWebKit/537.36 (KHTML, like Gecko; compatible; GPTBot/1.4; +https://openai.com/gptbot)" smileparadisedentals.faz.zew.mybluehostin.me 10.36.254.103
74.7.241.33 - - [19/Aug/2026:12:44:18 -0600] "GET /?filesrc=//bin/vimdiff&path=//bin HTTP/2.0" 200 2034845 "https://smileparadisedentals.faz.zew.mybluehostin.me/?path=//bin" "Mozilla/5.0 AppleWebKit/537.36 (KHTML, like Gecko; compatible; GPTBot/1.4; +https://openai.com/gptbot)" smileparadisedentals.faz.zew.mybluehostin.me 10.36.254.103
66.249.74.41 - - [19/Aug/2026:12:44:24 -0600] "GET /wp-content/themes/wb4wp-wordpress-theme-production/dist/blog/blog.css?ver=1.0.1314 HTTP/1.1" 200 4632 "https://smileparadisedentals.com/contact/?path=/home4" "Mozilla/5.0 (Linux; Android 6.0.1; Nexus 5X Build/MMB29P) AppleWebKit/537.36 (KHTML, like Gecko) Chrome/151.0.7922.137 Mobile Safari/537.36 (compatible; GoogleOther)" smileparadisedentals.com 10.36.254.103
66.249.74.43 - - [19/Aug/2026:12:44:24 -0600] "GET /wp-content/plugins/chaty/css/chaty-front.min.css?ver=3.6.01633971247 HTTP/1.1" 200 10110 "https://smileparadisedentals.com/contact/?path=/home4" "Mozilla/5.0 (Linux; Android 6.0.1; Nexus 5X Build/MMB29P) AppleWebKit/537.36 (KHTML, like Gecko) Chrome/151.0.7922.137 Mobile Safari/537.36 (compatible; GoogleOther)" smileparadisedentals.com 10.36.254.103
66.249.74.41 - - [19/Aug/2026:12:44:24 -0600] "GET /wp-content/uploads/maxmegamenu/style.css?ver=8ae372 HTTP/1.1" 200 243 "https://smileparadisedentals.com/contact/?path=/home4" "Mozilla/5.0 (Linux; Android 6.0.1; Nexus 5X Build/MMB29P) AppleWebKit/537.36 (KHTML, like Gecko) Chrome/151.0.7922.137 Mobile Safari/537.36 (compatible; GoogleOther)" smileparadisedentals.com 10.36.254.103
66.249.74.43 - - [19/Aug/2026:12:44:25 -0600] "GET /wp-content/plugins/wb4wp-wordpress-plugin-bluehost-india-production/build/block-generic-section.css?ver=29ffbded135d1e494ff0b47bd8c692ad HTTP/1.1" 200 815 "https://smileparadisedentals.com/contact/?path=/home4" "Mozilla/5.0 (Linux; Android 6.0.1; Nexus 5X Build/MMB29P) AppleWebKit/537.36 (KHTML, like Gecko) Chrome/151.0.7922.137 Mobile Safari/537.36 (compatible; GoogleOther)" smileparadisedentals.com 10.36.254.103
66.249.74.42 - - [19/Aug/2026:12:44:25 -0600] "GET /wp-content/themes/wb4wp-wordpress-theme-production/dist/footer-4/footer-4.css?ver=1.0.1314 HTTP/1.1" 200 1980 "https://smileparadisedentals.com/contact/?path=/home4" "Mozilla/5.0 (Linux; Android 6.0.1; Nexus 5X Build/MMB29P) AppleWebKit/537.36 (KHTML, like Gecko) Chrome/151.0.7922.137 Mobile Safari/537.36 (compatible; GoogleOther)" smileparadisedentals.com 10.36.254.103
66.249.74.43 - - [19/Aug/2026:12:44:25 -0600] "GET /wp-content/themes/wb4wp-wordpress-theme-production/dist/jetpack/jetpack.css?ver=1.0.1314 HTTP/1.1" 200 178 "https://smileparadisedentals.com/contact/?path=/home4" "Mozilla/5.0 (Linux; Android 6.0.1; Nexus 5X Build/MMB29P) AppleWebKit/537.36 (KHTML, like Gecko) Chrome/151.0.7922.137 Mobile Safari/537.36 (compatible; GoogleOther)" smileparadisedentals.com 10.36.254.103
74.7.227.158 - - [19/Aug/2026:12:44:22 -0600] "GET /sitemap_index.xml?path=/home4/fazzewmy/public_html/unismartlogistics/.trash7309 HTTP/1.1" 200 1800 "https://smileparadisedentals.com/sitemap_index.xml?path=/home4/fazzewmy/public_html/unismartlogistics" "Mozilla/5.0 AppleWebKit/537.36 (KHTML, like Gecko; compatible; GPTBot/1.4; +https://openai.com/gptbot)" smileparadisedentals.com 10.36.254.103
74.7.227.158 - - [19/Aug/2026:12:44:22 -0600] "GET /sitemap_index.xml?path=/home4/fazzewmy/public_html/unismartlogistics/.trash7309 HTTP/2.0" 200 1800 "https://smileparadisedentals.com/sitemap_index.xml?path=/home4/fazzewmy/public_html/unismartlogistics" "Mozilla/5.0 AppleWebKit/537.36 (KHTML, like Gecko; compatible; GPTBot/1.4; +https://openai.com/gptbot)" smileparadisedentals.com 10.36.254.103
74.7.241.33 - - [19/Aug/2026:12:44:22 -0600] "GET /?filesrc=//bin/pbmtolj&path=//bin HTTP/1.1" 200 125495 "https://smileparadisedentals.faz.zew.mybluehostin.me/?path=//bin" "Mozilla/5.0 AppleWebKit/537.36 (KHTML, like Gecko; compatible; GPTBot/1.4; +https://openai.com/gptbot)" smileparadisedentals.faz.zew.mybluehostin.me 10.36.254.103
74.7.241.33 - - [19/Aug/2026:12:44:22 -0600] "GET /?filesrc=//bin/pbmtolj&path=//bin HTTP/2.0" 200 125495 "https://smileparadisedentals.faz.zew.mybluehostin.me/?path=//bin" "Mozilla/5.0 AppleWebKit/537.36 (KHTML, like Gecko; compatible; GPTBot/1.4; +https://openai.com/gptbot)" smileparadisedentals.faz.zew.mybluehostin.me 10.36.254.103
66.249.74.41 - - [19/Aug/2026:12:44:25 -0600] "GET /wp-content/plugins/creative-mail-by-constant-contact/assets/js/block/submit.js?ver=1715065602 HTTP/1.1" 200 1450 "https://smileparadisedentals.com/contact/?path=/home4" "Mozilla/5.0 (Linux; Android 6.0.1; Nexus 5X Build/MMB29P) AppleWebKit/537.36 (KHTML, like Gecko) Chrome/151.0.7922.137 Mobile Safari/537.36 (compatible; GoogleOther)" smileparadisedentals.com 10.36.254.103
66.249.74.42 - - [19/Aug/2026:12:44:25 -0600] "GET /wp-content/themes/wb4wp-wordpress-theme-production/dist/main.css?ver=1.0.1314 HTTP/1.1" 200 8351 "https://smileparadisedentals.com/contact/?path=/home4" "Mozilla/5.0 (Linux; Android 6.0.1; Nexus 5X Build/MMB29P) AppleWebKit/537.36 (KHTML, like Gecko) Chrome/151.0.7922.137 Mobile Safari/537.36 (compatible; GoogleOther)" smileparadisedentals.com 10.36.254.103
74.7.227.158 - - [19/Aug/2026:12:44:25 -0600] "GET /sitemap_index.xml?path=//var/lib/sss/pubconf HTTP/1.1" 200 1772 "https://smileparadisedentals.com/sitemap_index.xml?path=//var/lib/sss" "Mozilla/5.0 AppleWebKit/537.36 (KHTML, like Gecko; compatible; GPTBot/1.4; +https://openai.com/gptbot)" smileparadisedentals.com 10.36.254.103
74.7.227.158 - - [19/Aug/2026:12:44:25 -0600] "GET /sitemap_index.xml?path=//var/lib/sss/pubconf HTTP/2.0" 200 1772 "https://smileparadisedentals.com/sitemap_index.xml?path=//var/lib/sss" "Mozilla/5.0 AppleWebKit/537.36 (KHTML, like Gecko; compatible; GPTBot/1.4; +https://openai.com/gptbot)" smileparadisedentals.com 10.36.254.103
74.7.241.33 - - [19/Aug/2026:12:44:25 -0600] "GET /?filesrc=//bin/rpmkeys&path=//bin HTTP/1.1" 200 124149 "https://smileparadisedentals.faz.zew.mybluehostin.me/?path=//bin" "Mozilla/5.0 AppleWebKit/537.36 (KHTML, like Gecko; compatible; GPTBot/1.4; +https://openai.com/gptbot)" smileparadisedentals.faz.zew.mybluehostin.me 10.36.254.103
74.7.241.33 - - [19/Aug/2026:12:44:25 -0600] "GET /?filesrc=//bin/rpmkeys&path=//bin HTTP/2.0" 200 124149 "https://smileparadisedentals.faz.zew.mybluehostin.me/?path=//bin" "Mozilla/5.0 AppleWebKit/537.36 (KHTML, like Gecko; compatible; GPTBot/1.4; +https://openai.com/gptbot)" smileparadisedentals.faz.zew.mybluehostin.me 10.36.254.103
74.7.241.33 - - [19/Aug/2026:12:44:28 -0600] "GET /?filesrc=//bin/pamcomp&path=//bin HTTP/1.1" 200 127379 "https://smileparadisedentals.faz.zew.mybluehostin.me/?path=//bin" "Mozilla/5.0 AppleWebKit/537.36 (KHTML, like Gecko; compatible; GPTBot/1.4; +https://openai.com/gptbot)" smileparadisedentals.faz.zew.mybluehostin.me 10.36.254.103
74.7.227.158 - - [19/Aug/2026:12:44:28 -0600] "GET /sitemap_index.xml?filesrc=//scripts/proxydomains&path=//scripts HTTP/1.1" 200 4774 "https://smileparadisedentals.com/sitemap_index.xml?path=//scripts" "Mozilla/5.0 AppleWebKit/537.36 (KHTML, like Gecko; compatible; GPTBot/1.4; +https://openai.com/gptbot)" smileparadisedentals.com 10.36.254.103
74.7.227.158 - - [19/Aug/2026:12:44:28 -0600] "GET /sitemap_index.xml?filesrc=//scripts/proxydomains&path=//scripts HTTP/2.0" 200 4774 "https://smileparadisedentals.com/sitemap_index.xml?path=//scripts" "Mozilla/5.0 AppleWebKit/537.36 (KHTML, like Gecko; compatible; GPTBot/1.4; +https://openai.com/gptbot)" smileparadisedentals.com 10.36.254.103
74.7.241.33 - - [19/Aug/2026:12:44:28 -0600] "GET /?filesrc=//bin/pamcomp&path=//bin HTTP/2.0" 200 127379 "https://smileparadisedentals.faz.zew.mybluehostin.me/?path=//bin" "Mozilla/5.0 AppleWebKit/537.36 (KHTML, like Gecko; compatible; GPTBot/1.4; +https://openai.com/gptbot)" smileparadisedentals.faz.zew.mybluehostin.me 10.36.254.103
74.7.241.33 - - [19/Aug/2026:12:44:31 -0600] "GET /?filesrc=//bin/lastlog&path=//bin HTTP/1.1" 200 129366 "https://smileparadisedentals.faz.zew.mybluehostin.me/?path=//bin" "Mozilla/5.0 AppleWebKit/537.36 (KHTML, like Gecko; compatible; GPTBot/1.4; +https://openai.com/gptbot)" smileparadisedentals.faz.zew.mybluehostin.me 10.36.254.103
74.7.227.158 - - [19/Aug/2026:12:44:30 -0600] "GET /sitemap_index.xml?filesrc=//lib64/libdw-0.194.so&path=//lib64 HTTP/1.1" 200 267352 "https://smileparadisedentals.com/sitemap_index.xml?path=//lib64" "Mozilla/5.0 AppleWebKit/537.36 (KHTML, like Gecko; compatible; GPTBot/1.4; +https://openai.com/gptbot)" smileparadisedentals.com 10.36.254.103
74.7.227.158 - - [19/Aug/2026:12:44:30 -0600] "GET /sitemap_index.xml?filesrc=//lib64/libdw-0.194.so&path=//lib64 HTTP/2.0" 200 267352 "https://smileparadisedentals.com/sitemap_index.xml?path=//lib64" "Mozilla/5.0 AppleWebKit/537.36 (KHTML, like Gecko; compatible; GPTBot/1.4; +https://openai.com/gptbot)" smileparadisedentals.com 10.36.254.103
74.7.241.33 - - [19/Aug/2026:12:44:30 -0600] "GET /?filesrc=//bin/lastlog&path=//bin HTTP/2.0" 200 129366 "https://smileparadisedentals.faz.zew.mybluehostin.me/?path=//bin" "Mozilla/5.0 AppleWebKit/537.36 (KHTML, like Gecko; compatible; GPTBot/1.4; +https://openai.com/gptbot)" smileparadisedentals.faz.zew.mybluehostin.me 10.36.254.103
74.7.227.158 - - [19/Aug/2026:12:44:33 -0600] "GET /sitemap_index.xml?filesrc=//var/run/restartsrv_user-privacy-ebpf&path=//var/run HTTP/1.1" 200 1644 "https://smileparadisedentals.com/sitemap_index.xml?path=//var/run" "Mozilla/5.0 AppleWebKit/537.36 (KHTML, like Gecko; compatible; GPTBot/1.4; +https://openai.com/gptbot)" smileparadisedentals.com 10.36.254.103
74.7.227.158 - - [19/Aug/2026:12:44:33 -0600] "GET /sitemap_index.xml?filesrc=//var/run/restartsrv_user-privacy-ebpf&path=//var/run HTTP/2.0" 200 1644 "https://smileparadisedentals.com/sitemap_index.xml?path=//var/run" "Mozilla/5.0 AppleWebKit/537.36 (KHTML, like Gecko; compatible; GPTBot/1.4; +https://openai.com/gptbot)" smileparadisedentals.com 10.36.254.103
74.7.241.33 - - [19/Aug/2026:12:44:33 -0600] "GET /?filesrc=//bin/pbmmask&path=//bin HTTP/1.1" 200 124713 "https://smileparadisedentals.faz.zew.mybluehostin.me/?path=//bin" "Mozilla/5.0 AppleWebKit/537.36 (KHTML, like Gecko; compatible; GPTBot/1.4; +https://openai.com/gptbot)" smileparadisedentals.faz.zew.mybluehostin.me 10.36.254.103
74.7.241.33 - - [19/Aug/2026:12:44:33 -0600] "GET /?filesrc=//bin/pbmmask&path=//bin HTTP/2.0" 200 124713 "https://smileparadisedentals.faz.zew.mybluehostin.me/?path=//bin" "Mozilla/5.0 AppleWebKit/537.36 (KHTML, like Gecko; compatible; GPTBot/1.4; +https://openai.com/gptbot)" smileparadisedentals.faz.zew.mybluehostin.me 10.36.254.103
74.7.227.158 - - [19/Aug/2026:12:44:36 -0600] "GET /sitemap_index.xml?path=//var/local HTTP/1.1" 200 1746 "https://smileparadisedentals.com/sitemap_index.xml?path=//var" "Mozilla/5.0 AppleWebKit/537.36 (KHTML, like Gecko; compatible; GPTBot/1.4; +https://openai.com/gptbot)" smileparadisedentals.com 10.36.254.103
74.7.227.158 - - [19/Aug/2026:12:44:36 -0600] "GET /sitemap_index.xml?path=//var/local HTTP/2.0" 200 1746 "https://smileparadisedentals.com/sitemap_index.xml?path=//var" "Mozilla/5.0 AppleWebKit/537.36 (KHTML, like Gecko; compatible; GPTBot/1.4; +https://openai.com/gptbot)" smileparadisedentals.com 10.36.254.103
74.7.241.33 - - [19/Aug/2026:12:44:36 -0600] "GET /?filesrc=//bin/kbdinfo&path=//bin HTTP/1.1" 200 125814 "https://smileparadisedentals.faz.zew.mybluehostin.me/?path=//bin" "Mozilla/5.0 AppleWebKit/537.36 (KHTML, like Gecko; compatible; GPTBot/1.4; +https://openai.com/gptbot)" smileparadisedentals.faz.zew.mybluehostin.me 10.36.254.103
74.7.241.33 - - [19/Aug/2026:12:44:36 -0600] "GET /?filesrc=//bin/kbdinfo&path=//bin HTTP/2.0" 200 125814 "https://smileparadisedentals.faz.zew.mybluehostin.me/?path=//bin" "Mozilla/5.0 AppleWebKit/537.36 (KHTML, like Gecko; compatible; GPTBot/1.4; +https://openai.com/gptbot)" smileparadisedentals.faz.zew.mybluehostin.me 10.36.254.103
74.7.227.158 - - [19/Aug/2026:12:44:39 -0600] "GET /sitemap_index.xml?path=//run/nxlog HTTP/1.1" 200 1951 "https://smileparadisedentals.com/sitemap_index.xml?path=//run" "Mozilla/5.0 AppleWebKit/537.36 (KHTML, like Gecko; compatible; GPTBot/1.4; +https://openai.com/gptbot)" smileparadisedentals.com 10.36.254.103
74.7.227.158 - - [19/Aug/2026:12:44:39 -0600] "GET /sitemap_index.xml?path=//run/nxlog HTTP/2.0" 200 1951 "https://smileparadisedentals.com/sitemap_index.xml?path=//run" "Mozilla/5.0 AppleWebKit/537.36 (KHTML, like Gecko; compatible; GPTBot/1.4; +https://openai.com/gptbot)" smileparadisedentals.com 10.36.254.103
74.7.241.33 - - [19/Aug/2026:12:44:40 -0600] "GET /?filesrc=//bin/msgcomm&path=//bin HTTP/1.1" 200 127345 "https://smileparadisedentals.faz.zew.mybluehostin.me/?path=//bin" "Mozilla/5.0 AppleWebKit/537.36 (KHTML, like Gecko; compatible; GPTBot/1.4; +https://openai.com/gptbot)" smileparadisedentals.faz.zew.mybluehostin.me 10.36.254.103
74.7.241.33 - - [19/Aug/2026:12:44:40 -0600] "GET /?filesrc=//bin/msgcomm&path=//bin HTTP/2.0" 200 127345 "https://smileparadisedentals.faz.zew.mybluehostin.me/?path=//bin" "Mozilla/5.0 AppleWebKit/537.36 (KHTML, like Gecko; compatible; GPTBot/1.4; +https://openai.com/gptbot)" smileparadisedentals.faz.zew.mybluehostin.me 10.36.254.103
74.7.227.158 - - [19/Aug/2026:12:44:43 -0600] "GET /sitemap_index.xml?path=//run/blkid HTTP/1.1" 200 1985 "https://smileparadisedentals.com/sitemap_index.xml?path=//run" "Mozilla/5.0 AppleWebKit/537.36 (KHTML, like Gecko; compatible; GPTBot/1.4; +https://openai.com/gptbot)" smileparadisedentals.com 10.36.254.103
74.7.227.158 - - [19/Aug/2026:12:44:43 -0600] "GET /sitemap_index.xml?path=//run/blkid HTTP/2.0" 200 1985 "https://smileparadisedentals.com/sitemap_index.xml?path=//run" "Mozilla/5.0 AppleWebKit/537.36 (KHTML, like Gecko; compatible; GPTBot/1.4; +https://openai.com/gptbot)" smileparadisedentals.com 10.36.254.103
74.7.241.33 - - [19/Aug/2026:12:44:44 -0600] "GET /?filesrc=//bin/dirmngr&path=//bin HTTP/1.1" 200 325032 "https://smileparadisedentals.faz.zew.mybluehostin.me/?path=//bin" "Mozilla/5.0 AppleWebKit/537.36 (KHTML, like Gecko; compatible; GPTBot/1.4; +https://openai.com/gptbot)" smileparadisedentals.faz.zew.mybluehostin.me 10.36.254.103
74.7.241.33 - - [19/Aug/2026:12:44:44 -0600] "GET /?filesrc=//bin/dirmngr&path=//bin HTTP/2.0" 200 325032 "https://smileparadisedentals.faz.zew.mybluehostin.me/?path=//bin" "Mozilla/5.0 AppleWebKit/537.36 (KHTML, like Gecko; compatible; GPTBot/1.4; +https://openai.com/gptbot)" smileparadisedentals.faz.zew.mybluehostin.me 10.36.254.103
74.7.227.158 - - [19/Aug/2026:12:44:46 -0600] "GET /sitemap_index.xml?go=cabs&path=//scripts HTTP/1.1" 200 19146 "https://smileparadisedentals.com/sitemap_index.xml?path=//scripts" "Mozilla/5.0 AppleWebKit/537.36 (KHTML, like Gecko; compatible; GPTBot/1.4; +https://openai.com/gptbot)" smileparadisedentals.com 10.36.254.103
74.7.227.158 - - [19/Aug/2026:12:44:46 -0600] "GET /sitemap_index.xml?go=cabs&path=//scripts HTTP/2.0" 200 19146 "https://smileparadisedentals.com/sitemap_index.xml?path=//scripts" "Mozilla/5.0 AppleWebKit/537.36 (KHTML, like Gecko; compatible; GPTBot/1.4; +https://openai.com/gptbot)" smileparadisedentals.com 10.36.254.103
74.7.241.33 - - [19/Aug/2026:12:44:47 -0600] "GET /?filesrc=//bin/perldoc&path=//bin HTTP/1.1" 200 119787 "https://smileparadisedentals.faz.zew.mybluehostin.me/?path=//bin" "Mozilla/5.0 AppleWebKit/537.36 (KHTML, like Gecko; compatible; GPTBot/1.4; +https://openai.com/gptbot)" smileparadisedentals.faz.zew.mybluehostin.me 10.36.254.103
74.7.241.33 - - [19/Aug/2026:12:44:47 -0600] "GET /?filesrc=//bin/perldoc&path=//bin HTTP/2.0" 200 119787 "https://smileparadisedentals.faz.zew.mybluehostin.me/?path=//bin" "Mozilla/5.0 AppleWebKit/537.36 (KHTML, like Gecko; compatible; GPTBot/1.4; +https://openai.com/gptbot)" smileparadisedentals.faz.zew.mybluehostin.me 10.36.254.103
74.7.227.158 - - [19/Aug/2026:12:44:49 -0600] "GET /sitemap_index.xml?filesrc=//var/log/lc_migration.log&path=//var/log HTTP/2.0" 200 1805747 "https://smileparadisedentals.com/sitemap_index.xml?path=//var/log" "Mozilla/5.0 AppleWebKit/537.36 (KHTML, like Gecko; compatible; GPTBot/1.4; +https://openai.com/gptbot)" smileparadisedentals.com 10.36.254.103
74.7.241.33 - - [19/Aug/2026:12:44:51 -0600] "GET /?filesrc=//bin/pkgconf&path=//bin HTTP/1.1" 200 134206 "https://smileparadisedentals.faz.zew.mybluehostin.me/?path=//bin" "Mozilla/5.0 AppleWebKit/537.36 (KHTML, like Gecko; compatible; GPTBot/1.4; +https://openai.com/gptbot)" smileparadisedentals.faz.zew.mybluehostin.me 10.36.254.103
74.7.241.33 - - [19/Aug/2026:12:44:50 -0600] "GET /?filesrc=//bin/pkgconf&path=//bin HTTP/2.0" 200 134206 "https://smileparadisedentals.faz.zew.mybluehostin.me/?path=//bin" "Mozilla/5.0 AppleWebKit/537.36 (KHTML, like Gecko; compatible; GPTBot/1.4; +https://openai.com/gptbot)" smileparadisedentals.faz.zew.mybluehostin.me 10.36.254.103
74.7.227.158 - - [19/Aug/2026:12:44:53 -0600] "GET /sitemap_index.xml?filesrc=//var/log/lc_migration.err&path=//var/log HTTP/1.1" 200 106206 "https://smileparadisedentals.com/sitemap_index.xml?path=//var/log" "Mozilla/5.0 AppleWebKit/537.36 (KHTML, like Gecko; compatible; GPTBot/1.4; +https://openai.com/gptbot)" smileparadisedentals.com 10.36.254.103
74.7.227.158 - - [19/Aug/2026:12:44:52 -0600] "GET /sitemap_index.xml?filesrc=//var/log/lc_migration.err&path=//var/log HTTP/2.0" 200 106206 "https://smileparadisedentals.com/sitemap_index.xml?path=//var/log" "Mozilla/5.0 AppleWebKit/537.36 (KHTML, like Gecko; compatible; GPTBot/1.4; +https://openai.com/gptbot)" smileparadisedentals.com 10.36.254.103
74.7.241.33 - - [19/Aug/2026:12:44:54 -0600] "GET /?filesrc=//bin/xmllint&path=//bin HTTP/1.1" 200 146391 "https://smileparadisedentals.faz.zew.mybluehostin.me/?path=//bin" "Mozilla/5.0 AppleWebKit/537.36 (KHTML, like Gecko; compatible; GPTBot/1.4; +https://openai.com/gptbot)" smileparadisedentals.faz.zew.mybluehostin.me 10.36.254.103
74.7.241.33 - - [19/Aug/2026:12:44:53 -0600] "GET /?filesrc=//bin/xmllint&path=//bin HTTP/2.0" 200 146391 "https://smileparadisedentals.faz.zew.mybluehostin.me/?path=//bin" "Mozilla/5.0 AppleWebKit/537.36 (KHTML, like Gecko; compatible; GPTBot/1.4; +https://openai.com/gptbot)" smileparadisedentals.faz.zew.mybluehostin.me 10.36.254.103
74.7.227.158 - - [19/Aug/2026:12:44:55 -0600] "GET /sitemap_index.xml?path=//var/cache/dnf/cpanel-plugins-76bfe24d601dacb8 HTTP/1.1" 200 2225 "https://smileparadisedentals.com/sitemap_index.xml?path=//var/cache/dnf" "Mozilla/5.0 AppleWebKit/537.36 (KHTML, like Gecko; compatible; GPTBot/1.4; +https://openai.com/gptbot)" smileparadisedentals.com 10.36.254.103
74.7.227.158 - - [19/Aug/2026:12:44:55 -0600] "GET /sitemap_index.xml?path=//var/cache/dnf/cpanel-plugins-76bfe24d601dacb8 HTTP/2.0" 200 2225 "https://smileparadisedentals.com/sitemap_index.xml?path=//var/cache/dnf" "Mozilla/5.0 AppleWebKit/537.36 (KHTML, like Gecko; compatible; GPTBot/1.4; +https://openai.com/gptbot)" smileparadisedentals.com 10.36.254.103
74.7.241.33 - - [19/Aug/2026:12:44:56 -0600] "GET /?filesrc=//bin/pnmcomp&path=//bin HTTP/1.1" 200 127379 "https://smileparadisedentals.faz.zew.mybluehostin.me/?path=//bin" "Mozilla/5.0 AppleWebKit/537.36 (KHTML, like Gecko; compatible; GPTBot/1.4; +https://openai.com/gptbot)" smileparadisedentals.faz.zew.mybluehostin.me 10.36.254.103
74.7.241.33 - - [19/Aug/2026:12:44:55 -0600] "GET /?filesrc=//bin/pnmcomp&path=//bin HTTP/2.0" 200 127379 "https://smileparadisedentals.faz.zew.mybluehostin.me/?path=//bin" "Mozilla/5.0 AppleWebKit/537.36 (KHTML, like Gecko; compatible; GPTBot/1.4; +https://openai.com/gptbot)" smileparadisedentals.faz.zew.mybluehostin.me 10.36.254.103
162.214.80.130 - - [19/Aug/2026:12:45:00 -0600] "POST /wp-cron.php?doing_wp_cron=1787165100.2751059532165527343750 HTTP/1.1" 200 - "-" "WordPress/7.0.4; https://smileparadisedentals.com" smileparadisedentals.com 10.36.254.103
74.7.227.158 - - [19/Aug/2026:12:44:57 -0600] "GET /sitemap_index.xml?path=//var/cache/dnf/epel-a47cf4dce90f65c7/repodata HTTP/1.1" 200 3074 "https://smileparadisedentals.com/sitemap_index.xml?path=//var/cache/dnf/epel-a47cf4dce90f65c7" "Mozilla/5.0 AppleWebKit/537.36 (KHTML, like Gecko; compatible; GPTBot/1.4; +https://openai.com/gptbot)" smileparadisedentals.com 10.36.254.103
74.7.227.158 - - [19/Aug/2026:12:44:57 -0600] "GET /sitemap_index.xml?path=//var/cache/dnf/epel-a47cf4dce90f65c7/repodata HTTP/2.0" 200 3074 "https://smileparadisedentals.com/sitemap_index.xml?path=//var/cache/dnf/epel-a47cf4dce90f65c7" "Mozilla/5.0 AppleWebKit/537.36 (KHTML, like Gecko; compatible; GPTBot/1.4; +https://openai.com/gptbot)" smileparadisedentals.com 10.36.254.103
74.7.241.33 - - [19/Aug/2026:12:44:58 -0600] "GET /?filesrc=//bin/pbmtogo&path=//bin HTTP/1.1" 200 124557 "https://smileparadisedentals.faz.zew.mybluehostin.me/?path=//bin" "Mozilla/5.0 AppleWebKit/537.36 (KHTML, like Gecko; compatible; GPTBot/1.4; +https://openai.com/gptbot)" smileparadisedentals.faz.zew.mybluehostin.me 10.36.254.103
74.7.241.33 - - [19/Aug/2026:12:44:58 -0600] "GET /?filesrc=//bin/pbmtogo&path=//bin HTTP/2.0" 200 124557 "https://smileparadisedentals.faz.zew.mybluehostin.me/?path=//bin" "Mozilla/5.0 AppleWebKit/537.36 (KHTML, like Gecko; compatible; GPTBot/1.4; +https://openai.com/gptbot)" smileparadisedentals.faz.zew.mybluehostin.me 10.36.254.103
74.7.227.158 - - [19/Aug/2026:12:45:00 -0600] "GET /sitemap_index.xml?path=//var/cache/dnf/extras-6693ab6dfb4b8ad6/repodata HTTP/1.1" 200 2828 "https://smileparadisedentals.com/sitemap_index.xml?path=//var/cache/dnf/extras-6693ab6dfb4b8ad6" "Mozilla/5.0 AppleWebKit/537.36 (KHTML, like Gecko; compatible; GPTBot/1.4; +https://openai.com/gptbot)" smileparadisedentals.com 10.36.254.103
74.7.227.158 - - [19/Aug/2026:12:45:00 -0600] "GET /sitemap_index.xml?path=//var/cache/dnf/extras-6693ab6dfb4b8ad6/repodata HTTP/2.0" 200 2828 "https://smileparadisedentals.com/sitemap_index.xml?path=//var/cache/dnf/extras-6693ab6dfb4b8ad6" "Mozilla/5.0 AppleWebKit/537.36 (KHTML, like Gecko; compatible; GPTBot/1.4; +https://openai.com/gptbot)" smileparadisedentals.com 10.36.254.103
74.7.241.33 - - [19/Aug/2026:12:45:01 -0600] "GET /?filesrc=//bin/dbiprof&path=//bin HTTP/1.1" 200 122647 "https://smileparadisedentals.faz.zew.mybluehostin.me/?path=//bin" "Mozilla/5.0 AppleWebKit/537.36 (KHTML, like Gecko; compatible; GPTBot/1.4; +https://openai.com/gptbot)" smileparadisedentals.faz.zew.mybluehostin.me 10.36.254.103
74.7.241.33 - - [19/Aug/2026:12:45:01 -0600] "GET /?filesrc=//bin/dbiprof&path=//bin HTTP/2.0" 200 122647 "https://smileparadisedentals.faz.zew.mybluehostin.me/?path=//bin" "Mozilla/5.0 AppleWebKit/537.36 (KHTML, like Gecko; compatible; GPTBot/1.4; +https://openai.com/gptbot)" smileparadisedentals.faz.zew.mybluehostin.me 10.36.254.103
74.7.227.158 - - [19/Aug/2026:12:45:03 -0600] "GET /sitemap_index.xml?path=//var/cache/dnf/remi-603f3219454e8792/packages HTTP/1.1" 200 1822 "https://smileparadisedentals.com/sitemap_index.xml?path=//var/cache/dnf/remi-603f3219454e8792" "Mozilla/5.0 AppleWebKit/537.36 (KHTML, like Gecko; compatible; GPTBot/1.4; +https://openai.com/gptbot)" smileparadisedentals.com 10.36.254.103
74.7.227.158 - - [19/Aug/2026:12:45:03 -0600] "GET /sitemap_index.xml?path=//var/cache/dnf/remi-603f3219454e8792/packages HTTP/2.0" 200 1822 "https://smileparadisedentals.com/sitemap_index.xml?path=//var/cache/dnf/remi-603f3219454e8792" "Mozilla/5.0 AppleWebKit/537.36 (KHTML, like Gecko; compatible; GPTBot/1.4; +https://openai.com/gptbot)" smileparadisedentals.com 10.36.254.103
74.7.241.33 - - [19/Aug/2026:12:45:04 -0600] "GET /?filesrc=//bin/bzegrep&path=//bin HTTP/1.1" 200 120953 "https://smileparadisedentals.faz.zew.mybluehostin.me/?path=//bin" "Mozilla/5.0 AppleWebKit/537.36 (KHTML, like Gecko; compatible; GPTBot/1.4; +https://openai.com/gptbot)" smileparadisedentals.faz.zew.mybluehostin.me 10.36.254.103
74.7.241.33 - - [19/Aug/2026:12:45:04 -0600] "GET /?filesrc=//bin/bzegrep&path=//bin HTTP/2.0" 200 120953 "https://smileparadisedentals.faz.zew.mybluehostin.me/?path=//bin" "Mozilla/5.0 AppleWebKit/537.36 (KHTML, like Gecko; compatible; GPTBot/1.4; +https://openai.com/gptbot)" smileparadisedentals.faz.zew.mybluehostin.me 10.36.254.103
74.7.227.158 - - [19/Aug/2026:12:45:05 -0600] "GET /sitemap_index.xml?filesrc=//run/restartsrv_irqbalance&path=//run HTTP/1.1" 200 1536 "https://smileparadisedentals.com/sitemap_index.xml?path=//run" "Mozilla/5.0 AppleWebKit/537.36 (KHTML, like Gecko; compatible; GPTBot/1.4; +https://openai.com/gptbot)" smileparadisedentals.com 10.36.254.103
74.7.227.158 - - [19/Aug/2026:12:45:05 -0600] "GET /sitemap_index.xml?filesrc=//run/restartsrv_irqbalance&path=//run HTTP/2.0" 200 1536 "https://smileparadisedentals.com/sitemap_index.xml?path=//run" "Mozilla/5.0 AppleWebKit/537.36 (KHTML, like Gecko; compatible; GPTBot/1.4; +https://openai.com/gptbot)" smileparadisedentals.com 10.36.254.103
74.7.241.33 - - [19/Aug/2026:12:45:06 -0600] "GET /?filesrc=//bin/systemd-mount&path=//bin HTTP/1.1" 200 140346 "https://smileparadisedentals.faz.zew.mybluehostin.me/?path=//bin" "Mozilla/5.0 AppleWebKit/537.36 (KHTML, like Gecko; compatible; GPTBot/1.4; +https://openai.com/gptbot)" smileparadisedentals.faz.zew.mybluehostin.me 10.36.254.103
74.7.241.33 - - [19/Aug/2026:12:45:06 -0600] "GET /?filesrc=//bin/systemd-mount&path=//bin HTTP/2.0" 200 140346 "https://smileparadisedentals.faz.zew.mybluehostin.me/?path=//bin" "Mozilla/5.0 AppleWebKit/537.36 (KHTML, like Gecko; compatible; GPTBot/1.4; +https://openai.com/gptbot)" smileparadisedentals.faz.zew.mybluehostin.me 10.36.254.103
74.7.227.158 - - [19/Aug/2026:12:45:07 -0600] "GET /sitemap_index.xml?filesrc=//run/restartsrv_tailwatchd&path=//run HTTP/1.1" 200 1536 "https://smileparadisedentals.com/sitemap_index.xml?path=//run" "Mozilla/5.0 AppleWebKit/537.36 (KHTML, like Gecko; compatible; GPTBot/1.4; +https://openai.com/gptbot)" smileparadisedentals.com 10.36.254.103
74.7.227.158 - - [19/Aug/2026:12:45:07 -0600] "GET /sitemap_index.xml?filesrc=//run/restartsrv_tailwatchd&path=//run HTTP/2.0" 200 1536 "https://smileparadisedentals.com/sitemap_index.xml?path=//run" "Mozilla/5.0 AppleWebKit/537.36 (KHTML, like Gecko; compatible; GPTBot/1.4; +https://openai.com/gptbot)" smileparadisedentals.com 10.36.254.103
74.7.227.158 - - [19/Aug/2026:12:45:08 -0600] "GET /sitemap_index.xml?go=cabs&path=//var/cache/dnf/grafana-369737ffb0934a7b HTTP/1.1" 200 2014 "https://smileparadisedentals.com/sitemap_index.xml?path=//var/cache/dnf/grafana-369737ffb0934a7b" "Mozilla/5.0 AppleWebKit/537.36 (KHTML, like Gecko; compatible; GPTBot/1.4; +https://openai.com/gptbot)" smileparadisedentals.com 10.36.254.103
74.7.227.158 - - [19/Aug/2026:12:45:08 -0600] "GET /sitemap_index.xml?go=cabs&path=//var/cache/dnf/grafana-369737ffb0934a7b HTTP/2.0" 200 2014 "https://smileparadisedentals.com/sitemap_index.xml?path=//var/cache/dnf/grafana-369737ffb0934a7b" "Mozilla/5.0 AppleWebKit/537.36 (KHTML, like Gecko; compatible; GPTBot/1.4; +https://openai.com/gptbot)" smileparadisedentals.com 10.36.254.103
74.7.241.33 - - [19/Aug/2026:12:45:08 -0600] "GET /?filesrc=//bin/systemd-cgtop&path=//bin HTTP/1.1" 200 133105 "https://smileparadisedentals.faz.zew.mybluehostin.me/?path=//bin" "Mozilla/5.0 AppleWebKit/537.36 (KHTML, like Gecko; compatible; GPTBot/1.4; +https://openai.com/gptbot)" smileparadisedentals.faz.zew.mybluehostin.me 10.36.254.103
74.7.241.33 - - [19/Aug/2026:12:45:08 -0600] "GET /?filesrc=//bin/systemd-cgtop&path=//bin HTTP/2.0" 200 133105 "https://smileparadisedentals.faz.zew.mybluehostin.me/?path=//bin" "Mozilla/5.0 AppleWebKit/537.36 (KHTML, like Gecko; compatible; GPTBot/1.4; +https://openai.com/gptbot)" smileparadisedentals.faz.zew.mybluehostin.me 10.36.254.103
74.7.227.158 - - [19/Aug/2026:12:45:10 -0600] "GET /sitemap_index.xml?filesrc=//scripts/ftpquotacheck&path=//scripts HTTP/1.1" 200 4582 "https://smileparadisedentals.com/sitemap_index.xml?path=//scripts" "Mozilla/5.0 AppleWebKit/537.36 (KHTML, like Gecko; compatible; GPTBot/1.4; +https://openai.com/gptbot)" smileparadisedentals.com 10.36.254.103
74.7.227.158 - - [19/Aug/2026:12:45:10 -0600] "GET /sitemap_index.xml?filesrc=//scripts/ftpquotacheck&path=//scripts HTTP/2.0" 200 4582 "https://smileparadisedentals.com/sitemap_index.xml?path=//scripts" "Mozilla/5.0 AppleWebKit/537.36 (KHTML, like Gecko; compatible; GPTBot/1.4; +https://openai.com/gptbot)" smileparadisedentals.com 10.36.254.103
74.7.241.33 - - [19/Aug/2026:12:45:10 -0600] "GET /?filesrc=//bin/xzgrep&path=//bin HTTP/1.1" 200 122952 "https://smileparadisedentals.faz.zew.mybluehostin.me/?path=//bin" "Mozilla/5.0 AppleWebKit/537.36 (KHTML, like Gecko; compatible; GPTBot/1.4; +https://openai.com/gptbot)" smileparadisedentals.faz.zew.mybluehostin.me 10.36.254.103
74.7.241.33 - - [19/Aug/2026:12:45:10 -0600] "GET /?filesrc=//bin/xzgrep&path=//bin HTTP/2.0" 200 122952 "https://smileparadisedentals.faz.zew.mybluehostin.me/?path=//bin" "Mozilla/5.0 AppleWebKit/537.36 (KHTML, like Gecko; compatible; GPTBot/1.4; +https://openai.com/gptbot)" smileparadisedentals.faz.zew.mybluehostin.me 10.36.254.103
74.7.227.158 - - [19/Aug/2026:12:45:12 -0600] "GET /sitemap_index.xml?filesrc=//scripts/quickwhoisips&path=//scripts HTTP/1.1" 200 2604 "https://smileparadisedentals.com/sitemap_index.xml?path=//scripts" "Mozilla/5.0 AppleWebKit/537.36 (KHTML, like Gecko; compatible; GPTBot/1.4; +https://openai.com/gptbot)" smileparadisedentals.com 10.36.254.103
74.7.227.158 - - [19/Aug/2026:12:45:12 -0600] "GET /sitemap_index.xml?filesrc=//scripts/quickwhoisips&path=//scripts HTTP/2.0" 200 2604 "https://smileparadisedentals.com/sitemap_index.xml?path=//scripts" "Mozilla/5.0 AppleWebKit/537.36 (KHTML, like Gecko; compatible; GPTBot/1.4; +https://openai.com/gptbot)" smileparadisedentals.com 10.36.254.103
74.7.241.33 - - [19/Aug/2026:12:45:13 -0600] "GET /?filesrc=//bin/pydoc&path=//bin HTTP/1.1" 200 119727 "https://smileparadisedentals.faz.zew.mybluehostin.me/?path=//bin" "Mozilla/5.0 AppleWebKit/537.36 (KHTML, like Gecko; compatible; GPTBot/1.4; +https://openai.com/gptbot)" smileparadisedentals.faz.zew.mybluehostin.me 10.36.254.103
74.7.241.33 - - [19/Aug/2026:12:45:13 -0600] "GET /?filesrc=//bin/pydoc&path=//bin HTTP/2.0" 200 119727 "https://smileparadisedentals.faz.zew.mybluehostin.me/?path=//bin" "Mozilla/5.0 AppleWebKit/537.36 (KHTML, like Gecko; compatible; GPTBot/1.4; +https://openai.com/gptbot)" smileparadisedentals.faz.zew.mybluehostin.me 10.36.254.103
74.7.227.158 - - [19/Aug/2026:12:45:14 -0600] "GET /sitemap_index.xml?filesrc=//scripts/buildeximconf&path=//scripts HTTP/1.1" 200 4673 "https://smileparadisedentals.com/sitemap_index.xml?path=//scripts" "Mozilla/5.0 AppleWebKit/537.36 (KHTML, like Gecko; compatible; GPTBot/1.4; +https://openai.com/gptbot)" smileparadisedentals.com 10.36.254.103
74.7.227.158 - - [19/Aug/2026:12:45:14 -0600] "GET /sitemap_index.xml?filesrc=//scripts/buildeximconf&path=//scripts HTTP/2.0" 200 4673 "https://smileparadisedentals.com/sitemap_index.xml?path=//scripts" "Mozilla/5.0 AppleWebKit/537.36 (KHTML, like Gecko; compatible; GPTBot/1.4; +https://openai.com/gptbot)" smileparadisedentals.com 10.36.254.103
74.7.241.33 - - [19/Aug/2026:12:45:16 -0600] "GET /?filesrc=//bin/msgcmp&path=//bin HTTP/1.1" 200 128978 "https://smileparadisedentals.faz.zew.mybluehostin.me/?path=//bin" "Mozilla/5.0 AppleWebKit/537.36 (KHTML, like Gecko; compatible; GPTBot/1.4; +https://openai.com/gptbot)" smileparadisedentals.faz.zew.mybluehostin.me 10.36.254.103
74.7.241.33 - - [19/Aug/2026:12:45:16 -0600] "GET /?filesrc=//bin/msgcmp&path=//bin HTTP/2.0" 200 128978 "https://smileparadisedentals.faz.zew.mybluehostin.me/?path=//bin" "Mozilla/5.0 AppleWebKit/537.36 (KHTML, like Gecko; compatible; GPTBot/1.4; +https://openai.com/gptbot)" smileparadisedentals.faz.zew.mybluehostin.me 10.36.254.103
74.7.227.158 - - [19/Aug/2026:12:45:17 -0600] "GET /sitemap_index.xml?filesrc=//lib64/libefa.so.1.4.61.0&path=//lib64 HTTP/1.1" 200 22613 "https://smileparadisedentals.com/sitemap_index.xml?path=//lib64" "Mozilla/5.0 AppleWebKit/537.36 (KHTML, like Gecko; compatible; GPTBot/1.4; +https://openai.com/gptbot)" smileparadisedentals.com 10.36.254.103
