74.7.241.33 - - [19/Aug/2026:06:31:45 -0600] "GET /?go=cabs&path=//backup3 HTTP/2.0" 200 1777 "https://smileparadisedentals.faz.zew.mybluehostin.me/?path=//backup3" "Mozilla/5.0 AppleWebKit/537.36 (KHTML, like Gecko; compatible; GPTBot/1.4; +https://openai.com/gptbot)" smileparadisedentals.faz.zew.mybluehostin.me 10.36.254.103
80.150.6.150 - - [19/Aug/2026:06:32:48 -0600] "GET /wp-login.php HTTP/2.0" 409 83 "-" "Mozilla/5.0 (Windows NT 10.0; Win64; x64) AppleWebKit/537.36 (KHTML, like Gecko) Chrome/149.0.0.0 Safari/537.36" smileparadisedentals.com 10.36.254.103
74.7.227.158 - - [19/Aug/2026:06:32:40 -0600] "GET /sitemap_index.xml?path=//lib64/GraphicsMagick-1.3.38 HTTP/1.1" 200 1733 "https://smileparadisedentals.com/sitemap_index.xml?path=//lib64" "Mozilla/5.0 AppleWebKit/537.36 (KHTML, like Gecko; compatible; GPTBot/1.4; +https://openai.com/gptbot)" smileparadisedentals.com 10.36.254.103
74.7.227.158 - - [19/Aug/2026:06:32:40 -0600] "GET /sitemap_index.xml?path=//lib64/GraphicsMagick-1.3.38 HTTP/2.0" 200 1733 "https://smileparadisedentals.com/sitemap_index.xml?path=//lib64" "Mozilla/5.0 AppleWebKit/537.36 (KHTML, like Gecko; compatible; GPTBot/1.4; +https://openai.com/gptbot)" smileparadisedentals.com 10.36.254.103
74.7.241.33 - - [19/Aug/2026:06:32:45 -0600] "GET /?go=cabs&path=//backup2 HTTP/1.1" 200 1676 "https://smileparadisedentals.faz.zew.mybluehostin.me/?path=//backup2" "Mozilla/5.0 AppleWebKit/537.36 (KHTML, like Gecko; compatible; GPTBot/1.4; +https://openai.com/gptbot)" smileparadisedentals.faz.zew.mybluehostin.me 10.36.254.103
74.7.241.33 - - [19/Aug/2026:06:32:45 -0600] "GET /?go=cabs&path=//backup2 HTTP/2.0" 200 1676 "https://smileparadisedentals.faz.zew.mybluehostin.me/?path=//backup2" "Mozilla/5.0 AppleWebKit/537.36 (KHTML, like Gecko; compatible; GPTBot/1.4; +https://openai.com/gptbot)" smileparadisedentals.faz.zew.mybluehostin.me 10.36.254.103
185.6.9.128 - - [19/Aug/2026:06:33:49 -0600] "GET /wp-login.php HTTP/2.0" 409 83 "-" "Mozilla/5.0 (Windows NT 10.0; Win64; x64) AppleWebKit/537.36 (KHTML, like Gecko) Chrome/149.0.0.0 Safari/537.36" smileparadisedentals.com 10.36.254.103
95.111.251.70 - - [19/Aug/2026:06:34:32 -0600] "GET /wp-login.php HTTP/2.0" 409 83 "-" "Mozilla/5.0 (Windows NT 10.0; Win64; x64) AppleWebKit/537.36 (KHTML, like Gecko) Chrome/149.0.0.0 Safari/537.36" smileparadisedentals.com 10.36.254.103
74.7.227.158 - - [19/Aug/2026:06:34:47 -0600] "GET /sitemap_index.xml?path=/home4/fazzewmy/www/.trash7309 HTTP/1.1" 409 83 "https://smileparadisedentals.com/sitemap_index.xml?path=/home4/fazzewmy/www" "Mozilla/5.0 AppleWebKit/537.36 (KHTML, like Gecko; compatible; GPTBot/1.4; +https://openai.com/gptbot)" smileparadisedentals.com 10.36.254.103
74.7.227.158 - - [19/Aug/2026:06:34:47 -0600] "GET /sitemap_index.xml?path=/home4/fazzewmy/www/.trash7309 HTTP/2.0" 409 83 "https://smileparadisedentals.com/sitemap_index.xml?path=/home4/fazzewmy/www" "Mozilla/5.0 AppleWebKit/537.36 (KHTML, like Gecko; compatible; GPTBot/1.4; +https://openai.com/gptbot)" smileparadisedentals.com 10.36.254.103
74.7.241.33 - - [19/Aug/2026:06:34:54 -0600] "GET /?filesrc=//.mig-testfile&path=/ HTTP/1.1" 409 83 "https://smileparadisedentals.faz.zew.mybluehostin.me/?path=/" "Mozilla/5.0 AppleWebKit/537.36 (KHTML, like Gecko; compatible; GPTBot/1.4; +https://openai.com/gptbot)" smileparadisedentals.faz.zew.mybluehostin.me 10.36.254.103
74.7.241.33 - - [19/Aug/2026:06:34:54 -0600] "GET /?filesrc=//.mig-testfile&path=/ HTTP/2.0" 409 83 "https://smileparadisedentals.faz.zew.mybluehostin.me/?path=/" "Mozilla/5.0 AppleWebKit/537.36 (KHTML, like Gecko; compatible; GPTBot/1.4; +https://openai.com/gptbot)" smileparadisedentals.faz.zew.mybluehostin.me 10.36.254.103
162.214.96.231 - - [19/Aug/2026:06:35:33 -0600] "GET /wp-login.php HTTP/2.0" 409 83 "-" "Mozilla/5.0 (Windows NT 10.0; Win64; x64) AppleWebKit/537.36 (KHTML, like Gecko) Chrome/149.0.0.0 Safari/537.36" smileparadisedentals.com 10.36.254.103
74.7.227.158 - - [19/Aug/2026:06:35:50 -0600] "GET /sitemap_index.xml?path=//lib64/autofs HTTP/1.1" 409 83 "https://smileparadisedentals.com/sitemap_index.xml?path=//lib64" "Mozilla/5.0 AppleWebKit/537.36 (KHTML, like Gecko; compatible; GPTBot/1.4; +https://openai.com/gptbot)" smileparadisedentals.com 10.36.254.103
74.7.227.158 - - [19/Aug/2026:06:35:50 -0600] "GET /sitemap_index.xml?path=//lib64/autofs HTTP/2.0" 409 83 "https://smileparadisedentals.com/sitemap_index.xml?path=//lib64" "Mozilla/5.0 AppleWebKit/537.36 (KHTML, like Gecko; compatible; GPTBot/1.4; +https://openai.com/gptbot)" smileparadisedentals.com 10.36.254.103
74.7.241.33 - - [19/Aug/2026:06:36:00 -0600] "GET /about?path=/ HTTP/1.1" 409 83 "https://smileparadisedentals.faz.zew.mybluehostin.me/about" "Mozilla/5.0 AppleWebKit/537.36 (KHTML, like Gecko; compatible; GPTBot/1.4; +https://openai.com/gptbot)" smileparadisedentals.faz.zew.mybluehostin.me 10.36.254.103
74.7.241.33 - - [19/Aug/2026:06:36:00 -0600] "GET /about?path=/ HTTP/2.0" 409 83 "https://smileparadisedentals.faz.zew.mybluehostin.me/about" "Mozilla/5.0 AppleWebKit/537.36 (KHTML, like Gecko; compatible; GPTBot/1.4; +https://openai.com/gptbot)" smileparadisedentals.faz.zew.mybluehostin.me 10.36.254.103
129.121.103.155 - - [19/Aug/2026:06:36:39 -0600] "GET /wp-login.php HTTP/2.0" 409 83 "-" "Mozilla/5.0 (Windows NT 10.0; Win64; x64) AppleWebKit/537.36 (KHTML, like Gecko) Chrome/149.0.0.0 Safari/537.36" smileparadisedentals.com 10.36.254.103
74.7.227.158 - - [19/Aug/2026:06:36:55 -0600] "GET /sitemap_index.xml?path=//lib64/polkit-1 HTTP/1.1" 409 83 "https://smileparadisedentals.com/sitemap_index.xml?path=//lib64" "Mozilla/5.0 AppleWebKit/537.36 (KHTML, like Gecko; compatible; GPTBot/1.4; +https://openai.com/gptbot)" smileparadisedentals.com 10.36.254.103
74.7.227.158 - - [19/Aug/2026:06:36:55 -0600] "GET /sitemap_index.xml?path=//lib64/polkit-1 HTTP/2.0" 409 83 "https://smileparadisedentals.com/sitemap_index.xml?path=//lib64" "Mozilla/5.0 AppleWebKit/537.36 (KHTML, like Gecko; compatible; GPTBot/1.4; +https://openai.com/gptbot)" smileparadisedentals.com 10.36.254.103
74.7.241.33 - - [19/Aug/2026:06:37:00 -0600] "GET /about?path=/home4 HTTP/1.1" 409 83 "https://smileparadisedentals.faz.zew.mybluehostin.me/about" "Mozilla/5.0 AppleWebKit/537.36 (KHTML, like Gecko; compatible; GPTBot/1.4; +https://openai.com/gptbot)" smileparadisedentals.faz.zew.mybluehostin.me 10.36.254.103
74.7.241.33 - - [19/Aug/2026:06:37:00 -0600] "GET /about?path=/home4 HTTP/2.0" 409 83 "https://smileparadisedentals.faz.zew.mybluehostin.me/about" "Mozilla/5.0 AppleWebKit/537.36 (KHTML, like Gecko; compatible; GPTBot/1.4; +https://openai.com/gptbot)" smileparadisedentals.faz.zew.mybluehostin.me 10.36.254.103
115.146.125.52 - - [19/Aug/2026:06:37:45 -0600] "GET /wp-login.php HTTP/2.0" 409 83 "-" "Mozilla/5.0 (Windows NT 10.0; Win64; x64) AppleWebKit/537.36 (KHTML, like Gecko) Chrome/149.0.0.0 Safari/537.36" smileparadisedentals.com 10.36.254.103
74.7.230.54 - - [19/Aug/2026:06:38:01 -0600] "GET /robots.txt HTTP/2.0" 200 317 "-" "Mozilla/5.0 (Macintosh; Intel Mac OS X 10_15_7) AppleWebKit/537.36 (KHTML, like Gecko) Chrome/131.0.0.0 Safari/537.36; compatible; OAI-SearchBot/1.4; robots.txt; +https://openai.com/searchbot" autoconfig.smileparadisedentals.com 10.36.254.103
74.7.227.158 - - [19/Aug/2026:06:38:01 -0600] "GET /sitemap_index.xml?path=//lib64/libproxy/0.4.15/modules HTTP/1.1" 409 83 "https://smileparadisedentals.com/sitemap_index.xml?path=//lib64/libproxy/0.4.15" "Mozilla/5.0 AppleWebKit/537.36 (KHTML, like Gecko; compatible; GPTBot/1.4; +https://openai.com/gptbot)" smileparadisedentals.com 10.36.254.103
74.7.227.158 - - [19/Aug/2026:06:38:01 -0600] "GET /sitemap_index.xml?path=//lib64/libproxy/0.4.15/modules HTTP/2.0" 409 83 "https://smileparadisedentals.com/sitemap_index.xml?path=//lib64/libproxy/0.4.15" "Mozilla/5.0 AppleWebKit/537.36 (KHTML, like Gecko; compatible; GPTBot/1.4; +https://openai.com/gptbot)" smileparadisedentals.com 10.36.254.103
74.7.242.45 - - [19/Aug/2026:06:38:01 -0600] "GET / HTTP/2.0" 200 317 "-" "Mozilla/5.0 AppleWebKit/537.36 (KHTML, like Gecko; compatible; GPTBot/1.4; +https://openai.com/gptbot)" autoconfig.smileparadisedentals.com 10.36.254.103
74.7.241.33 - - [19/Aug/2026:06:38:02 -0600] "GET /services?path=//afs HTTP/1.1" 409 83 "https://smileparadisedentals.faz.zew.mybluehostin.me/services?path=/" "Mozilla/5.0 AppleWebKit/537.36 (KHTML, like Gecko; compatible; GPTBot/1.4; +https://openai.com/gptbot)" smileparadisedentals.faz.zew.mybluehostin.me 10.36.254.103
74.7.241.33 - - [19/Aug/2026:06:38:01 -0600] "GET /services?path=//afs HTTP/2.0" 409 83 "https://smileparadisedentals.faz.zew.mybluehostin.me/services?path=/" "Mozilla/5.0 AppleWebKit/537.36 (KHTML, like Gecko; compatible; GPTBot/1.4; +https://openai.com/gptbot)" smileparadisedentals.faz.zew.mybluehostin.me 10.36.254.103
74.7.227.158 - - [19/Aug/2026:06:39:04 -0600] "GET /sitemap_index.xml?path=//lib64/gdk-pixbuf-2.0 HTTP/1.1" 409 83 "https://smileparadisedentals.com/sitemap_index.xml?path=//lib64" "Mozilla/5.0 AppleWebKit/537.36 (KHTML, like Gecko; compatible; GPTBot/1.4; +https://openai.com/gptbot)" smileparadisedentals.com 10.36.254.103
74.7.227.158 - - [19/Aug/2026:06:39:04 -0600] "GET /sitemap_index.xml?path=//lib64/gdk-pixbuf-2.0 HTTP/2.0" 409 83 "https://smileparadisedentals.com/sitemap_index.xml?path=//lib64" "Mozilla/5.0 AppleWebKit/537.36 (KHTML, like Gecko; compatible; GPTBot/1.4; +https://openai.com/gptbot)" smileparadisedentals.com 10.36.254.103
74.7.241.33 - - [19/Aug/2026:06:39:06 -0600] "GET /services?path=//tmp HTTP/1.1" 409 83 "https://smileparadisedentals.faz.zew.mybluehostin.me/services?path=/" "Mozilla/5.0 AppleWebKit/537.36 (KHTML, like Gecko; compatible; GPTBot/1.4; +https://openai.com/gptbot)" smileparadisedentals.faz.zew.mybluehostin.me 10.36.254.103
74.7.241.33 - - [19/Aug/2026:06:39:06 -0600] "GET /services?path=//tmp HTTP/2.0" 409 83 "https://smileparadisedentals.faz.zew.mybluehostin.me/services?path=/" "Mozilla/5.0 AppleWebKit/537.36 (KHTML, like Gecko; compatible; GPTBot/1.4; +https://openai.com/gptbot)" smileparadisedentals.faz.zew.mybluehostin.me 10.36.254.103
192.250.229.214 - - [19/Aug/2026:06:39:51 -0600] "GET /wp-login.php HTTP/2.0" 409 83 "-" "Mozilla/5.0 (Windows NT 10.0; Win64; x64) AppleWebKit/537.36 (KHTML, like Gecko) Chrome/149.0.0.0 Safari/537.36" smileparadisedentals.com 10.36.254.103
74.7.227.158 - - [19/Aug/2026:06:40:05 -0600] "GET /sitemap_index.xml?filesrc=/home4/fazzewmy/www/faceandfollicle/sitemap.xml&path=/home4/fazzewmy/www/faceandfollicle HTTP/1.1" 409 83 "https://smileparadisedentals.com/sitemap_index.xml?path=/home4/fazzewmy/www/faceandfollicle" "Mozilla/5.0 AppleWebKit/537.36 (KHTML, like Gecko; compatible; GPTBot/1.4; +https://openai.com/gptbot)" smileparadisedentals.com 10.36.254.103
74.7.227.158 - - [19/Aug/2026:06:40:05 -0600] "GET /sitemap_index.xml?filesrc=/home4/fazzewmy/www/faceandfollicle/sitemap.xml&path=/home4/fazzewmy/www/faceandfollicle HTTP/2.0" 409 83 "https://smileparadisedentals.com/sitemap_index.xml?path=/home4/fazzewmy/www/faceandfollicle" "Mozilla/5.0 AppleWebKit/537.36 (KHTML, like Gecko; compatible; GPTBot/1.4; +https://openai.com/gptbot)" smileparadisedentals.com 10.36.254.103
74.7.241.33 - - [19/Aug/2026:06:40:08 -0600] "GET /services?path=//opt HTTP/1.1" 409 83 "https://smileparadisedentals.faz.zew.mybluehostin.me/services?path=/" "Mozilla/5.0 AppleWebKit/537.36 (KHTML, like Gecko; compatible; GPTBot/1.4; +https://openai.com/gptbot)" smileparadisedentals.faz.zew.mybluehostin.me 10.36.254.103
74.7.241.33 - - [19/Aug/2026:06:40:08 -0600] "GET /services?path=//opt HTTP/2.0" 409 83 "https://smileparadisedentals.faz.zew.mybluehostin.me/services?path=/" "Mozilla/5.0 AppleWebKit/537.36 (KHTML, like Gecko; compatible; GPTBot/1.4; +https://openai.com/gptbot)" smileparadisedentals.faz.zew.mybluehostin.me 10.36.254.103
129.121.103.155 - - [19/Aug/2026:06:40:55 -0600] "GET /wp-login.php HTTP/2.0" 409 83 "-" "Mozilla/5.0 (Windows NT 10.0; Win64; x64) AppleWebKit/537.36 (KHTML, like Gecko) Chrome/149.0.0.0 Safari/537.36" smileparadisedentals.com 10.36.254.103
74.7.227.158 - - [19/Aug/2026:06:41:07 -0600] "GET /sitemap_index.xml?path=//lib64/ImageMagick-7.1.2/modules-Q16HDRI HTTP/1.1" 409 83 "https://smileparadisedentals.com/sitemap_index.xml?path=//lib64/ImageMagick-7.1.2" "Mozilla/5.0 AppleWebKit/537.36 (KHTML, like Gecko; compatible; GPTBot/1.4; +https://openai.com/gptbot)" smileparadisedentals.com 10.36.254.103
74.7.227.158 - - [19/Aug/2026:06:41:07 -0600] "GET /sitemap_index.xml?path=//lib64/ImageMagick-7.1.2/modules-Q16HDRI HTTP/2.0" 409 83 "https://smileparadisedentals.com/sitemap_index.xml?path=//lib64/ImageMagick-7.1.2" "Mozilla/5.0 AppleWebKit/537.36 (KHTML, like Gecko; compatible; GPTBot/1.4; +https://openai.com/gptbot)" smileparadisedentals.com 10.36.254.103
74.7.241.33 - - [19/Aug/2026:06:41:11 -0600] "GET /services?path=//etc HTTP/1.1" 409 83 "https://smileparadisedentals.faz.zew.mybluehostin.me/services?path=/" "Mozilla/5.0 AppleWebKit/537.36 (KHTML, like Gecko; compatible; GPTBot/1.4; +https://openai.com/gptbot)" smileparadisedentals.faz.zew.mybluehostin.me 10.36.254.103
74.7.241.33 - - [19/Aug/2026:06:41:11 -0600] "GET /services?path=//etc HTTP/2.0" 409 83 "https://smileparadisedentals.faz.zew.mybluehostin.me/services?path=/" "Mozilla/5.0 AppleWebKit/537.36 (KHTML, like Gecko; compatible; GPTBot/1.4; +https://openai.com/gptbot)" smileparadisedentals.faz.zew.mybluehostin.me 10.36.254.103
205.185.124.105 - - [19/Aug/2026:06:41:54 -0600] "GET / HTTP/1.1" 409 83 "https://duckduckgo.com/" "Mozilla/5.0 (X11; Linux x86_64) AppleWebKit/537.36 (KHTML, like Gecko) Chrome/120.0.0.0 Safari/537.36" www.smileparadisedentals.com 10.36.254.103
205.185.124.105 - - [19/Aug/2026:06:41:54 -0600] "GET / HTTP/1.1" 409 83 "https://duckduckgo.com/" "Mozilla/5.0 (X11; Linux x86_64) AppleWebKit/537.36 (KHTML, like Gecko) Chrome/120.0.0.0 Safari/537.36" www.smileparadisedentals.com 10.36.254.103
103.90.234.13 - - [19/Aug/2026:06:41:59 -0600] "GET /wp-login.php HTTP/2.0" 409 83 "-" "Mozilla/5.0 (Windows NT 10.0; Win64; x64) AppleWebKit/537.36 (KHTML, like Gecko) Chrome/149.0.0.0 Safari/537.36" smileparadisedentals.com 10.36.254.103
74.7.227.158 - - [19/Aug/2026:06:42:13 -0600] "GET /sitemap_index.xml?path=//lib64/gnome-settings-daemon-3.0 HTTP/1.1" 409 83 "https://smileparadisedentals.com/sitemap_index.xml?path=//lib64" "Mozilla/5.0 AppleWebKit/537.36 (KHTML, like Gecko; compatible; GPTBot/1.4; +https://openai.com/gptbot)" smileparadisedentals.com 10.36.254.103
74.7.227.158 - - [19/Aug/2026:06:42:13 -0600] "GET /sitemap_index.xml?path=//lib64/gnome-settings-daemon-3.0 HTTP/2.0" 409 83 "https://smileparadisedentals.com/sitemap_index.xml?path=//lib64" "Mozilla/5.0 AppleWebKit/537.36 (KHTML, like Gecko; compatible; GPTBot/1.4; +https://openai.com/gptbot)" smileparadisedentals.com 10.36.254.103
74.7.241.33 - - [19/Aug/2026:06:42:15 -0600] "GET /services?path=//srv HTTP/1.1" 409 83 "https://smileparadisedentals.faz.zew.mybluehostin.me/services?path=/" "Mozilla/5.0 AppleWebKit/537.36 (KHTML, like Gecko; compatible; GPTBot/1.4; +https://openai.com/gptbot)" smileparadisedentals.faz.zew.mybluehostin.me 10.36.254.103
74.7.241.33 - - [19/Aug/2026:06:42:15 -0600] "GET /services?path=//srv HTTP/2.0" 409 83 "https://smileparadisedentals.faz.zew.mybluehostin.me/services?path=/" "Mozilla/5.0 AppleWebKit/537.36 (KHTML, like Gecko; compatible; GPTBot/1.4; +https://openai.com/gptbot)" smileparadisedentals.faz.zew.mybluehostin.me 10.36.254.103
205.185.124.105 - - [19/Aug/2026:06:42:24 -0600] "GET /?rest_route=/ HTTP/1.1" 409 83 "https://duckduckgo.com/" "Mozilla/5.0 (iPhone; CPU iPhone OS 17_2 like Mac OS X) AppleWebKit/605.1.15 (KHTML, like Gecko) Version/17.2 Mobile/15E148 Safari/604.1" www.smileparadisedentals.com 10.36.254.103
205.185.124.105 - - [19/Aug/2026:06:42:24 -0600] "GET /?rest_route=/ HTTP/1.1" 409 83 "https://duckduckgo.com/" "Mozilla/5.0 (iPhone; CPU iPhone OS 17_2 like Mac OS X) AppleWebKit/605.1.15 (KHTML, like Gecko) Version/17.2 Mobile/15E148 Safari/604.1" www.smileparadisedentals.com 10.36.254.103
205.185.124.105 - - [19/Aug/2026:06:42:24 -0600] "GET /plugins/editors/jce/jce.xml HTTP/1.1" 409 83 "-" "Mozilla/5.0 (Windows NT 10.0; Win64; x64; rv:120.0) Gecko/20100101 Firefox/120.0" www.smileparadisedentals.com 10.36.254.103
205.185.124.105 - - [19/Aug/2026:06:42:24 -0600] "GET /plugins/editors/jce/jce.xml HTTP/1.1" 409 83 "-" "Mozilla/5.0 (Windows NT 10.0; Win64; x64; rv:120.0) Gecko/20100101 Firefox/120.0" www.smileparadisedentals.com 10.36.254.103
205.185.124.105 - - [19/Aug/2026:06:42:24 -0600] "GET /administrator/components/com_jce/ HTTP/1.1" 409 83 "-" "Mozilla/5.0 (Macintosh; Intel Mac OS X 10_15_7) AppleWebKit/605.1.15 (KHTML, like Gecko) Version/17.2 Safari/605.1.15" www.smileparadisedentals.com 10.36.254.103
205.185.124.105 - - [19/Aug/2026:06:42:24 -0600] "GET /administrator/components/com_jce/ HTTP/1.1" 409 83 "-" "Mozilla/5.0 (Macintosh; Intel Mac OS X 10_15_7) AppleWebKit/605.1.15 (KHTML, like Gecko) Version/17.2 Safari/605.1.15" www.smileparadisedentals.com 10.36.254.103
205.185.124.105 - - [19/Aug/2026:06:42:25 -0600] "GET /media/system/js/core.js HTTP/1.1" 409 83 "-" "Mozilla/5.0 (iPhone; CPU iPhone OS 17_2 like Mac OS X) AppleWebKit/605.1.15 (KHTML, like Gecko) Version/17.2 Mobile/15E148 Safari/604.1" www.smileparadisedentals.com 10.36.254.103
205.185.124.105 - - [19/Aug/2026:06:42:25 -0600] "GET /media/jui/js/bootstrap.min.js HTTP/1.1" 409 83 "-" "Mozilla/5.0 (X11; Linux x86_64) AppleWebKit/537.36 (KHTML, like Gecko) Chrome/120.0.0.0 Safari/537.36" www.smileparadisedentals.com 10.36.254.103
205.185.124.105 - - [19/Aug/2026:06:42:25 -0600] "GET /media/vendor/jquery/js/jquery.min.js?3.6.0 HTTP/1.1" 409 83 "-" "Mozilla/5.0 (Windows NT 10.0; Win64; x64; rv:120.0) Gecko/20100101 Firefox/120.0" www.smileparadisedentals.com 10.36.254.103
205.185.124.105 - - [19/Aug/2026:06:42:25 -0600] "GET / HTTP/1.1" 409 83 "-" "Mozilla/5.0 (iPhone; CPU iPhone OS 17_2 like Mac OS X) AppleWebKit/605.1.15 (KHTML, like Gecko) Version/17.2 Mobile/15E148 Safari/604.1" www.smileparadisedentals.com 10.36.254.103
205.185.124.105 - - [19/Aug/2026:06:42:25 -0600] "GET / HTTP/1.1" 409 83 "-" "Mozilla/5.0 (iPhone; CPU iPhone OS 17_2 like Mac OS X) AppleWebKit/605.1.15 (KHTML, like Gecko) Version/17.2 Mobile/15E148 Safari/604.1" www.smileparadisedentals.com 10.36.254.103
74.7.241.33 - - [19/Aug/2026:06:43:16 -0600] "GET /services?path=//var HTTP/1.1" 409 83 "https://smileparadisedentals.faz.zew.mybluehostin.me/services?path=/" "Mozilla/5.0 AppleWebKit/537.36 (KHTML, like Gecko; compatible; GPTBot/1.4; +https://openai.com/gptbot)" smileparadisedentals.faz.zew.mybluehostin.me 10.36.254.103
74.7.241.33 - - [19/Aug/2026:06:43:16 -0600] "GET /services?path=//var HTTP/2.0" 409 83 "https://smileparadisedentals.faz.zew.mybluehostin.me/services?path=/" "Mozilla/5.0 AppleWebKit/537.36 (KHTML, like Gecko; compatible; GPTBot/1.4; +https://openai.com/gptbot)" smileparadisedentals.faz.zew.mybluehostin.me 10.36.254.103
74.7.227.158 - - [19/Aug/2026:06:43:17 -0600] "GET /sitemap_index.xml?path=//lib64/X11 HTTP/1.1" 409 83 "https://smileparadisedentals.com/sitemap_index.xml?path=//lib64" "Mozilla/5.0 AppleWebKit/537.36 (KHTML, like Gecko; compatible; GPTBot/1.4; +https://openai.com/gptbot)" smileparadisedentals.com 10.36.254.103
74.7.227.158 - - [19/Aug/2026:06:43:17 -0600] "GET /sitemap_index.xml?path=//lib64/X11 HTTP/2.0" 409 83 "https://smileparadisedentals.com/sitemap_index.xml?path=//lib64" "Mozilla/5.0 AppleWebKit/537.36 (KHTML, like Gecko; compatible; GPTBot/1.4; +https://openai.com/gptbot)" smileparadisedentals.com 10.36.254.103
188.39.109.162 - - [19/Aug/2026:06:44:00 -0600] "GET /cosmetic-treatment HTTP/1.1" 409 83 "-" "uk-nhs-data/0.0 (internal fraud-research)" smileparadisedentals.com 10.36.254.103
188.39.109.162 - - [19/Aug/2026:06:44:00 -0600] "GET /cosmetic-treatment HTTP/1.1" 409 83 "-" "uk-nhs-data/0.0 (internal fraud-research)" smileparadisedentals.com 10.36.254.103
74.7.227.158 - - [19/Aug/2026:06:44:17 -0600] "GET /sitemap_index.xml?path=//lib64/bfd-plugins HTTP/1.1" 409 83 "https://smileparadisedentals.com/sitemap_index.xml?path=//lib64" "Mozilla/5.0 AppleWebKit/537.36 (KHTML, like Gecko; compatible; GPTBot/1.4; +https://openai.com/gptbot)" smileparadisedentals.com 10.36.254.103
74.7.227.158 - - [19/Aug/2026:06:44:17 -0600] "GET /sitemap_index.xml?path=//lib64/bfd-plugins HTTP/2.0" 409 83 "https://smileparadisedentals.com/sitemap_index.xml?path=//lib64" "Mozilla/5.0 AppleWebKit/537.36 (KHTML, like Gecko; compatible; GPTBot/1.4; +https://openai.com/gptbot)" smileparadisedentals.com 10.36.254.103
74.7.241.33 - - [19/Aug/2026:06:44:20 -0600] "GET /services?path=//sys HTTP/1.1" 409 83 "https://smileparadisedentals.faz.zew.mybluehostin.me/services?path=/" "Mozilla/5.0 AppleWebKit/537.36 (KHTML, like Gecko; compatible; GPTBot/1.4; +https://openai.com/gptbot)" smileparadisedentals.faz.zew.mybluehostin.me 10.36.254.103
74.7.241.33 - - [19/Aug/2026:06:44:20 -0600] "GET /services?path=//sys HTTP/2.0" 409 83 "https://smileparadisedentals.faz.zew.mybluehostin.me/services?path=/" "Mozilla/5.0 AppleWebKit/537.36 (KHTML, like Gecko; compatible; GPTBot/1.4; +https://openai.com/gptbot)" smileparadisedentals.faz.zew.mybluehostin.me 10.36.254.103
20.25.139.174 - - [19/Aug/2026:06:44:29 -0600] "GET /wp-content/plugins/fix/up.php HTTP/2.0" 409 83 "-" "Mozilla/5.0" smileparadisedentals.com 10.36.254.103
74.7.227.158 - - [19/Aug/2026:06:45:20 -0600] "GET /sitemap_index.xml?path=//lib64/tracker-miners-3.0 HTTP/1.1" 409 83 "https://smileparadisedentals.com/sitemap_index.xml?path=//lib64" "Mozilla/5.0 AppleWebKit/537.36 (KHTML, like Gecko; compatible; GPTBot/1.4; +https://openai.com/gptbot)" smileparadisedentals.com 10.36.254.103
74.7.227.158 - - [19/Aug/2026:06:45:20 -0600] "GET /sitemap_index.xml?path=//lib64/tracker-miners-3.0 HTTP/2.0" 409 83 "https://smileparadisedentals.com/sitemap_index.xml?path=//lib64" "Mozilla/5.0 AppleWebKit/537.36 (KHTML, like Gecko; compatible; GPTBot/1.4; +https://openai.com/gptbot)" smileparadisedentals.com 10.36.254.103
74.7.241.33 - - [19/Aug/2026:06:45:25 -0600] "GET /services?path=//usr HTTP/1.1" 409 83 "https://smileparadisedentals.faz.zew.mybluehostin.me/services?path=/" "Mozilla/5.0 AppleWebKit/537.36 (KHTML, like Gecko; compatible; GPTBot/1.4; +https://openai.com/gptbot)" smileparadisedentals.faz.zew.mybluehostin.me 10.36.254.103
74.7.241.33 - - [19/Aug/2026:06:45:25 -0600] "GET /services?path=//usr HTTP/2.0" 409 83 "https://smileparadisedentals.faz.zew.mybluehostin.me/services?path=/" "Mozilla/5.0 AppleWebKit/537.36 (KHTML, like Gecko; compatible; GPTBot/1.4; +https://openai.com/gptbot)" smileparadisedentals.faz.zew.mybluehostin.me 10.36.254.103
74.7.227.158 - - [19/Aug/2026:06:46:21 -0600] "GET /sitemap_index.xml?path=//lib64/conntrack-tools HTTP/1.1" 409 83 "https://smileparadisedentals.com/sitemap_index.xml?path=//lib64" "Mozilla/5.0 AppleWebKit/537.36 (KHTML, like Gecko; compatible; GPTBot/1.4; +https://openai.com/gptbot)" smileparadisedentals.com 10.36.254.103
74.7.227.158 - - [19/Aug/2026:06:46:21 -0600] "GET /sitemap_index.xml?path=//lib64/conntrack-tools HTTP/2.0" 409 83 "https://smileparadisedentals.com/sitemap_index.xml?path=//lib64" "Mozilla/5.0 AppleWebKit/537.36 (KHTML, like Gecko; compatible; GPTBot/1.4; +https://openai.com/gptbot)" smileparadisedentals.com 10.36.254.103
74.7.241.33 - - [19/Aug/2026:06:46:26 -0600] "GET /services?path=//admin HTTP/1.1" 409 83 "https://smileparadisedentals.faz.zew.mybluehostin.me/services?path=/" "Mozilla/5.0 AppleWebKit/537.36 (KHTML, like Gecko; compatible; GPTBot/1.4; +https://openai.com/gptbot)" smileparadisedentals.faz.zew.mybluehostin.me 10.36.254.103
74.7.241.33 - - [19/Aug/2026:06:46:26 -0600] "GET /services?path=//admin HTTP/2.0" 409 83 "https://smileparadisedentals.faz.zew.mybluehostin.me/services?path=/" "Mozilla/5.0 AppleWebKit/537.36 (KHTML, like Gecko; compatible; GPTBot/1.4; +https://openai.com/gptbot)" smileparadisedentals.faz.zew.mybluehostin.me 10.36.254.103
91.98.178.153 - - [19/Aug/2026:06:46:52 -0600] "GET /contact/ HTTP/1.1" 409 83 "-" "Mozilla/5.0 (Macintosh; Intel Mac OS X 10_15_7) AppleWebKit/537.36 (KHTML, like Gecko) Chrome/124.0.0.0 Safari/537.36" smileparadisedentals.com 10.36.254.103
91.98.178.153 - - [19/Aug/2026:06:46:52 -0600] "GET /contact/ HTTP/2.0" 409 83 "-" "Mozilla/5.0 (Macintosh; Intel Mac OS X 10_15_7) AppleWebKit/537.36 (KHTML, like Gecko) Chrome/124.0.0.0 Safari/537.36" smileparadisedentals.com 10.36.254.103
91.98.178.16 - - [19/Aug/2026:06:46:52 -0600] "GET /services/ HTTP/1.1" 409 83 "-" "Mozilla/5.0 (Macintosh; Intel Mac OS X 10_15_7) AppleWebKit/537.36 (KHTML, like Gecko) Chrome/124.0.0.0 Safari/537.36" smileparadisedentals.com 10.36.254.103
91.98.178.16 - - [19/Aug/2026:06:46:52 -0600] "GET /services/ HTTP/2.0" 409 83 "-" "Mozilla/5.0 (Macintosh; Intel Mac OS X 10_15_7) AppleWebKit/537.36 (KHTML, like Gecko) Chrome/124.0.0.0 Safari/537.36" smileparadisedentals.com 10.36.254.103
91.98.178.11 - - [19/Aug/2026:06:46:52 -0600] "GET /about/ HTTP/1.1" 409 83 "-" "Mozilla/5.0 (Macintosh; Intel Mac OS X 10_15_7) AppleWebKit/537.36 (KHTML, like Gecko) Chrome/124.0.0.0 Safari/537.36" smileparadisedentals.com 10.36.254.103
91.98.178.11 - - [19/Aug/2026:06:46:52 -0600] "GET /about/ HTTP/2.0" 409 83 "-" "Mozilla/5.0 (Macintosh; Intel Mac OS X 10_15_7) AppleWebKit/537.36 (KHTML, like Gecko) Chrome/124.0.0.0 Safari/537.36" smileparadisedentals.com 10.36.254.103
74.7.227.158 - - [19/Aug/2026:06:47:25 -0600] "GET /sitemap_index.xml?path=//lib64/alsa-lib HTTP/1.1" 409 83 "https://smileparadisedentals.com/sitemap_index.xml?path=//lib64" "Mozilla/5.0 AppleWebKit/537.36 (KHTML, like Gecko; compatible; GPTBot/1.4; +https://openai.com/gptbot)" smileparadisedentals.com 10.36.254.103
74.7.227.158 - - [19/Aug/2026:06:47:25 -0600] "GET /sitemap_index.xml?path=//lib64/alsa-lib HTTP/2.0" 409 83 "https://smileparadisedentals.com/sitemap_index.xml?path=//lib64" "Mozilla/5.0 AppleWebKit/537.36 (KHTML, like Gecko; compatible; GPTBot/1.4; +https://openai.com/gptbot)" smileparadisedentals.com 10.36.254.103
74.7.241.33 - - [19/Aug/2026:06:47:27 -0600] "GET /services?path=//proc HTTP/1.1" 409 83 "https://smileparadisedentals.faz.zew.mybluehostin.me/services?path=/" "Mozilla/5.0 AppleWebKit/537.36 (KHTML, like Gecko; compatible; GPTBot/1.4; +https://openai.com/gptbot)" smileparadisedentals.faz.zew.mybluehostin.me 10.36.254.103
74.7.241.33 - - [19/Aug/2026:06:47:27 -0600] "GET /services?path=//proc HTTP/2.0" 409 83 "https://smileparadisedentals.faz.zew.mybluehostin.me/services?path=/" "Mozilla/5.0 AppleWebKit/537.36 (KHTML, like Gecko; compatible; GPTBot/1.4; +https://openai.com/gptbot)" smileparadisedentals.faz.zew.mybluehostin.me 10.36.254.103
74.7.227.158 - - [19/Aug/2026:06:48:30 -0600] "GET /sitemap_index.xml?path=//lib64/xfsprogs HTTP/1.1" 409 83 "https://smileparadisedentals.com/sitemap_index.xml?path=//lib64" "Mozilla/5.0 AppleWebKit/537.36 (KHTML, like Gecko; compatible; GPTBot/1.4; +https://openai.com/gptbot)" smileparadisedentals.com 10.36.254.103
74.7.227.158 - - [19/Aug/2026:06:48:30 -0600] "GET /sitemap_index.xml?path=//lib64/xfsprogs HTTP/2.0" 409 83 "https://smileparadisedentals.com/sitemap_index.xml?path=//lib64" "Mozilla/5.0 AppleWebKit/537.36 (KHTML, like Gecko; compatible; GPTBot/1.4; +https://openai.com/gptbot)" smileparadisedentals.com 10.36.254.103
74.7.241.33 - - [19/Aug/2026:06:48:33 -0600] "GET /services?path=//root HTTP/1.1" 409 83 "https://smileparadisedentals.faz.zew.mybluehostin.me/services?path=/" "Mozilla/5.0 AppleWebKit/537.36 (KHTML, like Gecko; compatible; GPTBot/1.4; +https://openai.com/gptbot)" smileparadisedentals.faz.zew.mybluehostin.me 10.36.254.103
74.7.241.33 - - [19/Aug/2026:06:48:33 -0600] "GET /services?path=//root HTTP/2.0" 409 83 "https://smileparadisedentals.faz.zew.mybluehostin.me/services?path=/" "Mozilla/5.0 AppleWebKit/537.36 (KHTML, like Gecko; compatible; GPTBot/1.4; +https://openai.com/gptbot)" smileparadisedentals.faz.zew.mybluehostin.me 10.36.254.103
74.7.227.158 - - [19/Aug/2026:06:49:32 -0600] "GET /sitemap_index.xml?path=//lib64/security HTTP/1.1" 200 3366 "https://smileparadisedentals.com/sitemap_index.xml?path=//lib64" "Mozilla/5.0 AppleWebKit/537.36 (KHTML, like Gecko; compatible; GPTBot/1.4; +https://openai.com/gptbot)" smileparadisedentals.com 10.36.254.103
74.7.227.158 - - [19/Aug/2026:06:49:32 -0600] "GET /sitemap_index.xml?path=//lib64/security HTTP/2.0" 200 3366 "https://smileparadisedentals.com/sitemap_index.xml?path=//lib64" "Mozilla/5.0 AppleWebKit/537.36 (KHTML, like Gecko; compatible; GPTBot/1.4; +https://openai.com/gptbot)" smileparadisedentals.com 10.36.254.103
74.7.241.33 - - [19/Aug/2026:06:49:38 -0600] "GET /services?path=//lib64 HTTP/1.1" 200 41387 "https://smileparadisedentals.faz.zew.mybluehostin.me/services?path=/" "Mozilla/5.0 AppleWebKit/537.36 (KHTML, like Gecko; compatible; GPTBot/1.4; +https://openai.com/gptbot)" smileparadisedentals.faz.zew.mybluehostin.me 10.36.254.103
74.7.241.33 - - [19/Aug/2026:06:49:38 -0600] "GET /services?path=//lib64 HTTP/2.0" 200 41387 "https://smileparadisedentals.faz.zew.mybluehostin.me/services?path=/" "Mozilla/5.0 AppleWebKit/537.36 (KHTML, like Gecko; compatible; GPTBot/1.4; +https://openai.com/gptbot)" smileparadisedentals.faz.zew.mybluehostin.me 10.36.254.103
74.7.227.158 - - [19/Aug/2026:06:50:37 -0600] "GET /sitemap_index.xml?path=//lib64/gssproxy HTTP/1.1" 200 1695 "https://smileparadisedentals.com/sitemap_index.xml?path=//lib64" "Mozilla/5.0 AppleWebKit/537.36 (KHTML, like Gecko; compatible; GPTBot/1.4; +https://openai.com/gptbot)" smileparadisedentals.com 10.36.254.103
74.7.227.158 - - [19/Aug/2026:06:50:37 -0600] "GET /sitemap_index.xml?path=//lib64/gssproxy HTTP/2.0" 200 1695 "https://smileparadisedentals.com/sitemap_index.xml?path=//lib64" "Mozilla/5.0 AppleWebKit/537.36 (KHTML, like Gecko; compatible; GPTBot/1.4; +https://openai.com/gptbot)" smileparadisedentals.com 10.36.254.103
74.7.241.33 - - [19/Aug/2026:06:50:41 -0600] "GET /services?path=//lib HTTP/1.1" 200 2602 "https://smileparadisedentals.faz.zew.mybluehostin.me/services?path=/" "Mozilla/5.0 AppleWebKit/537.36 (KHTML, like Gecko; compatible; GPTBot/1.4; +https://openai.com/gptbot)" smileparadisedentals.faz.zew.mybluehostin.me 10.36.254.103
74.7.241.33 - - [19/Aug/2026:06:50:41 -0600] "GET /services?path=//lib HTTP/2.0" 200 2602 "https://smileparadisedentals.faz.zew.mybluehostin.me/services?path=/" "Mozilla/5.0 AppleWebKit/537.36 (KHTML, like Gecko; compatible; GPTBot/1.4; +https://openai.com/gptbot)" smileparadisedentals.faz.zew.mybluehostin.me 10.36.254.103
74.7.227.158 - - [19/Aug/2026:06:51:34 -0600] "GET /sitemap_index.xml?path=//lib64/graphviz HTTP/1.1" 200 3177 "https://smileparadisedentals.com/sitemap_index.xml?path=//lib64" "Mozilla/5.0 AppleWebKit/537.36 (KHTML, like Gecko; compatible; GPTBot/1.4; +https://openai.com/gptbot)" smileparadisedentals.com 10.36.254.103
74.7.227.158 - - [19/Aug/2026:06:51:34 -0600] "GET /sitemap_index.xml?path=//lib64/graphviz HTTP/2.0" 200 3177 "https://smileparadisedentals.com/sitemap_index.xml?path=//lib64" "Mozilla/5.0 AppleWebKit/537.36 (KHTML, like Gecko; compatible; GPTBot/1.4; +https://openai.com/gptbot)" smileparadisedentals.com 10.36.254.103
74.7.241.33 - - [19/Aug/2026:06:51:35 -0600] "GET /services?path=//mnt HTTP/1.1" 200 1459 "https://smileparadisedentals.faz.zew.mybluehostin.me/services?path=/" "Mozilla/5.0 AppleWebKit/537.36 (KHTML, like Gecko; compatible; GPTBot/1.4; +https://openai.com/gptbot)" smileparadisedentals.faz.zew.mybluehostin.me 10.36.254.103
74.7.241.33 - - [19/Aug/2026:06:51:35 -0600] "GET /services?path=//mnt HTTP/2.0" 200 1459 "https://smileparadisedentals.faz.zew.mybluehostin.me/services?path=/" "Mozilla/5.0 AppleWebKit/537.36 (KHTML, like Gecko; compatible; GPTBot/1.4; +https://openai.com/gptbot)" smileparadisedentals.faz.zew.mybluehostin.me 10.36.254.103
74.7.241.33 - - [19/Aug/2026:06:52:24 -0600] "GET /services?path=//run HTTP/1.1" 200 6172 "https://smileparadisedentals.faz.zew.mybluehostin.me/services?path=/" "Mozilla/5.0 AppleWebKit/537.36 (KHTML, like Gecko; compatible; GPTBot/1.4; +https://openai.com/gptbot)" smileparadisedentals.faz.zew.mybluehostin.me 10.36.254.103
74.7.241.33 - - [19/Aug/2026:06:52:24 -0600] "GET /services?path=//run HTTP/2.0" 200 6172 "https://smileparadisedentals.faz.zew.mybluehostin.me/services?path=/" "Mozilla/5.0 AppleWebKit/537.36 (KHTML, like Gecko; compatible; GPTBot/1.4; +https://openai.com/gptbot)" smileparadisedentals.faz.zew.mybluehostin.me 10.36.254.103
74.7.227.158 - - [19/Aug/2026:06:52:27 -0600] "GET /sitemap_index.xml?path=//lib64/dovecot HTTP/1.1" 200 6348 "https://smileparadisedentals.com/sitemap_index.xml?path=//lib64" "Mozilla/5.0 AppleWebKit/537.36 (KHTML, like Gecko; compatible; GPTBot/1.4; +https://openai.com/gptbot)" smileparadisedentals.com 10.36.254.103
74.7.227.158 - - [19/Aug/2026:06:52:27 -0600] "GET /sitemap_index.xml?path=//lib64/dovecot HTTP/2.0" 200 6348 "https://smileparadisedentals.com/sitemap_index.xml?path=//lib64" "Mozilla/5.0 AppleWebKit/537.36 (KHTML, like Gecko; compatible; GPTBot/1.4; +https://openai.com/gptbot)" smileparadisedentals.com 10.36.254.103
74.7.241.33 - - [19/Aug/2026:06:53:08 -0600] "GET /services?path=//bin HTTP/1.1" 200 51149 "https://smileparadisedentals.faz.zew.mybluehostin.me/services?path=/" "Mozilla/5.0 AppleWebKit/537.36 (KHTML, like Gecko; compatible; GPTBot/1.4; +https://openai.com/gptbot)" smileparadisedentals.faz.zew.mybluehostin.me 10.36.254.103
74.7.241.33 - - [19/Aug/2026:06:53:08 -0600] "GET /services?path=//bin HTTP/2.0" 200 51149 "https://smileparadisedentals.faz.zew.mybluehostin.me/services?path=/" "Mozilla/5.0 AppleWebKit/537.36 (KHTML, like Gecko; compatible; GPTBot/1.4; +https://openai.com/gptbot)" smileparadisedentals.faz.zew.mybluehostin.me 10.36.254.103
74.7.227.158 - - [19/Aug/2026:06:53:14 -0600] "GET /sitemap_index.xml?filesrc=//run/systemd/generator/local-fs.target.wants/systemd-remount-fs.service&path=//run/systemd/generator/local-fs.target.wants HTTP/2.0" 200 1855 "https://smileparadisedentals.com/sitemap_index.xml?path=//run/systemd/generator/local-fs.target.wants" "Mozilla/5.0 AppleWebKit/537.36 (KHTML, like Gecko; compatible; GPTBot/1.4; +https://openai.com/gptbot)" smileparadisedentals.com 10.36.254.103
74.7.241.33 - - [19/Aug/2026:06:53:50 -0600] "GET /services?path=//home HTTP/1.1" 200 1491 "https://smileparadisedentals.faz.zew.mybluehostin.me/services?path=/" "Mozilla/5.0 AppleWebKit/537.36 (KHTML, like Gecko; compatible; GPTBot/1.4; +https://openai.com/gptbot)" smileparadisedentals.faz.zew.mybluehostin.me 10.36.254.103
74.7.241.33 - - [19/Aug/2026:06:53:50 -0600] "GET /services?path=//home HTTP/2.0" 200 1491 "https://smileparadisedentals.faz.zew.mybluehostin.me/services?path=/" "Mozilla/5.0 AppleWebKit/537.36 (KHTML, like Gecko; compatible; GPTBot/1.4; +https://openai.com/gptbot)" smileparadisedentals.faz.zew.mybluehostin.me 10.36.254.103
74.7.227.158 - - [19/Aug/2026:06:53:54 -0600] "GET /sitemap_index.xml?path=//lib64/libibverbs HTTP/1.1" 200 2265 "https://smileparadisedentals.com/sitemap_index.xml?path=//lib64" "Mozilla/5.0 AppleWebKit/537.36 (KHTML, like Gecko; compatible; GPTBot/1.4; +https://openai.com/gptbot)" smileparadisedentals.com 10.36.254.103
74.7.227.158 - - [19/Aug/2026:06:53:54 -0600] "GET /sitemap_index.xml?path=//lib64/libibverbs HTTP/2.0" 200 2265 "https://smileparadisedentals.com/sitemap_index.xml?path=//lib64" "Mozilla/5.0 AppleWebKit/537.36 (KHTML, like Gecko; compatible; GPTBot/1.4; +https://openai.com/gptbot)" smileparadisedentals.com 10.36.254.103
74.7.241.33 - - [19/Aug/2026:06:54:29 -0600] "GET /services?path=//boot HTTP/1.1" 200 1494 "https://smileparadisedentals.faz.zew.mybluehostin.me/services?path=/" "Mozilla/5.0 AppleWebKit/537.36 (KHTML, like Gecko; compatible; GPTBot/1.4; +https://openai.com/gptbot)" smileparadisedentals.faz.zew.mybluehostin.me 10.36.254.103
74.7.241.33 - - [19/Aug/2026:06:54:29 -0600] "GET /services?path=//boot HTTP/2.0" 200 1494 "https://smileparadisedentals.faz.zew.mybluehostin.me/services?path=/" "Mozilla/5.0 AppleWebKit/537.36 (KHTML, like Gecko; compatible; GPTBot/1.4; +https://openai.com/gptbot)" smileparadisedentals.faz.zew.mybluehostin.me 10.36.254.103
74.7.227.158 - - [19/Aug/2026:06:54:30 -0600] "GET /sitemap_index.xml?path=//lib64/libnfsidmap HTTP/1.1" 200 1836 "https://smileparadisedentals.com/sitemap_index.xml?path=//lib64" "Mozilla/5.0 AppleWebKit/537.36 (KHTML, like Gecko; compatible; GPTBot/1.4; +https://openai.com/gptbot)" smileparadisedentals.com 10.36.254.103
74.7.227.158 - - [19/Aug/2026:06:54:30 -0600] "GET /sitemap_index.xml?path=//lib64/libnfsidmap HTTP/2.0" 200 1836 "https://smileparadisedentals.com/sitemap_index.xml?path=//lib64" "Mozilla/5.0 AppleWebKit/537.36 (KHTML, like Gecko; compatible; GPTBot/1.4; +https://openai.com/gptbot)" smileparadisedentals.com 10.36.254.103
74.7.241.33 - - [19/Aug/2026:06:55:03 -0600] "GET /services?path=//sbin HTTP/1.1" 200 15143 "https://smileparadisedentals.faz.zew.mybluehostin.me/services?path=/" "Mozilla/5.0 AppleWebKit/537.36 (KHTML, like Gecko; compatible; GPTBot/1.4; +https://openai.com/gptbot)" smileparadisedentals.faz.zew.mybluehostin.me 10.36.254.103
74.7.241.33 - - [19/Aug/2026:06:55:03 -0600] "GET /services?path=//sbin HTTP/2.0" 200 15143 "https://smileparadisedentals.faz.zew.mybluehostin.me/services?path=/" "Mozilla/5.0 AppleWebKit/537.36 (KHTML, like Gecko; compatible; GPTBot/1.4; +https://openai.com/gptbot)" smileparadisedentals.faz.zew.mybluehostin.me 10.36.254.103
74.7.227.158 - - [19/Aug/2026:06:55:05 -0600] "GET /sitemap_index.xml?path=/home4/fazzewmy/www/drraamprasath HTTP/1.1" 200 6424 "https://smileparadisedentals.com/sitemap_index.xml?path=/home4/fazzewmy/www" "Mozilla/5.0 AppleWebKit/537.36 (KHTML, like Gecko; compatible; GPTBot/1.4; +https://openai.com/gptbot)" smileparadisedentals.com 10.36.254.103
74.7.227.158 - - [19/Aug/2026:06:55:05 -0600] "GET /sitemap_index.xml?path=/home4/fazzewmy/www/drraamprasath HTTP/2.0" 200 6424 "https://smileparadisedentals.com/sitemap_index.xml?path=/home4/fazzewmy/www" "Mozilla/5.0 AppleWebKit/537.36 (KHTML, like Gecko; compatible; GPTBot/1.4; +https://openai.com/gptbot)" smileparadisedentals.com 10.36.254.103
74.7.241.33 - - [19/Aug/2026:06:55:34 -0600] "GET /endodontics?path=/ HTTP/1.1" 200 2726 "https://smileparadisedentals.faz.zew.mybluehostin.me/endodontics" "Mozilla/5.0 AppleWebKit/537.36 (KHTML, like Gecko; compatible; GPTBot/1.4; +https://openai.com/gptbot)" smileparadisedentals.faz.zew.mybluehostin.me 10.36.254.103
74.7.241.33 - - [19/Aug/2026:06:55:34 -0600] "GET /endodontics?path=/ HTTP/2.0" 200 2726 "https://smileparadisedentals.faz.zew.mybluehostin.me/endodontics" "Mozilla/5.0 AppleWebKit/537.36 (KHTML, like Gecko; compatible; GPTBot/1.4; +https://openai.com/gptbot)" smileparadisedentals.faz.zew.mybluehostin.me 10.36.254.103
74.7.227.158 - - [19/Aug/2026:06:55:36 -0600] "GET /sitemap_index.xml?path=//lib64/libheif HTTP/1.1" 200 1727 "https://smileparadisedentals.com/sitemap_index.xml?path=//lib64" "Mozilla/5.0 AppleWebKit/537.36 (KHTML, like Gecko; compatible; GPTBot/1.4; +https://openai.com/gptbot)" smileparadisedentals.com 10.36.254.103
74.7.227.158 - - [19/Aug/2026:06:55:36 -0600] "GET /sitemap_index.xml?path=//lib64/libheif HTTP/2.0" 200 1727 "https://smileparadisedentals.com/sitemap_index.xml?path=//lib64" "Mozilla/5.0 AppleWebKit/537.36 (KHTML, like Gecko; compatible; GPTBot/1.4; +https://openai.com/gptbot)" smileparadisedentals.com 10.36.254.103
74.7.227.158 - - [19/Aug/2026:06:56:02 -0600] "GET /sitemap_index.xml?path=//lib64/xtables HTTP/1.1" 200 4991 "https://smileparadisedentals.com/sitemap_index.xml?path=//lib64" "Mozilla/5.0 AppleWebKit/537.36 (KHTML, like Gecko; compatible; GPTBot/1.4; +https://openai.com/gptbot)" smileparadisedentals.com 10.36.254.103
74.7.227.158 - - [19/Aug/2026:06:56:02 -0600] "GET /sitemap_index.xml?path=//lib64/xtables HTTP/2.0" 200 4991 "https://smileparadisedentals.com/sitemap_index.xml?path=//lib64" "Mozilla/5.0 AppleWebKit/537.36 (KHTML, like Gecko; compatible; GPTBot/1.4; +https://openai.com/gptbot)" smileparadisedentals.com 10.36.254.103
74.7.241.33 - - [19/Aug/2026:06:56:02 -0600] "GET /?path=//opt HTTP/1.1" 200 2244 "https://smileparadisedentals.faz.zew.mybluehostin.me/?path=/" "Mozilla/5.0 AppleWebKit/537.36 (KHTML, like Gecko; compatible; GPTBot/1.4; +https://openai.com/gptbot)" smileparadisedentals.faz.zew.mybluehostin.me 10.36.254.103
74.7.241.33 - - [19/Aug/2026:06:56:02 -0600] "GET /?path=//opt HTTP/2.0" 200 2244 "https://smileparadisedentals.faz.zew.mybluehostin.me/?path=/" "Mozilla/5.0 AppleWebKit/537.36 (KHTML, like Gecko; compatible; GPTBot/1.4; +https://openai.com/gptbot)" smileparadisedentals.faz.zew.mybluehostin.me 10.36.254.103
74.7.227.158 - - [19/Aug/2026:06:56:27 -0600] "GET /sitemap_index.xml?path=//lib64/gettext HTTP/1.1" 200 1829 "https://smileparadisedentals.com/sitemap_index.xml?path=//lib64" "Mozilla/5.0 AppleWebKit/537.36 (KHTML, like Gecko; compatible; GPTBot/1.4; +https://openai.com/gptbot)" smileparadisedentals.com 10.36.254.103
74.7.227.158 - - [19/Aug/2026:06:56:27 -0600] "GET /sitemap_index.xml?path=//lib64/gettext HTTP/2.0" 200 1829 "https://smileparadisedentals.com/sitemap_index.xml?path=//lib64" "Mozilla/5.0 AppleWebKit/537.36 (KHTML, like Gecko; compatible; GPTBot/1.4; +https://openai.com/gptbot)" smileparadisedentals.com 10.36.254.103
74.7.241.33 - - [19/Aug/2026:06:56:27 -0600] "GET /?path=//tmp HTTP/1.1" 200 85948 "https://smileparadisedentals.faz.zew.mybluehostin.me/?path=/" "Mozilla/5.0 AppleWebKit/537.36 (KHTML, like Gecko; compatible; GPTBot/1.4; +https://openai.com/gptbot)" smileparadisedentals.faz.zew.mybluehostin.me 10.36.254.103
74.7.241.33 - - [19/Aug/2026:06:56:27 -0600] "GET /?path=//tmp HTTP/2.0" 200 85948 "https://smileparadisedentals.faz.zew.mybluehostin.me/?path=/" "Mozilla/5.0 AppleWebKit/537.36 (KHTML, like Gecko; compatible; GPTBot/1.4; +https://openai.com/gptbot)" smileparadisedentals.faz.zew.mybluehostin.me 10.36.254.103
74.7.241.33 - - [19/Aug/2026:06:56:49 -0600] "GET /services?filesrc=//lib64/libpulse-simple.so.0&path=//lib64 HTTP/1.1" 200 7740 "https://smileparadisedentals.faz.zew.mybluehostin.me/services?path=//lib64" "Mozilla/5.0 AppleWebKit/537.36 (KHTML, like Gecko; compatible; GPTBot/1.4; +https://openai.com/gptbot)" smileparadisedentals.faz.zew.mybluehostin.me 10.36.254.103
74.7.241.33 - - [19/Aug/2026:06:56:49 -0600] "GET /services?filesrc=//lib64/libpulse-simple.so.0&path=//lib64 HTTP/2.0" 200 7740 "https://smileparadisedentals.faz.zew.mybluehostin.me/services?path=//lib64" "Mozilla/5.0 AppleWebKit/537.36 (KHTML, like Gecko; compatible; GPTBot/1.4; +https://openai.com/gptbot)" smileparadisedentals.faz.zew.mybluehostin.me 10.36.254.103
74.7.227.158 - - [19/Aug/2026:06:56:50 -0600] "GET /sitemap_index.xml?filesrc=//lib64/security/pam_securetty.so&path=//lib64/security HTTP/1.1" 200 5451 "https://smileparadisedentals.com/sitemap_index.xml?path=//lib64/security" "Mozilla/5.0 AppleWebKit/537.36 (KHTML, like Gecko; compatible; GPTBot/1.4; +https://openai.com/gptbot)" smileparadisedentals.com 10.36.254.103
74.7.227.158 - - [19/Aug/2026:06:56:49 -0600] "GET /sitemap_index.xml?filesrc=//lib64/security/pam_securetty.so&path=//lib64/security HTTP/2.0" 200 5451 "https://smileparadisedentals.com/sitemap_index.xml?path=//lib64/security" "Mozilla/5.0 AppleWebKit/537.36 (KHTML, like Gecko; compatible; GPTBot/1.4; +https://openai.com/gptbot)" smileparadisedentals.com 10.36.254.103
74.7.175.143 - - [19/Aug/2026:06:57:04 -0600] "GET /robots.txt HTTP/2.0" 200 7493 "-" "Mozilla/5.0 (Macintosh; Intel Mac OS X 10_15_7) AppleWebKit/537.36 (KHTML, like Gecko) Chrome/131.0.0.0 Safari/537.36; compatible; OAI-SearchBot/1.4; robots.txt; +https://openai.com/searchbot" smileparadisedentals.faz.zew.mybluehostin.me 10.36.254.103
74.7.241.33 - - [19/Aug/2026:06:57:08 -0600] "GET /services?filesrc=//lib64/libncurses.so.6.2&path=//lib64 HTTP/1.1" 200 78727 "https://smileparadisedentals.faz.zew.mybluehostin.me/services?path=//lib64" "Mozilla/5.0 AppleWebKit/537.36 (KHTML, like Gecko; compatible; GPTBot/1.4; +https://openai.com/gptbot)" smileparadisedentals.faz.zew.mybluehostin.me 10.36.254.103
74.7.227.158 - - [19/Aug/2026:06:57:09 -0600] "GET /sitemap_index.xml?path=//lib64/security/pam_filter HTTP/1.1" 200 1719 "https://smileparadisedentals.com/sitemap_index.xml?path=//lib64/security" "Mozilla/5.0 AppleWebKit/537.36 (KHTML, like Gecko; compatible; GPTBot/1.4; +https://openai.com/gptbot)" smileparadisedentals.com 10.36.254.103
74.7.227.158 - - [19/Aug/2026:06:57:09 -0600] "GET /sitemap_index.xml?path=//lib64/security/pam_filter HTTP/2.0" 200 1719 "https://smileparadisedentals.com/sitemap_index.xml?path=//lib64/security" "Mozilla/5.0 AppleWebKit/537.36 (KHTML, like Gecko; compatible; GPTBot/1.4; +https://openai.com/gptbot)" smileparadisedentals.com 10.36.254.103
74.7.241.33 - - [19/Aug/2026:06:57:08 -0600] "GET /services?filesrc=//lib64/libncurses.so.6.2&path=//lib64 HTTP/2.0" 200 78727 "https://smileparadisedentals.faz.zew.mybluehostin.me/services?path=//lib64" "Mozilla/5.0 AppleWebKit/537.36 (KHTML, like Gecko; compatible; GPTBot/1.4; +https://openai.com/gptbot)" smileparadisedentals.faz.zew.mybluehostin.me 10.36.254.103
74.7.227.158 - - [19/Aug/2026:06:57:31 -0600] "GET /sitemap_index.xml?path=//lib64/gawk HTTP/1.1" 200 2011 "https://smileparadisedentals.com/sitemap_index.xml?path=//lib64" "Mozilla/5.0 AppleWebKit/537.36 (KHTML, like Gecko; compatible; GPTBot/1.4; +https://openai.com/gptbot)" smileparadisedentals.com 10.36.254.103
74.7.227.158 - - [19/Aug/2026:06:57:31 -0600] "GET /sitemap_index.xml?path=//lib64/gawk HTTP/2.0" 200 2011 "https://smileparadisedentals.com/sitemap_index.xml?path=//lib64" "Mozilla/5.0 AppleWebKit/537.36 (KHTML, like Gecko; compatible; GPTBot/1.4; +https://openai.com/gptbot)" smileparadisedentals.com 10.36.254.103
74.7.241.33 - - [19/Aug/2026:06:57:31 -0600] "GET /services?filesrc=//lib64/libprocps.so.8&path=//lib64 HTTP/1.1" 200 33299 "https://smileparadisedentals.faz.zew.mybluehostin.me/services?path=//lib64" "Mozilla/5.0 AppleWebKit/537.36 (KHTML, like Gecko; compatible; GPTBot/1.4; +https://openai.com/gptbot)" smileparadisedentals.faz.zew.mybluehostin.me 10.36.254.103
74.7.241.33 - - [19/Aug/2026:06:57:31 -0600] "GET /services?filesrc=//lib64/libprocps.so.8&path=//lib64 HTTP/2.0" 200 33299 "https://smileparadisedentals.faz.zew.mybluehostin.me/services?path=//lib64" "Mozilla/5.0 AppleWebKit/537.36 (KHTML, like Gecko; compatible; GPTBot/1.4; +https://openai.com/gptbot)" smileparadisedentals.faz.zew.mybluehostin.me 10.36.254.103
74.7.241.33 - - [19/Aug/2026:06:57:46 -0600] "GET /services?path=//lib/gcc HTTP/1.1" 200 1674 "https://smileparadisedentals.faz.zew.mybluehostin.me/services?path=//lib" "Mozilla/5.0 AppleWebKit/537.36 (KHTML, like Gecko; compatible; GPTBot/1.4; +https://openai.com/gptbot)" smileparadisedentals.faz.zew.mybluehostin.me 10.36.254.103
74.7.241.33 - - [19/Aug/2026:06:57:45 -0600] "GET /services?path=//lib/gcc HTTP/2.0" 200 1674 "https://smileparadisedentals.faz.zew.mybluehostin.me/services?path=//lib" "Mozilla/5.0 AppleWebKit/537.36 (KHTML, like Gecko; compatible; GPTBot/1.4; +https://openai.com/gptbot)" smileparadisedentals.faz.zew.mybluehostin.me 10.36.254.103
74.7.227.158 - - [19/Aug/2026:06:57:45 -0600] "GET /sitemap_index.xml?filesrc=//lib64/dovecot/libdovecot-gssapi.so.0.0.0&path=//lib64/dovecot HTTP/1.1" 200 11656 "https://smileparadisedentals.com/sitemap_index.xml?path=//lib64/dovecot" "Mozilla/5.0 AppleWebKit/537.36 (KHTML, like Gecko; compatible; GPTBot/1.4; +https://openai.com/gptbot)" smileparadisedentals.com 10.36.254.103
74.7.227.158 - - [19/Aug/2026:06:57:45 -0600] "GET /sitemap_index.xml?filesrc=//lib64/dovecot/libdovecot-gssapi.so.0.0.0&path=//lib64/dovecot HTTP/2.0" 200 11656 "https://smileparadisedentals.com/sitemap_index.xml?path=//lib64/dovecot" "Mozilla/5.0 AppleWebKit/537.36 (KHTML, like Gecko; compatible; GPTBot/1.4; +https://openai.com/gptbot)" smileparadisedentals.com 10.36.254.103
158.178.142.174 - - [19/Aug/2026:06:57:48 -0600] "GET / HTTP/1.1" 200 7250 "-" "Mozilla/5.0 (Windows NT 10.0; Win64; x64) AppleWebKit/537.36 (KHTML, like Gecko) Chrome/124.0.0.0 Safari/537.36" smileparadisedentals.com 10.36.254.103
158.178.142.174 - - [19/Aug/2026:06:57:47 -0600] "GET / HTTP/1.1" 200 7250 "-" "Mozilla/5.0 (Windows NT 10.0; Win64; x64) AppleWebKit/537.36 (KHTML, like Gecko) Chrome/124.0.0.0 Safari/537.36" smileparadisedentals.com 10.36.254.103
74.7.241.33 - - [19/Aug/2026:06:58:00 -0600] "GET /services?filesrc=//bin/nice&path=//bin HTTP/1.1" 200 12797 "https://smileparadisedentals.faz.zew.mybluehostin.me/services?path=//bin" "Mozilla/5.0 AppleWebKit/537.36 (KHTML, like Gecko; compatible; GPTBot/1.4; +https://openai.com/gptbot)" smileparadisedentals.faz.zew.mybluehostin.me 10.36.254.103
74.7.241.33 - - [19/Aug/2026:06:58:00 -0600] "GET /services?filesrc=//bin/nice&path=//bin HTTP/2.0" 200 12797 "https://smileparadisedentals.faz.zew.mybluehostin.me/services?path=//bin" "Mozilla/5.0 AppleWebKit/537.36 (KHTML, like Gecko; compatible; GPTBot/1.4; +https://openai.com/gptbot)" smileparadisedentals.faz.zew.mybluehostin.me 10.36.254.103
74.7.227.158 - - [19/Aug/2026:06:58:00 -0600] "GET /sitemap_index.xml?path=//lib64/dovecot/sieve HTTP/1.1" 200 2245 "https://smileparadisedentals.com/sitemap_index.xml?path=//lib64/dovecot" "Mozilla/5.0 AppleWebKit/537.36 (KHTML, like Gecko; compatible; GPTBot/1.4; +https://openai.com/gptbot)" smileparadisedentals.com 10.36.254.103
