74.7.241.33 - - [19/Aug/2026:07:11:36 -0600] "GET /?filesrc=//tmp/microsoft-m3oLDs.tmp&path=//tmp HTTP/1.1" 200 1311 "https://smileparadisedentals.faz.zew.mybluehostin.me/?path=//tmp" "Mozilla/5.0 AppleWebKit/537.36 (KHTML, like Gecko; compatible; GPTBot/1.4; +https://openai.com/gptbot)" smileparadisedentals.faz.zew.mybluehostin.me 10.36.254.103
74.7.241.33 - - [19/Aug/2026:07:11:36 -0600] "GET /?filesrc=//tmp/microsoft-m3oLDs.tmp&path=//tmp HTTP/2.0" 200 1311 "https://smileparadisedentals.faz.zew.mybluehostin.me/?path=//tmp" "Mozilla/5.0 AppleWebKit/537.36 (KHTML, like Gecko; compatible; GPTBot/1.4; +https://openai.com/gptbot)" smileparadisedentals.faz.zew.mybluehostin.me 10.36.254.103
74.7.227.158 - - [19/Aug/2026:07:11:41 -0600] "GET /sitemap_index.xml?filesrc=//tmp/wpcom-SmSlia.tmp&path=//tmp HTTP/1.1" 200 1583 "https://smileparadisedentals.com/sitemap_index.xml?path=//tmp" "Mozilla/5.0 AppleWebKit/537.36 (KHTML, like Gecko; compatible; GPTBot/1.4; +https://openai.com/gptbot)" smileparadisedentals.com 10.36.254.103
74.7.227.158 - - [19/Aug/2026:07:11:41 -0600] "GET /sitemap_index.xml?filesrc=//tmp/wpcom-SmSlia.tmp&path=//tmp HTTP/2.0" 200 1583 "https://smileparadisedentals.com/sitemap_index.xml?path=//tmp" "Mozilla/5.0 AppleWebKit/537.36 (KHTML, like Gecko; compatible; GPTBot/1.4; +https://openai.com/gptbot)" smileparadisedentals.com 10.36.254.103
162.214.80.130 - - [19/Aug/2026:07:11:51 -0600] "POST /wp-cron.php?doing_wp_cron=1787145110.3562269210815429687500 HTTP/1.1" 200 - "-" "WordPress/7.0.4; https://smileparadisedentals.com" smileparadisedentals.com 10.36.254.103
74.7.241.33 - - [19/Aug/2026:07:11:46 -0600] "GET /?filesrc=//tmp/microsoft-sshI2X.tmp&path=//tmp HTTP/1.1" 404 - "https://smileparadisedentals.faz.zew.mybluehostin.me/?path=//tmp" "Mozilla/5.0 AppleWebKit/537.36 (KHTML, like Gecko; compatible; GPTBot/1.4; +https://openai.com/gptbot)" smileparadisedentals.faz.zew.mybluehostin.me 10.36.254.103
74.7.241.33 - - [19/Aug/2026:07:11:46 -0600] "GET /?filesrc=//tmp/microsoft-sshI2X.tmp&path=//tmp HTTP/2.0" 503 468 "https://smileparadisedentals.faz.zew.mybluehostin.me/?path=//tmp" "Mozilla/5.0 AppleWebKit/537.36 (KHTML, like Gecko; compatible; GPTBot/1.4; +https://openai.com/gptbot)" smileparadisedentals.faz.zew.mybluehostin.me 10.36.254.103
74.7.227.158 - - [19/Aug/2026:07:11:52 -0600] "GET /sitemap_index.xml?filesrc=//tmp/maestro-etFkoR.tmp&path=//tmp HTTP/1.1" 200 1310 "https://smileparadisedentals.com/sitemap_index.xml?path=//tmp" "Mozilla/5.0 AppleWebKit/537.36 (KHTML, like Gecko; compatible; GPTBot/1.4; +https://openai.com/gptbot)" smileparadisedentals.com 10.36.254.103
74.7.227.158 - - [19/Aug/2026:07:11:52 -0600] "GET /sitemap_index.xml?filesrc=//tmp/maestro-etFkoR.tmp&path=//tmp HTTP/2.0" 200 1310 "https://smileparadisedentals.com/sitemap_index.xml?path=//tmp" "Mozilla/5.0 AppleWebKit/537.36 (KHTML, like Gecko; compatible; GPTBot/1.4; +https://openai.com/gptbot)" smileparadisedentals.com 10.36.254.103
74.7.241.33 - - [19/Aug/2026:07:11:56 -0600] "GET /?filesrc=//tmp/microsoft-py6hmI.tmp&path=//tmp HTTP/1.1" 200 1311 "https://smileparadisedentals.faz.zew.mybluehostin.me/?path=//tmp" "Mozilla/5.0 AppleWebKit/537.36 (KHTML, like Gecko; compatible; GPTBot/1.4; +https://openai.com/gptbot)" smileparadisedentals.faz.zew.mybluehostin.me 10.36.254.103
74.7.241.33 - - [19/Aug/2026:07:11:56 -0600] "GET /?filesrc=//tmp/microsoft-py6hmI.tmp&path=//tmp HTTP/2.0" 200 1311 "https://smileparadisedentals.faz.zew.mybluehostin.me/?path=//tmp" "Mozilla/5.0 AppleWebKit/537.36 (KHTML, like Gecko; compatible; GPTBot/1.4; +https://openai.com/gptbot)" smileparadisedentals.faz.zew.mybluehostin.me 10.36.254.103
74.7.227.158 - - [19/Aug/2026:07:12:01 -0600] "GET /sitemap_index.xml?filesrc=//tmp/amex-HQipUW.tmp&path=//tmp HTTP/1.1" 200 1310 "https://smileparadisedentals.com/sitemap_index.xml?path=//tmp" "Mozilla/5.0 AppleWebKit/537.36 (KHTML, like Gecko; compatible; GPTBot/1.4; +https://openai.com/gptbot)" smileparadisedentals.com 10.36.254.103
74.7.227.158 - - [19/Aug/2026:07:12:01 -0600] "GET /sitemap_index.xml?filesrc=//tmp/amex-HQipUW.tmp&path=//tmp HTTP/2.0" 200 1310 "https://smileparadisedentals.com/sitemap_index.xml?path=//tmp" "Mozilla/5.0 AppleWebKit/537.36 (KHTML, like Gecko; compatible; GPTBot/1.4; +https://openai.com/gptbot)" smileparadisedentals.com 10.36.254.103
74.7.241.33 - - [19/Aug/2026:07:12:03 -0600] "GET /?filesrc=//tmp/maestro-r8urDo.tmp&path=//tmp HTTP/1.1" 200 1309 "https://smileparadisedentals.faz.zew.mybluehostin.me/?path=//tmp" "Mozilla/5.0 AppleWebKit/537.36 (KHTML, like Gecko; compatible; GPTBot/1.4; +https://openai.com/gptbot)" smileparadisedentals.faz.zew.mybluehostin.me 10.36.254.103
74.7.241.33 - - [19/Aug/2026:07:12:03 -0600] "GET /?filesrc=//tmp/maestro-r8urDo.tmp&path=//tmp HTTP/2.0" 200 1309 "https://smileparadisedentals.faz.zew.mybluehostin.me/?path=//tmp" "Mozilla/5.0 AppleWebKit/537.36 (KHTML, like Gecko; compatible; GPTBot/1.4; +https://openai.com/gptbot)" smileparadisedentals.faz.zew.mybluehostin.me 10.36.254.103
74.7.227.158 - - [19/Aug/2026:07:12:06 -0600] "GET /sitemap_index.xml?filesrc=//tmp/laser-aWRmiD.tmp&path=//tmp HTTP/1.1" 200 1309 "https://smileparadisedentals.com/sitemap_index.xml?path=//tmp" "Mozilla/5.0 AppleWebKit/537.36 (KHTML, like Gecko; compatible; GPTBot/1.4; +https://openai.com/gptbot)" smileparadisedentals.com 10.36.254.103
74.7.227.158 - - [19/Aug/2026:07:12:06 -0600] "GET /sitemap_index.xml?filesrc=//tmp/laser-aWRmiD.tmp&path=//tmp HTTP/2.0" 200 1309 "https://smileparadisedentals.com/sitemap_index.xml?path=//tmp" "Mozilla/5.0 AppleWebKit/537.36 (KHTML, like Gecko; compatible; GPTBot/1.4; +https://openai.com/gptbot)" smileparadisedentals.com 10.36.254.103
129.121.103.155 - - [19/Aug/2026:07:12:11 -0600] "GET /wp-login.php HTTP/2.0" 409 83 "-" "Mozilla/5.0 (Windows NT 10.0; Win64; x64) AppleWebKit/537.36 (KHTML, like Gecko) Chrome/149.0.0.0 Safari/537.36" smileparadisedentals.com 10.36.254.103
74.7.241.33 - - [19/Aug/2026:07:12:09 -0600] "GET /?filesrc=//tmp/maestro-tXoG4I.tmp&path=//tmp HTTP/1.1" 200 119585 "https://smileparadisedentals.faz.zew.mybluehostin.me/?path=//tmp" "Mozilla/5.0 AppleWebKit/537.36 (KHTML, like Gecko; compatible; GPTBot/1.4; +https://openai.com/gptbot)" smileparadisedentals.faz.zew.mybluehostin.me 10.36.254.103
74.7.241.33 - - [19/Aug/2026:07:12:09 -0600] "GET /?filesrc=//tmp/maestro-tXoG4I.tmp&path=//tmp HTTP/2.0" 200 119585 "https://smileparadisedentals.faz.zew.mybluehostin.me/?path=//tmp" "Mozilla/5.0 AppleWebKit/537.36 (KHTML, like Gecko; compatible; GPTBot/1.4; +https://openai.com/gptbot)" smileparadisedentals.faz.zew.mybluehostin.me 10.36.254.103
74.7.227.158 - - [19/Aug/2026:07:12:11 -0600] "GET /sitemap_index.xml?filesrc=//tmp/amex-KQwplz.tmp&path=//tmp HTTP/1.1" 200 1309 "https://smileparadisedentals.com/sitemap_index.xml?path=//tmp" "Mozilla/5.0 AppleWebKit/537.36 (KHTML, like Gecko; compatible; GPTBot/1.4; +https://openai.com/gptbot)" smileparadisedentals.com 10.36.254.103
74.7.227.158 - - [19/Aug/2026:07:12:11 -0600] "GET /sitemap_index.xml?filesrc=//tmp/amex-KQwplz.tmp&path=//tmp HTTP/2.0" 200 1309 "https://smileparadisedentals.com/sitemap_index.xml?path=//tmp" "Mozilla/5.0 AppleWebKit/537.36 (KHTML, like Gecko; compatible; GPTBot/1.4; +https://openai.com/gptbot)" smileparadisedentals.com 10.36.254.103
74.7.241.33 - - [19/Aug/2026:07:12:13 -0600] "GET /?filesrc=//tmp/jcb-4i7vom.tmp&path=//tmp HTTP/1.1" 200 1309 "https://smileparadisedentals.faz.zew.mybluehostin.me/?path=//tmp" "Mozilla/5.0 AppleWebKit/537.36 (KHTML, like Gecko; compatible; GPTBot/1.4; +https://openai.com/gptbot)" smileparadisedentals.faz.zew.mybluehostin.me 10.36.254.103
74.7.241.33 - - [19/Aug/2026:07:12:13 -0600] "GET /?filesrc=//tmp/jcb-4i7vom.tmp&path=//tmp HTTP/2.0" 200 1309 "https://smileparadisedentals.faz.zew.mybluehostin.me/?path=//tmp" "Mozilla/5.0 AppleWebKit/537.36 (KHTML, like Gecko; compatible; GPTBot/1.4; +https://openai.com/gptbot)" smileparadisedentals.faz.zew.mybluehostin.me 10.36.254.103
74.7.227.158 - - [19/Aug/2026:07:12:14 -0600] "GET /sitemap_index.xml?filesrc=//tmp/maestro-rSXhfl.tmp&path=//tmp HTTP/1.1" 200 1310 "https://smileparadisedentals.com/sitemap_index.xml?path=//tmp" "Mozilla/5.0 AppleWebKit/537.36 (KHTML, like Gecko; compatible; GPTBot/1.4; +https://openai.com/gptbot)" smileparadisedentals.com 10.36.254.103
74.7.227.158 - - [19/Aug/2026:07:12:14 -0600] "GET /sitemap_index.xml?filesrc=//tmp/maestro-rSXhfl.tmp&path=//tmp HTTP/2.0" 200 1310 "https://smileparadisedentals.com/sitemap_index.xml?path=//tmp" "Mozilla/5.0 AppleWebKit/537.36 (KHTML, like Gecko; compatible; GPTBot/1.4; +https://openai.com/gptbot)" smileparadisedentals.com 10.36.254.103
74.7.241.33 - - [19/Aug/2026:07:12:16 -0600] "GET /?filesrc=//tmp/maestro-Smcmrk.tmp&path=//tmp HTTP/1.1" 200 1310 "https://smileparadisedentals.faz.zew.mybluehostin.me/?path=//tmp" "Mozilla/5.0 AppleWebKit/537.36 (KHTML, like Gecko; compatible; GPTBot/1.4; +https://openai.com/gptbot)" smileparadisedentals.faz.zew.mybluehostin.me 10.36.254.103
74.7.241.33 - - [19/Aug/2026:07:12:16 -0600] "GET /?filesrc=//tmp/maestro-Smcmrk.tmp&path=//tmp HTTP/2.0" 200 1310 "https://smileparadisedentals.faz.zew.mybluehostin.me/?path=//tmp" "Mozilla/5.0 AppleWebKit/537.36 (KHTML, like Gecko; compatible; GPTBot/1.4; +https://openai.com/gptbot)" smileparadisedentals.faz.zew.mybluehostin.me 10.36.254.103
74.7.227.158 - - [19/Aug/2026:07:12:17 -0600] "GET /sitemap_index.xml?filesrc=//tmp/amex-EncagM.tmp&path=//tmp HTTP/1.1" 200 1583 "https://smileparadisedentals.com/sitemap_index.xml?path=//tmp" "Mozilla/5.0 AppleWebKit/537.36 (KHTML, like Gecko; compatible; GPTBot/1.4; +https://openai.com/gptbot)" smileparadisedentals.com 10.36.254.103
74.7.227.158 - - [19/Aug/2026:07:12:17 -0600] "GET /sitemap_index.xml?filesrc=//tmp/amex-EncagM.tmp&path=//tmp HTTP/2.0" 200 1583 "https://smileparadisedentals.com/sitemap_index.xml?path=//tmp" "Mozilla/5.0 AppleWebKit/537.36 (KHTML, like Gecko; compatible; GPTBot/1.4; +https://openai.com/gptbot)" smileparadisedentals.com 10.36.254.103
74.7.241.33 - - [19/Aug/2026:07:12:18 -0600] "GET /?go=cabs&path=//opt/alt HTTP/1.1" 200 2175 "https://smileparadisedentals.faz.zew.mybluehostin.me/?path=//opt/alt" "Mozilla/5.0 AppleWebKit/537.36 (KHTML, like Gecko; compatible; GPTBot/1.4; +https://openai.com/gptbot)" smileparadisedentals.faz.zew.mybluehostin.me 10.36.254.103
74.7.241.33 - - [19/Aug/2026:07:12:18 -0600] "GET /?go=cabs&path=//opt/alt HTTP/2.0" 200 2175 "https://smileparadisedentals.faz.zew.mybluehostin.me/?path=//opt/alt" "Mozilla/5.0 AppleWebKit/537.36 (KHTML, like Gecko; compatible; GPTBot/1.4; +https://openai.com/gptbot)" smileparadisedentals.faz.zew.mybluehostin.me 10.36.254.103
74.7.227.158 - - [19/Aug/2026:07:12:20 -0600] "GET /sitemap_index.xml?filesrc=//tmp/maestro-enYdmz.tmp&path=//tmp HTTP/1.1" 200 1584 "https://smileparadisedentals.com/sitemap_index.xml?path=//tmp" "Mozilla/5.0 AppleWebKit/537.36 (KHTML, like Gecko; compatible; GPTBot/1.4; +https://openai.com/gptbot)" smileparadisedentals.com 10.36.254.103
74.7.227.158 - - [19/Aug/2026:07:12:20 -0600] "GET /sitemap_index.xml?filesrc=//tmp/maestro-enYdmz.tmp&path=//tmp HTTP/2.0" 200 1584 "https://smileparadisedentals.com/sitemap_index.xml?path=//tmp" "Mozilla/5.0 AppleWebKit/537.36 (KHTML, like Gecko; compatible; GPTBot/1.4; +https://openai.com/gptbot)" smileparadisedentals.com 10.36.254.103
74.7.241.33 - - [19/Aug/2026:07:12:21 -0600] "GET /?filesrc=//tmp/kill_usage.lock&path=//tmp HTTP/1.1" 200 1233 "https://smileparadisedentals.faz.zew.mybluehostin.me/?path=//tmp" "Mozilla/5.0 AppleWebKit/537.36 (KHTML, like Gecko; compatible; GPTBot/1.4; +https://openai.com/gptbot)" smileparadisedentals.faz.zew.mybluehostin.me 10.36.254.103
74.7.241.33 - - [19/Aug/2026:07:12:21 -0600] "GET /?filesrc=//tmp/kill_usage.lock&path=//tmp HTTP/2.0" 200 1233 "https://smileparadisedentals.faz.zew.mybluehostin.me/?path=//tmp" "Mozilla/5.0 AppleWebKit/537.36 (KHTML, like Gecko; compatible; GPTBot/1.4; +https://openai.com/gptbot)" smileparadisedentals.faz.zew.mybluehostin.me 10.36.254.103
74.7.241.33 - - [19/Aug/2026:07:12:23 -0600] "GET /?filesrc=//tmp/microsoft-lfoy8o.tmp&path=//tmp HTTP/1.1" 200 1311 "https://smileparadisedentals.faz.zew.mybluehostin.me/?path=//tmp" "Mozilla/5.0 AppleWebKit/537.36 (KHTML, like Gecko; compatible; GPTBot/1.4; +https://openai.com/gptbot)" smileparadisedentals.faz.zew.mybluehostin.me 10.36.254.103
74.7.227.158 - - [19/Aug/2026:07:12:23 -0600] "GET /sitemap_index.xml?filesrc=//tmp/amazon-efmBeK.tmp&path=//tmp HTTP/1.1" 200 1309 "https://smileparadisedentals.com/sitemap_index.xml?path=//tmp" "Mozilla/5.0 AppleWebKit/537.36 (KHTML, like Gecko; compatible; GPTBot/1.4; +https://openai.com/gptbot)" smileparadisedentals.com 10.36.254.103
74.7.227.158 - - [19/Aug/2026:07:12:23 -0600] "GET /sitemap_index.xml?filesrc=//tmp/amazon-efmBeK.tmp&path=//tmp HTTP/2.0" 200 1309 "https://smileparadisedentals.com/sitemap_index.xml?path=//tmp" "Mozilla/5.0 AppleWebKit/537.36 (KHTML, like Gecko; compatible; GPTBot/1.4; +https://openai.com/gptbot)" smileparadisedentals.com 10.36.254.103
74.7.241.33 - - [19/Aug/2026:07:12:23 -0600] "GET /?filesrc=//tmp/microsoft-lfoy8o.tmp&path=//tmp HTTP/2.0" 200 1311 "https://smileparadisedentals.faz.zew.mybluehostin.me/?path=//tmp" "Mozilla/5.0 AppleWebKit/537.36 (KHTML, like Gecko; compatible; GPTBot/1.4; +https://openai.com/gptbot)" smileparadisedentals.faz.zew.mybluehostin.me 10.36.254.103
74.7.227.158 - - [19/Aug/2026:07:12:25 -0600] "GET /sitemap_index.xml?filesrc=//tmp/maestro-PelgDe.tmp&path=//tmp HTTP/1.1" 200 1309 "https://smileparadisedentals.com/sitemap_index.xml?path=//tmp" "Mozilla/5.0 AppleWebKit/537.36 (KHTML, like Gecko; compatible; GPTBot/1.4; +https://openai.com/gptbot)" smileparadisedentals.com 10.36.254.103
74.7.227.158 - - [19/Aug/2026:07:12:25 -0600] "GET /sitemap_index.xml?filesrc=//tmp/maestro-PelgDe.tmp&path=//tmp HTTP/2.0" 200 1309 "https://smileparadisedentals.com/sitemap_index.xml?path=//tmp" "Mozilla/5.0 AppleWebKit/537.36 (KHTML, like Gecko; compatible; GPTBot/1.4; +https://openai.com/gptbot)" smileparadisedentals.com 10.36.254.103
74.7.241.33 - - [19/Aug/2026:07:12:25 -0600] "GET /?filesrc=//tmp/vk-fa-WRIpRe.tmp&path=//tmp HTTP/1.1" 200 1310 "https://smileparadisedentals.faz.zew.mybluehostin.me/?path=//tmp" "Mozilla/5.0 AppleWebKit/537.36 (KHTML, like Gecko; compatible; GPTBot/1.4; +https://openai.com/gptbot)" smileparadisedentals.faz.zew.mybluehostin.me 10.36.254.103
74.7.241.33 - - [19/Aug/2026:07:12:25 -0600] "GET /?filesrc=//tmp/vk-fa-WRIpRe.tmp&path=//tmp HTTP/2.0" 200 1310 "https://smileparadisedentals.faz.zew.mybluehostin.me/?path=//tmp" "Mozilla/5.0 AppleWebKit/537.36 (KHTML, like Gecko; compatible; GPTBot/1.4; +https://openai.com/gptbot)" smileparadisedentals.faz.zew.mybluehostin.me 10.36.254.103
74.7.227.158 - - [19/Aug/2026:07:12:27 -0600] "GET /sitemap_index.xml?path=//lib64/lua/5.1 HTTP/1.1" 200 1485 "https://smileparadisedentals.com/sitemap_index.xml?path=//lib64/lua" "Mozilla/5.0 AppleWebKit/537.36 (KHTML, like Gecko; compatible; GPTBot/1.4; +https://openai.com/gptbot)" smileparadisedentals.com 10.36.254.103
74.7.227.158 - - [19/Aug/2026:07:12:27 -0600] "GET /sitemap_index.xml?path=//lib64/lua/5.1 HTTP/2.0" 200 1485 "https://smileparadisedentals.com/sitemap_index.xml?path=//lib64/lua" "Mozilla/5.0 AppleWebKit/537.36 (KHTML, like Gecko; compatible; GPTBot/1.4; +https://openai.com/gptbot)" smileparadisedentals.com 10.36.254.103
74.7.241.33 - - [19/Aug/2026:07:12:27 -0600] "GET /?filesrc=//tmp/laser-Lnonya.tmp&path=//tmp HTTP/1.1" 200 119582 "https://smileparadisedentals.faz.zew.mybluehostin.me/?path=//tmp" "Mozilla/5.0 AppleWebKit/537.36 (KHTML, like Gecko; compatible; GPTBot/1.4; +https://openai.com/gptbot)" smileparadisedentals.faz.zew.mybluehostin.me 10.36.254.103
74.7.241.33 - - [19/Aug/2026:07:12:27 -0600] "GET /?filesrc=//tmp/laser-Lnonya.tmp&path=//tmp HTTP/2.0" 200 119582 "https://smileparadisedentals.faz.zew.mybluehostin.me/?path=//tmp" "Mozilla/5.0 AppleWebKit/537.36 (KHTML, like Gecko; compatible; GPTBot/1.4; +https://openai.com/gptbot)" smileparadisedentals.faz.zew.mybluehostin.me 10.36.254.103
74.7.227.158 - - [19/Aug/2026:07:12:30 -0600] "GET /sitemap_index.xml?path=//lib64/lua/5.4 HTTP/1.1" 200 1976 "https://smileparadisedentals.com/sitemap_index.xml?path=//lib64/lua" "Mozilla/5.0 AppleWebKit/537.36 (KHTML, like Gecko; compatible; GPTBot/1.4; +https://openai.com/gptbot)" smileparadisedentals.com 10.36.254.103
74.7.227.158 - - [19/Aug/2026:07:12:30 -0600] "GET /sitemap_index.xml?path=//lib64/lua/5.4 HTTP/2.0" 200 1976 "https://smileparadisedentals.com/sitemap_index.xml?path=//lib64/lua" "Mozilla/5.0 AppleWebKit/537.36 (KHTML, like Gecko; compatible; GPTBot/1.4; +https://openai.com/gptbot)" smileparadisedentals.com 10.36.254.103
74.7.241.33 - - [19/Aug/2026:07:12:35 -0600] "GET /?filesrc=//tmp/wpcom-hiZyHz.tmp&path=//tmp HTTP/1.1" 409 83 "https://smileparadisedentals.faz.zew.mybluehostin.me/?path=//tmp" "Mozilla/5.0 AppleWebKit/537.36 (KHTML, like Gecko; compatible; GPTBot/1.4; +https://openai.com/gptbot)" smileparadisedentals.faz.zew.mybluehostin.me 10.36.254.103
74.7.241.33 - - [19/Aug/2026:07:12:35 -0600] "GET /?filesrc=//tmp/wpcom-hiZyHz.tmp&path=//tmp HTTP/2.0" 409 83 "https://smileparadisedentals.faz.zew.mybluehostin.me/?path=//tmp" "Mozilla/5.0 AppleWebKit/537.36 (KHTML, like Gecko; compatible; GPTBot/1.4; +https://openai.com/gptbot)" smileparadisedentals.faz.zew.mybluehostin.me 10.36.254.103
74.7.227.158 - - [19/Aug/2026:07:12:36 -0600] "GET /sitemap_index.xml?filesrc=//tmp/amazon-Nfzman.tmp&path=//tmp HTTP/1.1" 409 83 "https://smileparadisedentals.com/sitemap_index.xml?path=//tmp" "Mozilla/5.0 AppleWebKit/537.36 (KHTML, like Gecko; compatible; GPTBot/1.4; +https://openai.com/gptbot)" smileparadisedentals.com 10.36.254.103
74.7.227.158 - - [19/Aug/2026:07:12:36 -0600] "GET /sitemap_index.xml?filesrc=//tmp/amazon-Nfzman.tmp&path=//tmp HTTP/2.0" 409 83 "https://smileparadisedentals.com/sitemap_index.xml?path=//tmp" "Mozilla/5.0 AppleWebKit/537.36 (KHTML, like Gecko; compatible; GPTBot/1.4; +https://openai.com/gptbot)" smileparadisedentals.com 10.36.254.103
74.7.241.33 - - [19/Aug/2026:07:12:36 -0600] "GET /?filesrc=//tmp/wpcom-uhXmNA.tmp&path=//tmp HTTP/1.1" 409 83 "https://smileparadisedentals.faz.zew.mybluehostin.me/?path=//tmp" "Mozilla/5.0 AppleWebKit/537.36 (KHTML, like Gecko; compatible; GPTBot/1.4; +https://openai.com/gptbot)" smileparadisedentals.faz.zew.mybluehostin.me 10.36.254.103
74.7.241.33 - - [19/Aug/2026:07:12:36 -0600] "GET /?filesrc=//tmp/wpcom-uhXmNA.tmp&path=//tmp HTTP/2.0" 409 83 "https://smileparadisedentals.faz.zew.mybluehostin.me/?path=//tmp" "Mozilla/5.0 AppleWebKit/537.36 (KHTML, like Gecko; compatible; GPTBot/1.4; +https://openai.com/gptbot)" smileparadisedentals.faz.zew.mybluehostin.me 10.36.254.103
74.7.227.158 - - [19/Aug/2026:07:12:36 -0600] "GET /sitemap_index.xml?filesrc=//tmp/laser-xvskIx.tmp&path=//tmp HTTP/1.1" 409 83 "https://smileparadisedentals.com/sitemap_index.xml?path=//tmp" "Mozilla/5.0 AppleWebKit/537.36 (KHTML, like Gecko; compatible; GPTBot/1.4; +https://openai.com/gptbot)" smileparadisedentals.com 10.36.254.103
74.7.227.158 - - [19/Aug/2026:07:12:36 -0600] "GET /sitemap_index.xml?filesrc=//tmp/laser-xvskIx.tmp&path=//tmp HTTP/2.0" 409 83 "https://smileparadisedentals.com/sitemap_index.xml?path=//tmp" "Mozilla/5.0 AppleWebKit/537.36 (KHTML, like Gecko; compatible; GPTBot/1.4; +https://openai.com/gptbot)" smileparadisedentals.com 10.36.254.103
74.7.227.158 - - [19/Aug/2026:07:12:37 -0600] "GET /sitemap_index.xml?filesrc=//tmp/laser-bcJdxf.tmp&path=//tmp HTTP/1.1" 409 83 "https://smileparadisedentals.com/sitemap_index.xml?path=//tmp" "Mozilla/5.0 AppleWebKit/537.36 (KHTML, like Gecko; compatible; GPTBot/1.4; +https://openai.com/gptbot)" smileparadisedentals.com 10.36.254.103
74.7.227.158 - - [19/Aug/2026:07:12:37 -0600] "GET /sitemap_index.xml?filesrc=//tmp/laser-bcJdxf.tmp&path=//tmp HTTP/2.0" 409 83 "https://smileparadisedentals.com/sitemap_index.xml?path=//tmp" "Mozilla/5.0 AppleWebKit/537.36 (KHTML, like Gecko; compatible; GPTBot/1.4; +https://openai.com/gptbot)" smileparadisedentals.com 10.36.254.103
74.7.241.33 - - [19/Aug/2026:07:12:38 -0600] "GET /?filesrc=//tmp/laser-bcJdxf.tmp&path=//tmp HTTP/1.1" 409 83 "https://smileparadisedentals.faz.zew.mybluehostin.me/?path=//tmp" "Mozilla/5.0 AppleWebKit/537.36 (KHTML, like Gecko; compatible; GPTBot/1.4; +https://openai.com/gptbot)" smileparadisedentals.faz.zew.mybluehostin.me 10.36.254.103
74.7.241.33 - - [19/Aug/2026:07:12:38 -0600] "GET /?filesrc=//tmp/laser-bcJdxf.tmp&path=//tmp HTTP/2.0" 409 83 "https://smileparadisedentals.faz.zew.mybluehostin.me/?path=//tmp" "Mozilla/5.0 AppleWebKit/537.36 (KHTML, like Gecko; compatible; GPTBot/1.4; +https://openai.com/gptbot)" smileparadisedentals.faz.zew.mybluehostin.me 10.36.254.103
74.7.227.158 - - [19/Aug/2026:07:12:42 -0600] "GET /sitemap_index.xml?filesrc=//tmp/visa-esdXjr.tmp&path=//tmp HTTP/1.1" 409 83 "https://smileparadisedentals.com/sitemap_index.xml?path=//tmp" "Mozilla/5.0 AppleWebKit/537.36 (KHTML, like Gecko; compatible; GPTBot/1.4; +https://openai.com/gptbot)" smileparadisedentals.com 10.36.254.103
74.7.227.158 - - [19/Aug/2026:07:12:42 -0600] "GET /sitemap_index.xml?filesrc=//tmp/visa-esdXjr.tmp&path=//tmp HTTP/2.0" 409 83 "https://smileparadisedentals.com/sitemap_index.xml?path=//tmp" "Mozilla/5.0 AppleWebKit/537.36 (KHTML, like Gecko; compatible; GPTBot/1.4; +https://openai.com/gptbot)" smileparadisedentals.com 10.36.254.103
74.7.241.33 - - [19/Aug/2026:07:12:44 -0600] "GET /?filesrc=//tmp/yahoo-MotUKZ.tmp&path=//tmp HTTP/1.1" 409 83 "https://smileparadisedentals.faz.zew.mybluehostin.me/?path=//tmp" "Mozilla/5.0 AppleWebKit/537.36 (KHTML, like Gecko; compatible; GPTBot/1.4; +https://openai.com/gptbot)" smileparadisedentals.faz.zew.mybluehostin.me 10.36.254.103
74.7.241.33 - - [19/Aug/2026:07:12:44 -0600] "GET /?filesrc=//tmp/yahoo-MotUKZ.tmp&path=//tmp HTTP/2.0" 409 83 "https://smileparadisedentals.faz.zew.mybluehostin.me/?path=//tmp" "Mozilla/5.0 AppleWebKit/537.36 (KHTML, like Gecko; compatible; GPTBot/1.4; +https://openai.com/gptbot)" smileparadisedentals.faz.zew.mybluehostin.me 10.36.254.103
74.7.227.158 - - [19/Aug/2026:07:12:56 -0600] "GET /sitemap_index.xml?filesrc=//tmp/visa-xSesqe.tmp&path=//tmp HTTP/1.1" 409 83 "https://smileparadisedentals.com/sitemap_index.xml?path=//tmp" "Mozilla/5.0 AppleWebKit/537.36 (KHTML, like Gecko; compatible; GPTBot/1.4; +https://openai.com/gptbot)" smileparadisedentals.com 10.36.254.103
74.7.227.158 - - [19/Aug/2026:07:12:56 -0600] "GET /sitemap_index.xml?filesrc=//tmp/visa-xSesqe.tmp&path=//tmp HTTP/2.0" 409 83 "https://smileparadisedentals.com/sitemap_index.xml?path=//tmp" "Mozilla/5.0 AppleWebKit/537.36 (KHTML, like Gecko; compatible; GPTBot/1.4; +https://openai.com/gptbot)" smileparadisedentals.com 10.36.254.103
124.40.251.131 - - [19/Aug/2026:07:12:58 -0600] "GET /wp-login.php HTTP/2.0" 409 83 "-" "Mozilla/5.0 (Windows NT 10.0; Win64; x64) AppleWebKit/537.36 (KHTML, like Gecko) Chrome/149.0.0.0 Safari/537.36" smileparadisedentals.com 10.36.254.103
74.7.241.33 - - [19/Aug/2026:07:13:02 -0600] "GET /?filesrc=//tmp/visa-ToLtIP.tmp&path=//tmp HTTP/1.1" 409 83 "https://smileparadisedentals.faz.zew.mybluehostin.me/?path=//tmp" "Mozilla/5.0 AppleWebKit/537.36 (KHTML, like Gecko; compatible; GPTBot/1.4; +https://openai.com/gptbot)" smileparadisedentals.faz.zew.mybluehostin.me 10.36.254.103
74.7.241.33 - - [19/Aug/2026:07:13:02 -0600] "GET /?filesrc=//tmp/visa-ToLtIP.tmp&path=//tmp HTTP/2.0" 409 83 "https://smileparadisedentals.faz.zew.mybluehostin.me/?path=//tmp" "Mozilla/5.0 AppleWebKit/537.36 (KHTML, like Gecko; compatible; GPTBot/1.4; +https://openai.com/gptbot)" smileparadisedentals.faz.zew.mybluehostin.me 10.36.254.103
74.7.227.158 - - [19/Aug/2026:07:13:38 -0600] "GET /sitemap_index.xml?filesrc=//tmp/maestro-IgmeMg.tmp&path=//tmp HTTP/1.1" 409 83 "https://smileparadisedentals.com/sitemap_index.xml?path=//tmp" "Mozilla/5.0 AppleWebKit/537.36 (KHTML, like Gecko; compatible; GPTBot/1.4; +https://openai.com/gptbot)" smileparadisedentals.com 10.36.254.103
74.7.227.158 - - [19/Aug/2026:07:13:38 -0600] "GET /sitemap_index.xml?filesrc=//tmp/maestro-IgmeMg.tmp&path=//tmp HTTP/2.0" 409 83 "https://smileparadisedentals.com/sitemap_index.xml?path=//tmp" "Mozilla/5.0 AppleWebKit/537.36 (KHTML, like Gecko; compatible; GPTBot/1.4; +https://openai.com/gptbot)" smileparadisedentals.com 10.36.254.103
162.241.153.188 - - [19/Aug/2026:07:13:46 -0600] "GET /wp-login.php HTTP/2.0" 409 83 "-" "Mozilla/5.0 (Windows NT 10.0; Win64; x64) AppleWebKit/537.36 (KHTML, like Gecko) Chrome/149.0.0.0 Safari/537.36" smileparadisedentals.com 10.36.254.103
74.7.241.33 - - [19/Aug/2026:07:13:58 -0600] "GET /?filesrc=//tmp/laser-hOPVhC.tmp&path=//tmp HTTP/1.1" 409 83 "https://smileparadisedentals.faz.zew.mybluehostin.me/?path=//tmp" "Mozilla/5.0 AppleWebKit/537.36 (KHTML, like Gecko; compatible; GPTBot/1.4; +https://openai.com/gptbot)" smileparadisedentals.faz.zew.mybluehostin.me 10.36.254.103
74.7.241.33 - - [19/Aug/2026:07:13:58 -0600] "GET /?filesrc=//tmp/laser-hOPVhC.tmp&path=//tmp HTTP/2.0" 409 83 "https://smileparadisedentals.faz.zew.mybluehostin.me/?path=//tmp" "Mozilla/5.0 AppleWebKit/537.36 (KHTML, like Gecko; compatible; GPTBot/1.4; +https://openai.com/gptbot)" smileparadisedentals.faz.zew.mybluehostin.me 10.36.254.103
212.29.237.5 - - [19/Aug/2026:07:14:33 -0600] "GET /wp-login.php HTTP/2.0" 409 83 "-" "Mozilla/5.0 (Windows NT 10.0; Win64; x64) AppleWebKit/537.36 (KHTML, like Gecko) Chrome/149.0.0.0 Safari/537.36" smileparadisedentals.com 10.36.254.103
74.7.227.158 - - [19/Aug/2026:07:14:38 -0600] "GET /sitemap_index.xml?filesrc=//tmp/amex-BhBxyZ.tmp&path=//tmp HTTP/1.1" 409 83 "https://smileparadisedentals.com/sitemap_index.xml?path=//tmp" "Mozilla/5.0 AppleWebKit/537.36 (KHTML, like Gecko; compatible; GPTBot/1.4; +https://openai.com/gptbot)" smileparadisedentals.com 10.36.254.103
74.7.227.158 - - [19/Aug/2026:07:14:38 -0600] "GET /sitemap_index.xml?filesrc=//tmp/amex-BhBxyZ.tmp&path=//tmp HTTP/2.0" 409 83 "https://smileparadisedentals.com/sitemap_index.xml?path=//tmp" "Mozilla/5.0 AppleWebKit/537.36 (KHTML, like Gecko; compatible; GPTBot/1.4; +https://openai.com/gptbot)" smileparadisedentals.com 10.36.254.103
74.7.241.33 - - [19/Aug/2026:07:14:59 -0600] "GET /?filesrc=//tmp/visa-CtTRMx.tmp&path=//tmp HTTP/1.1" 409 83 "https://smileparadisedentals.faz.zew.mybluehostin.me/?path=//tmp" "Mozilla/5.0 AppleWebKit/537.36 (KHTML, like Gecko; compatible; GPTBot/1.4; +https://openai.com/gptbot)" smileparadisedentals.faz.zew.mybluehostin.me 10.36.254.103
74.7.241.33 - - [19/Aug/2026:07:14:59 -0600] "GET /?filesrc=//tmp/visa-CtTRMx.tmp&path=//tmp HTTP/2.0" 409 83 "https://smileparadisedentals.faz.zew.mybluehostin.me/?path=//tmp" "Mozilla/5.0 AppleWebKit/537.36 (KHTML, like Gecko; compatible; GPTBot/1.4; +https://openai.com/gptbot)" smileparadisedentals.faz.zew.mybluehostin.me 10.36.254.103
158.158.74.177 - - [19/Aug/2026:07:15:04 -0600] "GET / HTTP/1.1" 400 52 "-" "Mozilla/5.0 (Windows NT 10.0; Win64; x64) AppleWebKit/537.36 (KHTML, like Gecko) Chrome/120.0.0.0 Safari/537.36" autodiscover.smileparadisedentals.com 10.36.254.103
162.241.153.188 - - [19/Aug/2026:07:15:23 -0600] "GET /wp-login.php HTTP/2.0" 409 83 "-" "Mozilla/5.0 (Windows NT 10.0; Win64; x64) AppleWebKit/537.36 (KHTML, like Gecko) Chrome/149.0.0.0 Safari/537.36" smileparadisedentals.com 10.36.254.103
74.7.227.158 - - [19/Aug/2026:07:15:44 -0600] "GET /sitemap_index.xml?path=/home4/fazzewmy/etc/honestgroup.in.net/.trash7309 HTTP/1.1" 409 83 "https://smileparadisedentals.com/sitemap_index.xml?path=/home4/fazzewmy/etc/honestgroup.in.net" "Mozilla/5.0 AppleWebKit/537.36 (KHTML, like Gecko; compatible; GPTBot/1.4; +https://openai.com/gptbot)" smileparadisedentals.com 10.36.254.103
74.7.227.158 - - [19/Aug/2026:07:15:44 -0600] "GET /sitemap_index.xml?path=/home4/fazzewmy/etc/honestgroup.in.net/.trash7309 HTTP/2.0" 409 83 "https://smileparadisedentals.com/sitemap_index.xml?path=/home4/fazzewmy/etc/honestgroup.in.net" "Mozilla/5.0 AppleWebKit/537.36 (KHTML, like Gecko; compatible; GPTBot/1.4; +https://openai.com/gptbot)" smileparadisedentals.com 10.36.254.103
74.7.241.33 - - [19/Aug/2026:07:16:04 -0600] "GET /?filesrc=//tmp/laser-lBJqYP.tmp&path=//tmp HTTP/1.1" 409 83 "https://smileparadisedentals.faz.zew.mybluehostin.me/?path=//tmp" "Mozilla/5.0 AppleWebKit/537.36 (KHTML, like Gecko; compatible; GPTBot/1.4; +https://openai.com/gptbot)" smileparadisedentals.faz.zew.mybluehostin.me 10.36.254.103
74.7.241.33 - - [19/Aug/2026:07:16:04 -0600] "GET /?filesrc=//tmp/laser-lBJqYP.tmp&path=//tmp HTTP/2.0" 409 83 "https://smileparadisedentals.faz.zew.mybluehostin.me/?path=//tmp" "Mozilla/5.0 AppleWebKit/537.36 (KHTML, like Gecko; compatible; GPTBot/1.4; +https://openai.com/gptbot)" smileparadisedentals.faz.zew.mybluehostin.me 10.36.254.103
194.116.184.179 - - [19/Aug/2026:07:16:17 -0600] "GET /wp-login.php HTTP/2.0" 409 83 "-" "Mozilla/5.0 (Windows NT 10.0; Win64; x64) AppleWebKit/537.36 (KHTML, like Gecko) Chrome/149.0.0.0 Safari/537.36" smileparadisedentals.com 10.36.254.103
74.7.227.158 - - [19/Aug/2026:07:16:47 -0600] "GET /sitemap_index.xml?path=/home4/fazzewmy/etc/mediagrid.in/sajeesh/.trash7309 HTTP/1.1" 409 83 "https://smileparadisedentals.com/sitemap_index.xml?path=/home4/fazzewmy/etc/mediagrid.in/sajeesh" "Mozilla/5.0 AppleWebKit/537.36 (KHTML, like Gecko; compatible; GPTBot/1.4; +https://openai.com/gptbot)" smileparadisedentals.com 10.36.254.103
74.7.227.158 - - [19/Aug/2026:07:16:47 -0600] "GET /sitemap_index.xml?path=/home4/fazzewmy/etc/mediagrid.in/sajeesh/.trash7309 HTTP/2.0" 409 83 "https://smileparadisedentals.com/sitemap_index.xml?path=/home4/fazzewmy/etc/mediagrid.in/sajeesh" "Mozilla/5.0 AppleWebKit/537.36 (KHTML, like Gecko; compatible; GPTBot/1.4; +https://openai.com/gptbot)" smileparadisedentals.com 10.36.254.103
89.185.225.24 - - [19/Aug/2026:07:17:04 -0600] "GET /wp-login.php HTTP/2.0" 409 83 "-" "Mozilla/5.0 (Windows NT 10.0; Win64; x64) AppleWebKit/537.36 (KHTML, like Gecko) Chrome/149.0.0.0 Safari/537.36" smileparadisedentals.com 10.36.254.103
74.7.241.33 - - [19/Aug/2026:07:17:06 -0600] "GET /?filesrc=//tmp/yahoo-BhyxII.tmp&path=//tmp HTTP/1.1" 409 83 "https://smileparadisedentals.faz.zew.mybluehostin.me/?path=//tmp" "Mozilla/5.0 AppleWebKit/537.36 (KHTML, like Gecko; compatible; GPTBot/1.4; +https://openai.com/gptbot)" smileparadisedentals.faz.zew.mybluehostin.me 10.36.254.103
74.7.241.33 - - [19/Aug/2026:07:17:06 -0600] "GET /?filesrc=//tmp/yahoo-BhyxII.tmp&path=//tmp HTTP/2.0" 409 83 "https://smileparadisedentals.faz.zew.mybluehostin.me/?path=//tmp" "Mozilla/5.0 AppleWebKit/537.36 (KHTML, like Gecko; compatible; GPTBot/1.4; +https://openai.com/gptbot)" smileparadisedentals.faz.zew.mybluehostin.me 10.36.254.103
74.7.227.158 - - [19/Aug/2026:07:17:50 -0600] "GET /sitemap_index.xml?filesrc=//tmp/TTYDEVS_12345678&path=//tmp HTTP/1.1" 409 83 "https://smileparadisedentals.com/sitemap_index.xml?path=//tmp" "Mozilla/5.0 AppleWebKit/537.36 (KHTML, like Gecko; compatible; GPTBot/1.4; +https://openai.com/gptbot)" smileparadisedentals.com 10.36.254.103
74.7.227.158 - - [19/Aug/2026:07:17:50 -0600] "GET /sitemap_index.xml?filesrc=//tmp/TTYDEVS_12345678&path=//tmp HTTP/2.0" 409 83 "https://smileparadisedentals.com/sitemap_index.xml?path=//tmp" "Mozilla/5.0 AppleWebKit/537.36 (KHTML, like Gecko; compatible; GPTBot/1.4; +https://openai.com/gptbot)" smileparadisedentals.com 10.36.254.103
195.250.22.137 - - [19/Aug/2026:07:17:57 -0600] "GET /wp-login.php HTTP/2.0" 409 83 "-" "Mozilla/5.0 (Windows NT 10.0; Win64; x64) AppleWebKit/537.36 (KHTML, like Gecko) Chrome/149.0.0.0 Safari/537.36" smileparadisedentals.com 10.36.254.103
74.7.241.33 - - [19/Aug/2026:07:18:09 -0600] "GET /?filesrc=//tmp/yahoo-xadrcG.tmp&path=//tmp HTTP/1.1" 409 83 "https://smileparadisedentals.faz.zew.mybluehostin.me/?path=//tmp" "Mozilla/5.0 AppleWebKit/537.36 (KHTML, like Gecko; compatible; GPTBot/1.4; +https://openai.com/gptbot)" smileparadisedentals.faz.zew.mybluehostin.me 10.36.254.103
74.7.241.33 - - [19/Aug/2026:07:18:09 -0600] "GET /?filesrc=//tmp/yahoo-xadrcG.tmp&path=//tmp HTTP/2.0" 409 83 "https://smileparadisedentals.faz.zew.mybluehostin.me/?path=//tmp" "Mozilla/5.0 AppleWebKit/537.36 (KHTML, like Gecko; compatible; GPTBot/1.4; +https://openai.com/gptbot)" smileparadisedentals.faz.zew.mybluehostin.me 10.36.254.103
89.185.225.24 - - [19/Aug/2026:07:18:52 -0600] "GET /wp-login.php HTTP/2.0" 409 83 "-" "Mozilla/5.0 (Windows NT 10.0; Win64; x64) AppleWebKit/537.36 (KHTML, like Gecko) Chrome/149.0.0.0 Safari/537.36" smileparadisedentals.com 10.36.254.103
74.7.227.158 - - [19/Aug/2026:07:18:54 -0600] "GET /sitemap_index.xml?path=//lib64/lua/5.4/socket HTTP/1.1" 409 83 "https://smileparadisedentals.com/sitemap_index.xml?path=//lib64/lua/5.4" "Mozilla/5.0 AppleWebKit/537.36 (KHTML, like Gecko; compatible; GPTBot/1.4; +https://openai.com/gptbot)" smileparadisedentals.com 10.36.254.103
74.7.227.158 - - [19/Aug/2026:07:18:54 -0600] "GET /sitemap_index.xml?path=//lib64/lua/5.4/socket HTTP/2.0" 409 83 "https://smileparadisedentals.com/sitemap_index.xml?path=//lib64/lua/5.4" "Mozilla/5.0 AppleWebKit/537.36 (KHTML, like Gecko; compatible; GPTBot/1.4; +https://openai.com/gptbot)" smileparadisedentals.com 10.36.254.103
74.7.241.33 - - [19/Aug/2026:07:19:11 -0600] "GET /?filesrc=//tmp/wpcom-aUdZGe.tmp&path=//tmp HTTP/1.1" 409 83 "https://smileparadisedentals.faz.zew.mybluehostin.me/?path=//tmp" "Mozilla/5.0 AppleWebKit/537.36 (KHTML, like Gecko; compatible; GPTBot/1.4; +https://openai.com/gptbot)" smileparadisedentals.faz.zew.mybluehostin.me 10.36.254.103
74.7.241.33 - - [19/Aug/2026:07:19:11 -0600] "GET /?filesrc=//tmp/wpcom-aUdZGe.tmp&path=//tmp HTTP/2.0" 409 83 "https://smileparadisedentals.faz.zew.mybluehostin.me/?path=//tmp" "Mozilla/5.0 AppleWebKit/537.36 (KHTML, like Gecko; compatible; GPTBot/1.4; +https://openai.com/gptbot)" smileparadisedentals.faz.zew.mybluehostin.me 10.36.254.103
129.121.123.168 - - [19/Aug/2026:07:19:53 -0600] "GET /wp-login.php HTTP/2.0" 409 83 "-" "Mozilla/5.0 (Windows NT 10.0; Win64; x64) AppleWebKit/537.36 (KHTML, like Gecko) Chrome/149.0.0.0 Safari/537.36" smileparadisedentals.com 10.36.254.103
74.7.227.158 - - [19/Aug/2026:07:19:55 -0600] "GET /sitemap_index.xml?path=//lib64/lua/5.4/mime HTTP/1.1" 409 83 "https://smileparadisedentals.com/sitemap_index.xml?path=//lib64/lua/5.4" "Mozilla/5.0 AppleWebKit/537.36 (KHTML, like Gecko; compatible; GPTBot/1.4; +https://openai.com/gptbot)" smileparadisedentals.com 10.36.254.103
74.7.227.158 - - [19/Aug/2026:07:19:54 -0600] "GET /sitemap_index.xml?path=//lib64/lua/5.4/mime HTTP/2.0" 409 83 "https://smileparadisedentals.com/sitemap_index.xml?path=//lib64/lua/5.4" "Mozilla/5.0 AppleWebKit/537.36 (KHTML, like Gecko; compatible; GPTBot/1.4; +https://openai.com/gptbot)" smileparadisedentals.com 10.36.254.103
74.7.241.33 - - [19/Aug/2026:07:20:16 -0600] "GET /?filesrc=//tmp/visa-XArhTV.tmp&path=//tmp HTTP/1.1" 409 83 "https://smileparadisedentals.faz.zew.mybluehostin.me/?path=//tmp" "Mozilla/5.0 AppleWebKit/537.36 (KHTML, like Gecko; compatible; GPTBot/1.4; +https://openai.com/gptbot)" smileparadisedentals.faz.zew.mybluehostin.me 10.36.254.103
74.7.241.33 - - [19/Aug/2026:07:20:16 -0600] "GET /?filesrc=//tmp/visa-XArhTV.tmp&path=//tmp HTTP/2.0" 409 83 "https://smileparadisedentals.faz.zew.mybluehostin.me/?path=//tmp" "Mozilla/5.0 AppleWebKit/537.36 (KHTML, like Gecko; compatible; GPTBot/1.4; +https://openai.com/gptbot)" smileparadisedentals.faz.zew.mybluehostin.me 10.36.254.103
74.7.227.158 - - [19/Aug/2026:07:21:00 -0600] "GET /sitemap_index.xml?path=/home4/fazzewmy/public_html/smartservesolutions HTTP/1.1" 409 83 "https://smileparadisedentals.com/sitemap_index.xml?path=/home4/fazzewmy/public_html" "Mozilla/5.0 AppleWebKit/537.36 (KHTML, like Gecko; compatible; GPTBot/1.4; +https://openai.com/gptbot)" smileparadisedentals.com 10.36.254.103
74.7.227.158 - - [19/Aug/2026:07:21:00 -0600] "GET /sitemap_index.xml?path=/home4/fazzewmy/public_html/smartservesolutions HTTP/2.0" 409 83 "https://smileparadisedentals.com/sitemap_index.xml?path=/home4/fazzewmy/public_html" "Mozilla/5.0 AppleWebKit/537.36 (KHTML, like Gecko; compatible; GPTBot/1.4; +https://openai.com/gptbot)" smileparadisedentals.com 10.36.254.103
74.7.241.33 - - [19/Aug/2026:07:21:20 -0600] "GET /?filesrc=//tmp/wpcom-YLgEVm.tmp&path=//tmp HTTP/1.1" 409 83 "https://smileparadisedentals.faz.zew.mybluehostin.me/?path=//tmp" "Mozilla/5.0 AppleWebKit/537.36 (KHTML, like Gecko; compatible; GPTBot/1.4; +https://openai.com/gptbot)" smileparadisedentals.faz.zew.mybluehostin.me 10.36.254.103
74.7.241.33 - - [19/Aug/2026:07:21:20 -0600] "GET /?filesrc=//tmp/wpcom-YLgEVm.tmp&path=//tmp HTTP/2.0" 409 83 "https://smileparadisedentals.faz.zew.mybluehostin.me/?path=//tmp" "Mozilla/5.0 AppleWebKit/537.36 (KHTML, like Gecko; compatible; GPTBot/1.4; +https://openai.com/gptbot)" smileparadisedentals.faz.zew.mybluehostin.me 10.36.254.103
74.7.227.158 - - [19/Aug/2026:07:22:02 -0600] "GET /sitemap_index.xml?path=//home HTTP/1.1" 409 83 "https://smileparadisedentals.com/sitemap_index.xml?path=/" "Mozilla/5.0 AppleWebKit/537.36 (KHTML, like Gecko; compatible; GPTBot/1.4; +https://openai.com/gptbot)" smileparadisedentals.com 10.36.254.103
74.7.227.158 - - [19/Aug/2026:07:22:02 -0600] "GET /sitemap_index.xml?path=//home HTTP/2.0" 409 83 "https://smileparadisedentals.com/sitemap_index.xml?path=/" "Mozilla/5.0 AppleWebKit/537.36 (KHTML, like Gecko; compatible; GPTBot/1.4; +https://openai.com/gptbot)" smileparadisedentals.com 10.36.254.103
74.7.241.33 - - [19/Aug/2026:07:22:22 -0600] "GET /?filesrc=//tmp/visa-XnruQv.tmp&path=//tmp HTTP/1.1" 409 83 "https://smileparadisedentals.faz.zew.mybluehostin.me/?path=//tmp" "Mozilla/5.0 AppleWebKit/537.36 (KHTML, like Gecko; compatible; GPTBot/1.4; +https://openai.com/gptbot)" smileparadisedentals.faz.zew.mybluehostin.me 10.36.254.103
74.7.241.33 - - [19/Aug/2026:07:22:22 -0600] "GET /?filesrc=//tmp/visa-XnruQv.tmp&path=//tmp HTTP/2.0" 409 83 "https://smileparadisedentals.faz.zew.mybluehostin.me/?path=//tmp" "Mozilla/5.0 AppleWebKit/537.36 (KHTML, like Gecko; compatible; GPTBot/1.4; +https://openai.com/gptbot)" smileparadisedentals.faz.zew.mybluehostin.me 10.36.254.103
74.7.227.158 - - [19/Aug/2026:07:23:05 -0600] "GET /sitemap_index.xml?path=/home4/fazzewmy/public_html/vajradentalstudio/cgi-bin/.trash7309 HTTP/1.1" 409 83 "https://smileparadisedentals.com/sitemap_index.xml?path=/home4/fazzewmy/public_html/vajradentalstudio/cgi-bin" "Mozilla/5.0 AppleWebKit/537.36 (KHTML, like Gecko; compatible; GPTBot/1.4; +https://openai.com/gptbot)" smileparadisedentals.com 10.36.254.103
74.7.227.158 - - [19/Aug/2026:07:23:05 -0600] "GET /sitemap_index.xml?path=/home4/fazzewmy/public_html/vajradentalstudio/cgi-bin/.trash7309 HTTP/2.0" 409 83 "https://smileparadisedentals.com/sitemap_index.xml?path=/home4/fazzewmy/public_html/vajradentalstudio/cgi-bin" "Mozilla/5.0 AppleWebKit/537.36 (KHTML, like Gecko; compatible; GPTBot/1.4; +https://openai.com/gptbot)" smileparadisedentals.com 10.36.254.103
74.7.241.33 - - [19/Aug/2026:07:23:24 -0600] "GET /?filesrc=//tmp/vk-fa-RsfHiB.tmp&path=//tmp HTTP/1.1" 409 83 "https://smileparadisedentals.faz.zew.mybluehostin.me/?path=//tmp" "Mozilla/5.0 AppleWebKit/537.36 (KHTML, like Gecko; compatible; GPTBot/1.4; +https://openai.com/gptbot)" smileparadisedentals.faz.zew.mybluehostin.me 10.36.254.103
74.7.241.33 - - [19/Aug/2026:07:23:24 -0600] "GET /?filesrc=//tmp/vk-fa-RsfHiB.tmp&path=//tmp HTTP/2.0" 409 83 "https://smileparadisedentals.faz.zew.mybluehostin.me/?path=//tmp" "Mozilla/5.0 AppleWebKit/537.36 (KHTML, like Gecko; compatible; GPTBot/1.4; +https://openai.com/gptbot)" smileparadisedentals.faz.zew.mybluehostin.me 10.36.254.103
74.7.227.158 - - [19/Aug/2026:07:24:06 -0600] "GET /sitemap_index.xml?path=/home4/fazzewmy/etc/mediagrid.in/sajeesh/.well-known/logs233 HTTP/1.1" 409 83 "https://smileparadisedentals.com/sitemap_index.xml?path=/home4/fazzewmy/etc/mediagrid.in/sajeesh/.well-known" "Mozilla/5.0 AppleWebKit/537.36 (KHTML, like Gecko; compatible; GPTBot/1.4; +https://openai.com/gptbot)" smileparadisedentals.com 10.36.254.103
74.7.227.158 - - [19/Aug/2026:07:24:06 -0600] "GET /sitemap_index.xml?path=/home4/fazzewmy/etc/mediagrid.in/sajeesh/.well-known/logs233 HTTP/2.0" 409 83 "https://smileparadisedentals.com/sitemap_index.xml?path=/home4/fazzewmy/etc/mediagrid.in/sajeesh/.well-known" "Mozilla/5.0 AppleWebKit/537.36 (KHTML, like Gecko; compatible; GPTBot/1.4; +https://openai.com/gptbot)" smileparadisedentals.com 10.36.254.103
74.7.241.33 - - [19/Aug/2026:07:24:27 -0600] "GET /favicon.ico HTTP/1.1" 409 83 "https://smileparadisedentals.faz.zew.mybluehostin.me/services?path=//home" "Mozilla/5.0 AppleWebKit/537.36 (KHTML, like Gecko; compatible; GPTBot/1.4; +https://openai.com/gptbot)" smileparadisedentals.faz.zew.mybluehostin.me 10.36.254.103
74.7.241.33 - - [19/Aug/2026:07:24:27 -0600] "GET /favicon.ico HTTP/2.0" 409 83 "https://smileparadisedentals.faz.zew.mybluehostin.me/services?path=//home" "Mozilla/5.0 AppleWebKit/537.36 (KHTML, like Gecko; compatible; GPTBot/1.4; +https://openai.com/gptbot)" smileparadisedentals.faz.zew.mybluehostin.me 10.36.254.103
216.73.216.146 - - [19/Aug/2026:07:24:59 -0600] "GET /robots.txt HTTP/2.0" 200 134 "-" "Mozilla/5.0 AppleWebKit/537.36 (KHTML, like Gecko; compatible; ClaudeBot/1.0; +claudebot@anthropic.com)" smileparadisedentals.com 10.36.254.103
20.226.7.189 - - [19/Aug/2026:07:25:02 -0600] "GET / HTTP/1.1" 400 52 "-" "Mozilla/5.0 (Windows NT 10.0; Win64; x64) AppleWebKit/537.36 (KHTML, like Gecko) Chrome/120.0.0.0 Safari/537.36" autodiscover.smileparadisedentals.com 10.36.254.103
216.73.216.146 - - [19/Aug/2026:07:25:03 -0600] "GET /sitemap_index.xml HTTP/1.1" 409 83 "-" "Mozilla/5.0 AppleWebKit/537.36 (KHTML, like Gecko; compatible; ClaudeBot/1.0; +claudebot@anthropic.com)" smileparadisedentals.com 10.36.254.103
216.73.216.146 - - [19/Aug/2026:07:25:02 -0600] "GET /sitemap_index.xml HTTP/2.0" 409 83 "-" "Mozilla/5.0 AppleWebKit/537.36 (KHTML, like Gecko; compatible; ClaudeBot/1.0; +claudebot@anthropic.com)" smileparadisedentals.com 10.36.254.103
74.7.227.158 - - [19/Aug/2026:07:25:08 -0600] "GET /sitemap_index.xml?path=//run/puppet HTTP/1.1" 409 83 "https://smileparadisedentals.com/sitemap_index.xml?path=//run" "Mozilla/5.0 AppleWebKit/537.36 (KHTML, like Gecko; compatible; GPTBot/1.4; +https://openai.com/gptbot)" smileparadisedentals.com 10.36.254.103
74.7.227.158 - - [19/Aug/2026:07:25:08 -0600] "GET /sitemap_index.xml?path=//run/puppet HTTP/2.0" 409 83 "https://smileparadisedentals.com/sitemap_index.xml?path=//run" "Mozilla/5.0 AppleWebKit/537.36 (KHTML, like Gecko; compatible; GPTBot/1.4; +https://openai.com/gptbot)" smileparadisedentals.com 10.36.254.103
74.7.241.33 - - [19/Aug/2026:07:25:32 -0600] "GET /?filesrc=//tmp/amex-EncagM.tmp&path=//tmp HTTP/1.1" 409 83 "https://smileparadisedentals.faz.zew.mybluehostin.me/?path=//tmp" "Mozilla/5.0 AppleWebKit/537.36 (KHTML, like Gecko; compatible; GPTBot/1.4; +https://openai.com/gptbot)" smileparadisedentals.faz.zew.mybluehostin.me 10.36.254.103
74.7.241.33 - - [19/Aug/2026:07:25:32 -0600] "GET /?filesrc=//tmp/amex-EncagM.tmp&path=//tmp HTTP/2.0" 409 83 "https://smileparadisedentals.faz.zew.mybluehostin.me/?path=//tmp" "Mozilla/5.0 AppleWebKit/537.36 (KHTML, like Gecko; compatible; GPTBot/1.4; +https://openai.com/gptbot)" smileparadisedentals.faz.zew.mybluehostin.me 10.36.254.103
74.7.227.158 - - [19/Aug/2026:07:26:14 -0600] "GET /sitemap_index.xml?filesrc=//lib64/libtss2-rc.so.0&path=//lib64 HTTP/1.1" 200 9083 "https://smileparadisedentals.com/sitemap_index.xml?path=//lib64" "Mozilla/5.0 AppleWebKit/537.36 (KHTML, like Gecko; compatible; GPTBot/1.4; +https://openai.com/gptbot)" smileparadisedentals.com 10.36.254.103
74.7.227.158 - - [19/Aug/2026:07:26:14 -0600] "GET /sitemap_index.xml?filesrc=//lib64/libtss2-rc.so.0&path=//lib64 HTTP/2.0" 200 9083 "https://smileparadisedentals.com/sitemap_index.xml?path=//lib64" "Mozilla/5.0 AppleWebKit/537.36 (KHTML, like Gecko; compatible; GPTBot/1.4; +https://openai.com/gptbot)" smileparadisedentals.com 10.36.254.103
74.7.241.33 - - [19/Aug/2026:07:26:36 -0600] "GET /?filesrc=//tmp/laser-xvskIx.tmp&path=//tmp HTTP/1.1" 200 1310 "https://smileparadisedentals.faz.zew.mybluehostin.me/?path=//tmp" "Mozilla/5.0 AppleWebKit/537.36 (KHTML, like Gecko; compatible; GPTBot/1.4; +https://openai.com/gptbot)" smileparadisedentals.faz.zew.mybluehostin.me 10.36.254.103
74.7.241.33 - - [19/Aug/2026:07:26:36 -0600] "GET /?filesrc=//tmp/laser-xvskIx.tmp&path=//tmp HTTP/2.0" 200 1310 "https://smileparadisedentals.faz.zew.mybluehostin.me/?path=//tmp" "Mozilla/5.0 AppleWebKit/537.36 (KHTML, like Gecko; compatible; GPTBot/1.4; +https://openai.com/gptbot)" smileparadisedentals.faz.zew.mybluehostin.me 10.36.254.103
74.7.227.158 - - [19/Aug/2026:07:27:15 -0600] "GET /sitemap_index.xml?filesrc=//lib64/libformw.so.6.2&path=//lib64 HTTP/1.1" 200 35084 "https://smileparadisedentals.com/sitemap_index.xml?path=//lib64" "Mozilla/5.0 AppleWebKit/537.36 (KHTML, like Gecko; compatible; GPTBot/1.4; +https://openai.com/gptbot)" smileparadisedentals.com 10.36.254.103
74.7.227.158 - - [19/Aug/2026:07:27:15 -0600] "GET /sitemap_index.xml?filesrc=//lib64/libformw.so.6.2&path=//lib64 HTTP/2.0" 200 35084 "https://smileparadisedentals.com/sitemap_index.xml?path=//lib64" "Mozilla/5.0 AppleWebKit/537.36 (KHTML, like Gecko; compatible; GPTBot/1.4; +https://openai.com/gptbot)" smileparadisedentals.com 10.36.254.103
74.7.241.33 - - [19/Aug/2026:07:27:40 -0600] "GET /?filesrc=//tmp/vk-fa-HrhbYt.tmp&path=//tmp HTTP/1.1" 200 1311 "https://smileparadisedentals.faz.zew.mybluehostin.me/?path=//tmp" "Mozilla/5.0 AppleWebKit/537.36 (KHTML, like Gecko; compatible; GPTBot/1.4; +https://openai.com/gptbot)" smileparadisedentals.faz.zew.mybluehostin.me 10.36.254.103
74.7.241.33 - - [19/Aug/2026:07:27:40 -0600] "GET /?filesrc=//tmp/vk-fa-HrhbYt.tmp&path=//tmp HTTP/2.0" 200 1311 "https://smileparadisedentals.faz.zew.mybluehostin.me/?path=//tmp" "Mozilla/5.0 AppleWebKit/537.36 (KHTML, like Gecko; compatible; GPTBot/1.4; +https://openai.com/gptbot)" smileparadisedentals.faz.zew.mybluehostin.me 10.36.254.103
74.7.227.158 - - [19/Aug/2026:07:28:12 -0600] "GET /sitemap_index.xml?filesrc=//lib64/libtss2-mu.so.0&path=//lib64 HTTP/1.1" 200 112588 "https://smileparadisedentals.com/sitemap_index.xml?path=//lib64" "Mozilla/5.0 AppleWebKit/537.36 (KHTML, like Gecko; compatible; GPTBot/1.4; +https://openai.com/gptbot)" smileparadisedentals.com 10.36.254.103
74.7.227.158 - - [19/Aug/2026:07:28:12 -0600] "GET /sitemap_index.xml?filesrc=//lib64/libtss2-mu.so.0&path=//lib64 HTTP/2.0" 200 112588 "https://smileparadisedentals.com/sitemap_index.xml?path=//lib64" "Mozilla/5.0 AppleWebKit/537.36 (KHTML, like Gecko; compatible; GPTBot/1.4; +https://openai.com/gptbot)" smileparadisedentals.com 10.36.254.103
74.7.241.33 - - [19/Aug/2026:07:28:38 -0600] "GET /?filesrc=//tmp/laser-zNrwjw.tmp&path=//tmp HTTP/1.1" 404 - "https://smileparadisedentals.faz.zew.mybluehostin.me/?path=//tmp" "Mozilla/5.0 AppleWebKit/537.36 (KHTML, like Gecko; compatible; GPTBot/1.4; +https://openai.com/gptbot)" smileparadisedentals.faz.zew.mybluehostin.me 10.36.254.103
74.7.241.33 - - [19/Aug/2026:07:28:38 -0600] "GET /?filesrc=//tmp/laser-zNrwjw.tmp&path=//tmp HTTP/2.0" 503 468 "https://smileparadisedentals.faz.zew.mybluehostin.me/?path=//tmp" "Mozilla/5.0 AppleWebKit/537.36 (KHTML, like Gecko; compatible; GPTBot/1.4; +https://openai.com/gptbot)" smileparadisedentals.faz.zew.mybluehostin.me 10.36.254.103
74.7.227.158 - - [19/Aug/2026:07:29:05 -0600] "GET /sitemap_index.xml?filesrc=//lib64/libmenuw.so.6.2&path=//lib64 HTTP/1.1" 503 468 "https://smileparadisedentals.com/sitemap_index.xml?path=//lib64" "Mozilla/5.0 AppleWebKit/537.36 (KHTML, like Gecko; compatible; GPTBot/1.4; +https://openai.com/gptbot)" smileparadisedentals.com 10.36.254.103
74.7.227.158 - - [19/Aug/2026:07:29:05 -0600] "GET /sitemap_index.xml?filesrc=//lib64/libmenuw.so.6.2&path=//lib64 HTTP/2.0" 503 468 "https://smileparadisedentals.com/sitemap_index.xml?path=//lib64" "Mozilla/5.0 AppleWebKit/537.36 (KHTML, like Gecko; compatible; GPTBot/1.4; +https://openai.com/gptbot)" smileparadisedentals.com 10.36.254.103
74.7.241.33 - - [19/Aug/2026:07:29:30 -0600] "GET /?filesrc=//tmp/tick-ElBzCD.tmp&path=//tmp HTTP/1.1" 200 1309 "https://smileparadisedentals.faz.zew.mybluehostin.me/?path=//tmp" "Mozilla/5.0 AppleWebKit/537.36 (KHTML, like Gecko; compatible; GPTBot/1.4; +https://openai.com/gptbot)" smileparadisedentals.faz.zew.mybluehostin.me 10.36.254.103
74.7.241.33 - - [19/Aug/2026:07:29:30 -0600] "GET /?filesrc=//tmp/tick-ElBzCD.tmp&path=//tmp HTTP/2.0" 200 1309 "https://smileparadisedentals.faz.zew.mybluehostin.me/?path=//tmp" "Mozilla/5.0 AppleWebKit/537.36 (KHTML, like Gecko; compatible; GPTBot/1.4; +https://openai.com/gptbot)" smileparadisedentals.faz.zew.mybluehostin.me 10.36.254.103
74.7.227.158 - - [19/Aug/2026:07:29:51 -0600] "GET /sitemap_index.xml?path=//lib64/groff HTTP/1.1" 200 1477 "https://smileparadisedentals.com/sitemap_index.xml?path=//lib64" "Mozilla/5.0 AppleWebKit/537.36 (KHTML, like Gecko; compatible; GPTBot/1.4; +https://openai.com/gptbot)" smileparadisedentals.com 10.36.254.103
74.7.227.158 - - [19/Aug/2026:07:29:50 -0600] "GET /sitemap_index.xml?path=//lib64/groff HTTP/2.0" 200 1477 "https://smileparadisedentals.com/sitemap_index.xml?path=//lib64" "Mozilla/5.0 AppleWebKit/537.36 (KHTML, like Gecko; compatible; GPTBot/1.4; +https://openai.com/gptbot)" smileparadisedentals.com 10.36.254.103
