74.7.241.33 - - [19/Aug/2026:07:00:41 -0600] "GET /services?filesrc=//sbin/groupadd&path=//sbin HTTP/2.0" 200 26531 "https://smileparadisedentals.faz.zew.mybluehostin.me/services?path=//sbin" "Mozilla/5.0 AppleWebKit/537.36 (KHTML, like Gecko; compatible; GPTBot/1.4; +https://openai.com/gptbot)" smileparadisedentals.faz.zew.mybluehostin.me 10.36.254.103
74.7.227.158 - - [19/Aug/2026:07:00:37 -0600] "GET /sitemap_index.xml?filesrc=//lib64/libhns.so.1.0.61.0&path=//lib64 HTTP/1.1" 503 468 "https://smileparadisedentals.com/sitemap_index.xml?path=//lib64" "Mozilla/5.0 AppleWebKit/537.36 (KHTML, like Gecko; compatible; GPTBot/1.4; +https://openai.com/gptbot)" smileparadisedentals.com 10.36.254.103
74.7.227.158 - - [19/Aug/2026:07:00:37 -0600] "GET /sitemap_index.xml?filesrc=//lib64/libhns.so.1.0.61.0&path=//lib64 HTTP/2.0" 503 468 "https://smileparadisedentals.com/sitemap_index.xml?path=//lib64" "Mozilla/5.0 AppleWebKit/537.36 (KHTML, like Gecko; compatible; GPTBot/1.4; +https://openai.com/gptbot)" smileparadisedentals.com 10.36.254.103
74.7.241.33 - - [19/Aug/2026:07:00:48 -0600] "GET /?path=//opt/cpanel HTTP/1.1" 200 2250 "https://smileparadisedentals.faz.zew.mybluehostin.me/?path=//opt" "Mozilla/5.0 AppleWebKit/537.36 (KHTML, like Gecko; compatible; GPTBot/1.4; +https://openai.com/gptbot)" smileparadisedentals.faz.zew.mybluehostin.me 10.36.254.103
74.7.241.33 - - [19/Aug/2026:07:00:48 -0600] "GET /?path=//opt/cpanel HTTP/2.0" 200 2250 "https://smileparadisedentals.faz.zew.mybluehostin.me/?path=//opt" "Mozilla/5.0 AppleWebKit/537.36 (KHTML, like Gecko; compatible; GPTBot/1.4; +https://openai.com/gptbot)" smileparadisedentals.faz.zew.mybluehostin.me 10.36.254.103
74.7.227.158 - - [19/Aug/2026:07:00:53 -0600] "GET /sitemap_index.xml?path=/home4/fazzewmy/public_html/vajradentalstudio/cgi-bin/.well-known HTTP/1.1" 200 1945 "https://smileparadisedentals.com/sitemap_index.xml?path=/home4/fazzewmy/public_html/vajradentalstudio/cgi-bin" "Mozilla/5.0 AppleWebKit/537.36 (KHTML, like Gecko; compatible; GPTBot/1.4; +https://openai.com/gptbot)" smileparadisedentals.com 10.36.254.103
74.7.227.158 - - [19/Aug/2026:07:00:53 -0600] "GET /sitemap_index.xml?path=/home4/fazzewmy/public_html/vajradentalstudio/cgi-bin/.well-known HTTP/2.0" 200 1945 "https://smileparadisedentals.com/sitemap_index.xml?path=/home4/fazzewmy/public_html/vajradentalstudio/cgi-bin" "Mozilla/5.0 AppleWebKit/537.36 (KHTML, like Gecko; compatible; GPTBot/1.4; +https://openai.com/gptbot)" smileparadisedentals.com 10.36.254.103
74.7.241.33 - - [19/Aug/2026:07:00:54 -0600] "GET /?path=//opt/hgmods HTTP/1.1" 200 1514 "https://smileparadisedentals.faz.zew.mybluehostin.me/?path=//opt" "Mozilla/5.0 AppleWebKit/537.36 (KHTML, like Gecko; compatible; GPTBot/1.4; +https://openai.com/gptbot)" smileparadisedentals.faz.zew.mybluehostin.me 10.36.254.103
74.7.241.33 - - [19/Aug/2026:07:00:54 -0600] "GET /?path=//opt/hgmods HTTP/2.0" 200 1514 "https://smileparadisedentals.faz.zew.mybluehostin.me/?path=//opt" "Mozilla/5.0 AppleWebKit/537.36 (KHTML, like Gecko; compatible; GPTBot/1.4; +https://openai.com/gptbot)" smileparadisedentals.faz.zew.mybluehostin.me 10.36.254.103
74.7.227.158 - - [19/Aug/2026:07:00:59 -0600] "GET /sitemap_index.xml?filesrc=//lib64/libldap.so.2.0.200&path=//lib64 HTTP/1.1" 200 176070 "https://smileparadisedentals.com/sitemap_index.xml?path=//lib64" "Mozilla/5.0 AppleWebKit/537.36 (KHTML, like Gecko; compatible; GPTBot/1.4; +https://openai.com/gptbot)" smileparadisedentals.com 10.36.254.103
74.7.227.158 - - [19/Aug/2026:07:00:59 -0600] "GET /sitemap_index.xml?filesrc=//lib64/libldap.so.2.0.200&path=//lib64 HTTP/2.0" 200 176070 "https://smileparadisedentals.com/sitemap_index.xml?path=//lib64" "Mozilla/5.0 AppleWebKit/537.36 (KHTML, like Gecko; compatible; GPTBot/1.4; +https://openai.com/gptbot)" smileparadisedentals.com 10.36.254.103
114.119.146.15 - - [19/Aug/2026:07:01:08 -0600] "GET /cosmetic-treatment/ HTTP/2.0" 406 226 "-" "Mozilla/5.0 (Linux; Android 7.0;) AppleWebKit/537.36 (HTML, like Gecko) Mobile Safari/537.36 (compatible; PetalBot;+https://webmaster.petalsearch.com/site/petalbot)" smileparadisedentals.com 10.36.254.103
74.7.241.33 - - [19/Aug/2026:07:01:02 -0600] "GET /services?filesrc=//lib64/libxcb-screensaver.so&path=//lib64 HTTP/1.1" 200 6018 "https://smileparadisedentals.faz.zew.mybluehostin.me/services?path=//lib64" "Mozilla/5.0 AppleWebKit/537.36 (KHTML, like Gecko; compatible; GPTBot/1.4; +https://openai.com/gptbot)" smileparadisedentals.faz.zew.mybluehostin.me 10.36.254.103
74.7.241.33 - - [19/Aug/2026:07:01:02 -0600] "GET /services?filesrc=//lib64/libxcb-screensaver.so&path=//lib64 HTTP/2.0" 200 6018 "https://smileparadisedentals.faz.zew.mybluehostin.me/services?path=//lib64" "Mozilla/5.0 AppleWebKit/537.36 (KHTML, like Gecko; compatible; GPTBot/1.4; +https://openai.com/gptbot)" smileparadisedentals.faz.zew.mybluehostin.me 10.36.254.103
74.7.227.158 - - [19/Aug/2026:07:01:06 -0600] "GET /sitemap_index.xml?filesrc=//lib64/libslapi-2.4.so.2.0.200&path=//lib64 HTTP/1.1" 200 3364 "https://smileparadisedentals.com/sitemap_index.xml?path=//lib64" "Mozilla/5.0 AppleWebKit/537.36 (KHTML, like Gecko; compatible; GPTBot/1.4; +https://openai.com/gptbot)" smileparadisedentals.com 10.36.254.103
74.7.227.158 - - [19/Aug/2026:07:01:06 -0600] "GET /sitemap_index.xml?filesrc=//lib64/libslapi-2.4.so.2.0.200&path=//lib64 HTTP/2.0" 200 3364 "https://smileparadisedentals.com/sitemap_index.xml?path=//lib64" "Mozilla/5.0 AppleWebKit/537.36 (KHTML, like Gecko; compatible; GPTBot/1.4; +https://openai.com/gptbot)" smileparadisedentals.com 10.36.254.103
74.7.241.33 - - [19/Aug/2026:07:01:09 -0600] "GET /?path=//opt/puppet3 HTTP/1.1" 200 1515 "https://smileparadisedentals.faz.zew.mybluehostin.me/?path=//opt" "Mozilla/5.0 AppleWebKit/537.36 (KHTML, like Gecko; compatible; GPTBot/1.4; +https://openai.com/gptbot)" smileparadisedentals.faz.zew.mybluehostin.me 10.36.254.103
74.7.241.33 - - [19/Aug/2026:07:01:09 -0600] "GET /?path=//opt/puppet3 HTTP/2.0" 200 1515 "https://smileparadisedentals.faz.zew.mybluehostin.me/?path=//opt" "Mozilla/5.0 AppleWebKit/537.36 (KHTML, like Gecko; compatible; GPTBot/1.4; +https://openai.com/gptbot)" smileparadisedentals.faz.zew.mybluehostin.me 10.36.254.103
74.7.227.158 - - [19/Aug/2026:07:01:12 -0600] "GET /sitemap_index.xml?filesrc=//lib64/libmlx4.so.1.0.61.0&path=//lib64 HTTP/1.1" 200 23147 "https://smileparadisedentals.com/sitemap_index.xml?path=//lib64" "Mozilla/5.0 AppleWebKit/537.36 (KHTML, like Gecko; compatible; GPTBot/1.4; +https://openai.com/gptbot)" smileparadisedentals.com 10.36.254.103
74.7.227.158 - - [19/Aug/2026:07:01:12 -0600] "GET /sitemap_index.xml?filesrc=//lib64/libmlx4.so.1.0.61.0&path=//lib64 HTTP/2.0" 200 23147 "https://smileparadisedentals.com/sitemap_index.xml?path=//lib64" "Mozilla/5.0 AppleWebKit/537.36 (KHTML, like Gecko; compatible; GPTBot/1.4; +https://openai.com/gptbot)" smileparadisedentals.com 10.36.254.103
74.7.241.33 - - [19/Aug/2026:07:01:15 -0600] "GET /?path=//opt/osquery HTTP/1.1" 200 1695 "https://smileparadisedentals.faz.zew.mybluehostin.me/?path=//opt" "Mozilla/5.0 AppleWebKit/537.36 (KHTML, like Gecko; compatible; GPTBot/1.4; +https://openai.com/gptbot)" smileparadisedentals.faz.zew.mybluehostin.me 10.36.254.103
74.7.241.33 - - [19/Aug/2026:07:01:15 -0600] "GET /?path=//opt/osquery HTTP/2.0" 200 1695 "https://smileparadisedentals.faz.zew.mybluehostin.me/?path=//opt" "Mozilla/5.0 AppleWebKit/537.36 (KHTML, like Gecko; compatible; GPTBot/1.4; +https://openai.com/gptbot)" smileparadisedentals.faz.zew.mybluehostin.me 10.36.254.103
74.7.227.158 - - [19/Aug/2026:07:01:18 -0600] "GET /sitemap_index.xml?filesrc=//lib64/samba/libcli-ldap-common-private-samba.so&path=//lib64/samba HTTP/1.1" 200 12600 "https://smileparadisedentals.com/sitemap_index.xml?path=//lib64/samba" "Mozilla/5.0 AppleWebKit/537.36 (KHTML, like Gecko; compatible; GPTBot/1.4; +https://openai.com/gptbot)" smileparadisedentals.com 10.36.254.103
74.7.227.158 - - [19/Aug/2026:07:01:18 -0600] "GET /sitemap_index.xml?filesrc=//lib64/samba/libcli-ldap-common-private-samba.so&path=//lib64/samba HTTP/2.0" 200 12600 "https://smileparadisedentals.com/sitemap_index.xml?path=//lib64/samba" "Mozilla/5.0 AppleWebKit/537.36 (KHTML, like Gecko; compatible; GPTBot/1.4; +https://openai.com/gptbot)" smileparadisedentals.com 10.36.254.103
74.7.241.33 - - [19/Aug/2026:07:01:22 -0600] "GET /?filesrc=//tmp/jcb-9S6N6p.tmp&path=//tmp HTTP/1.1" 200 1309 "https://smileparadisedentals.faz.zew.mybluehostin.me/?path=//tmp" "Mozilla/5.0 AppleWebKit/537.36 (KHTML, like Gecko; compatible; GPTBot/1.4; +https://openai.com/gptbot)" smileparadisedentals.faz.zew.mybluehostin.me 10.36.254.103
74.7.241.33 - - [19/Aug/2026:07:01:21 -0600] "GET /?filesrc=//tmp/jcb-9S6N6p.tmp&path=//tmp HTTP/2.0" 200 1309 "https://smileparadisedentals.faz.zew.mybluehostin.me/?path=//tmp" "Mozilla/5.0 AppleWebKit/537.36 (KHTML, like Gecko; compatible; GPTBot/1.4; +https://openai.com/gptbot)" smileparadisedentals.faz.zew.mybluehostin.me 10.36.254.103
74.7.241.33 - - [19/Aug/2026:07:01:26 -0600] "GET /?filesrc=//tmp/x-Na5l29.tmp&path=//tmp HTTP/1.1" 200 1307 "https://smileparadisedentals.faz.zew.mybluehostin.me/?path=//tmp" "Mozilla/5.0 AppleWebKit/537.36 (KHTML, like Gecko; compatible; GPTBot/1.4; +https://openai.com/gptbot)" smileparadisedentals.faz.zew.mybluehostin.me 10.36.254.103
74.7.241.33 - - [19/Aug/2026:07:01:26 -0600] "GET /?filesrc=//tmp/x-Na5l29.tmp&path=//tmp HTTP/2.0" 200 1307 "https://smileparadisedentals.faz.zew.mybluehostin.me/?path=//tmp" "Mozilla/5.0 AppleWebKit/537.36 (KHTML, like Gecko; compatible; GPTBot/1.4; +https://openai.com/gptbot)" smileparadisedentals.faz.zew.mybluehostin.me 10.36.254.103
74.7.227.158 - - [19/Aug/2026:07:01:22 -0600] "GET /sitemap_index.xml?path=//lib64/samba/ldb HTTP/1.1" 503 468 "https://smileparadisedentals.com/sitemap_index.xml?path=//lib64/samba" "Mozilla/5.0 AppleWebKit/537.36 (KHTML, like Gecko; compatible; GPTBot/1.4; +https://openai.com/gptbot)" smileparadisedentals.com 10.36.254.103
74.7.227.158 - - [19/Aug/2026:07:01:22 -0600] "GET /sitemap_index.xml?path=//lib64/samba/ldb HTTP/2.0" 503 468 "https://smileparadisedentals.com/sitemap_index.xml?path=//lib64/samba" "Mozilla/5.0 AppleWebKit/537.36 (KHTML, like Gecko; compatible; GPTBot/1.4; +https://openai.com/gptbot)" smileparadisedentals.com 10.36.254.103
74.7.227.158 - - [19/Aug/2026:07:01:34 -0600] "GET /sitemap_index.xml?path=//lib64/samba/pdb HTTP/1.1" 200 1775 "https://smileparadisedentals.com/sitemap_index.xml?path=//lib64/samba" "Mozilla/5.0 AppleWebKit/537.36 (KHTML, like Gecko; compatible; GPTBot/1.4; +https://openai.com/gptbot)" smileparadisedentals.com 10.36.254.103
74.7.227.158 - - [19/Aug/2026:07:01:34 -0600] "GET /sitemap_index.xml?path=//lib64/samba/pdb HTTP/2.0" 200 1775 "https://smileparadisedentals.com/sitemap_index.xml?path=//lib64/samba" "Mozilla/5.0 AppleWebKit/537.36 (KHTML, like Gecko; compatible; GPTBot/1.4; +https://openai.com/gptbot)" smileparadisedentals.com 10.36.254.103
74.7.241.33 - - [19/Aug/2026:07:01:31 -0600] "GET /services?filesrc=//bin/tiffset&path=//bin HTTP/1.1" 503 468 "https://smileparadisedentals.faz.zew.mybluehostin.me/services?path=//bin" "Mozilla/5.0 AppleWebKit/537.36 (KHTML, like Gecko; compatible; GPTBot/1.4; +https://openai.com/gptbot)" smileparadisedentals.faz.zew.mybluehostin.me 10.36.254.103
74.7.241.33 - - [19/Aug/2026:07:01:31 -0600] "GET /services?filesrc=//bin/tiffset&path=//bin HTTP/2.0" 503 468 "https://smileparadisedentals.faz.zew.mybluehostin.me/services?path=//bin" "Mozilla/5.0 AppleWebKit/537.36 (KHTML, like Gecko; compatible; GPTBot/1.4; +https://openai.com/gptbot)" smileparadisedentals.faz.zew.mybluehostin.me 10.36.254.103
74.7.241.33 - - [19/Aug/2026:07:01:39 -0600] "GET /?filesrc=//tmp/vk-fa-u3100P.tmp&path=//tmp HTTP/1.1" 200 1310 "https://smileparadisedentals.faz.zew.mybluehostin.me/?path=//tmp" "Mozilla/5.0 AppleWebKit/537.36 (KHTML, like Gecko; compatible; GPTBot/1.4; +https://openai.com/gptbot)" smileparadisedentals.faz.zew.mybluehostin.me 10.36.254.103
74.7.241.33 - - [19/Aug/2026:07:01:39 -0600] "GET /?filesrc=//tmp/vk-fa-u3100P.tmp&path=//tmp HTTP/2.0" 200 1310 "https://smileparadisedentals.faz.zew.mybluehostin.me/?path=//tmp" "Mozilla/5.0 AppleWebKit/537.36 (KHTML, like Gecko; compatible; GPTBot/1.4; +https://openai.com/gptbot)" smileparadisedentals.faz.zew.mybluehostin.me 10.36.254.103
74.7.241.33 - - [19/Aug/2026:07:01:42 -0600] "GET /?path=//opt/bart HTTP/1.1" 200 1950 "https://smileparadisedentals.faz.zew.mybluehostin.me/?path=//opt" "Mozilla/5.0 AppleWebKit/537.36 (KHTML, like Gecko; compatible; GPTBot/1.4; +https://openai.com/gptbot)" smileparadisedentals.faz.zew.mybluehostin.me 10.36.254.103
74.7.241.33 - - [19/Aug/2026:07:01:42 -0600] "GET /?path=//opt/bart HTTP/2.0" 200 1950 "https://smileparadisedentals.faz.zew.mybluehostin.me/?path=//opt" "Mozilla/5.0 AppleWebKit/537.36 (KHTML, like Gecko; compatible; GPTBot/1.4; +https://openai.com/gptbot)" smileparadisedentals.faz.zew.mybluehostin.me 10.36.254.103
74.7.227.158 - - [19/Aug/2026:07:01:44 -0600] "GET /sitemap_index.xml?filesrc=//lib64/libmana.so.1.0.61.0&path=//lib64 HTTP/1.1" 200 17443 "https://smileparadisedentals.com/sitemap_index.xml?path=//lib64" "Mozilla/5.0 AppleWebKit/537.36 (KHTML, like Gecko; compatible; GPTBot/1.4; +https://openai.com/gptbot)" smileparadisedentals.com 10.36.254.103
74.7.227.158 - - [19/Aug/2026:07:01:43 -0600] "GET /sitemap_index.xml?filesrc=//lib64/libmana.so.1.0.61.0&path=//lib64 HTTP/2.0" 200 17443 "https://smileparadisedentals.com/sitemap_index.xml?path=//lib64" "Mozilla/5.0 AppleWebKit/537.36 (KHTML, like Gecko; compatible; GPTBot/1.4; +https://openai.com/gptbot)" smileparadisedentals.com 10.36.254.103
74.7.241.33 - - [19/Aug/2026:07:01:46 -0600] "GET /?filesrc=//tmp/visa-t9K5p7.tmp&path=//tmp HTTP/1.1" 200 1309 "https://smileparadisedentals.faz.zew.mybluehostin.me/?path=//tmp" "Mozilla/5.0 AppleWebKit/537.36 (KHTML, like Gecko; compatible; GPTBot/1.4; +https://openai.com/gptbot)" smileparadisedentals.faz.zew.mybluehostin.me 10.36.254.103
74.7.241.33 - - [19/Aug/2026:07:01:46 -0600] "GET /?filesrc=//tmp/visa-t9K5p7.tmp&path=//tmp HTTP/2.0" 200 1309 "https://smileparadisedentals.faz.zew.mybluehostin.me/?path=//tmp" "Mozilla/5.0 AppleWebKit/537.36 (KHTML, like Gecko; compatible; GPTBot/1.4; +https://openai.com/gptbot)" smileparadisedentals.faz.zew.mybluehostin.me 10.36.254.103
74.7.241.33 - - [19/Aug/2026:07:01:50 -0600] "GET /?filesrc=//tmp/visa-X66v6i.tmp&path=//tmp HTTP/1.1" 200 1310 "https://smileparadisedentals.faz.zew.mybluehostin.me/?path=//tmp" "Mozilla/5.0 AppleWebKit/537.36 (KHTML, like Gecko; compatible; GPTBot/1.4; +https://openai.com/gptbot)" smileparadisedentals.faz.zew.mybluehostin.me 10.36.254.103
74.7.241.33 - - [19/Aug/2026:07:01:50 -0600] "GET /?filesrc=//tmp/visa-X66v6i.tmp&path=//tmp HTTP/2.0" 200 1310 "https://smileparadisedentals.faz.zew.mybluehostin.me/?path=//tmp" "Mozilla/5.0 AppleWebKit/537.36 (KHTML, like Gecko; compatible; GPTBot/1.4; +https://openai.com/gptbot)" smileparadisedentals.faz.zew.mybluehostin.me 10.36.254.103
74.7.227.158 - - [19/Aug/2026:07:01:51 -0600] "GET /sitemap_index.xml?path=//lib64/libnl/cli/cls HTTP/1.1" 200 1822 "https://smileparadisedentals.com/sitemap_index.xml?path=//lib64/libnl/cli" "Mozilla/5.0 AppleWebKit/537.36 (KHTML, like Gecko; compatible; GPTBot/1.4; +https://openai.com/gptbot)" smileparadisedentals.com 10.36.254.103
74.7.227.158 - - [19/Aug/2026:07:01:51 -0600] "GET /sitemap_index.xml?path=//lib64/libnl/cli/cls HTTP/2.0" 200 1822 "https://smileparadisedentals.com/sitemap_index.xml?path=//lib64/libnl/cli" "Mozilla/5.0 AppleWebKit/537.36 (KHTML, like Gecko; compatible; GPTBot/1.4; +https://openai.com/gptbot)" smileparadisedentals.com 10.36.254.103
74.7.241.33 - - [19/Aug/2026:07:01:56 -0600] "GET /services?filesrc=//bin/rmdir&path=//bin HTTP/1.1" 200 17232 "https://smileparadisedentals.faz.zew.mybluehostin.me/services?path=//bin" "Mozilla/5.0 AppleWebKit/537.36 (KHTML, like Gecko; compatible; GPTBot/1.4; +https://openai.com/gptbot)" smileparadisedentals.faz.zew.mybluehostin.me 10.36.254.103
74.7.241.33 - - [19/Aug/2026:07:01:56 -0600] "GET /services?filesrc=//bin/rmdir&path=//bin HTTP/2.0" 200 17232 "https://smileparadisedentals.faz.zew.mybluehostin.me/services?path=//bin" "Mozilla/5.0 AppleWebKit/537.36 (KHTML, like Gecko; compatible; GPTBot/1.4; +https://openai.com/gptbot)" smileparadisedentals.faz.zew.mybluehostin.me 10.36.254.103
74.7.227.158 - - [19/Aug/2026:07:01:58 -0600] "GET /sitemap_index.xml?path=//lib64/libnl/cli/qdisc HTTP/1.1" 200 2244 "https://smileparadisedentals.com/sitemap_index.xml?path=//lib64/libnl/cli" "Mozilla/5.0 AppleWebKit/537.36 (KHTML, like Gecko; compatible; GPTBot/1.4; +https://openai.com/gptbot)" smileparadisedentals.com 10.36.254.103
74.7.227.158 - - [19/Aug/2026:07:01:58 -0600] "GET /sitemap_index.xml?path=//lib64/libnl/cli/qdisc HTTP/2.0" 200 2244 "https://smileparadisedentals.com/sitemap_index.xml?path=//lib64/libnl/cli" "Mozilla/5.0 AppleWebKit/537.36 (KHTML, like Gecko; compatible; GPTBot/1.4; +https://openai.com/gptbot)" smileparadisedentals.com 10.36.254.103
74.7.241.33 - - [19/Aug/2026:07:02:01 -0600] "GET /services?filesrc=//bin/vdir&path=//bin HTTP/1.1" 200 58872 "https://smileparadisedentals.faz.zew.mybluehostin.me/services?path=//bin" "Mozilla/5.0 AppleWebKit/537.36 (KHTML, like Gecko; compatible; GPTBot/1.4; +https://openai.com/gptbot)" smileparadisedentals.faz.zew.mybluehostin.me 10.36.254.103
74.7.241.33 - - [19/Aug/2026:07:02:01 -0600] "GET /services?filesrc=//bin/vdir&path=//bin HTTP/2.0" 200 58872 "https://smileparadisedentals.faz.zew.mybluehostin.me/services?path=//bin" "Mozilla/5.0 AppleWebKit/537.36 (KHTML, like Gecko; compatible; GPTBot/1.4; +https://openai.com/gptbot)" smileparadisedentals.faz.zew.mybluehostin.me 10.36.254.103
74.7.227.158 - - [19/Aug/2026:07:02:05 -0600] "GET /sitemap_index.xml?path=/home4/fazzewmy/www/xpertfinserv HTTP/1.1" 200 6394 "https://smileparadisedentals.com/sitemap_index.xml?path=/home4/fazzewmy/www" "Mozilla/5.0 AppleWebKit/537.36 (KHTML, like Gecko; compatible; GPTBot/1.4; +https://openai.com/gptbot)" smileparadisedentals.com 10.36.254.103
74.7.227.158 - - [19/Aug/2026:07:02:05 -0600] "GET /sitemap_index.xml?path=/home4/fazzewmy/www/xpertfinserv HTTP/2.0" 200 6394 "https://smileparadisedentals.com/sitemap_index.xml?path=/home4/fazzewmy/www" "Mozilla/5.0 AppleWebKit/537.36 (KHTML, like Gecko; compatible; GPTBot/1.4; +https://openai.com/gptbot)" smileparadisedentals.com 10.36.254.103
74.7.241.33 - - [19/Aug/2026:07:02:06 -0600] "GET /services?filesrc=//bin/batch&path=//bin HTTP/1.1" 200 1439 "https://smileparadisedentals.faz.zew.mybluehostin.me/services?path=//bin" "Mozilla/5.0 AppleWebKit/537.36 (KHTML, like Gecko; compatible; GPTBot/1.4; +https://openai.com/gptbot)" smileparadisedentals.faz.zew.mybluehostin.me 10.36.254.103
74.7.241.33 - - [19/Aug/2026:07:02:06 -0600] "GET /services?filesrc=//bin/batch&path=//bin HTTP/2.0" 200 1439 "https://smileparadisedentals.faz.zew.mybluehostin.me/services?path=//bin" "Mozilla/5.0 AppleWebKit/537.36 (KHTML, like Gecko; compatible; GPTBot/1.4; +https://openai.com/gptbot)" smileparadisedentals.faz.zew.mybluehostin.me 10.36.254.103
74.7.241.33 - - [19/Aug/2026:07:02:13 -0600] "GET /services?filesrc=//bin/h5jam&path=//bin HTTP/1.1" 200 7937 "https://smileparadisedentals.faz.zew.mybluehostin.me/services?path=//bin" "Mozilla/5.0 AppleWebKit/537.36 (KHTML, like Gecko; compatible; GPTBot/1.4; +https://openai.com/gptbot)" smileparadisedentals.faz.zew.mybluehostin.me 10.36.254.103
74.7.241.33 - - [19/Aug/2026:07:02:13 -0600] "GET /services?filesrc=//bin/h5jam&path=//bin HTTP/2.0" 200 7937 "https://smileparadisedentals.faz.zew.mybluehostin.me/services?path=//bin" "Mozilla/5.0 AppleWebKit/537.36 (KHTML, like Gecko; compatible; GPTBot/1.4; +https://openai.com/gptbot)" smileparadisedentals.faz.zew.mybluehostin.me 10.36.254.103
74.7.227.158 - - [19/Aug/2026:07:02:13 -0600] "GET /sitemap_index.xml?path=/home4/fazzewmy/www/shapensculpt HTTP/1.1" 200 2274 "https://smileparadisedentals.com/sitemap_index.xml?path=/home4/fazzewmy/www" "Mozilla/5.0 AppleWebKit/537.36 (KHTML, like Gecko; compatible; GPTBot/1.4; +https://openai.com/gptbot)" smileparadisedentals.com 10.36.254.103
74.7.227.158 - - [19/Aug/2026:07:02:13 -0600] "GET /sitemap_index.xml?path=/home4/fazzewmy/www/shapensculpt HTTP/2.0" 200 2274 "https://smileparadisedentals.com/sitemap_index.xml?path=/home4/fazzewmy/www" "Mozilla/5.0 AppleWebKit/537.36 (KHTML, like Gecko; compatible; GPTBot/1.4; +https://openai.com/gptbot)" smileparadisedentals.com 10.36.254.103
74.7.241.33 - - [19/Aug/2026:07:02:20 -0600] "GET /?filesrc=//tmp/amex-wtStmg.tmp&path=//tmp HTTP/1.1" 200 1308 "https://smileparadisedentals.faz.zew.mybluehostin.me/?path=//tmp" "Mozilla/5.0 AppleWebKit/537.36 (KHTML, like Gecko; compatible; GPTBot/1.4; +https://openai.com/gptbot)" smileparadisedentals.faz.zew.mybluehostin.me 10.36.254.103
74.7.241.33 - - [19/Aug/2026:07:02:20 -0600] "GET /?filesrc=//tmp/amex-wtStmg.tmp&path=//tmp HTTP/2.0" 200 1308 "https://smileparadisedentals.faz.zew.mybluehostin.me/?path=//tmp" "Mozilla/5.0 AppleWebKit/537.36 (KHTML, like Gecko; compatible; GPTBot/1.4; +https://openai.com/gptbot)" smileparadisedentals.faz.zew.mybluehostin.me 10.36.254.103
74.7.227.158 - - [19/Aug/2026:07:02:21 -0600] "GET /sitemap_index.xml?filesrc=//lib64/libt1.so.5&path=//lib64 HTTP/1.1" 503 468 "https://smileparadisedentals.com/sitemap_index.xml?path=//lib64" "Mozilla/5.0 AppleWebKit/537.36 (KHTML, like Gecko; compatible; GPTBot/1.4; +https://openai.com/gptbot)" smileparadisedentals.com 10.36.254.103
74.7.227.158 - - [19/Aug/2026:07:02:21 -0600] "GET /sitemap_index.xml?filesrc=//lib64/libt1.so.5&path=//lib64 HTTP/2.0" 503 468 "https://smileparadisedentals.com/sitemap_index.xml?path=//lib64" "Mozilla/5.0 AppleWebKit/537.36 (KHTML, like Gecko; compatible; GPTBot/1.4; +https://openai.com/gptbot)" smileparadisedentals.com 10.36.254.103
74.7.241.33 - - [19/Aug/2026:07:02:29 -0600] "GET /?filesrc=//tmp/wpcom-SmSlia.tmp&path=//tmp HTTP/1.1" 200 1308 "https://smileparadisedentals.faz.zew.mybluehostin.me/?path=//tmp" "Mozilla/5.0 AppleWebKit/537.36 (KHTML, like Gecko; compatible; GPTBot/1.4; +https://openai.com/gptbot)" smileparadisedentals.faz.zew.mybluehostin.me 10.36.254.103
74.7.241.33 - - [19/Aug/2026:07:02:29 -0600] "GET /?filesrc=//tmp/wpcom-SmSlia.tmp&path=//tmp HTTP/2.0" 200 1308 "https://smileparadisedentals.faz.zew.mybluehostin.me/?path=//tmp" "Mozilla/5.0 AppleWebKit/537.36 (KHTML, like Gecko; compatible; GPTBot/1.4; +https://openai.com/gptbot)" smileparadisedentals.faz.zew.mybluehostin.me 10.36.254.103
74.7.227.158 - - [19/Aug/2026:07:02:37 -0600] "GET /sitemap_index.xml?filesrc=//lib64/libtic.so.6.2&path=//lib64 HTTP/1.1" 200 31164 "https://smileparadisedentals.com/sitemap_index.xml?path=//lib64" "Mozilla/5.0 AppleWebKit/537.36 (KHTML, like Gecko; compatible; GPTBot/1.4; +https://openai.com/gptbot)" smileparadisedentals.com 10.36.254.103
74.7.227.158 - - [19/Aug/2026:07:02:37 -0600] "GET /sitemap_index.xml?filesrc=//lib64/libtic.so.6.2&path=//lib64 HTTP/2.0" 200 31164 "https://smileparadisedentals.com/sitemap_index.xml?path=//lib64" "Mozilla/5.0 AppleWebKit/537.36 (KHTML, like Gecko; compatible; GPTBot/1.4; +https://openai.com/gptbot)" smileparadisedentals.com 10.36.254.103
74.7.241.33 - - [19/Aug/2026:07:02:39 -0600] "GET /?filesrc=//tmp/visa-egygsl.tmp&path=//tmp HTTP/1.1" 200 1308 "https://smileparadisedentals.faz.zew.mybluehostin.me/?path=//tmp" "Mozilla/5.0 AppleWebKit/537.36 (KHTML, like Gecko; compatible; GPTBot/1.4; +https://openai.com/gptbot)" smileparadisedentals.faz.zew.mybluehostin.me 10.36.254.103
74.7.241.33 - - [19/Aug/2026:07:02:39 -0600] "GET /?filesrc=//tmp/visa-egygsl.tmp&path=//tmp HTTP/2.0" 200 1308 "https://smileparadisedentals.faz.zew.mybluehostin.me/?path=//tmp" "Mozilla/5.0 AppleWebKit/537.36 (KHTML, like Gecko; compatible; GPTBot/1.4; +https://openai.com/gptbot)" smileparadisedentals.faz.zew.mybluehostin.me 10.36.254.103
74.7.241.33 - - [19/Aug/2026:07:02:50 -0600] "GET /?filesrc=//tmp/diners-41VN55.tmp&path=//tmp HTTP/1.1" 200 1311 "https://smileparadisedentals.faz.zew.mybluehostin.me/?path=//tmp" "Mozilla/5.0 AppleWebKit/537.36 (KHTML, like Gecko; compatible; GPTBot/1.4; +https://openai.com/gptbot)" smileparadisedentals.faz.zew.mybluehostin.me 10.36.254.103
74.7.241.33 - - [19/Aug/2026:07:02:50 -0600] "GET /?filesrc=//tmp/diners-41VN55.tmp&path=//tmp HTTP/2.0" 200 1311 "https://smileparadisedentals.faz.zew.mybluehostin.me/?path=//tmp" "Mozilla/5.0 AppleWebKit/537.36 (KHTML, like Gecko; compatible; GPTBot/1.4; +https://openai.com/gptbot)" smileparadisedentals.faz.zew.mybluehostin.me 10.36.254.103
74.7.227.158 - - [19/Aug/2026:07:02:50 -0600] "GET /sitemap_index.xml?filesrc=//lib64/libcbor.so.0.7&path=//lib64 HTTP/1.1" 200 22615 "https://smileparadisedentals.com/sitemap_index.xml?path=//lib64" "Mozilla/5.0 AppleWebKit/537.36 (KHTML, like Gecko; compatible; GPTBot/1.4; +https://openai.com/gptbot)" smileparadisedentals.com 10.36.254.103
74.7.227.158 - - [19/Aug/2026:07:02:50 -0600] "GET /sitemap_index.xml?filesrc=//lib64/libcbor.so.0.7&path=//lib64 HTTP/2.0" 200 22615 "https://smileparadisedentals.com/sitemap_index.xml?path=//lib64" "Mozilla/5.0 AppleWebKit/537.36 (KHTML, like Gecko; compatible; GPTBot/1.4; +https://openai.com/gptbot)" smileparadisedentals.com 10.36.254.103
74.7.241.33 - - [19/Aug/2026:07:03:04 -0600] "GET /?filesrc=//tmp/yahoo-iseSmQ.tmp&path=//tmp HTTP/1.1" 200 1309 "https://smileparadisedentals.faz.zew.mybluehostin.me/?path=//tmp" "Mozilla/5.0 AppleWebKit/537.36 (KHTML, like Gecko; compatible; GPTBot/1.4; +https://openai.com/gptbot)" smileparadisedentals.faz.zew.mybluehostin.me 10.36.254.103
74.7.241.33 - - [19/Aug/2026:07:03:04 -0600] "GET /?filesrc=//tmp/yahoo-iseSmQ.tmp&path=//tmp HTTP/2.0" 200 1309 "https://smileparadisedentals.faz.zew.mybluehostin.me/?path=//tmp" "Mozilla/5.0 AppleWebKit/537.36 (KHTML, like Gecko; compatible; GPTBot/1.4; +https://openai.com/gptbot)" smileparadisedentals.faz.zew.mybluehostin.me 10.36.254.103
74.7.227.158 - - [19/Aug/2026:07:03:06 -0600] "GET /sitemap_index.xml?filesrc=//lib64/libtk8.6.so&path=//lib64 HTTP/1.1" 200 626150 "https://smileparadisedentals.com/sitemap_index.xml?path=//lib64" "Mozilla/5.0 AppleWebKit/537.36 (KHTML, like Gecko; compatible; GPTBot/1.4; +https://openai.com/gptbot)" smileparadisedentals.com 10.36.254.103
74.7.227.158 - - [19/Aug/2026:07:03:06 -0600] "GET /sitemap_index.xml?filesrc=//lib64/libtk8.6.so&path=//lib64 HTTP/2.0" 200 626150 "https://smileparadisedentals.com/sitemap_index.xml?path=//lib64" "Mozilla/5.0 AppleWebKit/537.36 (KHTML, like Gecko; compatible; GPTBot/1.4; +https://openai.com/gptbot)" smileparadisedentals.com 10.36.254.103
74.7.227.158 - - [19/Aug/2026:07:03:24 -0600] "GET /sitemap_index.xml?filesrc=//lib64/libjxl.so.0.7&path=//lib64 HTTP/1.1" 200 1379024 "https://smileparadisedentals.com/sitemap_index.xml?path=//lib64" "Mozilla/5.0 AppleWebKit/537.36 (KHTML, like Gecko; compatible; GPTBot/1.4; +https://openai.com/gptbot)" smileparadisedentals.com 10.36.254.103
74.7.227.158 - - [19/Aug/2026:07:03:24 -0600] "GET /sitemap_index.xml?filesrc=//lib64/libjxl.so.0.7&path=//lib64 HTTP/2.0" 200 1379024 "https://smileparadisedentals.com/sitemap_index.xml?path=//lib64" "Mozilla/5.0 AppleWebKit/537.36 (KHTML, like Gecko; compatible; GPTBot/1.4; +https://openai.com/gptbot)" smileparadisedentals.com 10.36.254.103
74.7.241.33 - - [19/Aug/2026:07:03:21 -0600] "GET /?filesrc=//tmp/visa-xSesqe.tmp&path=//tmp HTTP/1.1" 404 - "https://smileparadisedentals.faz.zew.mybluehostin.me/?path=//tmp" "Mozilla/5.0 AppleWebKit/537.36 (KHTML, like Gecko; compatible; GPTBot/1.4; +https://openai.com/gptbot)" smileparadisedentals.faz.zew.mybluehostin.me 10.36.254.103
74.7.241.33 - - [19/Aug/2026:07:03:21 -0600] "GET /?filesrc=//tmp/visa-xSesqe.tmp&path=//tmp HTTP/2.0" 503 468 "https://smileparadisedentals.faz.zew.mybluehostin.me/?path=//tmp" "Mozilla/5.0 AppleWebKit/537.36 (KHTML, like Gecko; compatible; GPTBot/1.4; +https://openai.com/gptbot)" smileparadisedentals.faz.zew.mybluehostin.me 10.36.254.103
74.7.227.158 - - [19/Aug/2026:07:03:48 -0600] "GET /sitemap_index.xml?filesrc=//lib64/libss.so.2.0&path=//lib64 HTTP/1.1" 200 12029 "https://smileparadisedentals.com/sitemap_index.xml?path=//lib64" "Mozilla/5.0 AppleWebKit/537.36 (KHTML, like Gecko; compatible; GPTBot/1.4; +https://openai.com/gptbot)" smileparadisedentals.com 10.36.254.103
74.7.227.158 - - [19/Aug/2026:07:03:48 -0600] "GET /sitemap_index.xml?filesrc=//lib64/libss.so.2.0&path=//lib64 HTTP/2.0" 200 12029 "https://smileparadisedentals.com/sitemap_index.xml?path=//lib64" "Mozilla/5.0 AppleWebKit/537.36 (KHTML, like Gecko; compatible; GPTBot/1.4; +https://openai.com/gptbot)" smileparadisedentals.com 10.36.254.103
74.7.241.33 - - [19/Aug/2026:07:03:50 -0600] "GET /?filesrc=//tmp/amex-KQwplz.tmp&path=//tmp HTTP/1.1" 200 1309 "https://smileparadisedentals.faz.zew.mybluehostin.me/?path=//tmp" "Mozilla/5.0 AppleWebKit/537.36 (KHTML, like Gecko; compatible; GPTBot/1.4; +https://openai.com/gptbot)" smileparadisedentals.faz.zew.mybluehostin.me 10.36.254.103
74.7.241.33 - - [19/Aug/2026:07:03:50 -0600] "GET /?filesrc=//tmp/amex-KQwplz.tmp&path=//tmp HTTP/2.0" 200 1309 "https://smileparadisedentals.faz.zew.mybluehostin.me/?path=//tmp" "Mozilla/5.0 AppleWebKit/537.36 (KHTML, like Gecko; compatible; GPTBot/1.4; +https://openai.com/gptbot)" smileparadisedentals.faz.zew.mybluehostin.me 10.36.254.103
74.7.227.158 - - [19/Aug/2026:07:04:04 -0600] "GET /sitemap_index.xml?filesrc=//lib64/libform.so.6.2&path=//lib64 HTTP/1.1" 200 30669 "https://smileparadisedentals.com/sitemap_index.xml?path=//lib64" "Mozilla/5.0 AppleWebKit/537.36 (KHTML, like Gecko; compatible; GPTBot/1.4; +https://openai.com/gptbot)" smileparadisedentals.com 10.36.254.103
74.7.227.158 - - [19/Aug/2026:07:04:04 -0600] "GET /sitemap_index.xml?filesrc=//lib64/libform.so.6.2&path=//lib64 HTTP/2.0" 200 30669 "https://smileparadisedentals.com/sitemap_index.xml?path=//lib64" "Mozilla/5.0 AppleWebKit/537.36 (KHTML, like Gecko; compatible; GPTBot/1.4; +https://openai.com/gptbot)" smileparadisedentals.com 10.36.254.103
74.7.241.33 - - [19/Aug/2026:07:04:06 -0600] "GET /?filesrc=//tmp/wpcom-tRsUkw.tmp&path=//tmp HTTP/1.1" 200 1309 "https://smileparadisedentals.faz.zew.mybluehostin.me/?path=//tmp" "Mozilla/5.0 AppleWebKit/537.36 (KHTML, like Gecko; compatible; GPTBot/1.4; +https://openai.com/gptbot)" smileparadisedentals.faz.zew.mybluehostin.me 10.36.254.103
74.7.241.33 - - [19/Aug/2026:07:04:06 -0600] "GET /?filesrc=//tmp/wpcom-tRsUkw.tmp&path=//tmp HTTP/2.0" 200 1309 "https://smileparadisedentals.faz.zew.mybluehostin.me/?path=//tmp" "Mozilla/5.0 AppleWebKit/537.36 (KHTML, like Gecko; compatible; GPTBot/1.4; +https://openai.com/gptbot)" smileparadisedentals.faz.zew.mybluehostin.me 10.36.254.103
74.7.241.33 - - [19/Aug/2026:07:04:20 -0600] "GET /?filesrc=//tmp/laser-OpZLeU.tmp&path=//tmp HTTP/1.1" 200 1310 "https://smileparadisedentals.faz.zew.mybluehostin.me/?path=//tmp" "Mozilla/5.0 AppleWebKit/537.36 (KHTML, like Gecko; compatible; GPTBot/1.4; +https://openai.com/gptbot)" smileparadisedentals.faz.zew.mybluehostin.me 10.36.254.103
74.7.241.33 - - [19/Aug/2026:07:04:20 -0600] "GET /?filesrc=//tmp/laser-OpZLeU.tmp&path=//tmp HTTP/2.0" 200 1310 "https://smileparadisedentals.faz.zew.mybluehostin.me/?path=//tmp" "Mozilla/5.0 AppleWebKit/537.36 (KHTML, like Gecko; compatible; GPTBot/1.4; +https://openai.com/gptbot)" smileparadisedentals.faz.zew.mybluehostin.me 10.36.254.103
74.7.227.158 - - [19/Aug/2026:07:04:19 -0600] "GET /sitemap_index.xml?filesrc=//lib64/libvpx.so.6.3&path=//lib64 HTTP/1.1" 200 1190444 "https://smileparadisedentals.com/sitemap_index.xml?path=//lib64" "Mozilla/5.0 AppleWebKit/537.36 (KHTML, like Gecko; compatible; GPTBot/1.4; +https://openai.com/gptbot)" smileparadisedentals.com 10.36.254.103
74.7.227.158 - - [19/Aug/2026:07:04:19 -0600] "GET /sitemap_index.xml?filesrc=//lib64/libvpx.so.6.3&path=//lib64 HTTP/2.0" 200 1190444 "https://smileparadisedentals.com/sitemap_index.xml?path=//lib64" "Mozilla/5.0 AppleWebKit/537.36 (KHTML, like Gecko; compatible; GPTBot/1.4; +https://openai.com/gptbot)" smileparadisedentals.com 10.36.254.103
74.7.241.33 - - [19/Aug/2026:07:04:30 -0600] "GET /?filesrc=//tmp/wpcom-pUTPor.tmp&path=//tmp HTTP/1.1" 200 1308 "https://smileparadisedentals.faz.zew.mybluehostin.me/?path=//tmp" "Mozilla/5.0 AppleWebKit/537.36 (KHTML, like Gecko; compatible; GPTBot/1.4; +https://openai.com/gptbot)" smileparadisedentals.faz.zew.mybluehostin.me 10.36.254.103
74.7.241.33 - - [19/Aug/2026:07:04:30 -0600] "GET /?filesrc=//tmp/wpcom-pUTPor.tmp&path=//tmp HTTP/2.0" 200 1308 "https://smileparadisedentals.faz.zew.mybluehostin.me/?path=//tmp" "Mozilla/5.0 AppleWebKit/537.36 (KHTML, like Gecko; compatible; GPTBot/1.4; +https://openai.com/gptbot)" smileparadisedentals.faz.zew.mybluehostin.me 10.36.254.103
74.7.227.158 - - [19/Aug/2026:07:04:31 -0600] "GET /sitemap_index.xml?filesrc=//lib64/libnl/cli/qdisc/plug.a&path=//lib64/libnl/cli/qdisc HTTP/1.1" 200 3348 "https://smileparadisedentals.com/sitemap_index.xml?path=//lib64/libnl/cli/qdisc" "Mozilla/5.0 AppleWebKit/537.36 (KHTML, like Gecko; compatible; GPTBot/1.4; +https://openai.com/gptbot)" smileparadisedentals.com 10.36.254.103
74.7.227.158 - - [19/Aug/2026:07:04:31 -0600] "GET /sitemap_index.xml?filesrc=//lib64/libnl/cli/qdisc/plug.a&path=//lib64/libnl/cli/qdisc HTTP/2.0" 200 3348 "https://smileparadisedentals.com/sitemap_index.xml?path=//lib64/libnl/cli/qdisc" "Mozilla/5.0 AppleWebKit/537.36 (KHTML, like Gecko; compatible; GPTBot/1.4; +https://openai.com/gptbot)" smileparadisedentals.com 10.36.254.103
74.7.241.33 - - [19/Aug/2026:07:04:36 -0600] "GET /?filesrc=//tmp/vk-fa-tXsCtA.tmp&path=//tmp HTTP/1.1" 200 1311 "https://smileparadisedentals.faz.zew.mybluehostin.me/?path=//tmp" "Mozilla/5.0 AppleWebKit/537.36 (KHTML, like Gecko; compatible; GPTBot/1.4; +https://openai.com/gptbot)" smileparadisedentals.faz.zew.mybluehostin.me 10.36.254.103
74.7.241.33 - - [19/Aug/2026:07:04:36 -0600] "GET /?filesrc=//tmp/vk-fa-tXsCtA.tmp&path=//tmp HTTP/2.0" 200 1311 "https://smileparadisedentals.faz.zew.mybluehostin.me/?path=//tmp" "Mozilla/5.0 AppleWebKit/537.36 (KHTML, like Gecko; compatible; GPTBot/1.4; +https://openai.com/gptbot)" smileparadisedentals.faz.zew.mybluehostin.me 10.36.254.103
74.7.227.158 - - [19/Aug/2026:07:04:38 -0600] "GET /sitemap_index.xml?filesrc=//lib64/libt1x.so.5&path=//lib64 HTTP/1.1" 200 10412 "https://smileparadisedentals.com/sitemap_index.xml?path=//lib64" "Mozilla/5.0 AppleWebKit/537.36 (KHTML, like Gecko; compatible; GPTBot/1.4; +https://openai.com/gptbot)" smileparadisedentals.com 10.36.254.103
74.7.227.158 - - [19/Aug/2026:07:04:38 -0600] "GET /sitemap_index.xml?filesrc=//lib64/libt1x.so.5&path=//lib64 HTTP/2.0" 200 10412 "https://smileparadisedentals.com/sitemap_index.xml?path=//lib64" "Mozilla/5.0 AppleWebKit/537.36 (KHTML, like Gecko; compatible; GPTBot/1.4; +https://openai.com/gptbot)" smileparadisedentals.com 10.36.254.103
74.7.241.33 - - [19/Aug/2026:07:04:39 -0600] "GET /?filesrc=//tmp/laser-eYhHKc.tmp&path=//tmp HTTP/1.1" 200 1309 "https://smileparadisedentals.faz.zew.mybluehostin.me/?path=//tmp" "Mozilla/5.0 AppleWebKit/537.36 (KHTML, like Gecko; compatible; GPTBot/1.4; +https://openai.com/gptbot)" smileparadisedentals.faz.zew.mybluehostin.me 10.36.254.103
74.7.241.33 - - [19/Aug/2026:07:04:39 -0600] "GET /?filesrc=//tmp/laser-eYhHKc.tmp&path=//tmp HTTP/2.0" 200 1309 "https://smileparadisedentals.faz.zew.mybluehostin.me/?path=//tmp" "Mozilla/5.0 AppleWebKit/537.36 (KHTML, like Gecko; compatible; GPTBot/1.4; +https://openai.com/gptbot)" smileparadisedentals.faz.zew.mybluehostin.me 10.36.254.103
74.7.241.33 - - [19/Aug/2026:07:04:41 -0600] "GET /?filesrc=//tmp/yahoo-aTctzo.tmp&path=//tmp HTTP/1.1" 200 1309 "https://smileparadisedentals.faz.zew.mybluehostin.me/?path=//tmp" "Mozilla/5.0 AppleWebKit/537.36 (KHTML, like Gecko; compatible; GPTBot/1.4; +https://openai.com/gptbot)" smileparadisedentals.faz.zew.mybluehostin.me 10.36.254.103
74.7.241.33 - - [19/Aug/2026:07:04:41 -0600] "GET /?filesrc=//tmp/yahoo-aTctzo.tmp&path=//tmp HTTP/2.0" 200 1309 "https://smileparadisedentals.faz.zew.mybluehostin.me/?path=//tmp" "Mozilla/5.0 AppleWebKit/537.36 (KHTML, like Gecko; compatible; GPTBot/1.4; +https://openai.com/gptbot)" smileparadisedentals.faz.zew.mybluehostin.me 10.36.254.103
74.7.241.33 - - [19/Aug/2026:07:04:42 -0600] "GET /?filesrc=//tmp/wpcom-FtshDX.tmp&path=//tmp HTTP/1.1" 200 1309 "https://smileparadisedentals.faz.zew.mybluehostin.me/?path=//tmp" "Mozilla/5.0 AppleWebKit/537.36 (KHTML, like Gecko; compatible; GPTBot/1.4; +https://openai.com/gptbot)" smileparadisedentals.faz.zew.mybluehostin.me 10.36.254.103
74.7.241.33 - - [19/Aug/2026:07:04:42 -0600] "GET /?filesrc=//tmp/wpcom-FtshDX.tmp&path=//tmp HTTP/2.0" 200 1309 "https://smileparadisedentals.faz.zew.mybluehostin.me/?path=//tmp" "Mozilla/5.0 AppleWebKit/537.36 (KHTML, like Gecko; compatible; GPTBot/1.4; +https://openai.com/gptbot)" smileparadisedentals.faz.zew.mybluehostin.me 10.36.254.103
74.7.241.33 - - [19/Aug/2026:07:04:43 -0600] "GET /?filesrc=//tmp/laser-JclhIu.tmp&path=//tmp HTTP/1.1" 200 1309 "https://smileparadisedentals.faz.zew.mybluehostin.me/?path=//tmp" "Mozilla/5.0 AppleWebKit/537.36 (KHTML, like Gecko; compatible; GPTBot/1.4; +https://openai.com/gptbot)" smileparadisedentals.faz.zew.mybluehostin.me 10.36.254.103
74.7.241.33 - - [19/Aug/2026:07:04:43 -0600] "GET /?filesrc=//tmp/laser-JclhIu.tmp&path=//tmp HTTP/2.0" 200 1309 "https://smileparadisedentals.faz.zew.mybluehostin.me/?path=//tmp" "Mozilla/5.0 AppleWebKit/537.36 (KHTML, like Gecko; compatible; GPTBot/1.4; +https://openai.com/gptbot)" smileparadisedentals.faz.zew.mybluehostin.me 10.36.254.103
74.7.227.158 - - [19/Aug/2026:07:04:44 -0600] "GET /sitemap_index.xml?filesrc=/home4/fazzewmy/www/shapensculpt/.htaccess&path=/home4/fazzewmy/www/shapensculpt HTTP/1.1" 200 1476 "https://smileparadisedentals.com/sitemap_index.xml?path=/home4/fazzewmy/www/shapensculpt" "Mozilla/5.0 AppleWebKit/537.36 (KHTML, like Gecko; compatible; GPTBot/1.4; +https://openai.com/gptbot)" smileparadisedentals.com 10.36.254.103
74.7.227.158 - - [19/Aug/2026:07:04:44 -0600] "GET /sitemap_index.xml?filesrc=/home4/fazzewmy/www/shapensculpt/.htaccess&path=/home4/fazzewmy/www/shapensculpt HTTP/2.0" 200 1476 "https://smileparadisedentals.com/sitemap_index.xml?path=/home4/fazzewmy/www/shapensculpt" "Mozilla/5.0 AppleWebKit/537.36 (KHTML, like Gecko; compatible; GPTBot/1.4; +https://openai.com/gptbot)" smileparadisedentals.com 10.36.254.103
74.7.241.33 - - [19/Aug/2026:07:04:44 -0600] "GET /?filesrc=//tmp/amex-BhBxyZ.tmp&path=//tmp HTTP/1.1" 200 1309 "https://smileparadisedentals.faz.zew.mybluehostin.me/?path=//tmp" "Mozilla/5.0 AppleWebKit/537.36 (KHTML, like Gecko; compatible; GPTBot/1.4; +https://openai.com/gptbot)" smileparadisedentals.faz.zew.mybluehostin.me 10.36.254.103
74.7.241.33 - - [19/Aug/2026:07:04:44 -0600] "GET /?filesrc=//tmp/amex-BhBxyZ.tmp&path=//tmp HTTP/2.0" 200 1309 "https://smileparadisedentals.faz.zew.mybluehostin.me/?path=//tmp" "Mozilla/5.0 AppleWebKit/537.36 (KHTML, like Gecko; compatible; GPTBot/1.4; +https://openai.com/gptbot)" smileparadisedentals.faz.zew.mybluehostin.me 10.36.254.103
74.7.241.33 - - [19/Aug/2026:07:04:45 -0600] "GET /?filesrc=//tmp/visa-esdXjr.tmp&path=//tmp HTTP/1.1" 200 1309 "https://smileparadisedentals.faz.zew.mybluehostin.me/?path=//tmp" "Mozilla/5.0 AppleWebKit/537.36 (KHTML, like Gecko; compatible; GPTBot/1.4; +https://openai.com/gptbot)" smileparadisedentals.faz.zew.mybluehostin.me 10.36.254.103
74.7.241.33 - - [19/Aug/2026:07:04:45 -0600] "GET /?filesrc=//tmp/visa-esdXjr.tmp&path=//tmp HTTP/2.0" 200 1309 "https://smileparadisedentals.faz.zew.mybluehostin.me/?path=//tmp" "Mozilla/5.0 AppleWebKit/537.36 (KHTML, like Gecko; compatible; GPTBot/1.4; +https://openai.com/gptbot)" smileparadisedentals.faz.zew.mybluehostin.me 10.36.254.103
74.7.241.33 - - [19/Aug/2026:07:04:46 -0600] "GET /?filesrc=//tmp/amex-HQipUW.tmp&path=//tmp HTTP/1.1" 200 1310 "https://smileparadisedentals.faz.zew.mybluehostin.me/?path=//tmp" "Mozilla/5.0 AppleWebKit/537.36 (KHTML, like Gecko; compatible; GPTBot/1.4; +https://openai.com/gptbot)" smileparadisedentals.faz.zew.mybluehostin.me 10.36.254.103
74.7.241.33 - - [19/Aug/2026:07:04:46 -0600] "GET /?filesrc=//tmp/amex-HQipUW.tmp&path=//tmp HTTP/2.0" 200 1310 "https://smileparadisedentals.faz.zew.mybluehostin.me/?path=//tmp" "Mozilla/5.0 AppleWebKit/537.36 (KHTML, like Gecko; compatible; GPTBot/1.4; +https://openai.com/gptbot)" smileparadisedentals.faz.zew.mybluehostin.me 10.36.254.103
74.7.241.33 - - [19/Aug/2026:07:04:48 -0600] "GET /services?filesrc=//run/restartsrv_sshd_client&path=//run HTTP/1.1" 200 1262 "https://smileparadisedentals.faz.zew.mybluehostin.me/services?path=//run" "Mozilla/5.0 AppleWebKit/537.36 (KHTML, like Gecko; compatible; GPTBot/1.4; +https://openai.com/gptbot)" smileparadisedentals.faz.zew.mybluehostin.me 10.36.254.103
74.7.241.33 - - [19/Aug/2026:07:04:47 -0600] "GET /services?filesrc=//run/restartsrv_sshd_client&path=//run HTTP/2.0" 200 1262 "https://smileparadisedentals.faz.zew.mybluehostin.me/services?path=//run" "Mozilla/5.0 AppleWebKit/537.36 (KHTML, like Gecko; compatible; GPTBot/1.4; +https://openai.com/gptbot)" smileparadisedentals.faz.zew.mybluehostin.me 10.36.254.103
74.7.241.33 - - [19/Aug/2026:07:04:49 -0600] "GET /?filesrc=//tmp/x-7rrnob.tmp&path=//tmp HTTP/1.1" 200 1305 "https://smileparadisedentals.faz.zew.mybluehostin.me/?path=//tmp" "Mozilla/5.0 AppleWebKit/537.36 (KHTML, like Gecko; compatible; GPTBot/1.4; +https://openai.com/gptbot)" smileparadisedentals.faz.zew.mybluehostin.me 10.36.254.103
74.7.241.33 - - [19/Aug/2026:07:04:48 -0600] "GET /?filesrc=//tmp/x-7rrnob.tmp&path=//tmp HTTP/2.0" 200 1305 "https://smileparadisedentals.faz.zew.mybluehostin.me/?path=//tmp" "Mozilla/5.0 AppleWebKit/537.36 (KHTML, like Gecko; compatible; GPTBot/1.4; +https://openai.com/gptbot)" smileparadisedentals.faz.zew.mybluehostin.me 10.36.254.103
74.7.227.158 - - [19/Aug/2026:07:04:49 -0600] "GET /sitemap_index.xml?filesrc=//lib64/liblz4.so.1&path=//lib64 HTTP/1.1" 200 68606 "https://smileparadisedentals.com/sitemap_index.xml?path=//lib64" "Mozilla/5.0 AppleWebKit/537.36 (KHTML, like Gecko; compatible; GPTBot/1.4; +https://openai.com/gptbot)" smileparadisedentals.com 10.36.254.103
74.7.227.158 - - [19/Aug/2026:07:04:49 -0600] "GET /sitemap_index.xml?filesrc=//lib64/liblz4.so.1&path=//lib64 HTTP/2.0" 200 68606 "https://smileparadisedentals.com/sitemap_index.xml?path=//lib64" "Mozilla/5.0 AppleWebKit/537.36 (KHTML, like Gecko; compatible; GPTBot/1.4; +https://openai.com/gptbot)" smileparadisedentals.com 10.36.254.103
74.7.241.33 - - [19/Aug/2026:07:04:50 -0600] "GET /?filesrc=//tmp/x-yfmcch.tmp&path=//tmp HTTP/1.1" 200 1306 "https://smileparadisedentals.faz.zew.mybluehostin.me/?path=//tmp" "Mozilla/5.0 AppleWebKit/537.36 (KHTML, like Gecko; compatible; GPTBot/1.4; +https://openai.com/gptbot)" smileparadisedentals.faz.zew.mybluehostin.me 10.36.254.103
74.7.241.33 - - [19/Aug/2026:07:04:49 -0600] "GET /?filesrc=//tmp/x-yfmcch.tmp&path=//tmp HTTP/2.0" 200 1306 "https://smileparadisedentals.faz.zew.mybluehostin.me/?path=//tmp" "Mozilla/5.0 AppleWebKit/537.36 (KHTML, like Gecko; compatible; GPTBot/1.4; +https://openai.com/gptbot)" smileparadisedentals.faz.zew.mybluehostin.me 10.36.254.103
74.7.241.33 - - [19/Aug/2026:07:04:51 -0600] "GET /?filesrc=//tmp/.apache-monitor&path=//tmp HTTP/1.1" 200 1308 "https://smileparadisedentals.faz.zew.mybluehostin.me/?path=//tmp" "Mozilla/5.0 AppleWebKit/537.36 (KHTML, like Gecko; compatible; GPTBot/1.4; +https://openai.com/gptbot)" smileparadisedentals.faz.zew.mybluehostin.me 10.36.254.103
74.7.241.33 - - [19/Aug/2026:07:04:51 -0600] "GET /?filesrc=//tmp/.apache-monitor&path=//tmp HTTP/2.0" 200 1308 "https://smileparadisedentals.faz.zew.mybluehostin.me/?path=//tmp" "Mozilla/5.0 AppleWebKit/537.36 (KHTML, like Gecko; compatible; GPTBot/1.4; +https://openai.com/gptbot)" smileparadisedentals.faz.zew.mybluehostin.me 10.36.254.103
74.7.241.33 - - [19/Aug/2026:07:04:52 -0600] "GET /?filesrc=//tmp/google-3Jh183.tmp&path=//tmp HTTP/1.1" 200 1310 "https://smileparadisedentals.faz.zew.mybluehostin.me/?path=//tmp" "Mozilla/5.0 AppleWebKit/537.36 (KHTML, like Gecko; compatible; GPTBot/1.4; +https://openai.com/gptbot)" smileparadisedentals.faz.zew.mybluehostin.me 10.36.254.103
74.7.241.33 - - [19/Aug/2026:07:04:52 -0600] "GET /?filesrc=//tmp/google-3Jh183.tmp&path=//tmp HTTP/2.0" 200 1310 "https://smileparadisedentals.faz.zew.mybluehostin.me/?path=//tmp" "Mozilla/5.0 AppleWebKit/537.36 (KHTML, like Gecko; compatible; GPTBot/1.4; +https://openai.com/gptbot)" smileparadisedentals.faz.zew.mybluehostin.me 10.36.254.103
74.7.241.33 - - [19/Aug/2026:07:04:53 -0600] "GET /?filesrc=//tmp/jcb-YKceYi.tmp&path=//tmp HTTP/1.1" 200 1309 "https://smileparadisedentals.faz.zew.mybluehostin.me/?path=//tmp" "Mozilla/5.0 AppleWebKit/537.36 (KHTML, like Gecko; compatible; GPTBot/1.4; +https://openai.com/gptbot)" smileparadisedentals.faz.zew.mybluehostin.me 10.36.254.103
74.7.241.33 - - [19/Aug/2026:07:04:53 -0600] "GET /?filesrc=//tmp/jcb-YKceYi.tmp&path=//tmp HTTP/2.0" 200 1309 "https://smileparadisedentals.faz.zew.mybluehostin.me/?path=//tmp" "Mozilla/5.0 AppleWebKit/537.36 (KHTML, like Gecko; compatible; GPTBot/1.4; +https://openai.com/gptbot)" smileparadisedentals.faz.zew.mybluehostin.me 10.36.254.103
74.7.227.158 - - [19/Aug/2026:07:04:54 -0600] "GET /sitemap_index.xml?filesrc=//lib64/libe2p.so.2&path=//lib64 HTTP/1.1" 200 16428 "https://smileparadisedentals.com/sitemap_index.xml?path=//lib64" "Mozilla/5.0 AppleWebKit/537.36 (KHTML, like Gecko; compatible; GPTBot/1.4; +https://openai.com/gptbot)" smileparadisedentals.com 10.36.254.103
74.7.227.158 - - [19/Aug/2026:07:04:54 -0600] "GET /sitemap_index.xml?filesrc=//lib64/libe2p.so.2&path=//lib64 HTTP/2.0" 200 16428 "https://smileparadisedentals.com/sitemap_index.xml?path=//lib64" "Mozilla/5.0 AppleWebKit/537.36 (KHTML, like Gecko; compatible; GPTBot/1.4; +https://openai.com/gptbot)" smileparadisedentals.com 10.36.254.103
74.7.241.33 - - [19/Aug/2026:07:04:54 -0600] "GET /?filesrc=//tmp/jcb-ZdTcme.tmp&path=//tmp HTTP/1.1" 200 1308 "https://smileparadisedentals.faz.zew.mybluehostin.me/?path=//tmp" "Mozilla/5.0 AppleWebKit/537.36 (KHTML, like Gecko; compatible; GPTBot/1.4; +https://openai.com/gptbot)" smileparadisedentals.faz.zew.mybluehostin.me 10.36.254.103
74.7.241.33 - - [19/Aug/2026:07:04:54 -0600] "GET /?filesrc=//tmp/jcb-ZdTcme.tmp&path=//tmp HTTP/2.0" 200 1308 "https://smileparadisedentals.faz.zew.mybluehostin.me/?path=//tmp" "Mozilla/5.0 AppleWebKit/537.36 (KHTML, like Gecko; compatible; GPTBot/1.4; +https://openai.com/gptbot)" smileparadisedentals.faz.zew.mybluehostin.me 10.36.254.103
74.7.241.33 - - [19/Aug/2026:07:04:55 -0600] "GET /?filesrc=//tmp/jcb-mpZPKa.tmp&path=//tmp HTTP/1.1" 200 1310 "https://smileparadisedentals.faz.zew.mybluehostin.me/?path=//tmp" "Mozilla/5.0 AppleWebKit/537.36 (KHTML, like Gecko; compatible; GPTBot/1.4; +https://openai.com/gptbot)" smileparadisedentals.faz.zew.mybluehostin.me 10.36.254.103
74.7.241.33 - - [19/Aug/2026:07:04:55 -0600] "GET /?filesrc=//tmp/jcb-mpZPKa.tmp&path=//tmp HTTP/2.0" 200 1310 "https://smileparadisedentals.faz.zew.mybluehostin.me/?path=//tmp" "Mozilla/5.0 AppleWebKit/537.36 (KHTML, like Gecko; compatible; GPTBot/1.4; +https://openai.com/gptbot)" smileparadisedentals.faz.zew.mybluehostin.me 10.36.254.103
74.7.241.33 - - [19/Aug/2026:07:04:55 -0600] "GET /?filesrc=//tmp/jcb-NmNrQs.tmp&path=//tmp HTTP/1.1" 200 1309 "https://smileparadisedentals.faz.zew.mybluehostin.me/?path=//tmp" "Mozilla/5.0 AppleWebKit/537.36 (KHTML, like Gecko; compatible; GPTBot/1.4; +https://openai.com/gptbot)" smileparadisedentals.faz.zew.mybluehostin.me 10.36.254.103
74.7.241.33 - - [19/Aug/2026:07:04:55 -0600] "GET /?filesrc=//tmp/jcb-NmNrQs.tmp&path=//tmp HTTP/2.0" 200 1309 "https://smileparadisedentals.faz.zew.mybluehostin.me/?path=//tmp" "Mozilla/5.0 AppleWebKit/537.36 (KHTML, like Gecko; compatible; GPTBot/1.4; +https://openai.com/gptbot)" smileparadisedentals.faz.zew.mybluehostin.me 10.36.254.103
74.7.241.33 - - [19/Aug/2026:07:04:56 -0600] "GET /?filesrc=//tmp/x-NpoylB.tmp&path=//tmp HTTP/1.1" 200 1306 "https://smileparadisedentals.faz.zew.mybluehostin.me/?path=//tmp" "Mozilla/5.0 AppleWebKit/537.36 (KHTML, like Gecko; compatible; GPTBot/1.4; +https://openai.com/gptbot)" smileparadisedentals.faz.zew.mybluehostin.me 10.36.254.103
74.7.241.33 - - [19/Aug/2026:07:04:56 -0600] "GET /?filesrc=//tmp/x-NpoylB.tmp&path=//tmp HTTP/2.0" 200 1306 "https://smileparadisedentals.faz.zew.mybluehostin.me/?path=//tmp" "Mozilla/5.0 AppleWebKit/537.36 (KHTML, like Gecko; compatible; GPTBot/1.4; +https://openai.com/gptbot)" smileparadisedentals.faz.zew.mybluehostin.me 10.36.254.103
74.7.241.33 - - [19/Aug/2026:07:04:57 -0600] "GET /?filesrc=//tmp/x-JXgYgm.tmp&path=//tmp HTTP/1.1" 200 1308 "https://smileparadisedentals.faz.zew.mybluehostin.me/?path=//tmp" "Mozilla/5.0 AppleWebKit/537.36 (KHTML, like Gecko; compatible; GPTBot/1.4; +https://openai.com/gptbot)" smileparadisedentals.faz.zew.mybluehostin.me 10.36.254.103
74.7.241.33 - - [19/Aug/2026:07:04:57 -0600] "GET /?filesrc=//tmp/x-JXgYgm.tmp&path=//tmp HTTP/2.0" 200 1308 "https://smileparadisedentals.faz.zew.mybluehostin.me/?path=//tmp" "Mozilla/5.0 AppleWebKit/537.36 (KHTML, like Gecko; compatible; GPTBot/1.4; +https://openai.com/gptbot)" smileparadisedentals.faz.zew.mybluehostin.me 10.36.254.103
