74.7.227.158 - - [19/Aug/2026:12:40:52 -0600] "GET /sitemap_index.xml?path=//var/cache/dnf/mysql80-community-22d3d3ecd3d92106 HTTP/2.0" 200 2049 "https://smileparadisedentals.com/sitemap_index.xml?path=//var/cache/dnf" "Mozilla/5.0 AppleWebKit/537.36 (KHTML, like Gecko; compatible; GPTBot/1.4; +https://openai.com/gptbot)" smileparadisedentals.com 10.36.254.103
74.7.241.33 - - [19/Aug/2026:12:40:52 -0600] "GET /?filesrc=//bin/objcopy&path=//bin HTTP/1.1" 200 200248 "https://smileparadisedentals.faz.zew.mybluehostin.me/?path=//bin" "Mozilla/5.0 AppleWebKit/537.36 (KHTML, like Gecko; compatible; GPTBot/1.4; +https://openai.com/gptbot)" smileparadisedentals.faz.zew.mybluehostin.me 10.36.254.103
74.7.241.33 - - [19/Aug/2026:12:40:52 -0600] "GET /?filesrc=//bin/objcopy&path=//bin HTTP/2.0" 200 200248 "https://smileparadisedentals.faz.zew.mybluehostin.me/?path=//bin" "Mozilla/5.0 AppleWebKit/537.36 (KHTML, like Gecko; compatible; GPTBot/1.4; +https://openai.com/gptbot)" smileparadisedentals.faz.zew.mybluehostin.me 10.36.254.103
66.249.74.42 - - [19/Aug/2026:12:40:55 -0600] "GET /wp-content/themes/wb4wp-wordpress-theme-production/dist/jetpack/jetpack.css?ver=1.0.1314 HTTP/1.1" 200 178 "https://smileparadisedentals.com/contact/?path=/" "Mozilla/5.0 (Linux; Android 6.0.1; Nexus 5X Build/MMB29P) AppleWebKit/537.36 (KHTML, like Gecko) Chrome/151.0.7922.137 Mobile Safari/537.36 (compatible; GoogleOther)" smileparadisedentals.com 10.36.254.103
74.7.227.158 - - [19/Aug/2026:12:40:54 -0600] "GET /sitemap_index.xml?path=//var/cache/dnf/eig_hosting-fa15696447c83de5 HTTP/1.1" 200 2091 "https://smileparadisedentals.com/sitemap_index.xml?path=//var/cache/dnf" "Mozilla/5.0 AppleWebKit/537.36 (KHTML, like Gecko; compatible; GPTBot/1.4; +https://openai.com/gptbot)" smileparadisedentals.com 10.36.254.103
74.7.227.158 - - [19/Aug/2026:12:40:54 -0600] "GET /sitemap_index.xml?path=//var/cache/dnf/eig_hosting-fa15696447c83de5 HTTP/2.0" 200 2091 "https://smileparadisedentals.com/sitemap_index.xml?path=//var/cache/dnf" "Mozilla/5.0 AppleWebKit/537.36 (KHTML, like Gecko; compatible; GPTBot/1.4; +https://openai.com/gptbot)" smileparadisedentals.com 10.36.254.103
74.7.241.33 - - [19/Aug/2026:12:40:54 -0600] "GET /?filesrc=//bin/pamexec&path=//bin HTTP/1.1" 200 124243 "https://smileparadisedentals.faz.zew.mybluehostin.me/?path=//bin" "Mozilla/5.0 AppleWebKit/537.36 (KHTML, like Gecko; compatible; GPTBot/1.4; +https://openai.com/gptbot)" smileparadisedentals.faz.zew.mybluehostin.me 10.36.254.103
74.7.241.33 - - [19/Aug/2026:12:40:54 -0600] "GET /?filesrc=//bin/pamexec&path=//bin HTTP/2.0" 200 124243 "https://smileparadisedentals.faz.zew.mybluehostin.me/?path=//bin" "Mozilla/5.0 AppleWebKit/537.36 (KHTML, like Gecko; compatible; GPTBot/1.4; +https://openai.com/gptbot)" smileparadisedentals.faz.zew.mybluehostin.me 10.36.254.103
66.249.74.41 - - [19/Aug/2026:12:40:56 -0600] "GET /wp-content/uploads/maxmegamenu/style.css?ver=8ae372 HTTP/1.1" 200 243 "https://smileparadisedentals.com/contact/?path=/" "Mozilla/5.0 (Linux; Android 6.0.1; Nexus 5X Build/MMB29P) AppleWebKit/537.36 (KHTML, like Gecko) Chrome/151.0.7922.137 Mobile Safari/537.36 (compatible; GoogleOther)" smileparadisedentals.com 10.36.254.103
74.7.227.158 - - [19/Aug/2026:12:40:55 -0600] "GET /sitemap_index.xml?path=//var/cache/dnf/osquery-s3-rpm-5b34369fe432e0d0 HTTP/1.1" 200 2017 "https://smileparadisedentals.com/sitemap_index.xml?path=//var/cache/dnf" "Mozilla/5.0 AppleWebKit/537.36 (KHTML, like Gecko; compatible; GPTBot/1.4; +https://openai.com/gptbot)" smileparadisedentals.com 10.36.254.103
74.7.227.158 - - [19/Aug/2026:12:40:55 -0600] "GET /sitemap_index.xml?path=//var/cache/dnf/osquery-s3-rpm-5b34369fe432e0d0 HTTP/2.0" 200 2017 "https://smileparadisedentals.com/sitemap_index.xml?path=//var/cache/dnf" "Mozilla/5.0 AppleWebKit/537.36 (KHTML, like Gecko; compatible; GPTBot/1.4; +https://openai.com/gptbot)" smileparadisedentals.com 10.36.254.103
74.7.241.33 - - [19/Aug/2026:12:40:56 -0600] "GET /?filesrc=//bin/pgmnorm&path=//bin HTTP/1.1" 200 126960 "https://smileparadisedentals.faz.zew.mybluehostin.me/?path=//bin" "Mozilla/5.0 AppleWebKit/537.36 (KHTML, like Gecko; compatible; GPTBot/1.4; +https://openai.com/gptbot)" smileparadisedentals.faz.zew.mybluehostin.me 10.36.254.103
74.7.241.33 - - [19/Aug/2026:12:40:55 -0600] "GET /?filesrc=//bin/pgmnorm&path=//bin HTTP/2.0" 200 126960 "https://smileparadisedentals.faz.zew.mybluehostin.me/?path=//bin" "Mozilla/5.0 AppleWebKit/537.36 (KHTML, like Gecko; compatible; GPTBot/1.4; +https://openai.com/gptbot)" smileparadisedentals.faz.zew.mybluehostin.me 10.36.254.103
74.7.227.158 - - [19/Aug/2026:12:40:57 -0600] "GET /sitemap_index.xml?path=//var/cache/dnf/grafana-369737ffb0934a7b/libdnf.C5fFhM HTTP/1.1" 200 1910 "https://smileparadisedentals.com/sitemap_index.xml?path=//var/cache/dnf/grafana-369737ffb0934a7b" "Mozilla/5.0 AppleWebKit/537.36 (KHTML, like Gecko; compatible; GPTBot/1.4; +https://openai.com/gptbot)" smileparadisedentals.com 10.36.254.103
74.7.227.158 - - [19/Aug/2026:12:40:57 -0600] "GET /sitemap_index.xml?path=//var/cache/dnf/grafana-369737ffb0934a7b/libdnf.C5fFhM HTTP/2.0" 200 1910 "https://smileparadisedentals.com/sitemap_index.xml?path=//var/cache/dnf/grafana-369737ffb0934a7b" "Mozilla/5.0 AppleWebKit/537.36 (KHTML, like Gecko; compatible; GPTBot/1.4; +https://openai.com/gptbot)" smileparadisedentals.com 10.36.254.103
66.249.74.41 - - [19/Aug/2026:12:40:57 -0600] "GET /wp-content/themes/wb4wp-wordpress-theme-production/dist/navigation-5/navigation-5.css?ver=1.0.1314 HTTP/1.1" 200 3172 "https://smileparadisedentals.com/contact/?path=/" "Mozilla/5.0 (Linux; Android 6.0.1; Nexus 5X Build/MMB29P) AppleWebKit/537.36 (KHTML, like Gecko) Chrome/151.0.7922.137 Mobile Safari/537.36 (compatible; GoogleOther)" smileparadisedentals.com 10.36.254.103
74.7.241.33 - - [19/Aug/2026:12:40:57 -0600] "GET /?filesrc=//bin/rrdtool&path=//bin HTTP/1.1" 200 130117 "https://smileparadisedentals.faz.zew.mybluehostin.me/?path=//bin" "Mozilla/5.0 AppleWebKit/537.36 (KHTML, like Gecko; compatible; GPTBot/1.4; +https://openai.com/gptbot)" smileparadisedentals.faz.zew.mybluehostin.me 10.36.254.103
74.7.241.33 - - [19/Aug/2026:12:40:57 -0600] "GET /?filesrc=//bin/rrdtool&path=//bin HTTP/2.0" 200 130117 "https://smileparadisedentals.faz.zew.mybluehostin.me/?path=//bin" "Mozilla/5.0 AppleWebKit/537.36 (KHTML, like Gecko; compatible; GPTBot/1.4; +https://openai.com/gptbot)" smileparadisedentals.faz.zew.mybluehostin.me 10.36.254.103
66.249.74.42 - - [19/Aug/2026:12:40:57 -0600] "GET /contact/?path=/home4 HTTP/1.1" 200 93923 "-" "Mozilla/5.0 (Linux; Android 6.0.1; Nexus 5X Build/MMB29P) AppleWebKit/537.36 (KHTML, like Gecko) Chrome/151.0.7922.137 Mobile Safari/537.36 (compatible; GoogleOther)" smileparadisedentals.com 10.36.254.103
66.249.74.42 - - [19/Aug/2026:12:40:56 -0600] "GET /contact/?path=/home4 HTTP/1.1" 200 93923 "-" "Mozilla/5.0 (Linux; Android 6.0.1; Nexus 5X Build/MMB29P) AppleWebKit/537.36 (KHTML, like Gecko) Chrome/151.0.7922.137 Mobile Safari/537.36 (compatible; GoogleOther)" smileparadisedentals.com 10.36.254.103
66.249.74.42 - - [19/Aug/2026:12:40:58 -0600] "GET /wp-content/plugins/creative-mail-by-constant-contact/assets/js/block/submit.js?ver=1715065602 HTTP/1.1" 200 1450 "https://smileparadisedentals.com/contact/?path=/" "Mozilla/5.0 (Linux; Android 6.0.1; Nexus 5X Build/MMB29P) AppleWebKit/537.36 (KHTML, like Gecko) Chrome/151.0.7922.137 Mobile Safari/537.36 (compatible; GoogleOther)" smileparadisedentals.com 10.36.254.103
74.7.227.158 - - [19/Aug/2026:12:40:57 -0600] "GET /sitemap_index.xml?path=//var/cache/dnf/hgrepo-e4b4d7d50209f148/packages HTTP/1.1" 200 1823 "https://smileparadisedentals.com/sitemap_index.xml?path=//var/cache/dnf/hgrepo-e4b4d7d50209f148" "Mozilla/5.0 AppleWebKit/537.36 (KHTML, like Gecko; compatible; GPTBot/1.4; +https://openai.com/gptbot)" smileparadisedentals.com 10.36.254.103
74.7.227.158 - - [19/Aug/2026:12:40:57 -0600] "GET /sitemap_index.xml?path=//var/cache/dnf/hgrepo-e4b4d7d50209f148/packages HTTP/2.0" 200 1823 "https://smileparadisedentals.com/sitemap_index.xml?path=//var/cache/dnf/hgrepo-e4b4d7d50209f148" "Mozilla/5.0 AppleWebKit/537.36 (KHTML, like Gecko; compatible; GPTBot/1.4; +https://openai.com/gptbot)" smileparadisedentals.com 10.36.254.103
74.7.241.33 - - [19/Aug/2026:12:40:58 -0600] "GET /?filesrc=//bin/pamsumm&path=//bin HTTP/1.1" 200 124054 "https://smileparadisedentals.faz.zew.mybluehostin.me/?path=//bin" "Mozilla/5.0 AppleWebKit/537.36 (KHTML, like Gecko; compatible; GPTBot/1.4; +https://openai.com/gptbot)" smileparadisedentals.faz.zew.mybluehostin.me 10.36.254.103
74.7.241.33 - - [19/Aug/2026:12:40:58 -0600] "GET /?filesrc=//bin/pamsumm&path=//bin HTTP/2.0" 200 124054 "https://smileparadisedentals.faz.zew.mybluehostin.me/?path=//bin" "Mozilla/5.0 AppleWebKit/537.36 (KHTML, like Gecko; compatible; GPTBot/1.4; +https://openai.com/gptbot)" smileparadisedentals.faz.zew.mybluehostin.me 10.36.254.103
66.249.74.41 - - [19/Aug/2026:12:40:59 -0600] "GET /wp-content/plugins/wb4wp-wordpress-plugin-bluehost-india-production/build/block-generic-section.css?ver=29ffbded135d1e494ff0b47bd8c692ad HTTP/1.1" 200 815 "https://smileparadisedentals.com/contact/?path=/" "Mozilla/5.0 (Linux; Android 6.0.1; Nexus 5X Build/MMB29P) AppleWebKit/537.36 (KHTML, like Gecko) Chrome/151.0.7922.137 Mobile Safari/537.36 (compatible; GoogleOther)" smileparadisedentals.com 10.36.254.103
74.7.227.158 - - [19/Aug/2026:12:40:58 -0600] "GET /sitemap_index.xml?path=//var/cache/dnf/baseos-09b2e93483836b7c/packages HTTP/1.1" 200 1826 "https://smileparadisedentals.com/sitemap_index.xml?path=//var/cache/dnf/baseos-09b2e93483836b7c" "Mozilla/5.0 AppleWebKit/537.36 (KHTML, like Gecko; compatible; GPTBot/1.4; +https://openai.com/gptbot)" smileparadisedentals.com 10.36.254.103
74.7.227.158 - - [19/Aug/2026:12:40:58 -0600] "GET /sitemap_index.xml?path=//var/cache/dnf/baseos-09b2e93483836b7c/packages HTTP/2.0" 200 1826 "https://smileparadisedentals.com/sitemap_index.xml?path=//var/cache/dnf/baseos-09b2e93483836b7c" "Mozilla/5.0 AppleWebKit/537.36 (KHTML, like Gecko; compatible; GPTBot/1.4; +https://openai.com/gptbot)" smileparadisedentals.com 10.36.254.103
66.249.74.41 - - [19/Aug/2026:12:40:59 -0600] "GET /wp-content/plugins/megamenu/js/maxmegamenu.js?ver=3.10.6 HTTP/1.1" 200 13124 "https://smileparadisedentals.com/contact/?path=/" "Mozilla/5.0 (Linux; Android 6.0.1; Nexus 5X Build/MMB29P) AppleWebKit/537.36 (KHTML, like Gecko) Chrome/151.0.7922.137 Mobile Safari/537.36 (compatible; GoogleOther)" smileparadisedentals.com 10.36.254.103
162.214.80.130 - - [19/Aug/2026:12:41:00 -0600] "POST /wp-cron.php?doing_wp_cron=1787164860.6983880996704101562500 HTTP/1.1" 200 - "-" "WordPress/7.0.4; https://smileparadisedentals.com" smileparadisedentals.com 10.36.254.103
74.7.241.33 - - [19/Aug/2026:12:40:59 -0600] "GET /?filesrc=//bin/nbackup&path=//bin HTTP/1.1" 200 758000 "https://smileparadisedentals.faz.zew.mybluehostin.me/?path=//bin" "Mozilla/5.0 AppleWebKit/537.36 (KHTML, like Gecko; compatible; GPTBot/1.4; +https://openai.com/gptbot)" smileparadisedentals.faz.zew.mybluehostin.me 10.36.254.103
74.7.241.33 - - [19/Aug/2026:12:40:59 -0600] "GET /?filesrc=//bin/nbackup&path=//bin HTTP/2.0" 200 758000 "https://smileparadisedentals.faz.zew.mybluehostin.me/?path=//bin" "Mozilla/5.0 AppleWebKit/537.36 (KHTML, like Gecko; compatible; GPTBot/1.4; +https://openai.com/gptbot)" smileparadisedentals.faz.zew.mybluehostin.me 10.36.254.103
74.7.227.158 - - [19/Aug/2026:12:41:00 -0600] "GET /sitemap_index.xml?path=//var/cache/dnf/epel-c7df521793401cea/packages HTTP/1.1" 200 1819 "https://smileparadisedentals.com/sitemap_index.xml?path=//var/cache/dnf/epel-c7df521793401cea" "Mozilla/5.0 AppleWebKit/537.36 (KHTML, like Gecko; compatible; GPTBot/1.4; +https://openai.com/gptbot)" smileparadisedentals.com 10.36.254.103
74.7.227.158 - - [19/Aug/2026:12:41:00 -0600] "GET /sitemap_index.xml?path=//var/cache/dnf/epel-c7df521793401cea/packages HTTP/2.0" 200 1819 "https://smileparadisedentals.com/sitemap_index.xml?path=//var/cache/dnf/epel-c7df521793401cea" "Mozilla/5.0 AppleWebKit/537.36 (KHTML, like Gecko; compatible; GPTBot/1.4; +https://openai.com/gptbot)" smileparadisedentals.com 10.36.254.103
74.7.241.33 - - [19/Aug/2026:12:41:00 -0600] "GET /?filesrc=//bin/ndptool&path=//bin HTTP/1.1" 200 128621 "https://smileparadisedentals.faz.zew.mybluehostin.me/?path=//bin" "Mozilla/5.0 AppleWebKit/537.36 (KHTML, like Gecko; compatible; GPTBot/1.4; +https://openai.com/gptbot)" smileparadisedentals.faz.zew.mybluehostin.me 10.36.254.103
74.7.241.33 - - [19/Aug/2026:12:41:00 -0600] "GET /?filesrc=//bin/ndptool&path=//bin HTTP/2.0" 200 128621 "https://smileparadisedentals.faz.zew.mybluehostin.me/?path=//bin" "Mozilla/5.0 AppleWebKit/537.36 (KHTML, like Gecko; compatible; GPTBot/1.4; +https://openai.com/gptbot)" smileparadisedentals.faz.zew.mybluehostin.me 10.36.254.103
74.7.227.158 - - [19/Aug/2026:12:41:01 -0600] "GET /sitemap_index.xml?path=//var/cache/dnf/commandline-5fd3bd7dde2b1c5e HTTP/1.1" 200 2005 "https://smileparadisedentals.com/sitemap_index.xml?path=//var/cache/dnf" "Mozilla/5.0 AppleWebKit/537.36 (KHTML, like Gecko; compatible; GPTBot/1.4; +https://openai.com/gptbot)" smileparadisedentals.com 10.36.254.103
74.7.227.158 - - [19/Aug/2026:12:41:01 -0600] "GET /sitemap_index.xml?path=//var/cache/dnf/commandline-5fd3bd7dde2b1c5e HTTP/2.0" 200 2005 "https://smileparadisedentals.com/sitemap_index.xml?path=//var/cache/dnf" "Mozilla/5.0 AppleWebKit/537.36 (KHTML, like Gecko; compatible; GPTBot/1.4; +https://openai.com/gptbot)" smileparadisedentals.com 10.36.254.103
74.7.241.33 - - [19/Aug/2026:12:41:02 -0600] "GET /?filesrc=//bin/pidwait&path=//bin HTTP/1.1" 200 131012 "https://smileparadisedentals.faz.zew.mybluehostin.me/?path=//bin" "Mozilla/5.0 AppleWebKit/537.36 (KHTML, like Gecko; compatible; GPTBot/1.4; +https://openai.com/gptbot)" smileparadisedentals.faz.zew.mybluehostin.me 10.36.254.103
74.7.241.33 - - [19/Aug/2026:12:41:02 -0600] "GET /?filesrc=//bin/pidwait&path=//bin HTTP/2.0" 200 131012 "https://smileparadisedentals.faz.zew.mybluehostin.me/?path=//bin" "Mozilla/5.0 AppleWebKit/537.36 (KHTML, like Gecko; compatible; GPTBot/1.4; +https://openai.com/gptbot)" smileparadisedentals.faz.zew.mybluehostin.me 10.36.254.103
74.7.227.158 - - [19/Aug/2026:12:41:02 -0600] "GET /sitemap_index.xml?path=//var/cache/dnf/crb-2381964acd4936fe/packages HTTP/1.1" 200 1818 "https://smileparadisedentals.com/sitemap_index.xml?path=//var/cache/dnf/crb-2381964acd4936fe" "Mozilla/5.0 AppleWebKit/537.36 (KHTML, like Gecko; compatible; GPTBot/1.4; +https://openai.com/gptbot)" smileparadisedentals.com 10.36.254.103
74.7.227.158 - - [19/Aug/2026:12:41:02 -0600] "GET /sitemap_index.xml?path=//var/cache/dnf/crb-2381964acd4936fe/packages HTTP/2.0" 200 1818 "https://smileparadisedentals.com/sitemap_index.xml?path=//var/cache/dnf/crb-2381964acd4936fe" "Mozilla/5.0 AppleWebKit/537.36 (KHTML, like Gecko; compatible; GPTBot/1.4; +https://openai.com/gptbot)" smileparadisedentals.com 10.36.254.103
74.7.241.33 - - [19/Aug/2026:12:41:04 -0600] "GET /?filesrc=//bin/flatpak&path=//bin HTTP/1.1" 200 727577 "https://smileparadisedentals.faz.zew.mybluehostin.me/?path=//bin" "Mozilla/5.0 AppleWebKit/537.36 (KHTML, like Gecko; compatible; GPTBot/1.4; +https://openai.com/gptbot)" smileparadisedentals.faz.zew.mybluehostin.me 10.36.254.103
74.7.241.33 - - [19/Aug/2026:12:41:04 -0600] "GET /?filesrc=//bin/flatpak&path=//bin HTTP/2.0" 200 727577 "https://smileparadisedentals.faz.zew.mybluehostin.me/?path=//bin" "Mozilla/5.0 AppleWebKit/537.36 (KHTML, like Gecko; compatible; GPTBot/1.4; +https://openai.com/gptbot)" smileparadisedentals.faz.zew.mybluehostin.me 10.36.254.103
74.7.227.158 - - [19/Aug/2026:12:41:05 -0600] "GET /sitemap_index.xml?path=//var/cache/dnf/hgrepo-testing-0168be16d8419d9f HTTP/1.1" 200 1768 "https://smileparadisedentals.com/sitemap_index.xml?path=//var/cache/dnf" "Mozilla/5.0 AppleWebKit/537.36 (KHTML, like Gecko; compatible; GPTBot/1.4; +https://openai.com/gptbot)" smileparadisedentals.com 10.36.254.103
74.7.227.158 - - [19/Aug/2026:12:41:05 -0600] "GET /sitemap_index.xml?path=//var/cache/dnf/hgrepo-testing-0168be16d8419d9f HTTP/2.0" 200 1768 "https://smileparadisedentals.com/sitemap_index.xml?path=//var/cache/dnf" "Mozilla/5.0 AppleWebKit/537.36 (KHTML, like Gecko; compatible; GPTBot/1.4; +https://openai.com/gptbot)" smileparadisedentals.com 10.36.254.103
74.7.241.33 - - [19/Aug/2026:12:41:07 -0600] "GET /?filesrc=//bin/xzegrep&path=//bin HTTP/1.1" 200 4234 "https://smileparadisedentals.faz.zew.mybluehostin.me/?path=//bin" "Mozilla/5.0 AppleWebKit/537.36 (KHTML, like Gecko; compatible; GPTBot/1.4; +https://openai.com/gptbot)" smileparadisedentals.faz.zew.mybluehostin.me 10.36.254.103
74.7.241.33 - - [19/Aug/2026:12:41:07 -0600] "GET /?filesrc=//bin/xzegrep&path=//bin HTTP/2.0" 200 4234 "https://smileparadisedentals.faz.zew.mybluehostin.me/?path=//bin" "Mozilla/5.0 AppleWebKit/537.36 (KHTML, like Gecko; compatible; GPTBot/1.4; +https://openai.com/gptbot)" smileparadisedentals.faz.zew.mybluehostin.me 10.36.254.103
74.7.227.158 - - [19/Aug/2026:12:41:07 -0600] "GET /sitemap_index.xml?filesrc=//var/cache/dnf/hgrepo-e4b4d7d50209f148/repodata/cd4d9452974e7940b4ccfce3e6c1fb6fcc0ca9e31a964b70d748ba5b498ce5f2-primary.xml.gz&path=//var/cache/dnf/hgrepo-e4b4d7d50209f148/repodata HTTP/2.0" 200 2596 "https://smileparadisedentals.com/sitemap_index.xml?path=//var/cache/dnf/hgrepo-e4b4d7d50209f148/repodata" "Mozilla/5.0 AppleWebKit/537.36 (KHTML, like Gecko; compatible; GPTBot/1.4; +https://openai.com/gptbot)" smileparadisedentals.com 10.36.254.103
74.7.241.33 - - [19/Aug/2026:12:41:09 -0600] "GET /?filesrc=//bin/logname&path=//bin HTTP/1.1" 200 11439 "https://smileparadisedentals.faz.zew.mybluehostin.me/?path=//bin" "Mozilla/5.0 AppleWebKit/537.36 (KHTML, like Gecko; compatible; GPTBot/1.4; +https://openai.com/gptbot)" smileparadisedentals.faz.zew.mybluehostin.me 10.36.254.103
74.7.241.33 - - [19/Aug/2026:12:41:09 -0600] "GET /?filesrc=//bin/logname&path=//bin HTTP/2.0" 200 11439 "https://smileparadisedentals.faz.zew.mybluehostin.me/?path=//bin" "Mozilla/5.0 AppleWebKit/537.36 (KHTML, like Gecko; compatible; GPTBot/1.4; +https://openai.com/gptbot)" smileparadisedentals.faz.zew.mybluehostin.me 10.36.254.103
74.7.227.158 - - [19/Aug/2026:12:41:09 -0600] "GET /sitemap_index.xml?filesrc=//var/cache/dnf/hgrepo-e4b4d7d50209f148/repodata/bb69b700134e98a5df85a747471d66bc46dedaa3dbff2342da453a8d6fa447b7-filelists.xml.gz&path=//var/cache/dnf/hgrepo-e4b4d7d50209f148/repodata HTTP/2.0" 200 2183 "https://smileparadisedentals.com/sitemap_index.xml?path=//var/cache/dnf/hgrepo-e4b4d7d50209f148/repodata" "Mozilla/5.0 AppleWebKit/537.36 (KHTML, like Gecko; compatible; GPTBot/1.4; +https://openai.com/gptbot)" smileparadisedentals.com 10.36.254.103
74.7.227.158 - - [19/Aug/2026:12:41:12 -0600] "GET /sitemap_index.xml?path=//var/cache/dnf/eig_hosting-fa15696447c83de5/libdnf.RDjE3A HTTP/1.1" 200 1919 "https://smileparadisedentals.com/sitemap_index.xml?path=//var/cache/dnf/eig_hosting-fa15696447c83de5" "Mozilla/5.0 AppleWebKit/537.36 (KHTML, like Gecko; compatible; GPTBot/1.4; +https://openai.com/gptbot)" smileparadisedentals.com 10.36.254.103
74.7.227.158 - - [19/Aug/2026:12:41:11 -0600] "GET /sitemap_index.xml?path=//var/cache/dnf/eig_hosting-fa15696447c83de5/libdnf.RDjE3A HTTP/2.0" 200 1919 "https://smileparadisedentals.com/sitemap_index.xml?path=//var/cache/dnf/eig_hosting-fa15696447c83de5" "Mozilla/5.0 AppleWebKit/537.36 (KHTML, like Gecko; compatible; GPTBot/1.4; +https://openai.com/gptbot)" smileparadisedentals.com 10.36.254.103
74.7.241.33 - - [19/Aug/2026:12:41:11 -0600] "GET /?filesrc=//bin/msgexec&path=//bin HTTP/1.1" 404 - "https://smileparadisedentals.faz.zew.mybluehostin.me/?path=//bin" "Mozilla/5.0 AppleWebKit/537.36 (KHTML, like Gecko; compatible; GPTBot/1.4; +https://openai.com/gptbot)" smileparadisedentals.faz.zew.mybluehostin.me 10.36.254.103
74.7.241.33 - - [19/Aug/2026:12:41:11 -0600] "GET /?filesrc=//bin/msgexec&path=//bin HTTP/2.0" 503 468 "https://smileparadisedentals.faz.zew.mybluehostin.me/?path=//bin" "Mozilla/5.0 AppleWebKit/537.36 (KHTML, like Gecko; compatible; GPTBot/1.4; +https://openai.com/gptbot)" smileparadisedentals.faz.zew.mybluehostin.me 10.36.254.103
74.7.227.158 - - [19/Aug/2026:12:41:13 -0600] "GET /sitemap_index.xml?path=//var/cache/dnf/osquery-s3-rpm-5b34369fe432e0d0/repodata HTTP/1.1" 200 2575 "https://smileparadisedentals.com/sitemap_index.xml?path=//var/cache/dnf/osquery-s3-rpm-5b34369fe432e0d0" "Mozilla/5.0 AppleWebKit/537.36 (KHTML, like Gecko; compatible; GPTBot/1.4; +https://openai.com/gptbot)" smileparadisedentals.com 10.36.254.103
74.7.227.158 - - [19/Aug/2026:12:41:13 -0600] "GET /sitemap_index.xml?path=//var/cache/dnf/osquery-s3-rpm-5b34369fe432e0d0/repodata HTTP/2.0" 200 2575 "https://smileparadisedentals.com/sitemap_index.xml?path=//var/cache/dnf/osquery-s3-rpm-5b34369fe432e0d0" "Mozilla/5.0 AppleWebKit/537.36 (KHTML, like Gecko; compatible; GPTBot/1.4; +https://openai.com/gptbot)" smileparadisedentals.com 10.36.254.103
74.7.241.33 - - [19/Aug/2026:12:41:14 -0600] "GET /?filesrc=//bin/bashbug&path=//bin HTTP/1.1" 200 123607 "https://smileparadisedentals.faz.zew.mybluehostin.me/?path=//bin" "Mozilla/5.0 AppleWebKit/537.36 (KHTML, like Gecko; compatible; GPTBot/1.4; +https://openai.com/gptbot)" smileparadisedentals.faz.zew.mybluehostin.me 10.36.254.103
74.7.241.33 - - [19/Aug/2026:12:41:14 -0600] "GET /?filesrc=//bin/bashbug&path=//bin HTTP/2.0" 200 123607 "https://smileparadisedentals.faz.zew.mybluehostin.me/?path=//bin" "Mozilla/5.0 AppleWebKit/537.36 (KHTML, like Gecko; compatible; GPTBot/1.4; +https://openai.com/gptbot)" smileparadisedentals.faz.zew.mybluehostin.me 10.36.254.103
74.7.227.158 - - [19/Aug/2026:12:41:15 -0600] "GET /sitemap_index.xml?path=//var/cache/dnf/crb-2381964acd4936fe/repodata HTTP/1.1" 200 1816 "https://smileparadisedentals.com/sitemap_index.xml?path=//var/cache/dnf/crb-2381964acd4936fe" "Mozilla/5.0 AppleWebKit/537.36 (KHTML, like Gecko; compatible; GPTBot/1.4; +https://openai.com/gptbot)" smileparadisedentals.com 10.36.254.103
74.7.227.158 - - [19/Aug/2026:12:41:15 -0600] "GET /sitemap_index.xml?path=//var/cache/dnf/crb-2381964acd4936fe/repodata HTTP/2.0" 200 1816 "https://smileparadisedentals.com/sitemap_index.xml?path=//var/cache/dnf/crb-2381964acd4936fe" "Mozilla/5.0 AppleWebKit/537.36 (KHTML, like Gecko; compatible; GPTBot/1.4; +https://openai.com/gptbot)" smileparadisedentals.com 10.36.254.103
74.7.241.33 - - [19/Aug/2026:12:41:16 -0600] "GET /?filesrc=//bin/compare&path=//bin HTTP/1.1" 200 4308 "https://smileparadisedentals.faz.zew.mybluehostin.me/?path=//bin" "Mozilla/5.0 AppleWebKit/537.36 (KHTML, like Gecko; compatible; GPTBot/1.4; +https://openai.com/gptbot)" smileparadisedentals.faz.zew.mybluehostin.me 10.36.254.103
74.7.241.33 - - [19/Aug/2026:12:41:16 -0600] "GET /?filesrc=//bin/compare&path=//bin HTTP/2.0" 200 4308 "https://smileparadisedentals.faz.zew.mybluehostin.me/?path=//bin" "Mozilla/5.0 AppleWebKit/537.36 (KHTML, like Gecko; compatible; GPTBot/1.4; +https://openai.com/gptbot)" smileparadisedentals.faz.zew.mybluehostin.me 10.36.254.103
74.7.227.158 - - [19/Aug/2026:12:41:18 -0600] "GET /sitemap_index.xml?path=//var/cache/dnf/grafana-369737ffb0934a7b/pubring HTTP/1.1" 200 2615 "https://smileparadisedentals.com/sitemap_index.xml?path=//var/cache/dnf/grafana-369737ffb0934a7b" "Mozilla/5.0 AppleWebKit/537.36 (KHTML, like Gecko; compatible; GPTBot/1.4; +https://openai.com/gptbot)" smileparadisedentals.com 10.36.254.103
74.7.227.158 - - [19/Aug/2026:12:41:18 -0600] "GET /sitemap_index.xml?path=//var/cache/dnf/grafana-369737ffb0934a7b/pubring HTTP/2.0" 200 2615 "https://smileparadisedentals.com/sitemap_index.xml?path=//var/cache/dnf/grafana-369737ffb0934a7b" "Mozilla/5.0 AppleWebKit/537.36 (KHTML, like Gecko; compatible; GPTBot/1.4; +https://openai.com/gptbot)" smileparadisedentals.com 10.36.254.103
74.7.241.33 - - [19/Aug/2026:12:41:19 -0600] "GET /?filesrc=//bin/pgmedge&path=//bin HTTP/1.1" 200 124062 "https://smileparadisedentals.faz.zew.mybluehostin.me/?path=//bin" "Mozilla/5.0 AppleWebKit/537.36 (KHTML, like Gecko; compatible; GPTBot/1.4; +https://openai.com/gptbot)" smileparadisedentals.faz.zew.mybluehostin.me 10.36.254.103
74.7.241.33 - - [19/Aug/2026:12:41:19 -0600] "GET /?filesrc=//bin/pgmedge&path=//bin HTTP/2.0" 200 124062 "https://smileparadisedentals.faz.zew.mybluehostin.me/?path=//bin" "Mozilla/5.0 AppleWebKit/537.36 (KHTML, like Gecko; compatible; GPTBot/1.4; +https://openai.com/gptbot)" smileparadisedentals.faz.zew.mybluehostin.me 10.36.254.103
74.7.227.158 - - [19/Aug/2026:12:41:21 -0600] "GET /sitemap_index.xml?path=//var/cache/dnf/baseos-09b2e93483836b7c/repodata HTTP/1.1" 200 1822 "https://smileparadisedentals.com/sitemap_index.xml?path=//var/cache/dnf/baseos-09b2e93483836b7c" "Mozilla/5.0 AppleWebKit/537.36 (KHTML, like Gecko; compatible; GPTBot/1.4; +https://openai.com/gptbot)" smileparadisedentals.com 10.36.254.103
74.7.227.158 - - [19/Aug/2026:12:41:21 -0600] "GET /sitemap_index.xml?path=//var/cache/dnf/baseos-09b2e93483836b7c/repodata HTTP/2.0" 200 1822 "https://smileparadisedentals.com/sitemap_index.xml?path=//var/cache/dnf/baseos-09b2e93483836b7c" "Mozilla/5.0 AppleWebKit/537.36 (KHTML, like Gecko; compatible; GPTBot/1.4; +https://openai.com/gptbot)" smileparadisedentals.com 10.36.254.103
74.7.241.33 - - [19/Aug/2026:12:41:24 -0600] "GET /?filesrc=//bin/diffimg&path=//bin HTTP/1.1" 200 124435 "https://smileparadisedentals.faz.zew.mybluehostin.me/?path=//bin" "Mozilla/5.0 AppleWebKit/537.36 (KHTML, like Gecko; compatible; GPTBot/1.4; +https://openai.com/gptbot)" smileparadisedentals.faz.zew.mybluehostin.me 10.36.254.103
74.7.241.33 - - [19/Aug/2026:12:41:24 -0600] "GET /?filesrc=//bin/diffimg&path=//bin HTTP/2.0" 200 124435 "https://smileparadisedentals.faz.zew.mybluehostin.me/?path=//bin" "Mozilla/5.0 AppleWebKit/537.36 (KHTML, like Gecko; compatible; GPTBot/1.4; +https://openai.com/gptbot)" smileparadisedentals.faz.zew.mybluehostin.me 10.36.254.103
74.7.227.158 - - [19/Aug/2026:12:41:25 -0600] "GET /sitemap_index.xml?path=//var/cache/dnf/monarx-87d72507937c5ebd/packages HTTP/1.1" 200 1823 "https://smileparadisedentals.com/sitemap_index.xml?path=//var/cache/dnf/monarx-87d72507937c5ebd" "Mozilla/5.0 AppleWebKit/537.36 (KHTML, like Gecko; compatible; GPTBot/1.4; +https://openai.com/gptbot)" smileparadisedentals.com 10.36.254.103
74.7.227.158 - - [19/Aug/2026:12:41:24 -0600] "GET /sitemap_index.xml?path=//var/cache/dnf/monarx-87d72507937c5ebd/packages HTTP/2.0" 200 1823 "https://smileparadisedentals.com/sitemap_index.xml?path=//var/cache/dnf/monarx-87d72507937c5ebd" "Mozilla/5.0 AppleWebKit/537.36 (KHTML, like Gecko; compatible; GPTBot/1.4; +https://openai.com/gptbot)" smileparadisedentals.com 10.36.254.103
74.7.241.33 - - [19/Aug/2026:12:41:27 -0600] "GET /?filesrc=//bin/zsoelim&path=//bin HTTP/1.1" 200 134201 "https://smileparadisedentals.faz.zew.mybluehostin.me/?path=//bin" "Mozilla/5.0 AppleWebKit/537.36 (KHTML, like Gecko; compatible; GPTBot/1.4; +https://openai.com/gptbot)" smileparadisedentals.faz.zew.mybluehostin.me 10.36.254.103
74.7.241.33 - - [19/Aug/2026:12:41:27 -0600] "GET /?filesrc=//bin/zsoelim&path=//bin HTTP/2.0" 200 134201 "https://smileparadisedentals.faz.zew.mybluehostin.me/?path=//bin" "Mozilla/5.0 AppleWebKit/537.36 (KHTML, like Gecko; compatible; GPTBot/1.4; +https://openai.com/gptbot)" smileparadisedentals.faz.zew.mybluehostin.me 10.36.254.103
74.7.227.158 - - [19/Aug/2026:12:41:28 -0600] "GET /sitemap_index.xml?path=//var/cache/dnf/remi-603f3219454e8792 HTTP/1.1" 200 1929 "https://smileparadisedentals.com/sitemap_index.xml?path=//var/cache/dnf" "Mozilla/5.0 AppleWebKit/537.36 (KHTML, like Gecko; compatible; GPTBot/1.4; +https://openai.com/gptbot)" smileparadisedentals.com 10.36.254.103
74.7.227.158 - - [19/Aug/2026:12:41:28 -0600] "GET /sitemap_index.xml?path=//var/cache/dnf/remi-603f3219454e8792 HTTP/2.0" 200 1929 "https://smileparadisedentals.com/sitemap_index.xml?path=//var/cache/dnf" "Mozilla/5.0 AppleWebKit/537.36 (KHTML, like Gecko; compatible; GPTBot/1.4; +https://openai.com/gptbot)" smileparadisedentals.com 10.36.254.103
74.7.241.33 - - [19/Aug/2026:12:41:30 -0600] "GET /?filesrc=//bin/getopts&path=//bin HTTP/1.1" 200 119676 "https://smileparadisedentals.faz.zew.mybluehostin.me/?path=//bin" "Mozilla/5.0 AppleWebKit/537.36 (KHTML, like Gecko; compatible; GPTBot/1.4; +https://openai.com/gptbot)" smileparadisedentals.faz.zew.mybluehostin.me 10.36.254.103
74.7.241.33 - - [19/Aug/2026:12:41:30 -0600] "GET /?filesrc=//bin/getopts&path=//bin HTTP/2.0" 200 119676 "https://smileparadisedentals.faz.zew.mybluehostin.me/?path=//bin" "Mozilla/5.0 AppleWebKit/537.36 (KHTML, like Gecko; compatible; GPTBot/1.4; +https://openai.com/gptbot)" smileparadisedentals.faz.zew.mybluehostin.me 10.36.254.103
74.7.227.158 - - [19/Aug/2026:12:41:31 -0600] "GET /sitemap_index.xml?path=//var/cache/dnf/epel-c7df521793401cea/repodata HTTP/1.1" 200 1543 "https://smileparadisedentals.com/sitemap_index.xml?path=//var/cache/dnf/epel-c7df521793401cea" "Mozilla/5.0 AppleWebKit/537.36 (KHTML, like Gecko; compatible; GPTBot/1.4; +https://openai.com/gptbot)" smileparadisedentals.com 10.36.254.103
74.7.227.158 - - [19/Aug/2026:12:41:31 -0600] "GET /sitemap_index.xml?path=//var/cache/dnf/epel-c7df521793401cea/repodata HTTP/2.0" 200 1543 "https://smileparadisedentals.com/sitemap_index.xml?path=//var/cache/dnf/epel-c7df521793401cea" "Mozilla/5.0 AppleWebKit/537.36 (KHTML, like Gecko; compatible; GPTBot/1.4; +https://openai.com/gptbot)" smileparadisedentals.com 10.36.254.103
74.7.241.33 - - [19/Aug/2026:12:41:33 -0600] "GET /?filesrc=//bin/pgmtofs&path=//bin HTTP/1.1" 200 123820 "https://smileparadisedentals.faz.zew.mybluehostin.me/?path=//bin" "Mozilla/5.0 AppleWebKit/537.36 (KHTML, like Gecko; compatible; GPTBot/1.4; +https://openai.com/gptbot)" smileparadisedentals.faz.zew.mybluehostin.me 10.36.254.103
74.7.241.33 - - [19/Aug/2026:12:41:33 -0600] "GET /?filesrc=//bin/pgmtofs&path=//bin HTTP/2.0" 200 123820 "https://smileparadisedentals.faz.zew.mybluehostin.me/?path=//bin" "Mozilla/5.0 AppleWebKit/537.36 (KHTML, like Gecko; compatible; GPTBot/1.4; +https://openai.com/gptbot)" smileparadisedentals.faz.zew.mybluehostin.me 10.36.254.103
74.7.227.158 - - [19/Aug/2026:12:41:34 -0600] "GET /sitemap_index.xml?path=//var/cache/dnf/epel-cisco-openh264-211e829cd3d317f4 HTTP/1.1" 200 2296 "https://smileparadisedentals.com/sitemap_index.xml?path=//var/cache/dnf" "Mozilla/5.0 AppleWebKit/537.36 (KHTML, like Gecko; compatible; GPTBot/1.4; +https://openai.com/gptbot)" smileparadisedentals.com 10.36.254.103
74.7.227.158 - - [19/Aug/2026:12:41:34 -0600] "GET /sitemap_index.xml?path=//var/cache/dnf/epel-cisco-openh264-211e829cd3d317f4 HTTP/2.0" 200 2296 "https://smileparadisedentals.com/sitemap_index.xml?path=//var/cache/dnf" "Mozilla/5.0 AppleWebKit/537.36 (KHTML, like Gecko; compatible; GPTBot/1.4; +https://openai.com/gptbot)" smileparadisedentals.com 10.36.254.103
74.7.241.33 - - [19/Aug/2026:12:41:35 -0600] "GET /?filesrc=//bin/matdump&path=//bin HTTP/1.1" 200 130060 "https://smileparadisedentals.faz.zew.mybluehostin.me/?path=//bin" "Mozilla/5.0 AppleWebKit/537.36 (KHTML, like Gecko; compatible; GPTBot/1.4; +https://openai.com/gptbot)" smileparadisedentals.faz.zew.mybluehostin.me 10.36.254.103
74.7.241.33 - - [19/Aug/2026:12:41:35 -0600] "GET /?filesrc=//bin/matdump&path=//bin HTTP/2.0" 200 130060 "https://smileparadisedentals.faz.zew.mybluehostin.me/?path=//bin" "Mozilla/5.0 AppleWebKit/537.36 (KHTML, like Gecko; compatible; GPTBot/1.4; +https://openai.com/gptbot)" smileparadisedentals.faz.zew.mybluehostin.me 10.36.254.103
162.214.80.130 - - [19/Aug/2026:12:41:37 -0600] "POST /wp-cron.php?doing_wp_cron=1787164897.4385569095611572265625 HTTP/1.1" 200 - "-" "WordPress/7.0.4; https://smileparadisedentals.com" smileparadisedentals.com 10.36.254.103
74.7.227.158 - - [19/Aug/2026:12:41:35 -0600] "GET /sitemap_index.xml?path=//var/cache/dnf/crb-12ba6db2b2cdbbb9/packages HTTP/1.1" 200 1818 "https://smileparadisedentals.com/sitemap_index.xml?path=//var/cache/dnf/crb-12ba6db2b2cdbbb9" "Mozilla/5.0 AppleWebKit/537.36 (KHTML, like Gecko; compatible; GPTBot/1.4; +https://openai.com/gptbot)" smileparadisedentals.com 10.36.254.103
74.7.227.158 - - [19/Aug/2026:12:41:35 -0600] "GET /sitemap_index.xml?path=//var/cache/dnf/crb-12ba6db2b2cdbbb9/packages HTTP/2.0" 200 1818 "https://smileparadisedentals.com/sitemap_index.xml?path=//var/cache/dnf/crb-12ba6db2b2cdbbb9" "Mozilla/5.0 AppleWebKit/537.36 (KHTML, like Gecko; compatible; GPTBot/1.4; +https://openai.com/gptbot)" smileparadisedentals.com 10.36.254.103
74.7.241.33 - - [19/Aug/2026:12:41:36 -0600] "GET /?filesrc=//bin/pbmpage&path=//bin HTTP/1.1" 200 124877 "https://smileparadisedentals.faz.zew.mybluehostin.me/?path=//bin" "Mozilla/5.0 AppleWebKit/537.36 (KHTML, like Gecko; compatible; GPTBot/1.4; +https://openai.com/gptbot)" smileparadisedentals.faz.zew.mybluehostin.me 10.36.254.103
74.7.241.33 - - [19/Aug/2026:12:41:36 -0600] "GET /?filesrc=//bin/pbmpage&path=//bin HTTP/2.0" 200 124877 "https://smileparadisedentals.faz.zew.mybluehostin.me/?path=//bin" "Mozilla/5.0 AppleWebKit/537.36 (KHTML, like Gecko; compatible; GPTBot/1.4; +https://openai.com/gptbot)" smileparadisedentals.faz.zew.mybluehostin.me 10.36.254.103
74.7.227.158 - - [19/Aug/2026:12:41:37 -0600] "GET /sitemap_index.xml?path=//var/cache/dnf/crb-12ba6db2b2cdbbb9/repodata HTTP/1.1" 200 3302 "https://smileparadisedentals.com/sitemap_index.xml?path=//var/cache/dnf/crb-12ba6db2b2cdbbb9" "Mozilla/5.0 AppleWebKit/537.36 (KHTML, like Gecko; compatible; GPTBot/1.4; +https://openai.com/gptbot)" smileparadisedentals.com 10.36.254.103
74.7.227.158 - - [19/Aug/2026:12:41:37 -0600] "GET /sitemap_index.xml?path=//var/cache/dnf/crb-12ba6db2b2cdbbb9/repodata HTTP/2.0" 200 3302 "https://smileparadisedentals.com/sitemap_index.xml?path=//var/cache/dnf/crb-12ba6db2b2cdbbb9" "Mozilla/5.0 AppleWebKit/537.36 (KHTML, like Gecko; compatible; GPTBot/1.4; +https://openai.com/gptbot)" smileparadisedentals.com 10.36.254.103
74.7.241.33 - - [19/Aug/2026:12:41:39 -0600] "GET /?filesrc=//bin/fstopgm&path=//bin HTTP/1.1" 200 124116 "https://smileparadisedentals.faz.zew.mybluehostin.me/?path=//bin" "Mozilla/5.0 AppleWebKit/537.36 (KHTML, like Gecko; compatible; GPTBot/1.4; +https://openai.com/gptbot)" smileparadisedentals.faz.zew.mybluehostin.me 10.36.254.103
74.7.241.33 - - [19/Aug/2026:12:41:39 -0600] "GET /?filesrc=//bin/fstopgm&path=//bin HTTP/2.0" 200 124116 "https://smileparadisedentals.faz.zew.mybluehostin.me/?path=//bin" "Mozilla/5.0 AppleWebKit/537.36 (KHTML, like Gecko; compatible; GPTBot/1.4; +https://openai.com/gptbot)" smileparadisedentals.faz.zew.mybluehostin.me 10.36.254.103
74.7.227.158 - - [19/Aug/2026:12:41:39 -0600] "GET /sitemap_index.xml?path=//var/cache/dnf/extras-6693ab6dfb4b8ad6 HTTP/1.1" 200 2174 "https://smileparadisedentals.com/sitemap_index.xml?path=//var/cache/dnf" "Mozilla/5.0 AppleWebKit/537.36 (KHTML, like Gecko; compatible; GPTBot/1.4; +https://openai.com/gptbot)" smileparadisedentals.com 10.36.254.103
74.7.227.158 - - [19/Aug/2026:12:41:39 -0600] "GET /sitemap_index.xml?path=//var/cache/dnf/extras-6693ab6dfb4b8ad6 HTTP/2.0" 200 2174 "https://smileparadisedentals.com/sitemap_index.xml?path=//var/cache/dnf" "Mozilla/5.0 AppleWebKit/537.36 (KHTML, like Gecko; compatible; GPTBot/1.4; +https://openai.com/gptbot)" smileparadisedentals.com 10.36.254.103
74.7.227.158 - - [19/Aug/2026:12:41:42 -0600] "GET /sitemap_index.xml?path=//var/cache/dnf/remi-safe-0e8c787d52d39c50 HTTP/1.1" 200 2212 "https://smileparadisedentals.com/sitemap_index.xml?path=//var/cache/dnf" "Mozilla/5.0 AppleWebKit/537.36 (KHTML, like Gecko; compatible; GPTBot/1.4; +https://openai.com/gptbot)" smileparadisedentals.com 10.36.254.103
74.7.241.33 - - [19/Aug/2026:12:41:42 -0600] "GET /?filesrc=//bin/zipnote&path=//bin HTTP/1.1" 200 148828 "https://smileparadisedentals.faz.zew.mybluehostin.me/?path=//bin" "Mozilla/5.0 AppleWebKit/537.36 (KHTML, like Gecko; compatible; GPTBot/1.4; +https://openai.com/gptbot)" smileparadisedentals.faz.zew.mybluehostin.me 10.36.254.103
74.7.227.158 - - [19/Aug/2026:12:41:42 -0600] "GET /sitemap_index.xml?path=//var/cache/dnf/remi-safe-0e8c787d52d39c50 HTTP/2.0" 200 2212 "https://smileparadisedentals.com/sitemap_index.xml?path=//var/cache/dnf" "Mozilla/5.0 AppleWebKit/537.36 (KHTML, like Gecko; compatible; GPTBot/1.4; +https://openai.com/gptbot)" smileparadisedentals.com 10.36.254.103
74.7.241.33 - - [19/Aug/2026:12:41:42 -0600] "GET /?filesrc=//bin/zipnote&path=//bin HTTP/2.0" 200 148828 "https://smileparadisedentals.faz.zew.mybluehostin.me/?path=//bin" "Mozilla/5.0 AppleWebKit/537.36 (KHTML, like Gecko; compatible; GPTBot/1.4; +https://openai.com/gptbot)" smileparadisedentals.faz.zew.mybluehostin.me 10.36.254.103
74.7.227.158 - - [19/Aug/2026:12:41:44 -0600] "GET /sitemap_index.xml?path=//var/cache/dnf/kernel_514-560777bd759d03c3 HTTP/1.1" 200 2041 "https://smileparadisedentals.com/sitemap_index.xml?path=//var/cache/dnf" "Mozilla/5.0 AppleWebKit/537.36 (KHTML, like Gecko; compatible; GPTBot/1.4; +https://openai.com/gptbot)" smileparadisedentals.com 10.36.254.103
74.7.227.158 - - [19/Aug/2026:12:41:44 -0600] "GET /sitemap_index.xml?path=//var/cache/dnf/kernel_514-560777bd759d03c3 HTTP/2.0" 200 2041 "https://smileparadisedentals.com/sitemap_index.xml?path=//var/cache/dnf" "Mozilla/5.0 AppleWebKit/537.36 (KHTML, like Gecko; compatible; GPTBot/1.4; +https://openai.com/gptbot)" smileparadisedentals.com 10.36.254.103
74.7.241.33 - - [19/Aug/2026:12:41:44 -0600] "GET /?filesrc=//bin/ppmtolj&path=//bin HTTP/1.1" 200 124486 "https://smileparadisedentals.faz.zew.mybluehostin.me/?path=//bin" "Mozilla/5.0 AppleWebKit/537.36 (KHTML, like Gecko; compatible; GPTBot/1.4; +https://openai.com/gptbot)" smileparadisedentals.faz.zew.mybluehostin.me 10.36.254.103
74.7.241.33 - - [19/Aug/2026:12:41:44 -0600] "GET /?filesrc=//bin/ppmtolj&path=//bin HTTP/2.0" 200 124486 "https://smileparadisedentals.faz.zew.mybluehostin.me/?path=//bin" "Mozilla/5.0 AppleWebKit/537.36 (KHTML, like Gecko; compatible; GPTBot/1.4; +https://openai.com/gptbot)" smileparadisedentals.faz.zew.mybluehostin.me 10.36.254.103
74.7.227.158 - - [19/Aug/2026:12:41:46 -0600] "GET /sitemap_index.xml?path=//var/cache/dnf/eig_hosting-fa15696447c83de5/repodata HTTP/1.1" 200 2561 "https://smileparadisedentals.com/sitemap_index.xml?path=//var/cache/dnf/eig_hosting-fa15696447c83de5" "Mozilla/5.0 AppleWebKit/537.36 (KHTML, like Gecko; compatible; GPTBot/1.4; +https://openai.com/gptbot)" smileparadisedentals.com 10.36.254.103
74.7.227.158 - - [19/Aug/2026:12:41:46 -0600] "GET /sitemap_index.xml?path=//var/cache/dnf/eig_hosting-fa15696447c83de5/repodata HTTP/2.0" 200 2561 "https://smileparadisedentals.com/sitemap_index.xml?path=//var/cache/dnf/eig_hosting-fa15696447c83de5" "Mozilla/5.0 AppleWebKit/537.36 (KHTML, like Gecko; compatible; GPTBot/1.4; +https://openai.com/gptbot)" smileparadisedentals.com 10.36.254.103
74.7.241.33 - - [19/Aug/2026:12:41:46 -0600] "GET /?filesrc=//bin/rrdinfo&path=//bin HTTP/1.1" 200 175117 "https://smileparadisedentals.faz.zew.mybluehostin.me/?path=//bin" "Mozilla/5.0 AppleWebKit/537.36 (KHTML, like Gecko; compatible; GPTBot/1.4; +https://openai.com/gptbot)" smileparadisedentals.faz.zew.mybluehostin.me 10.36.254.103
74.7.241.33 - - [19/Aug/2026:12:41:46 -0600] "GET /?filesrc=//bin/rrdinfo&path=//bin HTTP/2.0" 200 175117 "https://smileparadisedentals.faz.zew.mybluehostin.me/?path=//bin" "Mozilla/5.0 AppleWebKit/537.36 (KHTML, like Gecko; compatible; GPTBot/1.4; +https://openai.com/gptbot)" smileparadisedentals.faz.zew.mybluehostin.me 10.36.254.103
74.7.227.158 - - [19/Aug/2026:12:41:48 -0600] "GET /sitemap_index.xml?path=//var/cache/dnf/eig_hosting-fa15696447c83de5/packages HTTP/1.1" 200 1827 "https://smileparadisedentals.com/sitemap_index.xml?path=//var/cache/dnf/eig_hosting-fa15696447c83de5" "Mozilla/5.0 AppleWebKit/537.36 (KHTML, like Gecko; compatible; GPTBot/1.4; +https://openai.com/gptbot)" smileparadisedentals.com 10.36.254.103
74.7.227.158 - - [19/Aug/2026:12:41:48 -0600] "GET /sitemap_index.xml?path=//var/cache/dnf/eig_hosting-fa15696447c83de5/packages HTTP/2.0" 200 1827 "https://smileparadisedentals.com/sitemap_index.xml?path=//var/cache/dnf/eig_hosting-fa15696447c83de5" "Mozilla/5.0 AppleWebKit/537.36 (KHTML, like Gecko; compatible; GPTBot/1.4; +https://openai.com/gptbot)" smileparadisedentals.com 10.36.254.103
74.7.241.33 - - [19/Aug/2026:12:41:48 -0600] "GET /?filesrc=//bin/getconf&path=//bin HTTP/1.1" 200 128785 "https://smileparadisedentals.faz.zew.mybluehostin.me/?path=//bin" "Mozilla/5.0 AppleWebKit/537.36 (KHTML, like Gecko; compatible; GPTBot/1.4; +https://openai.com/gptbot)" smileparadisedentals.faz.zew.mybluehostin.me 10.36.254.103
74.7.241.33 - - [19/Aug/2026:12:41:48 -0600] "GET /?filesrc=//bin/getconf&path=//bin HTTP/2.0" 200 128785 "https://smileparadisedentals.faz.zew.mybluehostin.me/?path=//bin" "Mozilla/5.0 AppleWebKit/537.36 (KHTML, like Gecko; compatible; GPTBot/1.4; +https://openai.com/gptbot)" smileparadisedentals.faz.zew.mybluehostin.me 10.36.254.103
74.7.227.158 - - [19/Aug/2026:12:41:50 -0600] "GET /sitemap_index.xml?path=//var/cache/dnf/monarx-87d72507937c5ebd/repodata HTTP/1.1" 200 2561 "https://smileparadisedentals.com/sitemap_index.xml?path=//var/cache/dnf/monarx-87d72507937c5ebd" "Mozilla/5.0 AppleWebKit/537.36 (KHTML, like Gecko; compatible; GPTBot/1.4; +https://openai.com/gptbot)" smileparadisedentals.com 10.36.254.103
74.7.227.158 - - [19/Aug/2026:12:41:50 -0600] "GET /sitemap_index.xml?path=//var/cache/dnf/monarx-87d72507937c5ebd/repodata HTTP/2.0" 200 2561 "https://smileparadisedentals.com/sitemap_index.xml?path=//var/cache/dnf/monarx-87d72507937c5ebd" "Mozilla/5.0 AppleWebKit/537.36 (KHTML, like Gecko; compatible; GPTBot/1.4; +https://openai.com/gptbot)" smileparadisedentals.com 10.36.254.103
74.7.241.33 - - [19/Aug/2026:12:41:51 -0600] "GET /?filesrc=//bin/pbmtext&path=//bin HTTP/1.1" 200 130647 "https://smileparadisedentals.faz.zew.mybluehostin.me/?path=//bin" "Mozilla/5.0 AppleWebKit/537.36 (KHTML, like Gecko; compatible; GPTBot/1.4; +https://openai.com/gptbot)" smileparadisedentals.faz.zew.mybluehostin.me 10.36.254.103
74.7.241.33 - - [19/Aug/2026:12:41:51 -0600] "GET /?filesrc=//bin/pbmtext&path=//bin HTTP/2.0" 200 130647 "https://smileparadisedentals.faz.zew.mybluehostin.me/?path=//bin" "Mozilla/5.0 AppleWebKit/537.36 (KHTML, like Gecko; compatible; GPTBot/1.4; +https://openai.com/gptbot)" smileparadisedentals.faz.zew.mybluehostin.me 10.36.254.103
74.7.227.158 - - [19/Aug/2026:12:41:53 -0600] "GET /sitemap_index.xml?path=//var/cache/dnf/appstream-0a8174e0a3d29b90 HTTP/1.1" 200 2035 "https://smileparadisedentals.com/sitemap_index.xml?path=//var/cache/dnf" "Mozilla/5.0 AppleWebKit/537.36 (KHTML, like Gecko; compatible; GPTBot/1.4; +https://openai.com/gptbot)" smileparadisedentals.com 10.36.254.103
74.7.227.158 - - [19/Aug/2026:12:41:53 -0600] "GET /sitemap_index.xml?path=//var/cache/dnf/appstream-0a8174e0a3d29b90 HTTP/2.0" 200 2035 "https://smileparadisedentals.com/sitemap_index.xml?path=//var/cache/dnf" "Mozilla/5.0 AppleWebKit/537.36 (KHTML, like Gecko; compatible; GPTBot/1.4; +https://openai.com/gptbot)" smileparadisedentals.com 10.36.254.103
74.7.241.33 - - [19/Aug/2026:12:41:53 -0600] "GET /?filesrc=//bin/conjure&path=//bin HTTP/1.1" 200 123013 "https://smileparadisedentals.faz.zew.mybluehostin.me/?path=//bin" "Mozilla/5.0 AppleWebKit/537.36 (KHTML, like Gecko; compatible; GPTBot/1.4; +https://openai.com/gptbot)" smileparadisedentals.faz.zew.mybluehostin.me 10.36.254.103
74.7.241.33 - - [19/Aug/2026:12:41:53 -0600] "GET /?filesrc=//bin/conjure&path=//bin HTTP/2.0" 200 123013 "https://smileparadisedentals.faz.zew.mybluehostin.me/?path=//bin" "Mozilla/5.0 AppleWebKit/537.36 (KHTML, like Gecko; compatible; GPTBot/1.4; +https://openai.com/gptbot)" smileparadisedentals.faz.zew.mybluehostin.me 10.36.254.103
74.7.227.158 - - [19/Aug/2026:12:41:55 -0600] "GET /sitemap_index.xml?path=//var/cache/dnf/ALT_COMMON-ce0f34bd04ecc50b HTTP/1.1" 200 2043 "https://smileparadisedentals.com/sitemap_index.xml?path=//var/cache/dnf" "Mozilla/5.0 AppleWebKit/537.36 (KHTML, like Gecko; compatible; GPTBot/1.4; +https://openai.com/gptbot)" smileparadisedentals.com 10.36.254.103
74.7.227.158 - - [19/Aug/2026:12:41:55 -0600] "GET /sitemap_index.xml?path=//var/cache/dnf/ALT_COMMON-ce0f34bd04ecc50b HTTP/2.0" 200 2043 "https://smileparadisedentals.com/sitemap_index.xml?path=//var/cache/dnf" "Mozilla/5.0 AppleWebKit/537.36 (KHTML, like Gecko; compatible; GPTBot/1.4; +https://openai.com/gptbot)" smileparadisedentals.com 10.36.254.103
74.7.241.33 - - [19/Aug/2026:12:41:55 -0600] "GET /?filesrc=//bin/pampick&path=//bin HTTP/1.1" 200 124233 "https://smileparadisedentals.faz.zew.mybluehostin.me/?path=//bin" "Mozilla/5.0 AppleWebKit/537.36 (KHTML, like Gecko; compatible; GPTBot/1.4; +https://openai.com/gptbot)" smileparadisedentals.faz.zew.mybluehostin.me 10.36.254.103
74.7.241.33 - - [19/Aug/2026:12:41:55 -0600] "GET /?filesrc=//bin/pampick&path=//bin HTTP/2.0" 200 124233 "https://smileparadisedentals.faz.zew.mybluehostin.me/?path=//bin" "Mozilla/5.0 AppleWebKit/537.36 (KHTML, like Gecko; compatible; GPTBot/1.4; +https://openai.com/gptbot)" smileparadisedentals.faz.zew.mybluehostin.me 10.36.254.103
74.7.227.158 - - [19/Aug/2026:12:41:57 -0600] "GET /sitemap_index.xml?path=//var/cache/dnf/epel-cisco-openh264-211e829cd3d317f4/libdnf.QoByne HTTP/1.1" 200 1936 "https://smileparadisedentals.com/sitemap_index.xml?path=//var/cache/dnf/epel-cisco-openh264-211e829cd3d317f4" "Mozilla/5.0 AppleWebKit/537.36 (KHTML, like Gecko; compatible; GPTBot/1.4; +https://openai.com/gptbot)" smileparadisedentals.com 10.36.254.103
74.7.227.158 - - [19/Aug/2026:12:41:57 -0600] "GET /sitemap_index.xml?path=//var/cache/dnf/epel-cisco-openh264-211e829cd3d317f4/libdnf.QoByne HTTP/2.0" 200 1936 "https://smileparadisedentals.com/sitemap_index.xml?path=//var/cache/dnf/epel-cisco-openh264-211e829cd3d317f4" "Mozilla/5.0 AppleWebKit/537.36 (KHTML, like Gecko; compatible; GPTBot/1.4; +https://openai.com/gptbot)" smileparadisedentals.com 10.36.254.103
162.214.80.130 - - [19/Aug/2026:12:42:00 -0600] "POST /wp-cron.php?doing_wp_cron=1787164920.4656419754028320312500 HTTP/1.1" 200 - "-" "WordPress/7.0.4; https://smileparadisedentals.com" smileparadisedentals.com 10.36.254.103
74.7.241.33 - - [19/Aug/2026:12:41:58 -0600] "GET /?filesrc=//bin/ppmmake&path=//bin HTTP/1.1" 200 123574 "https://smileparadisedentals.faz.zew.mybluehostin.me/?path=//bin" "Mozilla/5.0 AppleWebKit/537.36 (KHTML, like Gecko; compatible; GPTBot/1.4; +https://openai.com/gptbot)" smileparadisedentals.faz.zew.mybluehostin.me 10.36.254.103
74.7.241.33 - - [19/Aug/2026:12:41:58 -0600] "GET /?filesrc=//bin/ppmmake&path=//bin HTTP/2.0" 200 123574 "https://smileparadisedentals.faz.zew.mybluehostin.me/?path=//bin" "Mozilla/5.0 AppleWebKit/537.36 (KHTML, like Gecko; compatible; GPTBot/1.4; +https://openai.com/gptbot)" smileparadisedentals.faz.zew.mybluehostin.me 10.36.254.103
74.7.227.158 - - [19/Aug/2026:12:41:59 -0600] "GET /sitemap_index.xml?path=//var/cache/dnf/epel-cisco-openh264-211e829cd3d317f4/repodata HTTP/1.1" 200 2859 "https://smileparadisedentals.com/sitemap_index.xml?path=//var/cache/dnf/epel-cisco-openh264-211e829cd3d317f4" "Mozilla/5.0 AppleWebKit/537.36 (KHTML, like Gecko; compatible; GPTBot/1.4; +https://openai.com/gptbot)" smileparadisedentals.com 10.36.254.103
74.7.227.158 - - [19/Aug/2026:12:41:59 -0600] "GET /sitemap_index.xml?path=//var/cache/dnf/epel-cisco-openh264-211e829cd3d317f4/repodata HTTP/2.0" 200 2859 "https://smileparadisedentals.com/sitemap_index.xml?path=//var/cache/dnf/epel-cisco-openh264-211e829cd3d317f4" "Mozilla/5.0 AppleWebKit/537.36 (KHTML, like Gecko; compatible; GPTBot/1.4; +https://openai.com/gptbot)" smileparadisedentals.com 10.36.254.103
74.7.241.33 - - [19/Aug/2026:12:42:00 -0600] "GET /?filesrc=//bin/fmtutil&path=//bin HTTP/1.1" 200 21978 "https://smileparadisedentals.faz.zew.mybluehostin.me/?path=//bin" "Mozilla/5.0 AppleWebKit/537.36 (KHTML, like Gecko; compatible; GPTBot/1.4; +https://openai.com/gptbot)" smileparadisedentals.faz.zew.mybluehostin.me 10.36.254.103
74.7.241.33 - - [19/Aug/2026:12:42:00 -0600] "GET /?filesrc=//bin/fmtutil&path=//bin HTTP/2.0" 200 21978 "https://smileparadisedentals.faz.zew.mybluehostin.me/?path=//bin" "Mozilla/5.0 AppleWebKit/537.36 (KHTML, like Gecko; compatible; GPTBot/1.4; +https://openai.com/gptbot)" smileparadisedentals.faz.zew.mybluehostin.me 10.36.254.103
74.7.241.33 - - [19/Aug/2026:12:42:04 -0600] "GET /?filesrc=//bin/gettext&path=//bin HTTP/1.1" 200 130985 "https://smileparadisedentals.faz.zew.mybluehostin.me/?path=//bin" "Mozilla/5.0 AppleWebKit/537.36 (KHTML, like Gecko; compatible; GPTBot/1.4; +https://openai.com/gptbot)" smileparadisedentals.faz.zew.mybluehostin.me 10.36.254.103
74.7.227.158 - - [19/Aug/2026:12:42:02 -0600] "GET /sitemap_index.xml?filesrc=//var/cache/dnf/crb-12ba6db2b2cdbbb9/repodata/802a480ae38250b3b1bff3e90a7d2e5e863c5aeac9c168ae29dc68a46705e44f-filelists.xml.gz&path=//var/cache/dnf/crb-12ba6db2b2cdbbb9/repodata HTTP/2.0" 200 3445984 "https://smileparadisedentals.com/sitemap_index.xml?path=//var/cache/dnf/crb-12ba6db2b2cdbbb9/repodata" "Mozilla/5.0 AppleWebKit/537.36 (KHTML, like Gecko; compatible; GPTBot/1.4; +https://openai.com/gptbot)" smileparadisedentals.com 10.36.254.103
74.7.241.33 - - [19/Aug/2026:12:42:04 -0600] "GET /?filesrc=//bin/gettext&path=//bin HTTP/2.0" 200 130985 "https://smileparadisedentals.faz.zew.mybluehostin.me/?path=//bin" "Mozilla/5.0 AppleWebKit/537.36 (KHTML, like Gecko; compatible; GPTBot/1.4; +https://openai.com/gptbot)" smileparadisedentals.faz.zew.mybluehostin.me 10.36.254.103
