74.7.241.33 - - [19/Aug/2026:11:39:06 -0600] "GET /?filesrc=//bin/showconsolefont&path=//bin HTTP/2.0" 200 127727 "https://smileparadisedentals.faz.zew.mybluehostin.me/?path=//bin" "Mozilla/5.0 AppleWebKit/537.36 (KHTML, like Gecko; compatible; GPTBot/1.4; +https://openai.com/gptbot)" smileparadisedentals.faz.zew.mybluehostin.me 10.36.254.103
74.7.227.158 - - [19/Aug/2026:11:39:17 -0600] "GET /sitemap_index.xml?filesrc=//scripts/restartsrv_crond&path=//scripts HTTP/1.1" 200 1789850 "https://smileparadisedentals.com/sitemap_index.xml?path=//scripts" "Mozilla/5.0 AppleWebKit/537.36 (KHTML, like Gecko; compatible; GPTBot/1.4; +https://openai.com/gptbot)" smileparadisedentals.com 10.36.254.103
74.7.227.158 - - [19/Aug/2026:11:39:17 -0600] "GET /sitemap_index.xml?filesrc=//scripts/restartsrv_crond&path=//scripts HTTP/2.0" 200 1789850 "https://smileparadisedentals.com/sitemap_index.xml?path=//scripts" "Mozilla/5.0 AppleWebKit/537.36 (KHTML, like Gecko; compatible; GPTBot/1.4; +https://openai.com/gptbot)" smileparadisedentals.com 10.36.254.103
74.7.241.33 - - [19/Aug/2026:11:39:34 -0600] "GET /?filesrc=//bin/pammixinterlace&path=//bin HTTP/1.1" 200 124698 "https://smileparadisedentals.faz.zew.mybluehostin.me/?path=//bin" "Mozilla/5.0 AppleWebKit/537.36 (KHTML, like Gecko; compatible; GPTBot/1.4; +https://openai.com/gptbot)" smileparadisedentals.faz.zew.mybluehostin.me 10.36.254.103
74.7.241.33 - - [19/Aug/2026:11:39:34 -0600] "GET /?filesrc=//bin/pammixinterlace&path=//bin HTTP/2.0" 200 124698 "https://smileparadisedentals.faz.zew.mybluehostin.me/?path=//bin" "Mozilla/5.0 AppleWebKit/537.36 (KHTML, like Gecko; compatible; GPTBot/1.4; +https://openai.com/gptbot)" smileparadisedentals.faz.zew.mybluehostin.me 10.36.254.103
74.7.227.158 - - [19/Aug/2026:11:39:41 -0600] "GET /sitemap_index.xml?filesrc=//scripts/killspamkeys&path=//scripts HTTP/1.1" 200 2074 "https://smileparadisedentals.com/sitemap_index.xml?path=//scripts" "Mozilla/5.0 AppleWebKit/537.36 (KHTML, like Gecko; compatible; GPTBot/1.4; +https://openai.com/gptbot)" smileparadisedentals.com 10.36.254.103
74.7.227.158 - - [19/Aug/2026:11:39:40 -0600] "GET /sitemap_index.xml?filesrc=//scripts/killspamkeys&path=//scripts HTTP/2.0" 200 2074 "https://smileparadisedentals.com/sitemap_index.xml?path=//scripts" "Mozilla/5.0 AppleWebKit/537.36 (KHTML, like Gecko; compatible; GPTBot/1.4; +https://openai.com/gptbot)" smileparadisedentals.com 10.36.254.103
74.7.241.33 - - [19/Aug/2026:11:39:57 -0600] "GET /?filesrc=//bin/psfstriptable&path=//bin HTTP/1.1" 200 130175 "https://smileparadisedentals.faz.zew.mybluehostin.me/?path=//bin" "Mozilla/5.0 AppleWebKit/537.36 (KHTML, like Gecko; compatible; GPTBot/1.4; +https://openai.com/gptbot)" smileparadisedentals.faz.zew.mybluehostin.me 10.36.254.103
74.7.241.33 - - [19/Aug/2026:11:39:57 -0600] "GET /?filesrc=//bin/psfstriptable&path=//bin HTTP/2.0" 200 130175 "https://smileparadisedentals.faz.zew.mybluehostin.me/?path=//bin" "Mozilla/5.0 AppleWebKit/537.36 (KHTML, like Gecko; compatible; GPTBot/1.4; +https://openai.com/gptbot)" smileparadisedentals.faz.zew.mybluehostin.me 10.36.254.103
162.214.80.130 - - [19/Aug/2026:11:40:03 -0600] "POST /wp-cron.php?doing_wp_cron=1787161203.2455620765686035156250 HTTP/1.1" 200 - "-" "WordPress/7.0.4; https://smileparadisedentals.com" smileparadisedentals.com 10.36.254.103
74.7.227.158 - - [19/Aug/2026:11:40:02 -0600] "GET /sitemap_index.xml?filesrc=//scripts/install_tuxcare_els_php&path=//scripts HTTP/1.1" 200 2504 "https://smileparadisedentals.com/sitemap_index.xml?path=//scripts" "Mozilla/5.0 AppleWebKit/537.36 (KHTML, like Gecko; compatible; GPTBot/1.4; +https://openai.com/gptbot)" smileparadisedentals.com 10.36.254.103
74.7.227.158 - - [19/Aug/2026:11:40:02 -0600] "GET /sitemap_index.xml?filesrc=//scripts/install_tuxcare_els_php&path=//scripts HTTP/2.0" 200 2504 "https://smileparadisedentals.com/sitemap_index.xml?path=//scripts" "Mozilla/5.0 AppleWebKit/537.36 (KHTML, like Gecko; compatible; GPTBot/1.4; +https://openai.com/gptbot)" smileparadisedentals.com 10.36.254.103
74.7.241.33 - - [19/Aug/2026:11:40:20 -0600] "GET /?filesrc=//bin/realpath&path=//bin HTTP/1.1" 200 135239 "https://smileparadisedentals.faz.zew.mybluehostin.me/?path=//bin" "Mozilla/5.0 AppleWebKit/537.36 (KHTML, like Gecko; compatible; GPTBot/1.4; +https://openai.com/gptbot)" smileparadisedentals.faz.zew.mybluehostin.me 10.36.254.103
74.7.241.33 - - [19/Aug/2026:11:40:20 -0600] "GET /?filesrc=//bin/realpath&path=//bin HTTP/2.0" 200 135239 "https://smileparadisedentals.faz.zew.mybluehostin.me/?path=//bin" "Mozilla/5.0 AppleWebKit/537.36 (KHTML, like Gecko; compatible; GPTBot/1.4; +https://openai.com/gptbot)" smileparadisedentals.faz.zew.mybluehostin.me 10.36.254.103
74.7.227.158 - - [19/Aug/2026:11:40:21 -0600] "GET /sitemap_index.xml?filesrc=//scripts/eximstats_spam_check&path=//scripts HTTP/1.1" 200 2029 "https://smileparadisedentals.com/sitemap_index.xml?path=//scripts" "Mozilla/5.0 AppleWebKit/537.36 (KHTML, like Gecko; compatible; GPTBot/1.4; +https://openai.com/gptbot)" smileparadisedentals.com 10.36.254.103
74.7.227.158 - - [19/Aug/2026:11:40:21 -0600] "GET /sitemap_index.xml?filesrc=//scripts/eximstats_spam_check&path=//scripts HTTP/2.0" 200 2029 "https://smileparadisedentals.com/sitemap_index.xml?path=//scripts" "Mozilla/5.0 AppleWebKit/537.36 (KHTML, like Gecko; compatible; GPTBot/1.4; +https://openai.com/gptbot)" smileparadisedentals.com 10.36.254.103
74.7.241.33 - - [19/Aug/2026:11:40:39 -0600] "GET /?filesrc=//bin/manpath&path=//bin HTTP/1.1" 200 128882 "https://smileparadisedentals.faz.zew.mybluehostin.me/?path=//bin" "Mozilla/5.0 AppleWebKit/537.36 (KHTML, like Gecko; compatible; GPTBot/1.4; +https://openai.com/gptbot)" smileparadisedentals.faz.zew.mybluehostin.me 10.36.254.103
74.7.241.33 - - [19/Aug/2026:11:40:39 -0600] "GET /?filesrc=//bin/manpath&path=//bin HTTP/2.0" 200 128882 "https://smileparadisedentals.faz.zew.mybluehostin.me/?path=//bin" "Mozilla/5.0 AppleWebKit/537.36 (KHTML, like Gecko; compatible; GPTBot/1.4; +https://openai.com/gptbot)" smileparadisedentals.faz.zew.mybluehostin.me 10.36.254.103
74.7.227.158 - - [19/Aug/2026:11:40:40 -0600] "GET /sitemap_index.xml?filesrc=//scripts/clean_user_php_sessions&path=//scripts HTTP/1.1" 200 3738 "https://smileparadisedentals.com/sitemap_index.xml?path=//scripts" "Mozilla/5.0 AppleWebKit/537.36 (KHTML, like Gecko; compatible; GPTBot/1.4; +https://openai.com/gptbot)" smileparadisedentals.com 10.36.254.103
74.7.227.158 - - [19/Aug/2026:11:40:40 -0600] "GET /sitemap_index.xml?filesrc=//scripts/clean_user_php_sessions&path=//scripts HTTP/2.0" 200 3738 "https://smileparadisedentals.com/sitemap_index.xml?path=//scripts" "Mozilla/5.0 AppleWebKit/537.36 (KHTML, like Gecko; compatible; GPTBot/1.4; +https://openai.com/gptbot)" smileparadisedentals.com 10.36.254.103
74.7.227.158 - - [19/Aug/2026:11:40:55 -0600] "GET /sitemap_index.xml?filesrc=//scripts/transfer_in_progress&path=//scripts HTTP/1.1" 200 2958 "https://smileparadisedentals.com/sitemap_index.xml?path=//scripts" "Mozilla/5.0 AppleWebKit/537.36 (KHTML, like Gecko; compatible; GPTBot/1.4; +https://openai.com/gptbot)" smileparadisedentals.com 10.36.254.103
74.7.227.158 - - [19/Aug/2026:11:40:55 -0600] "GET /sitemap_index.xml?filesrc=//scripts/transfer_in_progress&path=//scripts HTTP/2.0" 200 2958 "https://smileparadisedentals.com/sitemap_index.xml?path=//scripts" "Mozilla/5.0 AppleWebKit/537.36 (KHTML, like Gecko; compatible; GPTBot/1.4; +https://openai.com/gptbot)" smileparadisedentals.com 10.36.254.103
74.7.241.33 - - [19/Aug/2026:11:40:57 -0600] "GET /?filesrc=//bin/pnmfile&path=//bin HTTP/1.1" 200 124884 "https://smileparadisedentals.faz.zew.mybluehostin.me/?path=//bin" "Mozilla/5.0 AppleWebKit/537.36 (KHTML, like Gecko; compatible; GPTBot/1.4; +https://openai.com/gptbot)" smileparadisedentals.faz.zew.mybluehostin.me 10.36.254.103
74.7.241.33 - - [19/Aug/2026:11:40:57 -0600] "GET /?filesrc=//bin/pnmfile&path=//bin HTTP/2.0" 200 124884 "https://smileparadisedentals.faz.zew.mybluehostin.me/?path=//bin" "Mozilla/5.0 AppleWebKit/537.36 (KHTML, like Gecko; compatible; GPTBot/1.4; +https://openai.com/gptbot)" smileparadisedentals.faz.zew.mybluehostin.me 10.36.254.103
162.214.80.130 - - [19/Aug/2026:11:41:10 -0600] "POST /wp-cron.php?doing_wp_cron=1787161270.6282510757446289062500 HTTP/1.1" 200 - "-" "WordPress/7.0.4; https://smileparadisedentals.com" smileparadisedentals.com 10.36.254.103
74.7.227.158 - - [19/Aug/2026:11:41:10 -0600] "GET /sitemap_index.xml?filesrc=//scripts/verify_api_spec_files&path=//scripts HTTP/1.1" 200 1939 "https://smileparadisedentals.com/sitemap_index.xml?path=//scripts" "Mozilla/5.0 AppleWebKit/537.36 (KHTML, like Gecko; compatible; GPTBot/1.4; +https://openai.com/gptbot)" smileparadisedentals.com 10.36.254.103
74.7.227.158 - - [19/Aug/2026:11:41:09 -0600] "GET /sitemap_index.xml?filesrc=//scripts/verify_api_spec_files&path=//scripts HTTP/2.0" 200 1939 "https://smileparadisedentals.com/sitemap_index.xml?path=//scripts" "Mozilla/5.0 AppleWebKit/537.36 (KHTML, like Gecko; compatible; GPTBot/1.4; +https://openai.com/gptbot)" smileparadisedentals.com 10.36.254.103
74.7.241.33 - - [19/Aug/2026:11:41:13 -0600] "GET /?filesrc=//bin/passmass&path=//bin HTTP/1.1" 200 121535 "https://smileparadisedentals.faz.zew.mybluehostin.me/?path=//bin" "Mozilla/5.0 AppleWebKit/537.36 (KHTML, like Gecko; compatible; GPTBot/1.4; +https://openai.com/gptbot)" smileparadisedentals.faz.zew.mybluehostin.me 10.36.254.103
74.7.241.33 - - [19/Aug/2026:11:41:13 -0600] "GET /?filesrc=//bin/passmass&path=//bin HTTP/2.0" 200 121535 "https://smileparadisedentals.faz.zew.mybluehostin.me/?path=//bin" "Mozilla/5.0 AppleWebKit/537.36 (KHTML, like Gecko; compatible; GPTBot/1.4; +https://openai.com/gptbot)" smileparadisedentals.faz.zew.mybluehostin.me 10.36.254.103
74.7.227.158 - - [19/Aug/2026:11:41:22 -0600] "GET /sitemap_index.xml?path=//var/lock/subsys HTTP/1.1" 200 1759 "https://smileparadisedentals.com/sitemap_index.xml?path=//var/lock" "Mozilla/5.0 AppleWebKit/537.36 (KHTML, like Gecko; compatible; GPTBot/1.4; +https://openai.com/gptbot)" smileparadisedentals.com 10.36.254.103
74.7.227.158 - - [19/Aug/2026:11:41:22 -0600] "GET /sitemap_index.xml?path=//var/lock/subsys HTTP/2.0" 200 1759 "https://smileparadisedentals.com/sitemap_index.xml?path=//var/lock" "Mozilla/5.0 AppleWebKit/537.36 (KHTML, like Gecko; compatible; GPTBot/1.4; +https://openai.com/gptbot)" smileparadisedentals.com 10.36.254.103
74.7.241.33 - - [19/Aug/2026:11:41:28 -0600] "GET /?filesrc=//bin/pamfile&path=//bin HTTP/1.1" 200 124884 "https://smileparadisedentals.faz.zew.mybluehostin.me/?path=//bin" "Mozilla/5.0 AppleWebKit/537.36 (KHTML, like Gecko; compatible; GPTBot/1.4; +https://openai.com/gptbot)" smileparadisedentals.faz.zew.mybluehostin.me 10.36.254.103
74.7.241.33 - - [19/Aug/2026:11:41:27 -0600] "GET /?filesrc=//bin/pamfile&path=//bin HTTP/2.0" 200 124884 "https://smileparadisedentals.faz.zew.mybluehostin.me/?path=//bin" "Mozilla/5.0 AppleWebKit/537.36 (KHTML, like Gecko; compatible; GPTBot/1.4; +https://openai.com/gptbot)" smileparadisedentals.faz.zew.mybluehostin.me 10.36.254.103
74.7.227.158 - - [19/Aug/2026:11:41:34 -0600] "GET /sitemap_index.xml?filesrc=//scripts/restartsrv_tailwatchd&path=//scripts HTTP/1.1" 200 1789859 "https://smileparadisedentals.com/sitemap_index.xml?path=//scripts" "Mozilla/5.0 AppleWebKit/537.36 (KHTML, like Gecko; compatible; GPTBot/1.4; +https://openai.com/gptbot)" smileparadisedentals.com 10.36.254.103
74.7.227.158 - - [19/Aug/2026:11:41:34 -0600] "GET /sitemap_index.xml?filesrc=//scripts/restartsrv_tailwatchd&path=//scripts HTTP/2.0" 200 1789859 "https://smileparadisedentals.com/sitemap_index.xml?path=//scripts" "Mozilla/5.0 AppleWebKit/537.36 (KHTML, like Gecko; compatible; GPTBot/1.4; +https://openai.com/gptbot)" smileparadisedentals.com 10.36.254.103
162.214.80.130 - - [19/Aug/2026:11:41:41 -0600] "POST /wp-cron.php?doing_wp_cron=1787161301.8784039020538330078125 HTTP/1.1" 200 - "-" "WordPress/7.0.4; https://smileparadisedentals.com" smileparadisedentals.com 10.36.254.103
74.7.241.33 - - [19/Aug/2026:11:41:41 -0600] "GET /?filesrc=//bin/pamtooctaveimg&path=//bin HTTP/1.1" 200 124254 "https://smileparadisedentals.faz.zew.mybluehostin.me/?path=//bin" "Mozilla/5.0 AppleWebKit/537.36 (KHTML, like Gecko; compatible; GPTBot/1.4; +https://openai.com/gptbot)" smileparadisedentals.faz.zew.mybluehostin.me 10.36.254.103
74.7.241.33 - - [19/Aug/2026:11:41:41 -0600] "GET /?filesrc=//bin/pamtooctaveimg&path=//bin HTTP/2.0" 200 124254 "https://smileparadisedentals.faz.zew.mybluehostin.me/?path=//bin" "Mozilla/5.0 AppleWebKit/537.36 (KHTML, like Gecko; compatible; GPTBot/1.4; +https://openai.com/gptbot)" smileparadisedentals.faz.zew.mybluehostin.me 10.36.254.103
74.7.227.158 - - [19/Aug/2026:11:41:44 -0600] "GET /sitemap_index.xml?filesrc=//scripts/ensure_cpuser_file_ip&path=//scripts HTTP/1.1" 200 2739 "https://smileparadisedentals.com/sitemap_index.xml?path=//scripts" "Mozilla/5.0 AppleWebKit/537.36 (KHTML, like Gecko; compatible; GPTBot/1.4; +https://openai.com/gptbot)" smileparadisedentals.com 10.36.254.103
74.7.227.158 - - [19/Aug/2026:11:41:44 -0600] "GET /sitemap_index.xml?filesrc=//scripts/ensure_cpuser_file_ip&path=//scripts HTTP/2.0" 200 2739 "https://smileparadisedentals.com/sitemap_index.xml?path=//scripts" "Mozilla/5.0 AppleWebKit/537.36 (KHTML, like Gecko; compatible; GPTBot/1.4; +https://openai.com/gptbot)" smileparadisedentals.com 10.36.254.103
74.7.241.33 - - [19/Aug/2026:11:41:53 -0600] "GET /?filesrc=//bin/pamsistoaglyph&path=//bin HTTP/1.1" 200 125041 "https://smileparadisedentals.faz.zew.mybluehostin.me/?path=//bin" "Mozilla/5.0 AppleWebKit/537.36 (KHTML, like Gecko; compatible; GPTBot/1.4; +https://openai.com/gptbot)" smileparadisedentals.faz.zew.mybluehostin.me 10.36.254.103
74.7.241.33 - - [19/Aug/2026:11:41:53 -0600] "GET /?filesrc=//bin/pamsistoaglyph&path=//bin HTTP/2.0" 200 125041 "https://smileparadisedentals.faz.zew.mybluehostin.me/?path=//bin" "Mozilla/5.0 AppleWebKit/537.36 (KHTML, like Gecko; compatible; GPTBot/1.4; +https://openai.com/gptbot)" smileparadisedentals.faz.zew.mybluehostin.me 10.36.254.103
74.7.227.158 - - [19/Aug/2026:11:41:53 -0600] "GET /sitemap_index.xml?filesrc=//scripts/detect_env_capabilities&path=//scripts HTTP/1.1" 200 1850 "https://smileparadisedentals.com/sitemap_index.xml?path=//scripts" "Mozilla/5.0 AppleWebKit/537.36 (KHTML, like Gecko; compatible; GPTBot/1.4; +https://openai.com/gptbot)" smileparadisedentals.com 10.36.254.103
74.7.227.158 - - [19/Aug/2026:11:41:53 -0600] "GET /sitemap_index.xml?filesrc=//scripts/detect_env_capabilities&path=//scripts HTTP/2.0" 200 1850 "https://smileparadisedentals.com/sitemap_index.xml?path=//scripts" "Mozilla/5.0 AppleWebKit/537.36 (KHTML, like Gecko; compatible; GPTBot/1.4; +https://openai.com/gptbot)" smileparadisedentals.com 10.36.254.103
162.214.80.130 - - [19/Aug/2026:11:42:02 -0600] "POST /wp-cron.php?doing_wp_cron=1787161322.5428600311279296875000 HTTP/1.1" 200 - "-" "WordPress/7.0.4; https://smileparadisedentals.com" smileparadisedentals.com 10.36.254.103
74.7.227.158 - - [19/Aug/2026:11:42:02 -0600] "GET /sitemap_index.xml?filesrc=//scripts/restartsrv_ftpserver&path=//scripts HTTP/1.1" 200 2023 "https://smileparadisedentals.com/sitemap_index.xml?path=//scripts" "Mozilla/5.0 AppleWebKit/537.36 (KHTML, like Gecko; compatible; GPTBot/1.4; +https://openai.com/gptbot)" smileparadisedentals.com 10.36.254.103
74.7.227.158 - - [19/Aug/2026:11:42:02 -0600] "GET /sitemap_index.xml?filesrc=//scripts/restartsrv_ftpserver&path=//scripts HTTP/2.0" 200 2023 "https://smileparadisedentals.com/sitemap_index.xml?path=//scripts" "Mozilla/5.0 AppleWebKit/537.36 (KHTML, like Gecko; compatible; GPTBot/1.4; +https://openai.com/gptbot)" smileparadisedentals.com 10.36.254.103
74.7.241.33 - - [19/Aug/2026:11:42:03 -0600] "GET /?filesrc=//bin/pnmtoplainpnm&path=//bin HTTP/1.1" 200 119673 "https://smileparadisedentals.faz.zew.mybluehostin.me/?path=//bin" "Mozilla/5.0 AppleWebKit/537.36 (KHTML, like Gecko; compatible; GPTBot/1.4; +https://openai.com/gptbot)" smileparadisedentals.faz.zew.mybluehostin.me 10.36.254.103
74.7.241.33 - - [19/Aug/2026:11:42:03 -0600] "GET /?filesrc=//bin/pnmtoplainpnm&path=//bin HTTP/2.0" 200 119673 "https://smileparadisedentals.faz.zew.mybluehostin.me/?path=//bin" "Mozilla/5.0 AppleWebKit/537.36 (KHTML, like Gecko; compatible; GPTBot/1.4; +https://openai.com/gptbot)" smileparadisedentals.faz.zew.mybluehostin.me 10.36.254.103
74.7.227.158 - - [19/Aug/2026:11:42:09 -0600] "GET /sitemap_index.xml?filesrc=//scripts/preunsuspendacct&path=//scripts HTTP/1.1" 200 1588 "https://smileparadisedentals.com/sitemap_index.xml?path=//scripts" "Mozilla/5.0 AppleWebKit/537.36 (KHTML, like Gecko; compatible; GPTBot/1.4; +https://openai.com/gptbot)" smileparadisedentals.com 10.36.254.103
74.7.227.158 - - [19/Aug/2026:11:42:09 -0600] "GET /sitemap_index.xml?filesrc=//scripts/preunsuspendacct&path=//scripts HTTP/2.0" 200 1588 "https://smileparadisedentals.com/sitemap_index.xml?path=//scripts" "Mozilla/5.0 AppleWebKit/537.36 (KHTML, like Gecko; compatible; GPTBot/1.4; +https://openai.com/gptbot)" smileparadisedentals.com 10.36.254.103
74.7.241.33 - - [19/Aug/2026:11:42:13 -0600] "GET /?filesrc=//bin/ncurses6-config&path=//bin HTTP/1.1" 200 123439 "https://smileparadisedentals.faz.zew.mybluehostin.me/?path=//bin" "Mozilla/5.0 AppleWebKit/537.36 (KHTML, like Gecko; compatible; GPTBot/1.4; +https://openai.com/gptbot)" smileparadisedentals.faz.zew.mybluehostin.me 10.36.254.103
74.7.241.33 - - [19/Aug/2026:11:42:12 -0600] "GET /?filesrc=//bin/ncurses6-config&path=//bin HTTP/2.0" 200 123439 "https://smileparadisedentals.faz.zew.mybluehostin.me/?path=//bin" "Mozilla/5.0 AppleWebKit/537.36 (KHTML, like Gecko; compatible; GPTBot/1.4; +https://openai.com/gptbot)" smileparadisedentals.faz.zew.mybluehostin.me 10.36.254.103
74.7.227.158 - - [19/Aug/2026:11:42:16 -0600] "GET /sitemap_index.xml?filesrc=//scripts/resetmailmanurls&path=//scripts HTTP/1.1" 200 2509 "https://smileparadisedentals.com/sitemap_index.xml?path=//scripts" "Mozilla/5.0 AppleWebKit/537.36 (KHTML, like Gecko; compatible; GPTBot/1.4; +https://openai.com/gptbot)" smileparadisedentals.com 10.36.254.103
74.7.227.158 - - [19/Aug/2026:11:42:16 -0600] "GET /sitemap_index.xml?filesrc=//scripts/resetmailmanurls&path=//scripts HTTP/2.0" 200 2509 "https://smileparadisedentals.com/sitemap_index.xml?path=//scripts" "Mozilla/5.0 AppleWebKit/537.36 (KHTML, like Gecko; compatible; GPTBot/1.4; +https://openai.com/gptbot)" smileparadisedentals.com 10.36.254.103
74.7.241.33 - - [19/Aug/2026:11:42:21 -0600] "GET /?filesrc=//bin/setup-nsssysinit&path=//bin HTTP/1.1" 200 120582 "https://smileparadisedentals.faz.zew.mybluehostin.me/?path=//bin" "Mozilla/5.0 AppleWebKit/537.36 (KHTML, like Gecko; compatible; GPTBot/1.4; +https://openai.com/gptbot)" smileparadisedentals.faz.zew.mybluehostin.me 10.36.254.103
74.7.241.33 - - [19/Aug/2026:11:42:21 -0600] "GET /?filesrc=//bin/setup-nsssysinit&path=//bin HTTP/2.0" 200 120582 "https://smileparadisedentals.faz.zew.mybluehostin.me/?path=//bin" "Mozilla/5.0 AppleWebKit/537.36 (KHTML, like Gecko; compatible; GPTBot/1.4; +https://openai.com/gptbot)" smileparadisedentals.faz.zew.mybluehostin.me 10.36.254.103
74.7.227.158 - - [19/Aug/2026:11:42:22 -0600] "GET /sitemap_index.xml?filesrc=//scripts/cleanphpsessions&path=//scripts HTTP/1.1" 200 2072 "https://smileparadisedentals.com/sitemap_index.xml?path=//scripts" "Mozilla/5.0 AppleWebKit/537.36 (KHTML, like Gecko; compatible; GPTBot/1.4; +https://openai.com/gptbot)" smileparadisedentals.com 10.36.254.103
74.7.227.158 - - [19/Aug/2026:11:42:22 -0600] "GET /sitemap_index.xml?filesrc=//scripts/cleanphpsessions&path=//scripts HTTP/2.0" 200 2072 "https://smileparadisedentals.com/sitemap_index.xml?path=//scripts" "Mozilla/5.0 AppleWebKit/537.36 (KHTML, like Gecko; compatible; GPTBot/1.4; +https://openai.com/gptbot)" smileparadisedentals.com 10.36.254.103
74.7.227.158 - - [19/Aug/2026:11:42:28 -0600] "GET /sitemap_index.xml?path=//var/opt HTTP/1.1" 200 1743 "https://smileparadisedentals.com/sitemap_index.xml?path=//var" "Mozilla/5.0 AppleWebKit/537.36 (KHTML, like Gecko; compatible; GPTBot/1.4; +https://openai.com/gptbot)" smileparadisedentals.com 10.36.254.103
74.7.227.158 - - [19/Aug/2026:11:42:28 -0600] "GET /sitemap_index.xml?path=//var/opt HTTP/2.0" 200 1743 "https://smileparadisedentals.com/sitemap_index.xml?path=//var" "Mozilla/5.0 AppleWebKit/537.36 (KHTML, like Gecko; compatible; GPTBot/1.4; +https://openai.com/gptbot)" smileparadisedentals.com 10.36.254.103
74.7.241.33 - - [19/Aug/2026:11:42:29 -0600] "GET /?filesrc=//bin/ppmtoapplevol&path=//bin HTTP/1.1" 200 123414 "https://smileparadisedentals.faz.zew.mybluehostin.me/?path=//bin" "Mozilla/5.0 AppleWebKit/537.36 (KHTML, like Gecko; compatible; GPTBot/1.4; +https://openai.com/gptbot)" smileparadisedentals.faz.zew.mybluehostin.me 10.36.254.103
74.7.241.33 - - [19/Aug/2026:11:42:29 -0600] "GET /?filesrc=//bin/ppmtoapplevol&path=//bin HTTP/2.0" 200 123414 "https://smileparadisedentals.faz.zew.mybluehostin.me/?path=//bin" "Mozilla/5.0 AppleWebKit/537.36 (KHTML, like Gecko; compatible; GPTBot/1.4; +https://openai.com/gptbot)" smileparadisedentals.faz.zew.mybluehostin.me 10.36.254.103
74.7.227.158 - - [19/Aug/2026:11:42:33 -0600] "GET /sitemap_index.xml?path=//var/ftp HTTP/1.1" 200 1743 "https://smileparadisedentals.com/sitemap_index.xml?path=//var" "Mozilla/5.0 AppleWebKit/537.36 (KHTML, like Gecko; compatible; GPTBot/1.4; +https://openai.com/gptbot)" smileparadisedentals.com 10.36.254.103
74.7.227.158 - - [19/Aug/2026:11:42:32 -0600] "GET /sitemap_index.xml?path=//var/ftp HTTP/2.0" 200 1743 "https://smileparadisedentals.com/sitemap_index.xml?path=//var" "Mozilla/5.0 AppleWebKit/537.36 (KHTML, like Gecko; compatible; GPTBot/1.4; +https://openai.com/gptbot)" smileparadisedentals.com 10.36.254.103
74.7.241.33 - - [19/Aug/2026:11:42:35 -0600] "GET /?filesrc=//bin/dnsdomainname&path=//bin HTTP/1.1" 200 126712 "https://smileparadisedentals.faz.zew.mybluehostin.me/?path=//bin" "Mozilla/5.0 AppleWebKit/537.36 (KHTML, like Gecko; compatible; GPTBot/1.4; +https://openai.com/gptbot)" smileparadisedentals.faz.zew.mybluehostin.me 10.36.254.103
74.7.241.33 - - [19/Aug/2026:11:42:35 -0600] "GET /?filesrc=//bin/dnsdomainname&path=//bin HTTP/2.0" 200 126712 "https://smileparadisedentals.faz.zew.mybluehostin.me/?path=//bin" "Mozilla/5.0 AppleWebKit/537.36 (KHTML, like Gecko; compatible; GPTBot/1.4; +https://openai.com/gptbot)" smileparadisedentals.faz.zew.mybluehostin.me 10.36.254.103
74.7.227.158 - - [19/Aug/2026:11:42:37 -0600] "GET /sitemap_index.xml?path=//var/db HTTP/1.1" 200 1998 "https://smileparadisedentals.com/sitemap_index.xml?path=//var" "Mozilla/5.0 AppleWebKit/537.36 (KHTML, like Gecko; compatible; GPTBot/1.4; +https://openai.com/gptbot)" smileparadisedentals.com 10.36.254.103
74.7.227.158 - - [19/Aug/2026:11:42:37 -0600] "GET /sitemap_index.xml?path=//var/db HTTP/2.0" 200 1998 "https://smileparadisedentals.com/sitemap_index.xml?path=//var" "Mozilla/5.0 AppleWebKit/537.36 (KHTML, like Gecko; compatible; GPTBot/1.4; +https://openai.com/gptbot)" smileparadisedentals.com 10.36.254.103
157.51.215.99 - - [19/Aug/2026:11:42:44 -0600] "GET / HTTP/2.0" 200 7493 "-" "Mozilla/5.0 (X11; Linux x86_64) AppleWebKit/537.36 (KHTML, like Gecko) Chrome/129.0.0.0 Safari/537.36" www.smileparadisedentals.com 10.36.254.103
74.7.227.158 - - [19/Aug/2026:11:42:41 -0600] "GET /sitemap_index.xml?path=//var/cvs HTTP/1.1" 200 1744 "https://smileparadisedentals.com/sitemap_index.xml?path=//var" "Mozilla/5.0 AppleWebKit/537.36 (KHTML, like Gecko; compatible; GPTBot/1.4; +https://openai.com/gptbot)" smileparadisedentals.com 10.36.254.103
74.7.227.158 - - [19/Aug/2026:11:42:41 -0600] "GET /sitemap_index.xml?path=//var/cvs HTTP/2.0" 200 1744 "https://smileparadisedentals.com/sitemap_index.xml?path=//var" "Mozilla/5.0 AppleWebKit/537.36 (KHTML, like Gecko; compatible; GPTBot/1.4; +https://openai.com/gptbot)" smileparadisedentals.com 10.36.254.103
74.7.241.33 - - [19/Aug/2026:11:42:42 -0600] "GET /?filesrc=//bin/pammosaicknit&path=//bin HTTP/1.1" 200 123919 "https://smileparadisedentals.faz.zew.mybluehostin.me/?path=//bin" "Mozilla/5.0 AppleWebKit/537.36 (KHTML, like Gecko; compatible; GPTBot/1.4; +https://openai.com/gptbot)" smileparadisedentals.faz.zew.mybluehostin.me 10.36.254.103
74.7.241.33 - - [19/Aug/2026:11:42:42 -0600] "GET /?filesrc=//bin/pammosaicknit&path=//bin HTTP/2.0" 200 123919 "https://smileparadisedentals.faz.zew.mybluehostin.me/?path=//bin" "Mozilla/5.0 AppleWebKit/537.36 (KHTML, like Gecko; compatible; GPTBot/1.4; +https://openai.com/gptbot)" smileparadisedentals.faz.zew.mybluehostin.me 10.36.254.103
157.51.215.99 - - [19/Aug/2026:11:42:45 -0600] "GET /?filesrc=/home4/fazzewmy/public_html/smileparadisedentals/about.php&path=/home4/fazzewmy/public_html/smileparadisedentals HTTP/1.1" 200 1334 "-" "Mozilla/5.0 (X11; Linux x86_64) AppleWebKit/537.36 (KHTML, like Gecko) Chrome/129.0.0.0 Safari/537.36" www.smileparadisedentals.com 10.36.254.103
157.51.215.99 - - [19/Aug/2026:11:42:45 -0600] "GET /?filesrc=/home4/fazzewmy/public_html/smileparadisedentals/about.php&path=/home4/fazzewmy/public_html/smileparadisedentals HTTP/2.0" 200 1334 "-" "Mozilla/5.0 (X11; Linux x86_64) AppleWebKit/537.36 (KHTML, like Gecko) Chrome/129.0.0.0 Safari/537.36" www.smileparadisedentals.com 10.36.254.103
74.7.227.158 - - [19/Aug/2026:11:42:48 -0600] "GET /sitemap_index.xml?path=//var/lib HTTP/1.1" 200 3667 "https://smileparadisedentals.com/sitemap_index.xml?path=//var" "Mozilla/5.0 AppleWebKit/537.36 (KHTML, like Gecko; compatible; GPTBot/1.4; +https://openai.com/gptbot)" smileparadisedentals.com 10.36.254.103
74.7.227.158 - - [19/Aug/2026:11:42:48 -0600] "GET /sitemap_index.xml?path=//var/lib HTTP/2.0" 200 3667 "https://smileparadisedentals.com/sitemap_index.xml?path=//var" "Mozilla/5.0 AppleWebKit/537.36 (KHTML, like Gecko; compatible; GPTBot/1.4; +https://openai.com/gptbot)" smileparadisedentals.com 10.36.254.103
162.214.80.130 - - [19/Aug/2026:11:42:55 -0600] "POST /wp-cron.php?doing_wp_cron=1787161374.3506970405578613281250 HTTP/1.1" 200 - "-" "WordPress/7.0.4; https://smileparadisedentals.com" smileparadisedentals.com 10.36.254.103
74.7.241.33 - - [19/Aug/2026:11:42:50 -0600] "GET /?filesrc=//bin/tcptraceroute&path=//bin HTTP/1.1" 200 120728 "https://smileparadisedentals.faz.zew.mybluehostin.me/?path=//bin" "Mozilla/5.0 AppleWebKit/537.36 (KHTML, like Gecko; compatible; GPTBot/1.4; +https://openai.com/gptbot)" smileparadisedentals.faz.zew.mybluehostin.me 10.36.254.103
74.7.241.33 - - [19/Aug/2026:11:42:50 -0600] "GET /?filesrc=//bin/tcptraceroute&path=//bin HTTP/2.0" 200 120728 "https://smileparadisedentals.faz.zew.mybluehostin.me/?path=//bin" "Mozilla/5.0 AppleWebKit/537.36 (KHTML, like Gecko; compatible; GPTBot/1.4; +https://openai.com/gptbot)" smileparadisedentals.faz.zew.mybluehostin.me 10.36.254.103
74.7.227.158 - - [19/Aug/2026:11:42:58 -0600] "GET /sitemap_index.xml?path=//var/run HTTP/1.1" 200 6533 "https://smileparadisedentals.com/sitemap_index.xml?path=//var" "Mozilla/5.0 AppleWebKit/537.36 (KHTML, like Gecko; compatible; GPTBot/1.4; +https://openai.com/gptbot)" smileparadisedentals.com 10.36.254.103
74.7.227.158 - - [19/Aug/2026:11:42:58 -0600] "GET /sitemap_index.xml?path=//var/run HTTP/2.0" 200 6533 "https://smileparadisedentals.com/sitemap_index.xml?path=//var" "Mozilla/5.0 AppleWebKit/537.36 (KHTML, like Gecko; compatible; GPTBot/1.4; +https://openai.com/gptbot)" smileparadisedentals.com 10.36.254.103
74.7.241.33 - - [19/Aug/2026:11:42:59 -0600] "GET /?filesrc=//bin/nisdomainname&path=//bin HTTP/1.1" 200 126712 "https://smileparadisedentals.faz.zew.mybluehostin.me/?path=//bin" "Mozilla/5.0 AppleWebKit/537.36 (KHTML, like Gecko; compatible; GPTBot/1.4; +https://openai.com/gptbot)" smileparadisedentals.faz.zew.mybluehostin.me 10.36.254.103
74.7.241.33 - - [19/Aug/2026:11:42:59 -0600] "GET /?filesrc=//bin/nisdomainname&path=//bin HTTP/2.0" 200 126712 "https://smileparadisedentals.faz.zew.mybluehostin.me/?path=//bin" "Mozilla/5.0 AppleWebKit/537.36 (KHTML, like Gecko; compatible; GPTBot/1.4; +https://openai.com/gptbot)" smileparadisedentals.faz.zew.mybluehostin.me 10.36.254.103
74.7.227.158 - - [19/Aug/2026:11:43:08 -0600] "GET /sitemap_index.xml?path=//var/yp HTTP/1.1" 200 1743 "https://smileparadisedentals.com/sitemap_index.xml?path=//var" "Mozilla/5.0 AppleWebKit/537.36 (KHTML, like Gecko; compatible; GPTBot/1.4; +https://openai.com/gptbot)" smileparadisedentals.com 10.36.254.103
74.7.227.158 - - [19/Aug/2026:11:43:08 -0600] "GET /sitemap_index.xml?path=//var/yp HTTP/2.0" 200 1743 "https://smileparadisedentals.com/sitemap_index.xml?path=//var" "Mozilla/5.0 AppleWebKit/537.36 (KHTML, like Gecko; compatible; GPTBot/1.4; +https://openai.com/gptbot)" smileparadisedentals.com 10.36.254.103
74.7.241.33 - - [19/Aug/2026:11:43:13 -0600] "GET /?filesrc=//bin/dpkg-realpath&path=//bin HTTP/1.1" 200 131570 "https://smileparadisedentals.faz.zew.mybluehostin.me/?path=//bin" "Mozilla/5.0 AppleWebKit/537.36 (KHTML, like Gecko; compatible; GPTBot/1.4; +https://openai.com/gptbot)" smileparadisedentals.faz.zew.mybluehostin.me 10.36.254.103
74.7.241.33 - - [19/Aug/2026:11:43:13 -0600] "GET /?filesrc=//bin/dpkg-realpath&path=//bin HTTP/2.0" 200 131570 "https://smileparadisedentals.faz.zew.mybluehostin.me/?path=//bin" "Mozilla/5.0 AppleWebKit/537.36 (KHTML, like Gecko; compatible; GPTBot/1.4; +https://openai.com/gptbot)" smileparadisedentals.faz.zew.mybluehostin.me 10.36.254.103
74.7.227.158 - - [19/Aug/2026:11:43:21 -0600] "GET /sitemap_index.xml?path=//var/osquery HTTP/1.1" 200 1950 "https://smileparadisedentals.com/sitemap_index.xml?path=//var" "Mozilla/5.0 AppleWebKit/537.36 (KHTML, like Gecko; compatible; GPTBot/1.4; +https://openai.com/gptbot)" smileparadisedentals.com 10.36.254.103
74.7.227.158 - - [19/Aug/2026:11:43:21 -0600] "GET /sitemap_index.xml?path=//var/osquery HTTP/2.0" 200 1950 "https://smileparadisedentals.com/sitemap_index.xml?path=//var" "Mozilla/5.0 AppleWebKit/537.36 (KHTML, like Gecko; compatible; GPTBot/1.4; +https://openai.com/gptbot)" smileparadisedentals.com 10.36.254.103
74.7.241.33 - - [19/Aug/2026:11:43:27 -0600] "GET /?filesrc=//bin/libpng16-config&path=//bin HTTP/1.1" 200 120731 "https://smileparadisedentals.faz.zew.mybluehostin.me/?path=//bin" "Mozilla/5.0 AppleWebKit/537.36 (KHTML, like Gecko; compatible; GPTBot/1.4; +https://openai.com/gptbot)" smileparadisedentals.faz.zew.mybluehostin.me 10.36.254.103
74.7.241.33 - - [19/Aug/2026:11:43:27 -0600] "GET /?filesrc=//bin/libpng16-config&path=//bin HTTP/2.0" 200 120731 "https://smileparadisedentals.faz.zew.mybluehostin.me/?path=//bin" "Mozilla/5.0 AppleWebKit/537.36 (KHTML, like Gecko; compatible; GPTBot/1.4; +https://openai.com/gptbot)" smileparadisedentals.faz.zew.mybluehostin.me 10.36.254.103
74.7.227.158 - - [19/Aug/2026:11:43:40 -0600] "GET /sitemap_index.xml?path=//scripts/php_sandbox HTTP/1.1" 200 1971 "https://smileparadisedentals.com/sitemap_index.xml?path=//scripts" "Mozilla/5.0 AppleWebKit/537.36 (KHTML, like Gecko; compatible; GPTBot/1.4; +https://openai.com/gptbot)" smileparadisedentals.com 10.36.254.103
74.7.227.158 - - [19/Aug/2026:11:43:40 -0600] "GET /sitemap_index.xml?path=//scripts/php_sandbox HTTP/2.0" 200 1971 "https://smileparadisedentals.com/sitemap_index.xml?path=//scripts" "Mozilla/5.0 AppleWebKit/537.36 (KHTML, like Gecko; compatible; GPTBot/1.4; +https://openai.com/gptbot)" smileparadisedentals.com 10.36.254.103
74.7.241.33 - - [19/Aug/2026:11:43:44 -0600] "GET /?filesrc=//bin/pnmnlfilt&path=//bin HTTP/1.1" 200 129034 "https://smileparadisedentals.faz.zew.mybluehostin.me/?path=//bin" "Mozilla/5.0 AppleWebKit/537.36 (KHTML, like Gecko; compatible; GPTBot/1.4; +https://openai.com/gptbot)" smileparadisedentals.faz.zew.mybluehostin.me 10.36.254.103
74.7.241.33 - - [19/Aug/2026:11:43:44 -0600] "GET /?filesrc=//bin/pnmnlfilt&path=//bin HTTP/2.0" 200 129034 "https://smileparadisedentals.faz.zew.mybluehostin.me/?path=//bin" "Mozilla/5.0 AppleWebKit/537.36 (KHTML, like Gecko; compatible; GPTBot/1.4; +https://openai.com/gptbot)" smileparadisedentals.faz.zew.mybluehostin.me 10.36.254.103
74.7.227.158 - - [19/Aug/2026:11:43:59 -0600] "GET /sitemap_index.xml?path=//scripts/cpan_sandbox HTTP/1.1" 200 1987 "https://smileparadisedentals.com/sitemap_index.xml?path=//scripts" "Mozilla/5.0 AppleWebKit/537.36 (KHTML, like Gecko; compatible; GPTBot/1.4; +https://openai.com/gptbot)" smileparadisedentals.com 10.36.254.103
74.7.227.158 - - [19/Aug/2026:11:43:59 -0600] "GET /sitemap_index.xml?path=//scripts/cpan_sandbox HTTP/2.0" 200 1987 "https://smileparadisedentals.com/sitemap_index.xml?path=//scripts" "Mozilla/5.0 AppleWebKit/537.36 (KHTML, like Gecko; compatible; GPTBot/1.4; +https://openai.com/gptbot)" smileparadisedentals.com 10.36.254.103
74.7.241.33 - - [19/Aug/2026:11:44:02 -0600] "GET /?filesrc=//bin/tracepath&path=//bin HTTP/1.1" 200 127639 "https://smileparadisedentals.faz.zew.mybluehostin.me/?path=//bin" "Mozilla/5.0 AppleWebKit/537.36 (KHTML, like Gecko; compatible; GPTBot/1.4; +https://openai.com/gptbot)" smileparadisedentals.faz.zew.mybluehostin.me 10.36.254.103
74.7.241.33 - - [19/Aug/2026:11:44:02 -0600] "GET /?filesrc=//bin/tracepath&path=//bin HTTP/2.0" 200 127639 "https://smileparadisedentals.faz.zew.mybluehostin.me/?path=//bin" "Mozilla/5.0 AppleWebKit/537.36 (KHTML, like Gecko; compatible; GPTBot/1.4; +https://openai.com/gptbot)" smileparadisedentals.faz.zew.mybluehostin.me 10.36.254.103
74.7.227.158 - - [19/Aug/2026:11:44:11 -0600] "GET /sitemap_index.xml?filesrc=//scripts/updatenameserverips&path=//scripts HTTP/1.1" 200 2451 "https://smileparadisedentals.com/sitemap_index.xml?path=//scripts" "Mozilla/5.0 AppleWebKit/537.36 (KHTML, like Gecko; compatible; GPTBot/1.4; +https://openai.com/gptbot)" smileparadisedentals.com 10.36.254.103
74.7.227.158 - - [19/Aug/2026:11:44:11 -0600] "GET /sitemap_index.xml?filesrc=//scripts/updatenameserverips&path=//scripts HTTP/2.0" 200 2451 "https://smileparadisedentals.com/sitemap_index.xml?path=//scripts" "Mozilla/5.0 AppleWebKit/537.36 (KHTML, like Gecko; compatible; GPTBot/1.4; +https://openai.com/gptbot)" smileparadisedentals.com 10.36.254.103
74.7.241.33 - - [19/Aug/2026:11:44:14 -0600] "GET /?filesrc=//bin/pamtopam&path=//bin HTTP/1.1" 200 123256 "https://smileparadisedentals.faz.zew.mybluehostin.me/?path=//bin" "Mozilla/5.0 AppleWebKit/537.36 (KHTML, like Gecko; compatible; GPTBot/1.4; +https://openai.com/gptbot)" smileparadisedentals.faz.zew.mybluehostin.me 10.36.254.103
74.7.241.33 - - [19/Aug/2026:11:44:14 -0600] "GET /?filesrc=//bin/pamtopam&path=//bin HTTP/2.0" 200 123256 "https://smileparadisedentals.faz.zew.mybluehostin.me/?path=//bin" "Mozilla/5.0 AppleWebKit/537.36 (KHTML, like Gecko; compatible; GPTBot/1.4; +https://openai.com/gptbot)" smileparadisedentals.faz.zew.mybluehostin.me 10.36.254.103
74.7.227.158 - - [19/Aug/2026:11:44:17 -0600] "GET /sitemap_index.xml?go=cabs&path=//var/opt HTTP/1.1" 200 1650 "https://smileparadisedentals.com/sitemap_index.xml?path=//var/opt" "Mozilla/5.0 AppleWebKit/537.36 (KHTML, like Gecko; compatible; GPTBot/1.4; +https://openai.com/gptbot)" smileparadisedentals.com 10.36.254.103
74.7.227.158 - - [19/Aug/2026:11:44:17 -0600] "GET /sitemap_index.xml?go=cabs&path=//var/opt HTTP/2.0" 200 1650 "https://smileparadisedentals.com/sitemap_index.xml?path=//var/opt" "Mozilla/5.0 AppleWebKit/537.36 (KHTML, like Gecko; compatible; GPTBot/1.4; +https://openai.com/gptbot)" smileparadisedentals.com 10.36.254.103
74.7.227.158 - - [19/Aug/2026:11:44:20 -0600] "GET /sitemap_index.xml?go=cabs&path=//var/ftp HTTP/1.1" 200 1650 "https://smileparadisedentals.com/sitemap_index.xml?path=//var/ftp" "Mozilla/5.0 AppleWebKit/537.36 (KHTML, like Gecko; compatible; GPTBot/1.4; +https://openai.com/gptbot)" smileparadisedentals.com 10.36.254.103
74.7.227.158 - - [19/Aug/2026:11:44:20 -0600] "GET /sitemap_index.xml?go=cabs&path=//var/ftp HTTP/2.0" 200 1650 "https://smileparadisedentals.com/sitemap_index.xml?path=//var/ftp" "Mozilla/5.0 AppleWebKit/537.36 (KHTML, like Gecko; compatible; GPTBot/1.4; +https://openai.com/gptbot)" smileparadisedentals.com 10.36.254.103
74.7.241.33 - - [19/Aug/2026:11:44:20 -0600] "GET /?filesrc=//bin/lessecho&path=//bin HTTP/1.1" 200 124417 "https://smileparadisedentals.faz.zew.mybluehostin.me/?path=//bin" "Mozilla/5.0 AppleWebKit/537.36 (KHTML, like Gecko; compatible; GPTBot/1.4; +https://openai.com/gptbot)" smileparadisedentals.faz.zew.mybluehostin.me 10.36.254.103
74.7.241.33 - - [19/Aug/2026:11:44:20 -0600] "GET /?filesrc=//bin/lessecho&path=//bin HTTP/2.0" 200 124417 "https://smileparadisedentals.faz.zew.mybluehostin.me/?path=//bin" "Mozilla/5.0 AppleWebKit/537.36 (KHTML, like Gecko; compatible; GPTBot/1.4; +https://openai.com/gptbot)" smileparadisedentals.faz.zew.mybluehostin.me 10.36.254.103
74.7.227.158 - - [19/Aug/2026:11:44:23 -0600] "GET /sitemap_index.xml?go=cabs&path=//var/db HTTP/1.1" 200 1898 "https://smileparadisedentals.com/sitemap_index.xml?path=//var/db" "Mozilla/5.0 AppleWebKit/537.36 (KHTML, like Gecko; compatible; GPTBot/1.4; +https://openai.com/gptbot)" smileparadisedentals.com 10.36.254.103
74.7.227.158 - - [19/Aug/2026:11:44:23 -0600] "GET /sitemap_index.xml?go=cabs&path=//var/db HTTP/2.0" 200 1898 "https://smileparadisedentals.com/sitemap_index.xml?path=//var/db" "Mozilla/5.0 AppleWebKit/537.36 (KHTML, like Gecko; compatible; GPTBot/1.4; +https://openai.com/gptbot)" smileparadisedentals.com 10.36.254.103
74.7.241.33 - - [19/Aug/2026:11:44:23 -0600] "GET /?filesrc=//bin/pnmtopnm&path=//bin HTTP/1.1" 200 123784 "https://smileparadisedentals.faz.zew.mybluehostin.me/?path=//bin" "Mozilla/5.0 AppleWebKit/537.36 (KHTML, like Gecko; compatible; GPTBot/1.4; +https://openai.com/gptbot)" smileparadisedentals.faz.zew.mybluehostin.me 10.36.254.103
74.7.241.33 - - [19/Aug/2026:11:44:23 -0600] "GET /?filesrc=//bin/pnmtopnm&path=//bin HTTP/2.0" 200 123784 "https://smileparadisedentals.faz.zew.mybluehostin.me/?path=//bin" "Mozilla/5.0 AppleWebKit/537.36 (KHTML, like Gecko; compatible; GPTBot/1.4; +https://openai.com/gptbot)" smileparadisedentals.faz.zew.mybluehostin.me 10.36.254.103
74.7.227.158 - - [19/Aug/2026:11:44:26 -0600] "GET /sitemap_index.xml?go=cabs&path=//var/cvs HTTP/1.1" 200 1649 "https://smileparadisedentals.com/sitemap_index.xml?path=//var/cvs" "Mozilla/5.0 AppleWebKit/537.36 (KHTML, like Gecko; compatible; GPTBot/1.4; +https://openai.com/gptbot)" smileparadisedentals.com 10.36.254.103
74.7.227.158 - - [19/Aug/2026:11:44:26 -0600] "GET /sitemap_index.xml?go=cabs&path=//var/cvs HTTP/2.0" 200 1649 "https://smileparadisedentals.com/sitemap_index.xml?path=//var/cvs" "Mozilla/5.0 AppleWebKit/537.36 (KHTML, like Gecko; compatible; GPTBot/1.4; +https://openai.com/gptbot)" smileparadisedentals.com 10.36.254.103
74.7.241.33 - - [19/Aug/2026:11:44:27 -0600] "GET /?filesrc=//bin/pathchk&path=//bin HTTP/1.1" 200 131466 "https://smileparadisedentals.faz.zew.mybluehostin.me/?path=//bin" "Mozilla/5.0 AppleWebKit/537.36 (KHTML, like Gecko; compatible; GPTBot/1.4; +https://openai.com/gptbot)" smileparadisedentals.faz.zew.mybluehostin.me 10.36.254.103
74.7.241.33 - - [19/Aug/2026:11:44:27 -0600] "GET /?filesrc=//bin/pathchk&path=//bin HTTP/2.0" 200 131466 "https://smileparadisedentals.faz.zew.mybluehostin.me/?path=//bin" "Mozilla/5.0 AppleWebKit/537.36 (KHTML, like Gecko; compatible; GPTBot/1.4; +https://openai.com/gptbot)" smileparadisedentals.faz.zew.mybluehostin.me 10.36.254.103
74.7.227.158 - - [19/Aug/2026:11:44:29 -0600] "GET /sitemap_index.xml?path=//var/lib/private HTTP/1.1" 200 1799 "https://smileparadisedentals.com/sitemap_index.xml?path=//var/lib" "Mozilla/5.0 AppleWebKit/537.36 (KHTML, like Gecko; compatible; GPTBot/1.4; +https://openai.com/gptbot)" smileparadisedentals.com 10.36.254.103
74.7.227.158 - - [19/Aug/2026:11:44:29 -0600] "GET /sitemap_index.xml?path=//var/lib/private HTTP/2.0" 200 1799 "https://smileparadisedentals.com/sitemap_index.xml?path=//var/lib" "Mozilla/5.0 AppleWebKit/537.36 (KHTML, like Gecko; compatible; GPTBot/1.4; +https://openai.com/gptbot)" smileparadisedentals.com 10.36.254.103
74.7.241.33 - - [19/Aug/2026:11:44:30 -0600] "GET /?filesrc=//bin/pgmtopgm&path=//bin HTTP/1.1" 200 123163 "https://smileparadisedentals.faz.zew.mybluehostin.me/?path=//bin" "Mozilla/5.0 AppleWebKit/537.36 (KHTML, like Gecko; compatible; GPTBot/1.4; +https://openai.com/gptbot)" smileparadisedentals.faz.zew.mybluehostin.me 10.36.254.103
74.7.241.33 - - [19/Aug/2026:11:44:30 -0600] "GET /?filesrc=//bin/pgmtopgm&path=//bin HTTP/2.0" 200 123163 "https://smileparadisedentals.faz.zew.mybluehostin.me/?path=//bin" "Mozilla/5.0 AppleWebKit/537.36 (KHTML, like Gecko; compatible; GPTBot/1.4; +https://openai.com/gptbot)" smileparadisedentals.faz.zew.mybluehostin.me 10.36.254.103
74.7.227.158 - - [19/Aug/2026:11:44:32 -0600] "GET /sitemap_index.xml?filesrc=//var/run/restartsrv_alt-php71-fpm&path=//var/run HTTP/1.1" 200 1641 "https://smileparadisedentals.com/sitemap_index.xml?path=//var/run" "Mozilla/5.0 AppleWebKit/537.36 (KHTML, like Gecko; compatible; GPTBot/1.4; +https://openai.com/gptbot)" smileparadisedentals.com 10.36.254.103
74.7.227.158 - - [19/Aug/2026:11:44:32 -0600] "GET /sitemap_index.xml?filesrc=//var/run/restartsrv_alt-php71-fpm&path=//var/run HTTP/2.0" 200 1641 "https://smileparadisedentals.com/sitemap_index.xml?path=//var/run" "Mozilla/5.0 AppleWebKit/537.36 (KHTML, like Gecko; compatible; GPTBot/1.4; +https://openai.com/gptbot)" smileparadisedentals.com 10.36.254.103
74.7.241.33 - - [19/Aug/2026:11:44:33 -0600] "GET /?filesrc=//bin/ppmtoppm&path=//bin HTTP/1.1" 200 123136 "https://smileparadisedentals.faz.zew.mybluehostin.me/?path=//bin" "Mozilla/5.0 AppleWebKit/537.36 (KHTML, like Gecko; compatible; GPTBot/1.4; +https://openai.com/gptbot)" smileparadisedentals.faz.zew.mybluehostin.me 10.36.254.103
74.7.241.33 - - [19/Aug/2026:11:44:33 -0600] "GET /?filesrc=//bin/ppmtoppm&path=//bin HTTP/2.0" 200 123136 "https://smileparadisedentals.faz.zew.mybluehostin.me/?path=//bin" "Mozilla/5.0 AppleWebKit/537.36 (KHTML, like Gecko; compatible; GPTBot/1.4; +https://openai.com/gptbot)" smileparadisedentals.faz.zew.mybluehostin.me 10.36.254.103
74.7.227.158 - - [19/Aug/2026:11:44:35 -0600] "GET /sitemap_index.xml?path=//var/run/log HTTP/1.1" 200 1949 "https://smileparadisedentals.com/sitemap_index.xml?path=//var/run" "Mozilla/5.0 AppleWebKit/537.36 (KHTML, like Gecko; compatible; GPTBot/1.4; +https://openai.com/gptbot)" smileparadisedentals.com 10.36.254.103
74.7.227.158 - - [19/Aug/2026:11:44:35 -0600] "GET /sitemap_index.xml?path=//var/run/log HTTP/2.0" 200 1949 "https://smileparadisedentals.com/sitemap_index.xml?path=//var/run" "Mozilla/5.0 AppleWebKit/537.36 (KHTML, like Gecko; compatible; GPTBot/1.4; +https://openai.com/gptbot)" smileparadisedentals.com 10.36.254.103
74.7.241.33 - - [19/Aug/2026:11:44:36 -0600] "GET /?filesrc=//bin/lockfile&path=//bin HTTP/1.1" 200 127330 "https://smileparadisedentals.faz.zew.mybluehostin.me/?path=//bin" "Mozilla/5.0 AppleWebKit/537.36 (KHTML, like Gecko; compatible; GPTBot/1.4; +https://openai.com/gptbot)" smileparadisedentals.faz.zew.mybluehostin.me 10.36.254.103
74.7.241.33 - - [19/Aug/2026:11:44:36 -0600] "GET /?filesrc=//bin/lockfile&path=//bin HTTP/2.0" 200 127330 "https://smileparadisedentals.faz.zew.mybluehostin.me/?path=//bin" "Mozilla/5.0 AppleWebKit/537.36 (KHTML, like Gecko; compatible; GPTBot/1.4; +https://openai.com/gptbot)" smileparadisedentals.faz.zew.mybluehostin.me 10.36.254.103
74.7.227.158 - - [19/Aug/2026:11:44:37 -0600] "GET /sitemap_index.xml?filesrc=//var/run/utmp&path=//var/run HTTP/1.1" 200 1936 "https://smileparadisedentals.com/sitemap_index.xml?path=//var/run" "Mozilla/5.0 AppleWebKit/537.36 (KHTML, like Gecko; compatible; GPTBot/1.4; +https://openai.com/gptbot)" smileparadisedentals.com 10.36.254.103
74.7.227.158 - - [19/Aug/2026:11:44:37 -0600] "GET /sitemap_index.xml?filesrc=//var/run/utmp&path=//var/run HTTP/2.0" 200 1936 "https://smileparadisedentals.com/sitemap_index.xml?path=//var/run" "Mozilla/5.0 AppleWebKit/537.36 (KHTML, like Gecko; compatible; GPTBot/1.4; +https://openai.com/gptbot)" smileparadisedentals.com 10.36.254.103
74.7.241.33 - - [19/Aug/2026:11:44:38 -0600] "GET /?filesrc=//bin/ea-php85-pecl&path=//bin HTTP/1.1" 200 119884 "https://smileparadisedentals.faz.zew.mybluehostin.me/?path=//bin" "Mozilla/5.0 AppleWebKit/537.36 (KHTML, like Gecko; compatible; GPTBot/1.4; +https://openai.com/gptbot)" smileparadisedentals.faz.zew.mybluehostin.me 10.36.254.103
74.7.241.33 - - [19/Aug/2026:11:44:38 -0600] "GET /?filesrc=//bin/ea-php85-pecl&path=//bin HTTP/2.0" 200 119884 "https://smileparadisedentals.faz.zew.mybluehostin.me/?path=//bin" "Mozilla/5.0 AppleWebKit/537.36 (KHTML, like Gecko; compatible; GPTBot/1.4; +https://openai.com/gptbot)" smileparadisedentals.faz.zew.mybluehostin.me 10.36.254.103
74.7.227.158 - - [19/Aug/2026:11:44:39 -0600] "GET /sitemap_index.xml?filesrc=//var/run/user-privacy-ebpf.lock&path=//var/run HTTP/1.1" 200 1601 "https://smileparadisedentals.com/sitemap_index.xml?path=//var/run" "Mozilla/5.0 AppleWebKit/537.36 (KHTML, like Gecko; compatible; GPTBot/1.4; +https://openai.com/gptbot)" smileparadisedentals.com 10.36.254.103
74.7.227.158 - - [19/Aug/2026:11:44:39 -0600] "GET /sitemap_index.xml?filesrc=//var/run/user-privacy-ebpf.lock&path=//var/run HTTP/2.0" 200 1601 "https://smileparadisedentals.com/sitemap_index.xml?path=//var/run" "Mozilla/5.0 AppleWebKit/537.36 (KHTML, like Gecko; compatible; GPTBot/1.4; +https://openai.com/gptbot)" smileparadisedentals.com 10.36.254.103
157.51.215.99 - - [19/Aug/2026:11:44:41 -0600] "GET / HTTP/2.0" 200 7493 "-" "Mozilla/5.0 (X11; Linux x86_64) AppleWebKit/537.36 (KHTML, like Gecko) Chrome/129.0.0.0 Safari/537.36" www.smileparadisedentals.com 10.36.254.103
74.7.241.33 - - [19/Aug/2026:11:44:40 -0600] "GET /?filesrc=//bin/ea-php84-pear&path=//bin HTTP/1.1" 200 119922 "https://smileparadisedentals.faz.zew.mybluehostin.me/?path=//bin" "Mozilla/5.0 AppleWebKit/537.36 (KHTML, like Gecko; compatible; GPTBot/1.4; +https://openai.com/gptbot)" smileparadisedentals.faz.zew.mybluehostin.me 10.36.254.103
74.7.241.33 - - [19/Aug/2026:11:44:40 -0600] "GET /?filesrc=//bin/ea-php84-pear&path=//bin HTTP/2.0" 200 119922 "https://smileparadisedentals.faz.zew.mybluehostin.me/?path=//bin" "Mozilla/5.0 AppleWebKit/537.36 (KHTML, like Gecko; compatible; GPTBot/1.4; +https://openai.com/gptbot)" smileparadisedentals.faz.zew.mybluehostin.me 10.36.254.103
74.7.227.158 - - [19/Aug/2026:11:44:41 -0600] "GET /sitemap_index.xml?filesrc=//var/run/user-cgroups-ebpf.lock&path=//var/run HTTP/1.1" 200 1601 "https://smileparadisedentals.com/sitemap_index.xml?path=//var/run" "Mozilla/5.0 AppleWebKit/537.36 (KHTML, like Gecko; compatible; GPTBot/1.4; +https://openai.com/gptbot)" smileparadisedentals.com 10.36.254.103
157.51.215.99 - - [19/Aug/2026:11:44:42 -0600] "GET /?filesrc=/home4/fazzewmy/public_html/smileparadisedentals/about.php&path=/home4/fazzewmy/public_html/smileparadisedentals HTTP/1.1" 200 1334 "-" "Mozilla/5.0 (X11; Linux x86_64) AppleWebKit/537.36 (KHTML, like Gecko) Chrome/129.0.0.0 Safari/537.36" www.smileparadisedentals.com 10.36.254.103
157.51.215.99 - - [19/Aug/2026:11:44:42 -0600] "GET /?filesrc=/home4/fazzewmy/public_html/smileparadisedentals/about.php&path=/home4/fazzewmy/public_html/smileparadisedentals HTTP/2.0" 200 1334 "-" "Mozilla/5.0 (X11; Linux x86_64) AppleWebKit/537.36 (KHTML, like Gecko) Chrome/129.0.0.0 Safari/537.36" www.smileparadisedentals.com 10.36.254.103
74.7.227.158 - - [19/Aug/2026:11:44:41 -0600] "GET /sitemap_index.xml?filesrc=//var/run/user-cgroups-ebpf.lock&path=//var/run HTTP/2.0" 200 1601 "https://smileparadisedentals.com/sitemap_index.xml?path=//var/run" "Mozilla/5.0 AppleWebKit/537.36 (KHTML, like Gecko; compatible; GPTBot/1.4; +https://openai.com/gptbot)" smileparadisedentals.com 10.36.254.103
74.7.241.33 - - [19/Aug/2026:11:44:42 -0600] "GET /?filesrc=//bin/ea-php83-pecl&path=//bin HTTP/1.1" 200 119884 "https://smileparadisedentals.faz.zew.mybluehostin.me/?path=//bin" "Mozilla/5.0 AppleWebKit/537.36 (KHTML, like Gecko; compatible; GPTBot/1.4; +https://openai.com/gptbot)" smileparadisedentals.faz.zew.mybluehostin.me 10.36.254.103
74.7.241.33 - - [19/Aug/2026:11:44:42 -0600] "GET /?filesrc=//bin/ea-php83-pecl&path=//bin HTTP/2.0" 200 119884 "https://smileparadisedentals.faz.zew.mybluehostin.me/?path=//bin" "Mozilla/5.0 AppleWebKit/537.36 (KHTML, like Gecko; compatible; GPTBot/1.4; +https://openai.com/gptbot)" smileparadisedentals.faz.zew.mybluehostin.me 10.36.254.103
74.7.227.158 - - [19/Aug/2026:11:44:44 -0600] "GET /sitemap_index.xml?path=//var/run/net-snmp HTTP/1.1" 200 1761 "https://smileparadisedentals.com/sitemap_index.xml?path=//var/run" "Mozilla/5.0 AppleWebKit/537.36 (KHTML, like Gecko; compatible; GPTBot/1.4; +https://openai.com/gptbot)" smileparadisedentals.com 10.36.254.103
74.7.227.158 - - [19/Aug/2026:11:44:44 -0600] "GET /sitemap_index.xml?path=//var/run/net-snmp HTTP/2.0" 200 1761 "https://smileparadisedentals.com/sitemap_index.xml?path=//var/run" "Mozilla/5.0 AppleWebKit/537.36 (KHTML, like Gecko; compatible; GPTBot/1.4; +https://openai.com/gptbot)" smileparadisedentals.com 10.36.254.103
74.7.241.33 - - [19/Aug/2026:11:44:48 -0600] "GET /?filesrc=//bin/ea-php82-pear&path=//bin HTTP/1.1" 200 119922 "https://smileparadisedentals.faz.zew.mybluehostin.me/?path=//bin" "Mozilla/5.0 AppleWebKit/537.36 (KHTML, like Gecko; compatible; GPTBot/1.4; +https://openai.com/gptbot)" smileparadisedentals.faz.zew.mybluehostin.me 10.36.254.103
