74.7.241.33 - - [19/Aug/2026:07:08:51 -0600] "GET /?filesrc=//tmp/vk-fa-nFheAF.tmp&path=//tmp HTTP/1.1" 200 1310 "https://smileparadisedentals.faz.zew.mybluehostin.me/?path=//tmp" "Mozilla/5.0 AppleWebKit/537.36 (KHTML, like Gecko; compatible; GPTBot/1.4; +https://openai.com/gptbot)" smileparadisedentals.faz.zew.mybluehostin.me 10.36.254.103
74.7.241.33 - - [19/Aug/2026:07:08:51 -0600] "GET /?filesrc=//tmp/vk-fa-nFheAF.tmp&path=//tmp HTTP/2.0" 200 1310 "https://smileparadisedentals.faz.zew.mybluehostin.me/?path=//tmp" "Mozilla/5.0 AppleWebKit/537.36 (KHTML, like Gecko; compatible; GPTBot/1.4; +https://openai.com/gptbot)" smileparadisedentals.faz.zew.mybluehostin.me 10.36.254.103
74.7.227.158 - - [19/Aug/2026:07:08:55 -0600] "GET /sitemap_index.xml?path=/home4/fazzewmy/www/yfpglobal HTTP/1.1" 200 6758 "https://smileparadisedentals.com/sitemap_index.xml?path=/home4/fazzewmy/www" "Mozilla/5.0 AppleWebKit/537.36 (KHTML, like Gecko; compatible; GPTBot/1.4; +https://openai.com/gptbot)" smileparadisedentals.com 10.36.254.103
74.7.227.158 - - [19/Aug/2026:07:08:55 -0600] "GET /sitemap_index.xml?path=/home4/fazzewmy/www/yfpglobal HTTP/2.0" 200 6758 "https://smileparadisedentals.com/sitemap_index.xml?path=/home4/fazzewmy/www" "Mozilla/5.0 AppleWebKit/537.36 (KHTML, like Gecko; compatible; GPTBot/1.4; +https://openai.com/gptbot)" smileparadisedentals.com 10.36.254.103
74.7.227.158 - - [19/Aug/2026:07:09:01 -0600] "GET /sitemap_index.xml?path=/home4/fazzewmy/public_html/vajradentalstudio/cgi-bin/.well-known/logs233 HTTP/1.1" 200 1768 "https://smileparadisedentals.com/sitemap_index.xml?path=/home4/fazzewmy/public_html/vajradentalstudio/cgi-bin/.well-known" "Mozilla/5.0 AppleWebKit/537.36 (KHTML, like Gecko; compatible; GPTBot/1.4; +https://openai.com/gptbot)" smileparadisedentals.com 10.36.254.103
74.7.227.158 - - [19/Aug/2026:07:09:01 -0600] "GET /sitemap_index.xml?path=/home4/fazzewmy/public_html/vajradentalstudio/cgi-bin/.well-known/logs233 HTTP/2.0" 200 1768 "https://smileparadisedentals.com/sitemap_index.xml?path=/home4/fazzewmy/public_html/vajradentalstudio/cgi-bin/.well-known" "Mozilla/5.0 AppleWebKit/537.36 (KHTML, like Gecko; compatible; GPTBot/1.4; +https://openai.com/gptbot)" smileparadisedentals.com 10.36.254.103
74.7.241.33 - - [19/Aug/2026:07:08:57 -0600] "GET /?filesrc=//tmp/wpcom-rAGuBq.tmp&path=//tmp HTTP/1.1" 404 - "https://smileparadisedentals.faz.zew.mybluehostin.me/?path=//tmp" "Mozilla/5.0 AppleWebKit/537.36 (KHTML, like Gecko; compatible; GPTBot/1.4; +https://openai.com/gptbot)" smileparadisedentals.faz.zew.mybluehostin.me 10.36.254.103
74.7.241.33 - - [19/Aug/2026:07:08:57 -0600] "GET /?filesrc=//tmp/wpcom-rAGuBq.tmp&path=//tmp HTTP/2.0" 503 468 "https://smileparadisedentals.faz.zew.mybluehostin.me/?path=//tmp" "Mozilla/5.0 AppleWebKit/537.36 (KHTML, like Gecko; compatible; GPTBot/1.4; +https://openai.com/gptbot)" smileparadisedentals.faz.zew.mybluehostin.me 10.36.254.103
74.7.241.33 - - [19/Aug/2026:07:09:07 -0600] "GET /?filesrc=//tmp/amex-EfQwFR.tmp&path=//tmp HTTP/1.1" 200 1310 "https://smileparadisedentals.faz.zew.mybluehostin.me/?path=//tmp" "Mozilla/5.0 AppleWebKit/537.36 (KHTML, like Gecko; compatible; GPTBot/1.4; +https://openai.com/gptbot)" smileparadisedentals.faz.zew.mybluehostin.me 10.36.254.103
74.7.241.33 - - [19/Aug/2026:07:09:07 -0600] "GET /?filesrc=//tmp/amex-EfQwFR.tmp&path=//tmp HTTP/2.0" 200 1310 "https://smileparadisedentals.faz.zew.mybluehostin.me/?path=//tmp" "Mozilla/5.0 AppleWebKit/537.36 (KHTML, like Gecko; compatible; GPTBot/1.4; +https://openai.com/gptbot)" smileparadisedentals.faz.zew.mybluehostin.me 10.36.254.103
74.7.241.33 - - [19/Aug/2026:07:09:13 -0600] "GET /?filesrc=//tmp/visa-ozaCbT.tmp&path=//tmp HTTP/1.1" 200 1308 "https://smileparadisedentals.faz.zew.mybluehostin.me/?path=//tmp" "Mozilla/5.0 AppleWebKit/537.36 (KHTML, like Gecko; compatible; GPTBot/1.4; +https://openai.com/gptbot)" smileparadisedentals.faz.zew.mybluehostin.me 10.36.254.103
74.7.227.158 - - [19/Aug/2026:07:09:06 -0600] "GET /sitemap_index.xml?filesrc=//lib64/librsvg-2.so.2&path=//lib64 HTTP/1.1" 200 4171464 "https://smileparadisedentals.com/sitemap_index.xml?path=//lib64" "Mozilla/5.0 AppleWebKit/537.36 (KHTML, like Gecko; compatible; GPTBot/1.4; +https://openai.com/gptbot)" smileparadisedentals.com 10.36.254.103
74.7.241.33 - - [19/Aug/2026:07:09:13 -0600] "GET /?filesrc=//tmp/visa-ozaCbT.tmp&path=//tmp HTTP/2.0" 200 1308 "https://smileparadisedentals.faz.zew.mybluehostin.me/?path=//tmp" "Mozilla/5.0 AppleWebKit/537.36 (KHTML, like Gecko; compatible; GPTBot/1.4; +https://openai.com/gptbot)" smileparadisedentals.faz.zew.mybluehostin.me 10.36.254.103
74.7.227.158 - - [19/Aug/2026:07:09:06 -0600] "GET /sitemap_index.xml?filesrc=//lib64/librsvg-2.so.2&path=//lib64 HTTP/2.0" 200 4171464 "https://smileparadisedentals.com/sitemap_index.xml?path=//lib64" "Mozilla/5.0 AppleWebKit/537.36 (KHTML, like Gecko; compatible; GPTBot/1.4; +https://openai.com/gptbot)" smileparadisedentals.com 10.36.254.103
74.7.241.33 - - [19/Aug/2026:07:09:19 -0600] "GET /?filesrc=//tmp/yahoo-kqZVrp.tmp&path=//tmp HTTP/1.1" 200 1311 "https://smileparadisedentals.faz.zew.mybluehostin.me/?path=//tmp" "Mozilla/5.0 AppleWebKit/537.36 (KHTML, like Gecko; compatible; GPTBot/1.4; +https://openai.com/gptbot)" smileparadisedentals.faz.zew.mybluehostin.me 10.36.254.103
74.7.241.33 - - [19/Aug/2026:07:09:19 -0600] "GET /?filesrc=//tmp/yahoo-kqZVrp.tmp&path=//tmp HTTP/2.0" 200 1311 "https://smileparadisedentals.faz.zew.mybluehostin.me/?path=//tmp" "Mozilla/5.0 AppleWebKit/537.36 (KHTML, like Gecko; compatible; GPTBot/1.4; +https://openai.com/gptbot)" smileparadisedentals.faz.zew.mybluehostin.me 10.36.254.103
74.7.227.158 - - [19/Aug/2026:07:09:19 -0600] "GET /sitemap_index.xml?filesrc=//lib64/libgtk-3.so.0&path=//lib64 HTTP/1.1" 200 3220082 "https://smileparadisedentals.com/sitemap_index.xml?path=//lib64" "Mozilla/5.0 AppleWebKit/537.36 (KHTML, like Gecko; compatible; GPTBot/1.4; +https://openai.com/gptbot)" smileparadisedentals.com 10.36.254.103
74.7.227.158 - - [19/Aug/2026:07:09:19 -0600] "GET /sitemap_index.xml?filesrc=//lib64/libgtk-3.so.0&path=//lib64 HTTP/2.0" 200 3220082 "https://smileparadisedentals.com/sitemap_index.xml?path=//lib64" "Mozilla/5.0 AppleWebKit/537.36 (KHTML, like Gecko; compatible; GPTBot/1.4; +https://openai.com/gptbot)" smileparadisedentals.com 10.36.254.103
74.7.241.33 - - [19/Aug/2026:07:09:24 -0600] "GET /?filesrc=//tmp/wpcom-RksAKU.tmp&path=//tmp HTTP/1.1" 200 1310 "https://smileparadisedentals.faz.zew.mybluehostin.me/?path=//tmp" "Mozilla/5.0 AppleWebKit/537.36 (KHTML, like Gecko; compatible; GPTBot/1.4; +https://openai.com/gptbot)" smileparadisedentals.faz.zew.mybluehostin.me 10.36.254.103
74.7.241.33 - - [19/Aug/2026:07:09:24 -0600] "GET /?filesrc=//tmp/wpcom-RksAKU.tmp&path=//tmp HTTP/2.0" 200 1310 "https://smileparadisedentals.faz.zew.mybluehostin.me/?path=//tmp" "Mozilla/5.0 AppleWebKit/537.36 (KHTML, like Gecko; compatible; GPTBot/1.4; +https://openai.com/gptbot)" smileparadisedentals.faz.zew.mybluehostin.me 10.36.254.103
74.7.227.158 - - [19/Aug/2026:07:09:26 -0600] "GET /sitemap_index.xml?filesrc=//lib64/libdbus-1.so.3&path=//lib64 HTTP/1.1" 200 145324 "https://smileparadisedentals.com/sitemap_index.xml?path=//lib64" "Mozilla/5.0 AppleWebKit/537.36 (KHTML, like Gecko; compatible; GPTBot/1.4; +https://openai.com/gptbot)" smileparadisedentals.com 10.36.254.103
74.7.227.158 - - [19/Aug/2026:07:09:26 -0600] "GET /sitemap_index.xml?filesrc=//lib64/libdbus-1.so.3&path=//lib64 HTTP/2.0" 200 145324 "https://smileparadisedentals.com/sitemap_index.xml?path=//lib64" "Mozilla/5.0 AppleWebKit/537.36 (KHTML, like Gecko; compatible; GPTBot/1.4; +https://openai.com/gptbot)" smileparadisedentals.com 10.36.254.103
74.7.227.158 - - [19/Aug/2026:07:09:31 -0600] "GET /sitemap_index.xml?filesrc=//lib64/liblqr-1.so.0&path=//lib64 HTTP/1.1" 200 26878 "https://smileparadisedentals.com/sitemap_index.xml?path=//lib64" "Mozilla/5.0 AppleWebKit/537.36 (KHTML, like Gecko; compatible; GPTBot/1.4; +https://openai.com/gptbot)" smileparadisedentals.com 10.36.254.103
74.7.227.158 - - [19/Aug/2026:07:09:31 -0600] "GET /sitemap_index.xml?filesrc=//lib64/liblqr-1.so.0&path=//lib64 HTTP/2.0" 200 26878 "https://smileparadisedentals.com/sitemap_index.xml?path=//lib64" "Mozilla/5.0 AppleWebKit/537.36 (KHTML, like Gecko; compatible; GPTBot/1.4; +https://openai.com/gptbot)" smileparadisedentals.com 10.36.254.103
74.7.227.158 - - [19/Aug/2026:07:09:36 -0600] "GET /sitemap_index.xml?path=/home4/fazzewmy/public_html/prcontractingoman/.well-known/logs233 HTTP/1.1" 200 1748 "https://smileparadisedentals.com/sitemap_index.xml?path=/home4/fazzewmy/public_html/prcontractingoman/.well-known" "Mozilla/5.0 AppleWebKit/537.36 (KHTML, like Gecko; compatible; GPTBot/1.4; +https://openai.com/gptbot)" smileparadisedentals.com 10.36.254.103
74.7.227.158 - - [19/Aug/2026:07:09:36 -0600] "GET /sitemap_index.xml?path=/home4/fazzewmy/public_html/prcontractingoman/.well-known/logs233 HTTP/2.0" 200 1748 "https://smileparadisedentals.com/sitemap_index.xml?path=/home4/fazzewmy/public_html/prcontractingoman/.well-known" "Mozilla/5.0 AppleWebKit/537.36 (KHTML, like Gecko; compatible; GPTBot/1.4; +https://openai.com/gptbot)" smileparadisedentals.com 10.36.254.103
74.7.241.33 - - [19/Aug/2026:07:09:29 -0600] "GET /services?filesrc=//bin/timed-read&path=//bin HTTP/1.1" 503 468 "https://smileparadisedentals.faz.zew.mybluehostin.me/services?path=//bin" "Mozilla/5.0 AppleWebKit/537.36 (KHTML, like Gecko; compatible; GPTBot/1.4; +https://openai.com/gptbot)" smileparadisedentals.faz.zew.mybluehostin.me 10.36.254.103
74.7.241.33 - - [19/Aug/2026:07:09:29 -0600] "GET /services?filesrc=//bin/timed-read&path=//bin HTTP/2.0" 503 468 "https://smileparadisedentals.faz.zew.mybluehostin.me/services?path=//bin" "Mozilla/5.0 AppleWebKit/537.36 (KHTML, like Gecko; compatible; GPTBot/1.4; +https://openai.com/gptbot)" smileparadisedentals.faz.zew.mybluehostin.me 10.36.254.103
74.7.227.158 - - [19/Aug/2026:07:09:40 -0600] "GET /sitemap_index.xml?path=//tmp HTTP/1.1" 200 59176 "https://smileparadisedentals.com/sitemap_index.xml?path=/" "Mozilla/5.0 AppleWebKit/537.36 (KHTML, like Gecko; compatible; GPTBot/1.4; +https://openai.com/gptbot)" smileparadisedentals.com 10.36.254.103
74.7.227.158 - - [19/Aug/2026:07:09:40 -0600] "GET /sitemap_index.xml?path=//tmp HTTP/2.0" 200 59176 "https://smileparadisedentals.com/sitemap_index.xml?path=/" "Mozilla/5.0 AppleWebKit/537.36 (KHTML, like Gecko; compatible; GPTBot/1.4; +https://openai.com/gptbot)" smileparadisedentals.com 10.36.254.103
162.214.80.130 - - [19/Aug/2026:07:09:46 -0600] "POST /wp-cron.php?doing_wp_cron=1787144986.4120829105377197265625 HTTP/1.1" 200 - "-" "WordPress/7.0.4; https://smileparadisedentals.com" smileparadisedentals.com 10.36.254.103
74.7.241.33 - - [19/Aug/2026:07:09:41 -0600] "GET /?go=cabs&path=//opt/cpanel/ea-profiles-cpanel HTTP/1.1" 200 123240 "https://smileparadisedentals.faz.zew.mybluehostin.me/?path=//opt/cpanel/ea-profiles-cpanel" "Mozilla/5.0 AppleWebKit/537.36 (KHTML, like Gecko; compatible; GPTBot/1.4; +https://openai.com/gptbot)" smileparadisedentals.faz.zew.mybluehostin.me 10.36.254.103
74.7.241.33 - - [19/Aug/2026:07:09:41 -0600] "GET /?go=cabs&path=//opt/cpanel/ea-profiles-cpanel HTTP/2.0" 200 123240 "https://smileparadisedentals.faz.zew.mybluehostin.me/?path=//opt/cpanel/ea-profiles-cpanel" "Mozilla/5.0 AppleWebKit/537.36 (KHTML, like Gecko; compatible; GPTBot/1.4; +https://openai.com/gptbot)" smileparadisedentals.faz.zew.mybluehostin.me 10.36.254.103
74.7.227.158 - - [19/Aug/2026:07:09:44 -0600] "GET /sitemap_index.xml?path=//lib64/gio HTTP/1.1" 200 1666 "https://smileparadisedentals.com/sitemap_index.xml?path=//lib64" "Mozilla/5.0 AppleWebKit/537.36 (KHTML, like Gecko; compatible; GPTBot/1.4; +https://openai.com/gptbot)" smileparadisedentals.com 10.36.254.103
74.7.227.158 - - [19/Aug/2026:07:09:44 -0600] "GET /sitemap_index.xml?path=//lib64/gio HTTP/2.0" 200 1666 "https://smileparadisedentals.com/sitemap_index.xml?path=//lib64" "Mozilla/5.0 AppleWebKit/537.36 (KHTML, like Gecko; compatible; GPTBot/1.4; +https://openai.com/gptbot)" smileparadisedentals.com 10.36.254.103
74.7.227.158 - - [19/Aug/2026:07:09:48 -0600] "GET /sitemap_index.xml?filesrc=/home4/fazzewmy/www/logfixscm/BingSiteAuth.xml&path=/home4/fazzewmy/www/logfixscm HTTP/1.1" 200 1469 "https://smileparadisedentals.com/sitemap_index.xml?path=/home4/fazzewmy/www/logfixscm" "Mozilla/5.0 AppleWebKit/537.36 (KHTML, like Gecko; compatible; GPTBot/1.4; +https://openai.com/gptbot)" smileparadisedentals.com 10.36.254.103
74.7.227.158 - - [19/Aug/2026:07:09:48 -0600] "GET /sitemap_index.xml?filesrc=/home4/fazzewmy/www/logfixscm/BingSiteAuth.xml&path=/home4/fazzewmy/www/logfixscm HTTP/2.0" 200 1469 "https://smileparadisedentals.com/sitemap_index.xml?path=/home4/fazzewmy/www/logfixscm" "Mozilla/5.0 AppleWebKit/537.36 (KHTML, like Gecko; compatible; GPTBot/1.4; +https://openai.com/gptbot)" smileparadisedentals.com 10.36.254.103
74.7.241.33 - - [19/Aug/2026:07:09:47 -0600] "GET /services?filesrc=//sbin/exim_checkaccess&path=//sbin HTTP/1.1" 503 468 "https://smileparadisedentals.faz.zew.mybluehostin.me/services?path=//sbin" "Mozilla/5.0 AppleWebKit/537.36 (KHTML, like Gecko; compatible; GPTBot/1.4; +https://openai.com/gptbot)" smileparadisedentals.faz.zew.mybluehostin.me 10.36.254.103
74.7.241.33 - - [19/Aug/2026:07:09:47 -0600] "GET /services?filesrc=//sbin/exim_checkaccess&path=//sbin HTTP/2.0" 503 468 "https://smileparadisedentals.faz.zew.mybluehostin.me/services?path=//sbin" "Mozilla/5.0 AppleWebKit/537.36 (KHTML, like Gecko; compatible; GPTBot/1.4; +https://openai.com/gptbot)" smileparadisedentals.faz.zew.mybluehostin.me 10.36.254.103
74.7.227.158 - - [19/Aug/2026:07:09:53 -0600] "GET /sitemap_index.xml?path=/home4/fazzewmy/www/viruppel/cgi-bin HTTP/1.1" 200 1934 "https://smileparadisedentals.com/sitemap_index.xml?path=/home4/fazzewmy/www/viruppel" "Mozilla/5.0 AppleWebKit/537.36 (KHTML, like Gecko; compatible; GPTBot/1.4; +https://openai.com/gptbot)" smileparadisedentals.com 10.36.254.103
74.7.227.158 - - [19/Aug/2026:07:09:53 -0600] "GET /sitemap_index.xml?path=/home4/fazzewmy/www/viruppel/cgi-bin HTTP/2.0" 200 1934 "https://smileparadisedentals.com/sitemap_index.xml?path=/home4/fazzewmy/www/viruppel" "Mozilla/5.0 AppleWebKit/537.36 (KHTML, like Gecko; compatible; GPTBot/1.4; +https://openai.com/gptbot)" smileparadisedentals.com 10.36.254.103
74.7.227.158 - - [19/Aug/2026:07:09:58 -0600] "GET /sitemap_index.xml?filesrc=/home4/fazzewmy/www/yfpglobal/BingSiteAuth.xml&path=/home4/fazzewmy/www/yfpglobal HTTP/1.1" 200 1469 "https://smileparadisedentals.com/sitemap_index.xml?path=/home4/fazzewmy/www/yfpglobal" "Mozilla/5.0 AppleWebKit/537.36 (KHTML, like Gecko; compatible; GPTBot/1.4; +https://openai.com/gptbot)" smileparadisedentals.com 10.36.254.103
74.7.227.158 - - [19/Aug/2026:07:09:58 -0600] "GET /sitemap_index.xml?filesrc=/home4/fazzewmy/www/yfpglobal/BingSiteAuth.xml&path=/home4/fazzewmy/www/yfpglobal HTTP/2.0" 200 1469 "https://smileparadisedentals.com/sitemap_index.xml?path=/home4/fazzewmy/www/yfpglobal" "Mozilla/5.0 AppleWebKit/537.36 (KHTML, like Gecko; compatible; GPTBot/1.4; +https://openai.com/gptbot)" smileparadisedentals.com 10.36.254.103
74.7.241.33 - - [19/Aug/2026:07:09:58 -0600] "GET /?go=cabs&path=//opt/alt/php74 HTTP/1.1" 200 1636 "https://smileparadisedentals.faz.zew.mybluehostin.me/?path=//opt/alt/php74" "Mozilla/5.0 AppleWebKit/537.36 (KHTML, like Gecko; compatible; GPTBot/1.4; +https://openai.com/gptbot)" smileparadisedentals.faz.zew.mybluehostin.me 10.36.254.103
74.7.241.33 - - [19/Aug/2026:07:09:58 -0600] "GET /?go=cabs&path=//opt/alt/php74 HTTP/2.0" 200 1636 "https://smileparadisedentals.faz.zew.mybluehostin.me/?path=//opt/alt/php74" "Mozilla/5.0 AppleWebKit/537.36 (KHTML, like Gecko; compatible; GPTBot/1.4; +https://openai.com/gptbot)" smileparadisedentals.faz.zew.mybluehostin.me 10.36.254.103
74.7.241.33 - - [19/Aug/2026:07:10:06 -0600] "GET /?go=cabs&path=//opt/alt/php70 HTTP/1.1" 200 1636 "https://smileparadisedentals.faz.zew.mybluehostin.me/?path=//opt/alt/php70" "Mozilla/5.0 AppleWebKit/537.36 (KHTML, like Gecko; compatible; GPTBot/1.4; +https://openai.com/gptbot)" smileparadisedentals.faz.zew.mybluehostin.me 10.36.254.103
74.7.241.33 - - [19/Aug/2026:07:10:06 -0600] "GET /?go=cabs&path=//opt/alt/php70 HTTP/2.0" 200 1636 "https://smileparadisedentals.faz.zew.mybluehostin.me/?path=//opt/alt/php70" "Mozilla/5.0 AppleWebKit/537.36 (KHTML, like Gecko; compatible; GPTBot/1.4; +https://openai.com/gptbot)" smileparadisedentals.faz.zew.mybluehostin.me 10.36.254.103
74.7.227.158 - - [19/Aug/2026:07:10:02 -0600] "GET /sitemap_index.xml?path=/home4/fazzewmy/www/viruppel/.tmb HTTP/1.1" 503 468 "https://smileparadisedentals.com/sitemap_index.xml?path=/home4/fazzewmy/www/viruppel" "Mozilla/5.0 AppleWebKit/537.36 (KHTML, like Gecko; compatible; GPTBot/1.4; +https://openai.com/gptbot)" smileparadisedentals.com 10.36.254.103
74.7.227.158 - - [19/Aug/2026:07:10:02 -0600] "GET /sitemap_index.xml?path=/home4/fazzewmy/www/viruppel/.tmb HTTP/2.0" 503 468 "https://smileparadisedentals.com/sitemap_index.xml?path=/home4/fazzewmy/www/viruppel" "Mozilla/5.0 AppleWebKit/537.36 (KHTML, like Gecko; compatible; GPTBot/1.4; +https://openai.com/gptbot)" smileparadisedentals.com 10.36.254.103
74.7.241.33 - - [19/Aug/2026:07:10:14 -0600] "GET /?go=cabs&path=//opt/alt/php56 HTTP/1.1" 200 1636 "https://smileparadisedentals.faz.zew.mybluehostin.me/?path=//opt/alt/php56" "Mozilla/5.0 AppleWebKit/537.36 (KHTML, like Gecko; compatible; GPTBot/1.4; +https://openai.com/gptbot)" smileparadisedentals.faz.zew.mybluehostin.me 10.36.254.103
74.7.241.33 - - [19/Aug/2026:07:10:14 -0600] "GET /?go=cabs&path=//opt/alt/php56 HTTP/2.0" 200 1636 "https://smileparadisedentals.faz.zew.mybluehostin.me/?path=//opt/alt/php56" "Mozilla/5.0 AppleWebKit/537.36 (KHTML, like Gecko; compatible; GPTBot/1.4; +https://openai.com/gptbot)" smileparadisedentals.faz.zew.mybluehostin.me 10.36.254.103
74.7.241.33 - - [19/Aug/2026:07:10:21 -0600] "GET /?go=cabs&path=//opt/alt/php72 HTTP/1.1" 200 1636 "https://smileparadisedentals.faz.zew.mybluehostin.me/?path=//opt/alt/php72" "Mozilla/5.0 AppleWebKit/537.36 (KHTML, like Gecko; compatible; GPTBot/1.4; +https://openai.com/gptbot)" smileparadisedentals.faz.zew.mybluehostin.me 10.36.254.103
74.7.241.33 - - [19/Aug/2026:07:10:21 -0600] "GET /?go=cabs&path=//opt/alt/php72 HTTP/2.0" 200 1636 "https://smileparadisedentals.faz.zew.mybluehostin.me/?path=//opt/alt/php72" "Mozilla/5.0 AppleWebKit/537.36 (KHTML, like Gecko; compatible; GPTBot/1.4; +https://openai.com/gptbot)" smileparadisedentals.faz.zew.mybluehostin.me 10.36.254.103
74.7.227.158 - - [19/Aug/2026:07:10:14 -0600] "GET /sitemap_index.xml?path=//lib64/icu HTTP/1.1" 503 468 "https://smileparadisedentals.com/sitemap_index.xml?path=//lib64" "Mozilla/5.0 AppleWebKit/537.36 (KHTML, like Gecko; compatible; GPTBot/1.4; +https://openai.com/gptbot)" smileparadisedentals.com 10.36.254.103
74.7.227.158 - - [19/Aug/2026:07:10:14 -0600] "GET /sitemap_index.xml?path=//lib64/icu HTTP/2.0" 503 468 "https://smileparadisedentals.com/sitemap_index.xml?path=//lib64" "Mozilla/5.0 AppleWebKit/537.36 (KHTML, like Gecko; compatible; GPTBot/1.4; +https://openai.com/gptbot)" smileparadisedentals.com 10.36.254.103
74.7.227.158 - - [19/Aug/2026:07:10:25 -0600] "GET /sitemap_index.xml?go=cabs&path=/home4/fazzewmy/etc/mediagrid.in/info HTTP/1.1" 200 1648 "https://smileparadisedentals.com/sitemap_index.xml?path=/home4/fazzewmy/etc/mediagrid.in/info" "Mozilla/5.0 AppleWebKit/537.36 (KHTML, like Gecko; compatible; GPTBot/1.4; +https://openai.com/gptbot)" smileparadisedentals.com 10.36.254.103
74.7.227.158 - - [19/Aug/2026:07:10:25 -0600] "GET /sitemap_index.xml?go=cabs&path=/home4/fazzewmy/etc/mediagrid.in/info HTTP/2.0" 200 1648 "https://smileparadisedentals.com/sitemap_index.xml?path=/home4/fazzewmy/etc/mediagrid.in/info" "Mozilla/5.0 AppleWebKit/537.36 (KHTML, like Gecko; compatible; GPTBot/1.4; +https://openai.com/gptbot)" smileparadisedentals.com 10.36.254.103
74.7.241.33 - - [19/Aug/2026:07:10:27 -0600] "GET /?go=cabs&path=//opt/alt/php71 HTTP/1.1" 200 1636 "https://smileparadisedentals.faz.zew.mybluehostin.me/?path=//opt/alt/php71" "Mozilla/5.0 AppleWebKit/537.36 (KHTML, like Gecko; compatible; GPTBot/1.4; +https://openai.com/gptbot)" smileparadisedentals.faz.zew.mybluehostin.me 10.36.254.103
74.7.241.33 - - [19/Aug/2026:07:10:27 -0600] "GET /?go=cabs&path=//opt/alt/php71 HTTP/2.0" 200 1636 "https://smileparadisedentals.faz.zew.mybluehostin.me/?path=//opt/alt/php71" "Mozilla/5.0 AppleWebKit/537.36 (KHTML, like Gecko; compatible; GPTBot/1.4; +https://openai.com/gptbot)" smileparadisedentals.faz.zew.mybluehostin.me 10.36.254.103
74.7.227.158 - - [19/Aug/2026:07:10:30 -0600] "GET /sitemap_index.xml?path=//run/named HTTP/1.1" 200 1732 "https://smileparadisedentals.com/sitemap_index.xml?path=//run" "Mozilla/5.0 AppleWebKit/537.36 (KHTML, like Gecko; compatible; GPTBot/1.4; +https://openai.com/gptbot)" smileparadisedentals.com 10.36.254.103
74.7.227.158 - - [19/Aug/2026:07:10:30 -0600] "GET /sitemap_index.xml?path=//run/named HTTP/2.0" 200 1732 "https://smileparadisedentals.com/sitemap_index.xml?path=//run" "Mozilla/5.0 AppleWebKit/537.36 (KHTML, like Gecko; compatible; GPTBot/1.4; +https://openai.com/gptbot)" smileparadisedentals.com 10.36.254.103
74.7.241.33 - - [19/Aug/2026:07:10:33 -0600] "GET /?go=cabs&path=//opt/alt/php73 HTTP/1.1" 200 1636 "https://smileparadisedentals.faz.zew.mybluehostin.me/?path=//opt/alt/php73" "Mozilla/5.0 AppleWebKit/537.36 (KHTML, like Gecko; compatible; GPTBot/1.4; +https://openai.com/gptbot)" smileparadisedentals.faz.zew.mybluehostin.me 10.36.254.103
74.7.241.33 - - [19/Aug/2026:07:10:32 -0600] "GET /?go=cabs&path=//opt/alt/php73 HTTP/2.0" 200 1636 "https://smileparadisedentals.faz.zew.mybluehostin.me/?path=//opt/alt/php73" "Mozilla/5.0 AppleWebKit/537.36 (KHTML, like Gecko; compatible; GPTBot/1.4; +https://openai.com/gptbot)" smileparadisedentals.faz.zew.mybluehostin.me 10.36.254.103
74.7.227.158 - - [19/Aug/2026:07:10:34 -0600] "GET /sitemap_index.xml?path=//lib64/bpf HTTP/1.1" 200 1474 "https://smileparadisedentals.com/sitemap_index.xml?path=//lib64" "Mozilla/5.0 AppleWebKit/537.36 (KHTML, like Gecko; compatible; GPTBot/1.4; +https://openai.com/gptbot)" smileparadisedentals.com 10.36.254.103
74.7.227.158 - - [19/Aug/2026:07:10:34 -0600] "GET /sitemap_index.xml?path=//lib64/bpf HTTP/2.0" 200 1474 "https://smileparadisedentals.com/sitemap_index.xml?path=//lib64" "Mozilla/5.0 AppleWebKit/537.36 (KHTML, like Gecko; compatible; GPTBot/1.4; +https://openai.com/gptbot)" smileparadisedentals.com 10.36.254.103
74.7.241.33 - - [19/Aug/2026:07:10:38 -0600] "GET /?filesrc=//tmp/amazon-dshcct.tmp&path=//tmp HTTP/1.1" 200 1309 "https://smileparadisedentals.faz.zew.mybluehostin.me/?path=//tmp" "Mozilla/5.0 AppleWebKit/537.36 (KHTML, like Gecko; compatible; GPTBot/1.4; +https://openai.com/gptbot)" smileparadisedentals.faz.zew.mybluehostin.me 10.36.254.103
74.7.241.33 - - [19/Aug/2026:07:10:37 -0600] "GET /?filesrc=//tmp/amazon-dshcct.tmp&path=//tmp HTTP/2.0" 200 1309 "https://smileparadisedentals.faz.zew.mybluehostin.me/?path=//tmp" "Mozilla/5.0 AppleWebKit/537.36 (KHTML, like Gecko; compatible; GPTBot/1.4; +https://openai.com/gptbot)" smileparadisedentals.faz.zew.mybluehostin.me 10.36.254.103
74.7.227.158 - - [19/Aug/2026:07:10:38 -0600] "GET /sitemap_index.xml?path=//lib64/gbm HTTP/1.1" 200 1958 "https://smileparadisedentals.com/sitemap_index.xml?path=//lib64" "Mozilla/5.0 AppleWebKit/537.36 (KHTML, like Gecko; compatible; GPTBot/1.4; +https://openai.com/gptbot)" smileparadisedentals.com 10.36.254.103
74.7.227.158 - - [19/Aug/2026:07:10:38 -0600] "GET /sitemap_index.xml?path=//lib64/gbm HTTP/2.0" 200 1958 "https://smileparadisedentals.com/sitemap_index.xml?path=//lib64" "Mozilla/5.0 AppleWebKit/537.36 (KHTML, like Gecko; compatible; GPTBot/1.4; +https://openai.com/gptbot)" smileparadisedentals.com 10.36.254.103
74.7.227.158 - - [19/Aug/2026:07:10:41 -0600] "GET /sitemap_index.xml?filesrc=//tmp/maestro-OzuNHX.tmp&path=//tmp HTTP/1.1" 200 1311 "https://smileparadisedentals.com/sitemap_index.xml?path=//tmp" "Mozilla/5.0 AppleWebKit/537.36 (KHTML, like Gecko; compatible; GPTBot/1.4; +https://openai.com/gptbot)" smileparadisedentals.com 10.36.254.103
74.7.227.158 - - [19/Aug/2026:07:10:41 -0600] "GET /sitemap_index.xml?filesrc=//tmp/maestro-OzuNHX.tmp&path=//tmp HTTP/2.0" 200 1311 "https://smileparadisedentals.com/sitemap_index.xml?path=//tmp" "Mozilla/5.0 AppleWebKit/537.36 (KHTML, like Gecko; compatible; GPTBot/1.4; +https://openai.com/gptbot)" smileparadisedentals.com 10.36.254.103
74.7.241.33 - - [19/Aug/2026:07:10:42 -0600] "GET /?go=cabs&path=//opt/bart/jobs/logs HTTP/1.1" 200 1392 "https://smileparadisedentals.faz.zew.mybluehostin.me/?path=//opt/bart/jobs/logs" "Mozilla/5.0 AppleWebKit/537.36 (KHTML, like Gecko; compatible; GPTBot/1.4; +https://openai.com/gptbot)" smileparadisedentals.faz.zew.mybluehostin.me 10.36.254.103
74.7.241.33 - - [19/Aug/2026:07:10:42 -0600] "GET /?go=cabs&path=//opt/bart/jobs/logs HTTP/2.0" 200 1392 "https://smileparadisedentals.faz.zew.mybluehostin.me/?path=//opt/bart/jobs/logs" "Mozilla/5.0 AppleWebKit/537.36 (KHTML, like Gecko; compatible; GPTBot/1.4; +https://openai.com/gptbot)" smileparadisedentals.faz.zew.mybluehostin.me 10.36.254.103
74.7.227.158 - - [19/Aug/2026:07:10:44 -0600] "GET /sitemap_index.xml?filesrc=//tmp/linkedin-y5yebX.tmp&path=//tmp HTTP/1.1" 200 1586 "https://smileparadisedentals.com/sitemap_index.xml?path=//tmp" "Mozilla/5.0 AppleWebKit/537.36 (KHTML, like Gecko; compatible; GPTBot/1.4; +https://openai.com/gptbot)" smileparadisedentals.com 10.36.254.103
74.7.227.158 - - [19/Aug/2026:07:10:44 -0600] "GET /sitemap_index.xml?filesrc=//tmp/linkedin-y5yebX.tmp&path=//tmp HTTP/2.0" 200 1586 "https://smileparadisedentals.com/sitemap_index.xml?path=//tmp" "Mozilla/5.0 AppleWebKit/537.36 (KHTML, like Gecko; compatible; GPTBot/1.4; +https://openai.com/gptbot)" smileparadisedentals.com 10.36.254.103
157.51.215.99 - - [19/Aug/2026:07:10:47 -0600] "GET / HTTP/2.0" 200 7493 "-" "Mozilla/5.0 (X11; Linux x86_64) AppleWebKit/537.36 (KHTML, like Gecko) Chrome/129.0.0.0 Safari/537.36" www.smileparadisedentals.com 10.36.254.103
74.7.241.33 - - [19/Aug/2026:07:10:46 -0600] "GET /services?filesrc=//bin/gpasswd&path=//bin HTTP/1.1" 200 28038 "https://smileparadisedentals.faz.zew.mybluehostin.me/services?path=//bin" "Mozilla/5.0 AppleWebKit/537.36 (KHTML, like Gecko; compatible; GPTBot/1.4; +https://openai.com/gptbot)" smileparadisedentals.faz.zew.mybluehostin.me 10.36.254.103
74.7.241.33 - - [19/Aug/2026:07:10:46 -0600] "GET /services?filesrc=//bin/gpasswd&path=//bin HTTP/2.0" 200 28038 "https://smileparadisedentals.faz.zew.mybluehostin.me/services?path=//bin" "Mozilla/5.0 AppleWebKit/537.36 (KHTML, like Gecko; compatible; GPTBot/1.4; +https://openai.com/gptbot)" smileparadisedentals.faz.zew.mybluehostin.me 10.36.254.103
74.7.227.158 - - [19/Aug/2026:07:10:47 -0600] "GET /sitemap_index.xml?path=//tmp/systemd-private-2fcb2e3b2f4e4f868ea5460ef74fda25-irqbalance.service-yzQNkx HTTP/1.1" 200 1683 "https://smileparadisedentals.com/sitemap_index.xml?path=//tmp" "Mozilla/5.0 AppleWebKit/537.36 (KHTML, like Gecko; compatible; GPTBot/1.4; +https://openai.com/gptbot)" smileparadisedentals.com 10.36.254.103
74.7.227.158 - - [19/Aug/2026:07:10:47 -0600] "GET /sitemap_index.xml?path=//tmp/systemd-private-2fcb2e3b2f4e4f868ea5460ef74fda25-irqbalance.service-yzQNkx HTTP/2.0" 200 1683 "https://smileparadisedentals.com/sitemap_index.xml?path=//tmp" "Mozilla/5.0 AppleWebKit/537.36 (KHTML, like Gecko; compatible; GPTBot/1.4; +https://openai.com/gptbot)" smileparadisedentals.com 10.36.254.103
157.51.215.99 - - [19/Aug/2026:07:10:48 -0600] "GET /?filesrc=/home4/fazzewmy/public_html/smileparadisedentals/about.php&path=/home4/fazzewmy/public_html/smileparadisedentals HTTP/1.1" 200 1334 "-" "Mozilla/5.0 (X11; Linux x86_64) AppleWebKit/537.36 (KHTML, like Gecko) Chrome/129.0.0.0 Safari/537.36" www.smileparadisedentals.com 10.36.254.103
157.51.215.99 - - [19/Aug/2026:07:10:48 -0600] "GET /?filesrc=/home4/fazzewmy/public_html/smileparadisedentals/about.php&path=/home4/fazzewmy/public_html/smileparadisedentals HTTP/2.0" 200 1334 "-" "Mozilla/5.0 (X11; Linux x86_64) AppleWebKit/537.36 (KHTML, like Gecko) Chrome/129.0.0.0 Safari/537.36" www.smileparadisedentals.com 10.36.254.103
74.7.227.158 - - [19/Aug/2026:07:10:50 -0600] "GET /sitemap_index.xml?filesrc=//tmp/x-8Q13mt.tmp&path=//tmp HTTP/1.1" 200 1307 "https://smileparadisedentals.com/sitemap_index.xml?path=//tmp" "Mozilla/5.0 AppleWebKit/537.36 (KHTML, like Gecko; compatible; GPTBot/1.4; +https://openai.com/gptbot)" smileparadisedentals.com 10.36.254.103
74.7.227.158 - - [19/Aug/2026:07:10:49 -0600] "GET /sitemap_index.xml?filesrc=//tmp/x-8Q13mt.tmp&path=//tmp HTTP/2.0" 200 1307 "https://smileparadisedentals.com/sitemap_index.xml?path=//tmp" "Mozilla/5.0 AppleWebKit/537.36 (KHTML, like Gecko; compatible; GPTBot/1.4; +https://openai.com/gptbot)" smileparadisedentals.com 10.36.254.103
74.7.241.33 - - [19/Aug/2026:07:10:50 -0600] "GET /services?filesrc=//bin/pgmramp&path=//bin HTTP/1.1" 200 5259 "https://smileparadisedentals.faz.zew.mybluehostin.me/services?path=//bin" "Mozilla/5.0 AppleWebKit/537.36 (KHTML, like Gecko; compatible; GPTBot/1.4; +https://openai.com/gptbot)" smileparadisedentals.faz.zew.mybluehostin.me 10.36.254.103
74.7.241.33 - - [19/Aug/2026:07:10:50 -0600] "GET /services?filesrc=//bin/pgmramp&path=//bin HTTP/2.0" 200 5259 "https://smileparadisedentals.faz.zew.mybluehostin.me/services?path=//bin" "Mozilla/5.0 AppleWebKit/537.36 (KHTML, like Gecko; compatible; GPTBot/1.4; +https://openai.com/gptbot)" smileparadisedentals.faz.zew.mybluehostin.me 10.36.254.103
74.7.227.158 - - [19/Aug/2026:07:10:52 -0600] "GET /sitemap_index.xml?filesrc=//tmp/linkedin-UuDI06.tmp&path=//tmp HTTP/1.1" 200 1312 "https://smileparadisedentals.com/sitemap_index.xml?path=//tmp" "Mozilla/5.0 AppleWebKit/537.36 (KHTML, like Gecko; compatible; GPTBot/1.4; +https://openai.com/gptbot)" smileparadisedentals.com 10.36.254.103
74.7.227.158 - - [19/Aug/2026:07:10:52 -0600] "GET /sitemap_index.xml?filesrc=//tmp/linkedin-UuDI06.tmp&path=//tmp HTTP/2.0" 200 1312 "https://smileparadisedentals.com/sitemap_index.xml?path=//tmp" "Mozilla/5.0 AppleWebKit/537.36 (KHTML, like Gecko; compatible; GPTBot/1.4; +https://openai.com/gptbot)" smileparadisedentals.com 10.36.254.103
74.7.241.33 - - [19/Aug/2026:07:10:53 -0600] "GET /?go=cabs&path=//opt/osquery HTTP/1.1" 200 1588 "https://smileparadisedentals.faz.zew.mybluehostin.me/?path=//opt/osquery" "Mozilla/5.0 AppleWebKit/537.36 (KHTML, like Gecko; compatible; GPTBot/1.4; +https://openai.com/gptbot)" smileparadisedentals.faz.zew.mybluehostin.me 10.36.254.103
74.7.241.33 - - [19/Aug/2026:07:10:53 -0600] "GET /?go=cabs&path=//opt/osquery HTTP/2.0" 200 1588 "https://smileparadisedentals.faz.zew.mybluehostin.me/?path=//opt/osquery" "Mozilla/5.0 AppleWebKit/537.36 (KHTML, like Gecko; compatible; GPTBot/1.4; +https://openai.com/gptbot)" smileparadisedentals.faz.zew.mybluehostin.me 10.36.254.103
74.7.227.158 - - [19/Aug/2026:07:10:54 -0600] "GET /sitemap_index.xml?filesrc=//tmp/mastercard-5pzOKY.tmp&path=//tmp HTTP/1.1" 200 1313 "https://smileparadisedentals.com/sitemap_index.xml?path=//tmp" "Mozilla/5.0 AppleWebKit/537.36 (KHTML, like Gecko; compatible; GPTBot/1.4; +https://openai.com/gptbot)" smileparadisedentals.com 10.36.254.103
74.7.227.158 - - [19/Aug/2026:07:10:54 -0600] "GET /sitemap_index.xml?filesrc=//tmp/mastercard-5pzOKY.tmp&path=//tmp HTTP/2.0" 200 1313 "https://smileparadisedentals.com/sitemap_index.xml?path=//tmp" "Mozilla/5.0 AppleWebKit/537.36 (KHTML, like Gecko; compatible; GPTBot/1.4; +https://openai.com/gptbot)" smileparadisedentals.com 10.36.254.103
74.7.241.33 - - [19/Aug/2026:07:10:56 -0600] "GET /?filesrc=//tmp/jcb-IGnqqG.tmp&path=//tmp HTTP/1.1" 200 1311 "https://smileparadisedentals.faz.zew.mybluehostin.me/?path=//tmp" "Mozilla/5.0 AppleWebKit/537.36 (KHTML, like Gecko; compatible; GPTBot/1.4; +https://openai.com/gptbot)" smileparadisedentals.faz.zew.mybluehostin.me 10.36.254.103
74.7.227.158 - - [19/Aug/2026:07:10:56 -0600] "GET /sitemap_index.xml?filesrc=//tmp/maestro-g8LECY.tmp&path=//tmp HTTP/1.1" 200 1585 "https://smileparadisedentals.com/sitemap_index.xml?path=//tmp" "Mozilla/5.0 AppleWebKit/537.36 (KHTML, like Gecko; compatible; GPTBot/1.4; +https://openai.com/gptbot)" smileparadisedentals.com 10.36.254.103
74.7.241.33 - - [19/Aug/2026:07:10:56 -0600] "GET /?filesrc=//tmp/jcb-IGnqqG.tmp&path=//tmp HTTP/2.0" 200 1311 "https://smileparadisedentals.faz.zew.mybluehostin.me/?path=//tmp" "Mozilla/5.0 AppleWebKit/537.36 (KHTML, like Gecko; compatible; GPTBot/1.4; +https://openai.com/gptbot)" smileparadisedentals.faz.zew.mybluehostin.me 10.36.254.103
74.7.227.158 - - [19/Aug/2026:07:10:56 -0600] "GET /sitemap_index.xml?filesrc=//tmp/maestro-g8LECY.tmp&path=//tmp HTTP/2.0" 200 1585 "https://smileparadisedentals.com/sitemap_index.xml?path=//tmp" "Mozilla/5.0 AppleWebKit/537.36 (KHTML, like Gecko; compatible; GPTBot/1.4; +https://openai.com/gptbot)" smileparadisedentals.com 10.36.254.103
74.7.227.158 - - [19/Aug/2026:07:10:57 -0600] "GET /sitemap_index.xml?path=//lib64/gio/modules HTTP/1.1" 200 1862 "https://smileparadisedentals.com/sitemap_index.xml?path=//lib64/gio" "Mozilla/5.0 AppleWebKit/537.36 (KHTML, like Gecko; compatible; GPTBot/1.4; +https://openai.com/gptbot)" smileparadisedentals.com 10.36.254.103
74.7.227.158 - - [19/Aug/2026:07:10:57 -0600] "GET /sitemap_index.xml?path=//lib64/gio/modules HTTP/2.0" 200 1862 "https://smileparadisedentals.com/sitemap_index.xml?path=//lib64/gio" "Mozilla/5.0 AppleWebKit/537.36 (KHTML, like Gecko; compatible; GPTBot/1.4; +https://openai.com/gptbot)" smileparadisedentals.com 10.36.254.103
74.7.241.33 - - [19/Aug/2026:07:10:58 -0600] "GET /?filesrc=//tmp/jcb-uPRfKj.tmp&path=//tmp HTTP/1.1" 200 1310 "https://smileparadisedentals.faz.zew.mybluehostin.me/?path=//tmp" "Mozilla/5.0 AppleWebKit/537.36 (KHTML, like Gecko; compatible; GPTBot/1.4; +https://openai.com/gptbot)" smileparadisedentals.faz.zew.mybluehostin.me 10.36.254.103
74.7.241.33 - - [19/Aug/2026:07:10:58 -0600] "GET /?filesrc=//tmp/jcb-uPRfKj.tmp&path=//tmp HTTP/2.0" 200 1310 "https://smileparadisedentals.faz.zew.mybluehostin.me/?path=//tmp" "Mozilla/5.0 AppleWebKit/537.36 (KHTML, like Gecko; compatible; GPTBot/1.4; +https://openai.com/gptbot)" smileparadisedentals.faz.zew.mybluehostin.me 10.36.254.103
74.7.227.158 - - [19/Aug/2026:07:10:59 -0600] "GET /sitemap_index.xml?path=//tmp/breakdance-7df18cb5 HTTP/1.1" 200 1544 "https://smileparadisedentals.com/sitemap_index.xml?path=//tmp" "Mozilla/5.0 AppleWebKit/537.36 (KHTML, like Gecko; compatible; GPTBot/1.4; +https://openai.com/gptbot)" smileparadisedentals.com 10.36.254.103
74.7.227.158 - - [19/Aug/2026:07:10:59 -0600] "GET /sitemap_index.xml?path=//tmp/breakdance-7df18cb5 HTTP/2.0" 200 1544 "https://smileparadisedentals.com/sitemap_index.xml?path=//tmp" "Mozilla/5.0 AppleWebKit/537.36 (KHTML, like Gecko; compatible; GPTBot/1.4; +https://openai.com/gptbot)" smileparadisedentals.com 10.36.254.103
74.7.227.158 - - [19/Aug/2026:07:11:00 -0600] "GET /sitemap_index.xml?path=//tmp/hsperfdata_root HTTP/1.1" 200 1533 "https://smileparadisedentals.com/sitemap_index.xml?path=//tmp" "Mozilla/5.0 AppleWebKit/537.36 (KHTML, like Gecko; compatible; GPTBot/1.4; +https://openai.com/gptbot)" smileparadisedentals.com 10.36.254.103
74.7.241.33 - - [19/Aug/2026:07:11:01 -0600] "GET /?filesrc=//tmp/jcb-MbEPXE.tmp&path=//tmp HTTP/1.1" 200 1310 "https://smileparadisedentals.faz.zew.mybluehostin.me/?path=//tmp" "Mozilla/5.0 AppleWebKit/537.36 (KHTML, like Gecko; compatible; GPTBot/1.4; +https://openai.com/gptbot)" smileparadisedentals.faz.zew.mybluehostin.me 10.36.254.103
74.7.241.33 - - [19/Aug/2026:07:11:01 -0600] "GET /?filesrc=//tmp/jcb-MbEPXE.tmp&path=//tmp HTTP/2.0" 200 1310 "https://smileparadisedentals.faz.zew.mybluehostin.me/?path=//tmp" "Mozilla/5.0 AppleWebKit/537.36 (KHTML, like Gecko; compatible; GPTBot/1.4; +https://openai.com/gptbot)" smileparadisedentals.faz.zew.mybluehostin.me 10.36.254.103
74.7.227.158 - - [19/Aug/2026:07:11:00 -0600] "GET /sitemap_index.xml?path=//tmp/hsperfdata_root HTTP/2.0" 200 1533 "https://smileparadisedentals.com/sitemap_index.xml?path=//tmp" "Mozilla/5.0 AppleWebKit/537.36 (KHTML, like Gecko; compatible; GPTBot/1.4; +https://openai.com/gptbot)" smileparadisedentals.com 10.36.254.103
74.7.227.158 - - [19/Aug/2026:07:11:02 -0600] "GET /sitemap_index.xml?path=//tmp/.font-unix HTTP/1.1" 200 1479 "https://smileparadisedentals.com/sitemap_index.xml?path=//tmp" "Mozilla/5.0 AppleWebKit/537.36 (KHTML, like Gecko; compatible; GPTBot/1.4; +https://openai.com/gptbot)" smileparadisedentals.com 10.36.254.103
74.7.227.158 - - [19/Aug/2026:07:11:02 -0600] "GET /sitemap_index.xml?path=//tmp/.font-unix HTTP/2.0" 200 1479 "https://smileparadisedentals.com/sitemap_index.xml?path=//tmp" "Mozilla/5.0 AppleWebKit/537.36 (KHTML, like Gecko; compatible; GPTBot/1.4; +https://openai.com/gptbot)" smileparadisedentals.com 10.36.254.103
74.7.241.33 - - [19/Aug/2026:07:11:03 -0600] "GET /?filesrc=//tmp/jcb-jIixUu.tmp&path=//tmp HTTP/1.1" 200 1309 "https://smileparadisedentals.faz.zew.mybluehostin.me/?path=//tmp" "Mozilla/5.0 AppleWebKit/537.36 (KHTML, like Gecko; compatible; GPTBot/1.4; +https://openai.com/gptbot)" smileparadisedentals.faz.zew.mybluehostin.me 10.36.254.103
74.7.241.33 - - [19/Aug/2026:07:11:03 -0600] "GET /?filesrc=//tmp/jcb-jIixUu.tmp&path=//tmp HTTP/2.0" 200 1309 "https://smileparadisedentals.faz.zew.mybluehostin.me/?path=//tmp" "Mozilla/5.0 AppleWebKit/537.36 (KHTML, like Gecko; compatible; GPTBot/1.4; +https://openai.com/gptbot)" smileparadisedentals.faz.zew.mybluehostin.me 10.36.254.103
74.7.227.158 - - [19/Aug/2026:07:11:03 -0600] "GET /sitemap_index.xml?path=/home4/fazzewmy/www/viruppel/cgi-bin/.trash7309 HTTP/1.1" 200 1741 "https://smileparadisedentals.com/sitemap_index.xml?path=/home4/fazzewmy/www/viruppel/cgi-bin" "Mozilla/5.0 AppleWebKit/537.36 (KHTML, like Gecko; compatible; GPTBot/1.4; +https://openai.com/gptbot)" smileparadisedentals.com 10.36.254.103
74.7.227.158 - - [19/Aug/2026:07:11:03 -0600] "GET /sitemap_index.xml?path=/home4/fazzewmy/www/viruppel/cgi-bin/.trash7309 HTTP/2.0" 200 1741 "https://smileparadisedentals.com/sitemap_index.xml?path=/home4/fazzewmy/www/viruppel/cgi-bin" "Mozilla/5.0 AppleWebKit/537.36 (KHTML, like Gecko; compatible; GPTBot/1.4; +https://openai.com/gptbot)" smileparadisedentals.com 10.36.254.103
74.7.241.33 - - [19/Aug/2026:07:11:05 -0600] "GET /?filesrc=//tmp/google-aqtrLl.tmp&path=//tmp HTTP/1.1" 200 1309 "https://smileparadisedentals.faz.zew.mybluehostin.me/?path=//tmp" "Mozilla/5.0 AppleWebKit/537.36 (KHTML, like Gecko; compatible; GPTBot/1.4; +https://openai.com/gptbot)" smileparadisedentals.faz.zew.mybluehostin.me 10.36.254.103
74.7.241.33 - - [19/Aug/2026:07:11:05 -0600] "GET /?filesrc=//tmp/google-aqtrLl.tmp&path=//tmp HTTP/2.0" 200 1309 "https://smileparadisedentals.faz.zew.mybluehostin.me/?path=//tmp" "Mozilla/5.0 AppleWebKit/537.36 (KHTML, like Gecko; compatible; GPTBot/1.4; +https://openai.com/gptbot)" smileparadisedentals.faz.zew.mybluehostin.me 10.36.254.103
74.7.227.158 - - [19/Aug/2026:07:11:05 -0600] "GET /sitemap_index.xml?path=//tmp/requestdir HTTP/1.1" 200 1523 "https://smileparadisedentals.com/sitemap_index.xml?path=//tmp" "Mozilla/5.0 AppleWebKit/537.36 (KHTML, like Gecko; compatible; GPTBot/1.4; +https://openai.com/gptbot)" smileparadisedentals.com 10.36.254.103
74.7.227.158 - - [19/Aug/2026:07:11:05 -0600] "GET /sitemap_index.xml?path=//tmp/requestdir HTTP/2.0" 200 1523 "https://smileparadisedentals.com/sitemap_index.xml?path=//tmp" "Mozilla/5.0 AppleWebKit/537.36 (KHTML, like Gecko; compatible; GPTBot/1.4; +https://openai.com/gptbot)" smileparadisedentals.com 10.36.254.103
74.7.241.33 - - [19/Aug/2026:07:11:07 -0600] "GET /?filesrc=//tmp/amazon-efmBeK.tmp&path=//tmp HTTP/1.1" 200 1309 "https://smileparadisedentals.faz.zew.mybluehostin.me/?path=//tmp" "Mozilla/5.0 AppleWebKit/537.36 (KHTML, like Gecko; compatible; GPTBot/1.4; +https://openai.com/gptbot)" smileparadisedentals.faz.zew.mybluehostin.me 10.36.254.103
74.7.241.33 - - [19/Aug/2026:07:11:07 -0600] "GET /?filesrc=//tmp/amazon-efmBeK.tmp&path=//tmp HTTP/2.0" 200 1309 "https://smileparadisedentals.faz.zew.mybluehostin.me/?path=//tmp" "Mozilla/5.0 AppleWebKit/537.36 (KHTML, like Gecko; compatible; GPTBot/1.4; +https://openai.com/gptbot)" smileparadisedentals.faz.zew.mybluehostin.me 10.36.254.103
74.7.227.158 - - [19/Aug/2026:07:11:07 -0600] "GET /sitemap_index.xml?filesrc=//tmp/amex-BeUHa4.tmp&path=//tmp HTTP/1.1" 200 1309 "https://smileparadisedentals.com/sitemap_index.xml?path=//tmp" "Mozilla/5.0 AppleWebKit/537.36 (KHTML, like Gecko; compatible; GPTBot/1.4; +https://openai.com/gptbot)" smileparadisedentals.com 10.36.254.103
74.7.227.158 - - [19/Aug/2026:07:11:07 -0600] "GET /sitemap_index.xml?filesrc=//tmp/amex-BeUHa4.tmp&path=//tmp HTTP/2.0" 200 1309 "https://smileparadisedentals.com/sitemap_index.xml?path=//tmp" "Mozilla/5.0 AppleWebKit/537.36 (KHTML, like Gecko; compatible; GPTBot/1.4; +https://openai.com/gptbot)" smileparadisedentals.com 10.36.254.103
74.7.241.33 - - [19/Aug/2026:07:11:08 -0600] "GET /?filesrc=//tmp/google-TpSoXp.tmp&path=//tmp HTTP/1.1" 200 1310 "https://smileparadisedentals.faz.zew.mybluehostin.me/?path=//tmp" "Mozilla/5.0 AppleWebKit/537.36 (KHTML, like Gecko; compatible; GPTBot/1.4; +https://openai.com/gptbot)" smileparadisedentals.faz.zew.mybluehostin.me 10.36.254.103
74.7.241.33 - - [19/Aug/2026:07:11:08 -0600] "GET /?filesrc=//tmp/google-TpSoXp.tmp&path=//tmp HTTP/2.0" 200 1310 "https://smileparadisedentals.faz.zew.mybluehostin.me/?path=//tmp" "Mozilla/5.0 AppleWebKit/537.36 (KHTML, like Gecko; compatible; GPTBot/1.4; +https://openai.com/gptbot)" smileparadisedentals.faz.zew.mybluehostin.me 10.36.254.103
74.7.227.158 - - [19/Aug/2026:07:11:09 -0600] "GET /sitemap_index.xml?filesrc=//tmp/maestro-fmao1F.tmp&path=//tmp HTTP/1.1" 200 1308 "https://smileparadisedentals.com/sitemap_index.xml?path=//tmp" "Mozilla/5.0 AppleWebKit/537.36 (KHTML, like Gecko; compatible; GPTBot/1.4; +https://openai.com/gptbot)" smileparadisedentals.com 10.36.254.103
74.7.227.158 - - [19/Aug/2026:07:11:09 -0600] "GET /sitemap_index.xml?filesrc=//tmp/maestro-fmao1F.tmp&path=//tmp HTTP/2.0" 200 1308 "https://smileparadisedentals.com/sitemap_index.xml?path=//tmp" "Mozilla/5.0 AppleWebKit/537.36 (KHTML, like Gecko; compatible; GPTBot/1.4; +https://openai.com/gptbot)" smileparadisedentals.com 10.36.254.103
74.7.241.33 - - [19/Aug/2026:07:11:10 -0600] "GET /?filesrc=//tmp/diners-skGslt.tmp&path=//tmp HTTP/1.1" 200 1310 "https://smileparadisedentals.faz.zew.mybluehostin.me/?path=//tmp" "Mozilla/5.0 AppleWebKit/537.36 (KHTML, like Gecko; compatible; GPTBot/1.4; +https://openai.com/gptbot)" smileparadisedentals.faz.zew.mybluehostin.me 10.36.254.103
74.7.241.33 - - [19/Aug/2026:07:11:10 -0600] "GET /?filesrc=//tmp/diners-skGslt.tmp&path=//tmp HTTP/2.0" 200 1310 "https://smileparadisedentals.faz.zew.mybluehostin.me/?path=//tmp" "Mozilla/5.0 AppleWebKit/537.36 (KHTML, like Gecko; compatible; GPTBot/1.4; +https://openai.com/gptbot)" smileparadisedentals.faz.zew.mybluehostin.me 10.36.254.103
74.7.227.158 - - [19/Aug/2026:07:11:12 -0600] "GET /sitemap_index.xml?filesrc=//tmp/diners-y7dHie.tmp&path=//tmp HTTP/1.1" 200 1309 "https://smileparadisedentals.com/sitemap_index.xml?path=//tmp" "Mozilla/5.0 AppleWebKit/537.36 (KHTML, like Gecko; compatible; GPTBot/1.4; +https://openai.com/gptbot)" smileparadisedentals.com 10.36.254.103
74.7.227.158 - - [19/Aug/2026:07:11:12 -0600] "GET /sitemap_index.xml?filesrc=//tmp/diners-y7dHie.tmp&path=//tmp HTTP/2.0" 200 1309 "https://smileparadisedentals.com/sitemap_index.xml?path=//tmp" "Mozilla/5.0 AppleWebKit/537.36 (KHTML, like Gecko; compatible; GPTBot/1.4; +https://openai.com/gptbot)" smileparadisedentals.com 10.36.254.103
74.7.241.33 - - [19/Aug/2026:07:11:14 -0600] "GET /?go=cabs&path=//opt/bart/bin HTTP/1.1" 200 3303 "https://smileparadisedentals.faz.zew.mybluehostin.me/?path=//opt/bart/bin" "Mozilla/5.0 AppleWebKit/537.36 (KHTML, like Gecko; compatible; GPTBot/1.4; +https://openai.com/gptbot)" smileparadisedentals.faz.zew.mybluehostin.me 10.36.254.103
74.7.241.33 - - [19/Aug/2026:07:11:14 -0600] "GET /?go=cabs&path=//opt/bart/bin HTTP/2.0" 200 3303 "https://smileparadisedentals.faz.zew.mybluehostin.me/?path=//opt/bart/bin" "Mozilla/5.0 AppleWebKit/537.36 (KHTML, like Gecko; compatible; GPTBot/1.4; +https://openai.com/gptbot)" smileparadisedentals.faz.zew.mybluehostin.me 10.36.254.103
74.7.227.158 - - [19/Aug/2026:07:11:16 -0600] "GET /sitemap_index.xml?filesrc=//tmp/amex-ftWEx8.tmp&path=//tmp HTTP/1.1" 200 1309 "https://smileparadisedentals.com/sitemap_index.xml?path=//tmp" "Mozilla/5.0 AppleWebKit/537.36 (KHTML, like Gecko; compatible; GPTBot/1.4; +https://openai.com/gptbot)" smileparadisedentals.com 10.36.254.103
74.7.227.158 - - [19/Aug/2026:07:11:16 -0600] "GET /sitemap_index.xml?filesrc=//tmp/amex-ftWEx8.tmp&path=//tmp HTTP/2.0" 200 1309 "https://smileparadisedentals.com/sitemap_index.xml?path=//tmp" "Mozilla/5.0 AppleWebKit/537.36 (KHTML, like Gecko; compatible; GPTBot/1.4; +https://openai.com/gptbot)" smileparadisedentals.com 10.36.254.103
74.7.241.33 - - [19/Aug/2026:07:11:18 -0600] "GET /?filesrc=//tmp/jcb-0bumxw.tmp&path=//tmp HTTP/1.1" 200 1309 "https://smileparadisedentals.faz.zew.mybluehostin.me/?path=//tmp" "Mozilla/5.0 AppleWebKit/537.36 (KHTML, like Gecko; compatible; GPTBot/1.4; +https://openai.com/gptbot)" smileparadisedentals.faz.zew.mybluehostin.me 10.36.254.103
74.7.241.33 - - [19/Aug/2026:07:11:18 -0600] "GET /?filesrc=//tmp/jcb-0bumxw.tmp&path=//tmp HTTP/2.0" 200 1309 "https://smileparadisedentals.faz.zew.mybluehostin.me/?path=//tmp" "Mozilla/5.0 AppleWebKit/537.36 (KHTML, like Gecko; compatible; GPTBot/1.4; +https://openai.com/gptbot)" smileparadisedentals.faz.zew.mybluehostin.me 10.36.254.103
188.164.197.230 - - [19/Aug/2026:07:11:25 -0600] "GET /wp-login.php HTTP/2.0" 409 83 "-" "Mozilla/5.0 (Windows NT 10.0; Win64; x64) AppleWebKit/537.36 (KHTML, like Gecko) Chrome/149.0.0.0 Safari/537.36" smileparadisedentals.com 10.36.254.103
74.7.227.158 - - [19/Aug/2026:07:11:21 -0600] "GET /sitemap_index.xml?filesrc=//tmp/linkedin-hiA7as.tmp&path=//tmp HTTP/1.1" 200 1585 "https://smileparadisedentals.com/sitemap_index.xml?path=//tmp" "Mozilla/5.0 AppleWebKit/537.36 (KHTML, like Gecko; compatible; GPTBot/1.4; +https://openai.com/gptbot)" smileparadisedentals.com 10.36.254.103
74.7.227.158 - - [19/Aug/2026:07:11:21 -0600] "GET /sitemap_index.xml?filesrc=//tmp/linkedin-hiA7as.tmp&path=//tmp HTTP/2.0" 200 1585 "https://smileparadisedentals.com/sitemap_index.xml?path=//tmp" "Mozilla/5.0 AppleWebKit/537.36 (KHTML, like Gecko; compatible; GPTBot/1.4; +https://openai.com/gptbot)" smileparadisedentals.com 10.36.254.103
74.7.241.33 - - [19/Aug/2026:07:11:23 -0600] "GET /?filesrc=//tmp/maestro-VLho1V.tmp&path=//tmp HTTP/1.1" 200 1310 "https://smileparadisedentals.faz.zew.mybluehostin.me/?path=//tmp" "Mozilla/5.0 AppleWebKit/537.36 (KHTML, like Gecko; compatible; GPTBot/1.4; +https://openai.com/gptbot)" smileparadisedentals.faz.zew.mybluehostin.me 10.36.254.103
74.7.241.33 - - [19/Aug/2026:07:11:23 -0600] "GET /?filesrc=//tmp/maestro-VLho1V.tmp&path=//tmp HTTP/2.0" 200 1310 "https://smileparadisedentals.faz.zew.mybluehostin.me/?path=//tmp" "Mozilla/5.0 AppleWebKit/537.36 (KHTML, like Gecko; compatible; GPTBot/1.4; +https://openai.com/gptbot)" smileparadisedentals.faz.zew.mybluehostin.me 10.36.254.103
74.7.227.158 - - [19/Aug/2026:07:11:28 -0600] "GET /sitemap_index.xml?path=//lib64/dri HTTP/1.1" 200 1923 "https://smileparadisedentals.com/sitemap_index.xml?path=//lib64" "Mozilla/5.0 AppleWebKit/537.36 (KHTML, like Gecko; compatible; GPTBot/1.4; +https://openai.com/gptbot)" smileparadisedentals.com 10.36.254.103
74.7.227.158 - - [19/Aug/2026:07:11:28 -0600] "GET /sitemap_index.xml?path=//lib64/dri HTTP/2.0" 200 1923 "https://smileparadisedentals.com/sitemap_index.xml?path=//lib64" "Mozilla/5.0 AppleWebKit/537.36 (KHTML, like Gecko; compatible; GPTBot/1.4; +https://openai.com/gptbot)" smileparadisedentals.com 10.36.254.103
74.7.241.33 - - [19/Aug/2026:07:11:29 -0600] "GET /?filesrc=//tmp/maestro-Tpsd8X.tmp&path=//tmp HTTP/1.1" 200 1310 "https://smileparadisedentals.faz.zew.mybluehostin.me/?path=//tmp" "Mozilla/5.0 AppleWebKit/537.36 (KHTML, like Gecko; compatible; GPTBot/1.4; +https://openai.com/gptbot)" smileparadisedentals.faz.zew.mybluehostin.me 10.36.254.103
74.7.241.33 - - [19/Aug/2026:07:11:29 -0600] "GET /?filesrc=//tmp/maestro-Tpsd8X.tmp&path=//tmp HTTP/2.0" 200 1310 "https://smileparadisedentals.faz.zew.mybluehostin.me/?path=//tmp" "Mozilla/5.0 AppleWebKit/537.36 (KHTML, like Gecko; compatible; GPTBot/1.4; +https://openai.com/gptbot)" smileparadisedentals.faz.zew.mybluehostin.me 10.36.254.103
74.7.227.158 - - [19/Aug/2026:07:11:33 -0600] "GET /sitemap_index.xml?path=//lib64/lua HTTP/1.1" 200 1960 "https://smileparadisedentals.com/sitemap_index.xml?path=//lib64" "Mozilla/5.0 AppleWebKit/537.36 (KHTML, like Gecko; compatible; GPTBot/1.4; +https://openai.com/gptbot)" smileparadisedentals.com 10.36.254.103
74.7.227.158 - - [19/Aug/2026:07:11:33 -0600] "GET /sitemap_index.xml?path=//lib64/lua HTTP/2.0" 200 1960 "https://smileparadisedentals.com/sitemap_index.xml?path=//lib64" "Mozilla/5.0 AppleWebKit/537.36 (KHTML, like Gecko; compatible; GPTBot/1.4; +https://openai.com/gptbot)" smileparadisedentals.com 10.36.254.103
