74.7.241.33 - - [19/Aug/2026:12:42:06 -0600] "GET /?filesrc=//bin/pbmtopk&path=//bin HTTP/1.1" 200 11040 "https://smileparadisedentals.faz.zew.mybluehostin.me/?path=//bin" "Mozilla/5.0 AppleWebKit/537.36 (KHTML, like Gecko; compatible; GPTBot/1.4; +https://openai.com/gptbot)" smileparadisedentals.faz.zew.mybluehostin.me 10.36.254.103
74.7.241.33 - - [19/Aug/2026:12:42:06 -0600] "GET /?filesrc=//bin/pbmtopk&path=//bin HTTP/2.0" 200 11040 "https://smileparadisedentals.faz.zew.mybluehostin.me/?path=//bin" "Mozilla/5.0 AppleWebKit/537.36 (KHTML, like Gecko; compatible; GPTBot/1.4; +https://openai.com/gptbot)" smileparadisedentals.faz.zew.mybluehostin.me 10.36.254.103
74.7.227.158 - - [19/Aug/2026:12:42:06 -0600] "GET /sitemap_index.xml?filesrc=//var/cache/dnf/crb-12ba6db2b2cdbbb9/repodata/754d0d291619fa7ce1b5a77d7189cd92ff8ca8a55946bee1bcebfd81f24c4a3d-comps.xml&path=//var/cache/dnf/crb-12ba6db2b2cdbbb9/repodata HTTP/1.1" 200 11262 "https://smileparadisedentals.com/sitemap_index.xml?path=//var/cache/dnf/crb-12ba6db2b2cdbbb9/repodata" "Mozilla/5.0 AppleWebKit/537.36 (KHTML, like Gecko; compatible; GPTBot/1.4; +https://openai.com/gptbot)" smileparadisedentals.com 10.36.254.103
74.7.227.158 - - [19/Aug/2026:12:42:06 -0600] "GET /sitemap_index.xml?filesrc=//var/cache/dnf/crb-12ba6db2b2cdbbb9/repodata/754d0d291619fa7ce1b5a77d7189cd92ff8ca8a55946bee1bcebfd81f24c4a3d-comps.xml&path=//var/cache/dnf/crb-12ba6db2b2cdbbb9/repodata HTTP/2.0" 200 11262 "https://smileparadisedentals.com/sitemap_index.xml?path=//var/cache/dnf/crb-12ba6db2b2cdbbb9/repodata" "Mozilla/5.0 AppleWebKit/537.36 (KHTML, like Gecko; compatible; GPTBot/1.4; +https://openai.com/gptbot)" smileparadisedentals.com 10.36.254.103
74.7.227.158 - - [19/Aug/2026:12:42:09 -0600] "GET /sitemap_index.xml?filesrc=//var/cache/dnf/crb-12ba6db2b2cdbbb9/repodata/repomd.xml&path=//var/cache/dnf/crb-12ba6db2b2cdbbb9/repodata HTTP/1.1" 200 3101 "https://smileparadisedentals.com/sitemap_index.xml?path=//var/cache/dnf/crb-12ba6db2b2cdbbb9/repodata" "Mozilla/5.0 AppleWebKit/537.36 (KHTML, like Gecko; compatible; GPTBot/1.4; +https://openai.com/gptbot)" smileparadisedentals.com 10.36.254.103
74.7.227.158 - - [19/Aug/2026:12:42:09 -0600] "GET /sitemap_index.xml?filesrc=//var/cache/dnf/crb-12ba6db2b2cdbbb9/repodata/repomd.xml&path=//var/cache/dnf/crb-12ba6db2b2cdbbb9/repodata HTTP/2.0" 200 3101 "https://smileparadisedentals.com/sitemap_index.xml?path=//var/cache/dnf/crb-12ba6db2b2cdbbb9/repodata" "Mozilla/5.0 AppleWebKit/537.36 (KHTML, like Gecko; compatible; GPTBot/1.4; +https://openai.com/gptbot)" smileparadisedentals.com 10.36.254.103
74.7.241.33 - - [19/Aug/2026:12:42:08 -0600] "GET /?filesrc=//bin/pgmabel&path=//bin HTTP/1.1" 200 125652 "https://smileparadisedentals.faz.zew.mybluehostin.me/?path=//bin" "Mozilla/5.0 AppleWebKit/537.36 (KHTML, like Gecko; compatible; GPTBot/1.4; +https://openai.com/gptbot)" smileparadisedentals.faz.zew.mybluehostin.me 10.36.254.103
74.7.241.33 - - [19/Aug/2026:12:42:08 -0600] "GET /?filesrc=//bin/pgmabel&path=//bin HTTP/2.0" 200 125652 "https://smileparadisedentals.faz.zew.mybluehostin.me/?path=//bin" "Mozilla/5.0 AppleWebKit/537.36 (KHTML, like Gecko; compatible; GPTBot/1.4; +https://openai.com/gptbot)" smileparadisedentals.faz.zew.mybluehostin.me 10.36.254.103
74.7.227.158 - - [19/Aug/2026:12:42:10 -0600] "GET /sitemap_index.xml?filesrc=//var/cache/dnf/crb-12ba6db2b2cdbbb9/repodata/199e4f62155cabe92241983bd4f6752ae20cf719f79d625e1067e6b052705e8f-updateinfo.xml.gz&path=//var/cache/dnf/crb-12ba6db2b2cdbbb9/repodata HTTP/2.0" 200 354026 "https://smileparadisedentals.com/sitemap_index.xml?path=//var/cache/dnf/crb-12ba6db2b2cdbbb9/repodata" "Mozilla/5.0 AppleWebKit/537.36 (KHTML, like Gecko; compatible; GPTBot/1.4; +https://openai.com/gptbot)" smileparadisedentals.com 10.36.254.103
74.7.241.33 - - [19/Aug/2026:12:42:10 -0600] "GET /?filesrc=//bin/display&path=//bin HTTP/1.1" 200 123011 "https://smileparadisedentals.faz.zew.mybluehostin.me/?path=//bin" "Mozilla/5.0 AppleWebKit/537.36 (KHTML, like Gecko; compatible; GPTBot/1.4; +https://openai.com/gptbot)" smileparadisedentals.faz.zew.mybluehostin.me 10.36.254.103
74.7.241.33 - - [19/Aug/2026:12:42:10 -0600] "GET /?filesrc=//bin/display&path=//bin HTTP/2.0" 200 123011 "https://smileparadisedentals.faz.zew.mybluehostin.me/?path=//bin" "Mozilla/5.0 AppleWebKit/537.36 (KHTML, like Gecko; compatible; GPTBot/1.4; +https://openai.com/gptbot)" smileparadisedentals.faz.zew.mybluehostin.me 10.36.254.103
74.7.227.158 - - [19/Aug/2026:12:42:13 -0600] "GET /sitemap_index.xml?filesrc=//var/cache/dnf/eig_hosting-fa15696447c83de5/repodata/bc60a687a89fa87e90709c40408581c339505d0d1397cb13fd54fc35c864ef31-filelists.xml.gz&path=//var/cache/dnf/eig_hosting-fa15696447c83de5/repodata HTTP/2.0" 200 1053392 "https://smileparadisedentals.com/sitemap_index.xml?path=//var/cache/dnf/eig_hosting-fa15696447c83de5/repodata" "Mozilla/5.0 AppleWebKit/537.36 (KHTML, like Gecko; compatible; GPTBot/1.4; +https://openai.com/gptbot)" smileparadisedentals.com 10.36.254.103
74.7.241.33 - - [19/Aug/2026:12:42:13 -0600] "GET /?filesrc=//bin/texhash&path=//bin HTTP/1.1" 200 124190 "https://smileparadisedentals.faz.zew.mybluehostin.me/?path=//bin" "Mozilla/5.0 AppleWebKit/537.36 (KHTML, like Gecko; compatible; GPTBot/1.4; +https://openai.com/gptbot)" smileparadisedentals.faz.zew.mybluehostin.me 10.36.254.103
74.7.241.33 - - [19/Aug/2026:12:42:13 -0600] "GET /?filesrc=//bin/texhash&path=//bin HTTP/2.0" 200 124190 "https://smileparadisedentals.faz.zew.mybluehostin.me/?path=//bin" "Mozilla/5.0 AppleWebKit/537.36 (KHTML, like Gecko; compatible; GPTBot/1.4; +https://openai.com/gptbot)" smileparadisedentals.faz.zew.mybluehostin.me 10.36.254.103
74.7.227.158 - - [19/Aug/2026:12:42:15 -0600] "GET /sitemap_index.xml?filesrc=//var/cache/dnf/crb-12ba6db2b2cdbbb9/repodata/f59a210f40cc38533e920bf60fce166b4f390b48077b6874064fcc84539a04a6-primary.xml.gz&path=//var/cache/dnf/crb-12ba6db2b2cdbbb9/repodata HTTP/2.0" 200 528674 "https://smileparadisedentals.com/sitemap_index.xml?path=//var/cache/dnf/crb-12ba6db2b2cdbbb9/repodata" "Mozilla/5.0 AppleWebKit/537.36 (KHTML, like Gecko; compatible; GPTBot/1.4; +https://openai.com/gptbot)" smileparadisedentals.com 10.36.254.103
74.7.241.33 - - [19/Aug/2026:12:42:16 -0600] "GET /?filesrc=//bin/mcookie&path=//bin HTTP/1.1" 200 128728 "https://smileparadisedentals.faz.zew.mybluehostin.me/?path=//bin" "Mozilla/5.0 AppleWebKit/537.36 (KHTML, like Gecko; compatible; GPTBot/1.4; +https://openai.com/gptbot)" smileparadisedentals.faz.zew.mybluehostin.me 10.36.254.103
74.7.241.33 - - [19/Aug/2026:12:42:16 -0600] "GET /?filesrc=//bin/mcookie&path=//bin HTTP/2.0" 200 128728 "https://smileparadisedentals.faz.zew.mybluehostin.me/?path=//bin" "Mozilla/5.0 AppleWebKit/537.36 (KHTML, like Gecko; compatible; GPTBot/1.4; +https://openai.com/gptbot)" smileparadisedentals.faz.zew.mybluehostin.me 10.36.254.103
74.7.227.158 - - [19/Aug/2026:12:42:18 -0600] "GET /sitemap_index.xml?filesrc=//var/cache/dnf/monarx-87d72507937c5ebd/repodata/cfd925d70b58441ada444f529ba31f934ff60bd202cc4ef0659ae47025751537-filelists.xml.gz&path=//var/cache/dnf/monarx-87d72507937c5ebd/repodata HTTP/2.0" 200 35376 "https://smileparadisedentals.com/sitemap_index.xml?path=//var/cache/dnf/monarx-87d72507937c5ebd/repodata" "Mozilla/5.0 AppleWebKit/537.36 (KHTML, like Gecko; compatible; GPTBot/1.4; +https://openai.com/gptbot)" smileparadisedentals.com 10.36.254.103
74.7.241.33 - - [19/Aug/2026:12:42:18 -0600] "GET /?filesrc=//bin/pktopbm&path=//bin HTTP/1.1" 200 126675 "https://smileparadisedentals.faz.zew.mybluehostin.me/?path=//bin" "Mozilla/5.0 AppleWebKit/537.36 (KHTML, like Gecko; compatible; GPTBot/1.4; +https://openai.com/gptbot)" smileparadisedentals.faz.zew.mybluehostin.me 10.36.254.103
74.7.241.33 - - [19/Aug/2026:12:42:18 -0600] "GET /?filesrc=//bin/pktopbm&path=//bin HTTP/2.0" 200 126675 "https://smileparadisedentals.faz.zew.mybluehostin.me/?path=//bin" "Mozilla/5.0 AppleWebKit/537.36 (KHTML, like Gecko; compatible; GPTBot/1.4; +https://openai.com/gptbot)" smileparadisedentals.faz.zew.mybluehostin.me 10.36.254.103
74.7.227.158 - - [19/Aug/2026:12:42:19 -0600] "GET /sitemap_index.xml?filesrc=//var/cache/dnf/monarx-87d72507937c5ebd/repodata/9de6dacccac1879b5adc861e03f5bcd84e55211347f4a82c566f8e0d74aac3cc-primary.xml.gz&path=//var/cache/dnf/monarx-87d72507937c5ebd/repodata HTTP/2.0" 200 27656 "https://smileparadisedentals.com/sitemap_index.xml?path=//var/cache/dnf/monarx-87d72507937c5ebd/repodata" "Mozilla/5.0 AppleWebKit/537.36 (KHTML, like Gecko; compatible; GPTBot/1.4; +https://openai.com/gptbot)" smileparadisedentals.com 10.36.254.103
74.7.241.33 - - [19/Aug/2026:12:42:20 -0600] "GET /?filesrc=//bin/pbmmake&path=//bin HTTP/1.1" 200 123773 "https://smileparadisedentals.faz.zew.mybluehostin.me/?path=//bin" "Mozilla/5.0 AppleWebKit/537.36 (KHTML, like Gecko; compatible; GPTBot/1.4; +https://openai.com/gptbot)" smileparadisedentals.faz.zew.mybluehostin.me 10.36.254.103
74.7.241.33 - - [19/Aug/2026:12:42:20 -0600] "GET /?filesrc=//bin/pbmmake&path=//bin HTTP/2.0" 200 123773 "https://smileparadisedentals.faz.zew.mybluehostin.me/?path=//bin" "Mozilla/5.0 AppleWebKit/537.36 (KHTML, like Gecko; compatible; GPTBot/1.4; +https://openai.com/gptbot)" smileparadisedentals.faz.zew.mybluehostin.me 10.36.254.103
74.7.227.158 - - [19/Aug/2026:12:42:22 -0600] "GET /sitemap_index.xml?filesrc=//var/cache/dnf/eig_hosting-fa15696447c83de5/repodata/e757c333953b2c37ea6ae5824e46afefc1171dcd00a735e0fee671d5be321280-primary.xml.gz&path=//var/cache/dnf/eig_hosting-fa15696447c83de5/repodata HTTP/2.0" 200 53100 "https://smileparadisedentals.com/sitemap_index.xml?path=//var/cache/dnf/eig_hosting-fa15696447c83de5/repodata" "Mozilla/5.0 AppleWebKit/537.36 (KHTML, like Gecko; compatible; GPTBot/1.4; +https://openai.com/gptbot)" smileparadisedentals.com 10.36.254.103
74.7.241.33 - - [19/Aug/2026:12:42:23 -0600] "GET /?filesrc=//bin/texluac&path=//bin HTTP/1.1" 200 2369789 "https://smileparadisedentals.faz.zew.mybluehostin.me/?path=//bin" "Mozilla/5.0 AppleWebKit/537.36 (KHTML, like Gecko; compatible; GPTBot/1.4; +https://openai.com/gptbot)" smileparadisedentals.faz.zew.mybluehostin.me 10.36.254.103
74.7.241.33 - - [19/Aug/2026:12:42:23 -0600] "GET /?filesrc=//bin/texluac&path=//bin HTTP/2.0" 200 2369789 "https://smileparadisedentals.faz.zew.mybluehostin.me/?path=//bin" "Mozilla/5.0 AppleWebKit/537.36 (KHTML, like Gecko; compatible; GPTBot/1.4; +https://openai.com/gptbot)" smileparadisedentals.faz.zew.mybluehostin.me 10.36.254.103
74.7.227.158 - - [19/Aug/2026:12:42:24 -0600] "GET /sitemap_index.xml?path=//var/cache/dnf/remi-safe-0e8c787d52d39c50/repodata HTTP/1.1" 200 2565 "https://smileparadisedentals.com/sitemap_index.xml?path=//var/cache/dnf/remi-safe-0e8c787d52d39c50" "Mozilla/5.0 AppleWebKit/537.36 (KHTML, like Gecko; compatible; GPTBot/1.4; +https://openai.com/gptbot)" smileparadisedentals.com 10.36.254.103
74.7.227.158 - - [19/Aug/2026:12:42:24 -0600] "GET /sitemap_index.xml?path=//var/cache/dnf/remi-safe-0e8c787d52d39c50/repodata HTTP/2.0" 200 2565 "https://smileparadisedentals.com/sitemap_index.xml?path=//var/cache/dnf/remi-safe-0e8c787d52d39c50" "Mozilla/5.0 AppleWebKit/537.36 (KHTML, like Gecko; compatible; GPTBot/1.4; +https://openai.com/gptbot)" smileparadisedentals.com 10.36.254.103
74.7.227.158 - - [19/Aug/2026:12:42:26 -0600] "GET /sitemap_index.xml?path=//var/cache/dnf/remi-safe-0e8c787d52d39c50/packages HTTP/1.1" 200 1828 "https://smileparadisedentals.com/sitemap_index.xml?path=//var/cache/dnf/remi-safe-0e8c787d52d39c50" "Mozilla/5.0 AppleWebKit/537.36 (KHTML, like Gecko; compatible; GPTBot/1.4; +https://openai.com/gptbot)" smileparadisedentals.com 10.36.254.103
74.7.227.158 - - [19/Aug/2026:12:42:26 -0600] "GET /sitemap_index.xml?path=//var/cache/dnf/remi-safe-0e8c787d52d39c50/packages HTTP/2.0" 200 1828 "https://smileparadisedentals.com/sitemap_index.xml?path=//var/cache/dnf/remi-safe-0e8c787d52d39c50" "Mozilla/5.0 AppleWebKit/537.36 (KHTML, like Gecko; compatible; GPTBot/1.4; +https://openai.com/gptbot)" smileparadisedentals.com 10.36.254.103
74.7.241.33 - - [19/Aug/2026:12:42:26 -0600] "GET /?filesrc=//bin/mapscrn&path=//bin HTTP/1.1" 200 130630 "https://smileparadisedentals.faz.zew.mybluehostin.me/?path=//bin" "Mozilla/5.0 AppleWebKit/537.36 (KHTML, like Gecko; compatible; GPTBot/1.4; +https://openai.com/gptbot)" smileparadisedentals.faz.zew.mybluehostin.me 10.36.254.103
74.7.241.33 - - [19/Aug/2026:12:42:26 -0600] "GET /?filesrc=//bin/mapscrn&path=//bin HTTP/2.0" 200 130630 "https://smileparadisedentals.faz.zew.mybluehostin.me/?path=//bin" "Mozilla/5.0 AppleWebKit/537.36 (KHTML, like Gecko; compatible; GPTBot/1.4; +https://openai.com/gptbot)" smileparadisedentals.faz.zew.mybluehostin.me 10.36.254.103
74.7.227.158 - - [19/Aug/2026:12:42:28 -0600] "GET /sitemap_index.xml?path=//var/cache/dnf/kernel_514-560777bd759d03c3/packages HTTP/1.1" 200 1831 "https://smileparadisedentals.com/sitemap_index.xml?path=//var/cache/dnf/kernel_514-560777bd759d03c3" "Mozilla/5.0 AppleWebKit/537.36 (KHTML, like Gecko; compatible; GPTBot/1.4; +https://openai.com/gptbot)" smileparadisedentals.com 10.36.254.103
74.7.227.158 - - [19/Aug/2026:12:42:28 -0600] "GET /sitemap_index.xml?path=//var/cache/dnf/kernel_514-560777bd759d03c3/packages HTTP/2.0" 200 1831 "https://smileparadisedentals.com/sitemap_index.xml?path=//var/cache/dnf/kernel_514-560777bd759d03c3" "Mozilla/5.0 AppleWebKit/537.36 (KHTML, like Gecko; compatible; GPTBot/1.4; +https://openai.com/gptbot)" smileparadisedentals.com 10.36.254.103
74.7.241.33 - - [19/Aug/2026:12:42:28 -0600] "GET /?filesrc=//bin/podlint&path=//bin HTTP/1.1" 200 120778 "https://smileparadisedentals.faz.zew.mybluehostin.me/?path=//bin" "Mozilla/5.0 AppleWebKit/537.36 (KHTML, like Gecko; compatible; GPTBot/1.4; +https://openai.com/gptbot)" smileparadisedentals.faz.zew.mybluehostin.me 10.36.254.103
74.7.241.33 - - [19/Aug/2026:12:42:28 -0600] "GET /?filesrc=//bin/podlint&path=//bin HTTP/2.0" 200 120778 "https://smileparadisedentals.faz.zew.mybluehostin.me/?path=//bin" "Mozilla/5.0 AppleWebKit/537.36 (KHTML, like Gecko; compatible; GPTBot/1.4; +https://openai.com/gptbot)" smileparadisedentals.faz.zew.mybluehostin.me 10.36.254.103
74.7.227.158 - - [19/Aug/2026:12:42:30 -0600] "GET /sitemap_index.xml?path=//var/cache/dnf/PHP_ELS-ee043bb6e1cac4f5/repodata HTTP/1.1" 200 3083 "https://smileparadisedentals.com/sitemap_index.xml?path=//var/cache/dnf/PHP_ELS-ee043bb6e1cac4f5" "Mozilla/5.0 AppleWebKit/537.36 (KHTML, like Gecko; compatible; GPTBot/1.4; +https://openai.com/gptbot)" smileparadisedentals.com 10.36.254.103
74.7.227.158 - - [19/Aug/2026:12:42:30 -0600] "GET /sitemap_index.xml?path=//var/cache/dnf/PHP_ELS-ee043bb6e1cac4f5/repodata HTTP/2.0" 200 3083 "https://smileparadisedentals.com/sitemap_index.xml?path=//var/cache/dnf/PHP_ELS-ee043bb6e1cac4f5" "Mozilla/5.0 AppleWebKit/537.36 (KHTML, like Gecko; compatible; GPTBot/1.4; +https://openai.com/gptbot)" smileparadisedentals.com 10.36.254.103
74.7.241.33 - - [19/Aug/2026:12:42:30 -0600] "GET /?filesrc=//bin/tdspool&path=//bin HTTP/1.1" 200 111232 "https://smileparadisedentals.faz.zew.mybluehostin.me/?path=//bin" "Mozilla/5.0 AppleWebKit/537.36 (KHTML, like Gecko; compatible; GPTBot/1.4; +https://openai.com/gptbot)" smileparadisedentals.faz.zew.mybluehostin.me 10.36.254.103
74.7.241.33 - - [19/Aug/2026:12:42:30 -0600] "GET /?filesrc=//bin/tdspool&path=//bin HTTP/2.0" 200 111232 "https://smileparadisedentals.faz.zew.mybluehostin.me/?path=//bin" "Mozilla/5.0 AppleWebKit/537.36 (KHTML, like Gecko; compatible; GPTBot/1.4; +https://openai.com/gptbot)" smileparadisedentals.faz.zew.mybluehostin.me 10.36.254.103
74.7.227.158 - - [19/Aug/2026:12:42:33 -0600] "GET /sitemap_index.xml?path=//var/cache/dnf/PHP_ELS-ee043bb6e1cac4f5/packages HTTP/1.1" 200 1827 "https://smileparadisedentals.com/sitemap_index.xml?path=//var/cache/dnf/PHP_ELS-ee043bb6e1cac4f5" "Mozilla/5.0 AppleWebKit/537.36 (KHTML, like Gecko; compatible; GPTBot/1.4; +https://openai.com/gptbot)" smileparadisedentals.com 10.36.254.103
74.7.227.158 - - [19/Aug/2026:12:42:33 -0600] "GET /sitemap_index.xml?path=//var/cache/dnf/PHP_ELS-ee043bb6e1cac4f5/packages HTTP/2.0" 200 1827 "https://smileparadisedentals.com/sitemap_index.xml?path=//var/cache/dnf/PHP_ELS-ee043bb6e1cac4f5" "Mozilla/5.0 AppleWebKit/537.36 (KHTML, like Gecko; compatible; GPTBot/1.4; +https://openai.com/gptbot)" smileparadisedentals.com 10.36.254.103
74.7.241.33 - - [19/Aug/2026:12:42:33 -0600] "GET /?filesrc=//bin/ppmdraw&path=//bin HTTP/1.1" 200 126979 "https://smileparadisedentals.faz.zew.mybluehostin.me/?path=//bin" "Mozilla/5.0 AppleWebKit/537.36 (KHTML, like Gecko; compatible; GPTBot/1.4; +https://openai.com/gptbot)" smileparadisedentals.faz.zew.mybluehostin.me 10.36.254.103
74.7.241.33 - - [19/Aug/2026:12:42:33 -0600] "GET /?filesrc=//bin/ppmdraw&path=//bin HTTP/2.0" 200 126979 "https://smileparadisedentals.faz.zew.mybluehostin.me/?path=//bin" "Mozilla/5.0 AppleWebKit/537.36 (KHTML, like Gecko; compatible; GPTBot/1.4; +https://openai.com/gptbot)" smileparadisedentals.faz.zew.mybluehostin.me 10.36.254.103
74.7.227.158 - - [19/Aug/2026:12:42:36 -0600] "GET /sitemap_index.xml?path=//var/cache/dnf/kernel_514-560777bd759d03c3/repodata HTTP/1.1" 200 1828 "https://smileparadisedentals.com/sitemap_index.xml?path=//var/cache/dnf/kernel_514-560777bd759d03c3" "Mozilla/5.0 AppleWebKit/537.36 (KHTML, like Gecko; compatible; GPTBot/1.4; +https://openai.com/gptbot)" smileparadisedentals.com 10.36.254.103
74.7.227.158 - - [19/Aug/2026:12:42:36 -0600] "GET /sitemap_index.xml?path=//var/cache/dnf/kernel_514-560777bd759d03c3/repodata HTTP/2.0" 200 1828 "https://smileparadisedentals.com/sitemap_index.xml?path=//var/cache/dnf/kernel_514-560777bd759d03c3" "Mozilla/5.0 AppleWebKit/537.36 (KHTML, like Gecko; compatible; GPTBot/1.4; +https://openai.com/gptbot)" smileparadisedentals.com 10.36.254.103
74.7.241.33 - - [19/Aug/2026:12:42:36 -0600] "GET /?filesrc=//bin/ebrowse&path=//bin HTTP/1.1" 200 138486 "https://smileparadisedentals.faz.zew.mybluehostin.me/?path=//bin" "Mozilla/5.0 AppleWebKit/537.36 (KHTML, like Gecko; compatible; GPTBot/1.4; +https://openai.com/gptbot)" smileparadisedentals.faz.zew.mybluehostin.me 10.36.254.103
74.7.241.33 - - [19/Aug/2026:12:42:36 -0600] "GET /?filesrc=//bin/ebrowse&path=//bin HTTP/2.0" 200 138486 "https://smileparadisedentals.faz.zew.mybluehostin.me/?path=//bin" "Mozilla/5.0 AppleWebKit/537.36 (KHTML, like Gecko; compatible; GPTBot/1.4; +https://openai.com/gptbot)" smileparadisedentals.faz.zew.mybluehostin.me 10.36.254.103
74.7.227.158 - - [19/Aug/2026:12:42:38 -0600] "GET /sitemap_index.xml?path=//var/cache/dnf/extras-55926faaa9829325/repodata HTTP/1.1" 200 1822 "https://smileparadisedentals.com/sitemap_index.xml?path=//var/cache/dnf/extras-55926faaa9829325" "Mozilla/5.0 AppleWebKit/537.36 (KHTML, like Gecko; compatible; GPTBot/1.4; +https://openai.com/gptbot)" smileparadisedentals.com 10.36.254.103
74.7.227.158 - - [19/Aug/2026:12:42:38 -0600] "GET /sitemap_index.xml?path=//var/cache/dnf/extras-55926faaa9829325/repodata HTTP/2.0" 200 1822 "https://smileparadisedentals.com/sitemap_index.xml?path=//var/cache/dnf/extras-55926faaa9829325" "Mozilla/5.0 AppleWebKit/537.36 (KHTML, like Gecko; compatible; GPTBot/1.4; +https://openai.com/gptbot)" smileparadisedentals.com 10.36.254.103
74.7.241.33 - - [19/Aug/2026:12:42:38 -0600] "GET /?filesrc=//bin/pnmnorm&path=//bin HTTP/1.1" 200 126960 "https://smileparadisedentals.faz.zew.mybluehostin.me/?path=//bin" "Mozilla/5.0 AppleWebKit/537.36 (KHTML, like Gecko; compatible; GPTBot/1.4; +https://openai.com/gptbot)" smileparadisedentals.faz.zew.mybluehostin.me 10.36.254.103
74.7.241.33 - - [19/Aug/2026:12:42:38 -0600] "GET /?filesrc=//bin/pnmnorm&path=//bin HTTP/2.0" 200 126960 "https://smileparadisedentals.faz.zew.mybluehostin.me/?path=//bin" "Mozilla/5.0 AppleWebKit/537.36 (KHTML, like Gecko; compatible; GPTBot/1.4; +https://openai.com/gptbot)" smileparadisedentals.faz.zew.mybluehostin.me 10.36.254.103
74.7.227.158 - - [19/Aug/2026:12:42:41 -0600] "GET /sitemap_index.xml?path=//var/cache/dnf/hgrepo-testing-0168be16d8419d9f/repodata HTTP/1.1" 200 1827 "https://smileparadisedentals.com/sitemap_index.xml?path=//var/cache/dnf/hgrepo-testing-0168be16d8419d9f" "Mozilla/5.0 AppleWebKit/537.36 (KHTML, like Gecko; compatible; GPTBot/1.4; +https://openai.com/gptbot)" smileparadisedentals.com 10.36.254.103
74.7.227.158 - - [19/Aug/2026:12:42:41 -0600] "GET /sitemap_index.xml?path=//var/cache/dnf/hgrepo-testing-0168be16d8419d9f/repodata HTTP/2.0" 200 1827 "https://smileparadisedentals.com/sitemap_index.xml?path=//var/cache/dnf/hgrepo-testing-0168be16d8419d9f" "Mozilla/5.0 AppleWebKit/537.36 (KHTML, like Gecko; compatible; GPTBot/1.4; +https://openai.com/gptbot)" smileparadisedentals.com 10.36.254.103
74.7.241.33 - - [19/Aug/2026:12:42:41 -0600] "GET /?filesrc=//bin/ppmdist&path=//bin HTTP/1.1" 200 123810 "https://smileparadisedentals.faz.zew.mybluehostin.me/?path=//bin" "Mozilla/5.0 AppleWebKit/537.36 (KHTML, like Gecko; compatible; GPTBot/1.4; +https://openai.com/gptbot)" smileparadisedentals.faz.zew.mybluehostin.me 10.36.254.103
74.7.241.33 - - [19/Aug/2026:12:42:41 -0600] "GET /?filesrc=//bin/ppmdist&path=//bin HTTP/2.0" 200 123810 "https://smileparadisedentals.faz.zew.mybluehostin.me/?path=//bin" "Mozilla/5.0 AppleWebKit/537.36 (KHTML, like Gecko; compatible; GPTBot/1.4; +https://openai.com/gptbot)" smileparadisedentals.faz.zew.mybluehostin.me 10.36.254.103
74.7.227.158 - - [19/Aug/2026:12:42:43 -0600] "GET /sitemap_index.xml?path=//var/lock/iscsi HTTP/1.1" 200 1798 "https://smileparadisedentals.com/sitemap_index.xml?path=//var/lock" "Mozilla/5.0 AppleWebKit/537.36 (KHTML, like Gecko; compatible; GPTBot/1.4; +https://openai.com/gptbot)" smileparadisedentals.com 10.36.254.103
74.7.227.158 - - [19/Aug/2026:12:42:43 -0600] "GET /sitemap_index.xml?path=//var/lock/iscsi HTTP/2.0" 200 1798 "https://smileparadisedentals.com/sitemap_index.xml?path=//var/lock" "Mozilla/5.0 AppleWebKit/537.36 (KHTML, like Gecko; compatible; GPTBot/1.4; +https://openai.com/gptbot)" smileparadisedentals.com 10.36.254.103
74.7.241.33 - - [19/Aug/2026:12:42:44 -0600] "GET /?filesrc=//bin/xkibitz&path=//bin HTTP/1.1" 200 122127 "https://smileparadisedentals.faz.zew.mybluehostin.me/?path=//bin" "Mozilla/5.0 AppleWebKit/537.36 (KHTML, like Gecko; compatible; GPTBot/1.4; +https://openai.com/gptbot)" smileparadisedentals.faz.zew.mybluehostin.me 10.36.254.103
74.7.241.33 - - [19/Aug/2026:12:42:44 -0600] "GET /?filesrc=//bin/xkibitz&path=//bin HTTP/2.0" 200 122127 "https://smileparadisedentals.faz.zew.mybluehostin.me/?path=//bin" "Mozilla/5.0 AppleWebKit/537.36 (KHTML, like Gecko; compatible; GPTBot/1.4; +https://openai.com/gptbot)" smileparadisedentals.faz.zew.mybluehostin.me 10.36.254.103
74.7.227.158 - - [19/Aug/2026:12:42:45 -0600] "GET /sitemap_index.xml?path=//var/lib/kdump HTTP/1.1" 200 1758 "https://smileparadisedentals.com/sitemap_index.xml?path=//var/lib" "Mozilla/5.0 AppleWebKit/537.36 (KHTML, like Gecko; compatible; GPTBot/1.4; +https://openai.com/gptbot)" smileparadisedentals.com 10.36.254.103
74.7.227.158 - - [19/Aug/2026:12:42:45 -0600] "GET /sitemap_index.xml?path=//var/lib/kdump HTTP/2.0" 200 1758 "https://smileparadisedentals.com/sitemap_index.xml?path=//var/lib" "Mozilla/5.0 AppleWebKit/537.36 (KHTML, like Gecko; compatible; GPTBot/1.4; +https://openai.com/gptbot)" smileparadisedentals.com 10.36.254.103
74.7.241.33 - - [19/Aug/2026:12:42:47 -0600] "GET /?filesrc=//bin/signver&path=//bin HTTP/1.1" 200 132609 "https://smileparadisedentals.faz.zew.mybluehostin.me/?path=//bin" "Mozilla/5.0 AppleWebKit/537.36 (KHTML, like Gecko; compatible; GPTBot/1.4; +https://openai.com/gptbot)" smileparadisedentals.faz.zew.mybluehostin.me 10.36.254.103
74.7.241.33 - - [19/Aug/2026:12:42:47 -0600] "GET /?filesrc=//bin/signver&path=//bin HTTP/2.0" 200 132609 "https://smileparadisedentals.faz.zew.mybluehostin.me/?path=//bin" "Mozilla/5.0 AppleWebKit/537.36 (KHTML, like Gecko; compatible; GPTBot/1.4; +https://openai.com/gptbot)" smileparadisedentals.faz.zew.mybluehostin.me 10.36.254.103
74.7.227.158 - - [19/Aug/2026:12:42:48 -0600] "GET /sitemap_index.xml?path=//var/lib/nxlog HTTP/1.1" 200 1796 "https://smileparadisedentals.com/sitemap_index.xml?path=//var/lib" "Mozilla/5.0 AppleWebKit/537.36 (KHTML, like Gecko; compatible; GPTBot/1.4; +https://openai.com/gptbot)" smileparadisedentals.com 10.36.254.103
74.7.227.158 - - [19/Aug/2026:12:42:48 -0600] "GET /sitemap_index.xml?path=//var/lib/nxlog HTTP/2.0" 200 1796 "https://smileparadisedentals.com/sitemap_index.xml?path=//var/lib" "Mozilla/5.0 AppleWebKit/537.36 (KHTML, like Gecko; compatible; GPTBot/1.4; +https://openai.com/gptbot)" smileparadisedentals.com 10.36.254.103
74.7.241.33 - - [19/Aug/2026:12:42:51 -0600] "GET /?filesrc=//bin/imgsize&path=//bin HTTP/1.1" 200 122110 "https://smileparadisedentals.faz.zew.mybluehostin.me/?path=//bin" "Mozilla/5.0 AppleWebKit/537.36 (KHTML, like Gecko; compatible; GPTBot/1.4; +https://openai.com/gptbot)" smileparadisedentals.faz.zew.mybluehostin.me 10.36.254.103
74.7.241.33 - - [19/Aug/2026:12:42:51 -0600] "GET /?filesrc=//bin/imgsize&path=//bin HTTP/2.0" 200 122110 "https://smileparadisedentals.faz.zew.mybluehostin.me/?path=//bin" "Mozilla/5.0 AppleWebKit/537.36 (KHTML, like Gecko; compatible; GPTBot/1.4; +https://openai.com/gptbot)" smileparadisedentals.faz.zew.mybluehostin.me 10.36.254.103
162.214.80.130 - - [19/Aug/2026:12:42:54 -0600] "POST /wp-cron.php?doing_wp_cron=1787164974.4112510681152343750000 HTTP/1.1" 200 - "-" "WordPress/7.0.4; https://smileparadisedentals.com" smileparadisedentals.com 10.36.254.103
74.7.227.158 - - [19/Aug/2026:12:42:51 -0600] "GET /sitemap_index.xml?filesrc=//var/cache/dnf/remi-safe-0e8c787d52d39c50/repodata/13fe9c4b7de39343b673ad4dfeb23b3aece3c9e83bd5462f989386a6d7535141-primary.xml.bz2&path=//var/cache/dnf/remi-safe-0e8c787d52d39c50/repodata HTTP/2.0" 200 509778 "https://smileparadisedentals.com/sitemap_index.xml?path=//var/cache/dnf/remi-safe-0e8c787d52d39c50/repodata" "Mozilla/5.0 AppleWebKit/537.36 (KHTML, like Gecko; compatible; GPTBot/1.4; +https://openai.com/gptbot)" smileparadisedentals.com 10.36.254.103
74.7.241.33 - - [19/Aug/2026:12:42:53 -0600] "GET /?filesrc=//bin/perlbug&path=//bin HTTP/1.1" 200 140474 "https://smileparadisedentals.faz.zew.mybluehostin.me/?path=//bin" "Mozilla/5.0 AppleWebKit/537.36 (KHTML, like Gecko; compatible; GPTBot/1.4; +https://openai.com/gptbot)" smileparadisedentals.faz.zew.mybluehostin.me 10.36.254.103
74.7.241.33 - - [19/Aug/2026:12:42:53 -0600] "GET /?filesrc=//bin/perlbug&path=//bin HTTP/2.0" 200 140474 "https://smileparadisedentals.faz.zew.mybluehostin.me/?path=//bin" "Mozilla/5.0 AppleWebKit/537.36 (KHTML, like Gecko; compatible; GPTBot/1.4; +https://openai.com/gptbot)" smileparadisedentals.faz.zew.mybluehostin.me 10.36.254.103
74.7.227.158 - - [19/Aug/2026:12:42:54 -0600] "GET /sitemap_index.xml?filesrc=//var/cache/dnf/remi-safe-0e8c787d52d39c50/repodata/5a5ef8c7582eafcfd42bfa2d7ba00e43afc1755e64231e452d797bca8fccd1d7-filelists.xml.bz2&path=//var/cache/dnf/remi-safe-0e8c787d52d39c50/repodata HTTP/2.0" 200 772497 "https://smileparadisedentals.com/sitemap_index.xml?path=//var/cache/dnf/remi-safe-0e8c787d52d39c50/repodata" "Mozilla/5.0 AppleWebKit/537.36 (KHTML, like Gecko; compatible; GPTBot/1.4; +https://openai.com/gptbot)" smileparadisedentals.com 10.36.254.103
74.7.241.33 - - [19/Aug/2026:12:42:56 -0600] "GET /?filesrc=//bin/ppmnorm&path=//bin HTTP/1.1" 200 126960 "https://smileparadisedentals.faz.zew.mybluehostin.me/?path=//bin" "Mozilla/5.0 AppleWebKit/537.36 (KHTML, like Gecko; compatible; GPTBot/1.4; +https://openai.com/gptbot)" smileparadisedentals.faz.zew.mybluehostin.me 10.36.254.103
74.7.241.33 - - [19/Aug/2026:12:42:56 -0600] "GET /?filesrc=//bin/ppmnorm&path=//bin HTTP/2.0" 200 126960 "https://smileparadisedentals.faz.zew.mybluehostin.me/?path=//bin" "Mozilla/5.0 AppleWebKit/537.36 (KHTML, like Gecko; compatible; GPTBot/1.4; +https://openai.com/gptbot)" smileparadisedentals.faz.zew.mybluehostin.me 10.36.254.103
162.214.80.130 - - [19/Aug/2026:12:43:01 -0600] "POST /wp-cron.php?doing_wp_cron=1787164981.3773419857025146484375 HTTP/1.1" 200 - "-" "WordPress/7.0.4; https://smileparadisedentals.com" smileparadisedentals.com 10.36.254.103
74.7.227.158 - - [19/Aug/2026:12:42:58 -0600] "GET /sitemap_index.xml?path=//var/lib/mysql HTTP/1.1" 200 1527 "https://smileparadisedentals.com/sitemap_index.xml?path=//var/lib" "Mozilla/5.0 AppleWebKit/537.36 (KHTML, like Gecko; compatible; GPTBot/1.4; +https://openai.com/gptbot)" smileparadisedentals.com 10.36.254.103
74.7.227.158 - - [19/Aug/2026:12:42:58 -0600] "GET /sitemap_index.xml?path=//var/lib/mysql HTTP/2.0" 200 1527 "https://smileparadisedentals.com/sitemap_index.xml?path=//var/lib" "Mozilla/5.0 AppleWebKit/537.36 (KHTML, like Gecko; compatible; GPTBot/1.4; +https://openai.com/gptbot)" smileparadisedentals.com 10.36.254.103
74.7.241.33 - - [19/Aug/2026:12:42:59 -0600] "GET /?filesrc=//bin/xzfgrep&path=//bin HTTP/1.1" 200 122954 "https://smileparadisedentals.faz.zew.mybluehostin.me/?path=//bin" "Mozilla/5.0 AppleWebKit/537.36 (KHTML, like Gecko; compatible; GPTBot/1.4; +https://openai.com/gptbot)" smileparadisedentals.faz.zew.mybluehostin.me 10.36.254.103
74.7.241.33 - - [19/Aug/2026:12:42:59 -0600] "GET /?filesrc=//bin/xzfgrep&path=//bin HTTP/2.0" 200 122954 "https://smileparadisedentals.faz.zew.mybluehostin.me/?path=//bin" "Mozilla/5.0 AppleWebKit/537.36 (KHTML, like Gecko; compatible; GPTBot/1.4; +https://openai.com/gptbot)" smileparadisedentals.faz.zew.mybluehostin.me 10.36.254.103
74.7.241.33 - - [19/Aug/2026:12:43:02 -0600] "GET /?filesrc=//bin/lslocks&path=//bin HTTP/1.1" 200 11154 "https://smileparadisedentals.faz.zew.mybluehostin.me/?path=//bin" "Mozilla/5.0 AppleWebKit/537.36 (KHTML, like Gecko; compatible; GPTBot/1.4; +https://openai.com/gptbot)" smileparadisedentals.faz.zew.mybluehostin.me 10.36.254.103
74.7.241.33 - - [19/Aug/2026:12:43:02 -0600] "GET /?filesrc=//bin/lslocks&path=//bin HTTP/2.0" 200 11154 "https://smileparadisedentals.faz.zew.mybluehostin.me/?path=//bin" "Mozilla/5.0 AppleWebKit/537.36 (KHTML, like Gecko; compatible; GPTBot/1.4; +https://openai.com/gptbot)" smileparadisedentals.faz.zew.mybluehostin.me 10.36.254.103
74.7.227.158 - - [19/Aug/2026:12:43:01 -0600] "GET /sitemap_index.xml?filesrc=//var/cache/dnf/PHP_ELS-ee043bb6e1cac4f5/repodata/04e020901afbc6331df4d012f974d2bcb249755ac5b4e76ee3e59f6745e37bb8-filelists.xml.gz&path=//var/cache/dnf/PHP_ELS-ee043bb6e1cac4f5/repodata HTTP/2.0" 200 2974494 "https://smileparadisedentals.com/sitemap_index.xml?path=//var/cache/dnf/PHP_ELS-ee043bb6e1cac4f5/repodata" "Mozilla/5.0 AppleWebKit/537.36 (KHTML, like Gecko; compatible; GPTBot/1.4; +https://openai.com/gptbot)" smileparadisedentals.com 10.36.254.103
74.7.241.33 - - [19/Aug/2026:12:43:06 -0600] "GET /?filesrc=//bin/timeout&path=//bin HTTP/1.1" 200 134339 "https://smileparadisedentals.faz.zew.mybluehostin.me/?path=//bin" "Mozilla/5.0 AppleWebKit/537.36 (KHTML, like Gecko; compatible; GPTBot/1.4; +https://openai.com/gptbot)" smileparadisedentals.faz.zew.mybluehostin.me 10.36.254.103
74.7.241.33 - - [19/Aug/2026:12:43:06 -0600] "GET /?filesrc=//bin/timeout&path=//bin HTTP/2.0" 200 134339 "https://smileparadisedentals.faz.zew.mybluehostin.me/?path=//bin" "Mozilla/5.0 AppleWebKit/537.36 (KHTML, like Gecko; compatible; GPTBot/1.4; +https://openai.com/gptbot)" smileparadisedentals.faz.zew.mybluehostin.me 10.36.254.103
74.7.227.158 - - [19/Aug/2026:12:43:07 -0600] "GET /sitemap_index.xml?filesrc=//var/cache/dnf/PHP_ELS-ee043bb6e1cac4f5/repodata/0035009889ceac3a9f57165c30b9527cd27cb0f30489f0a3f20de3fa8a2b860a-primary.xml.gz&path=//var/cache/dnf/PHP_ELS-ee043bb6e1cac4f5/repodata HTTP/2.0" 200 2051849 "https://smileparadisedentals.com/sitemap_index.xml?path=//var/cache/dnf/PHP_ELS-ee043bb6e1cac4f5/repodata" "Mozilla/5.0 AppleWebKit/537.36 (KHTML, like Gecko; compatible; GPTBot/1.4; +https://openai.com/gptbot)" smileparadisedentals.com 10.36.254.103
74.7.241.33 - - [19/Aug/2026:12:43:09 -0600] "GET /?filesrc=//bin/ppmtopj&path=//bin HTTP/1.1" 200 124434 "https://smileparadisedentals.faz.zew.mybluehostin.me/?path=//bin" "Mozilla/5.0 AppleWebKit/537.36 (KHTML, like Gecko; compatible; GPTBot/1.4; +https://openai.com/gptbot)" smileparadisedentals.faz.zew.mybluehostin.me 10.36.254.103
74.7.241.33 - - [19/Aug/2026:12:43:09 -0600] "GET /?filesrc=//bin/ppmtopj&path=//bin HTTP/2.0" 200 124434 "https://smileparadisedentals.faz.zew.mybluehostin.me/?path=//bin" "Mozilla/5.0 AppleWebKit/537.36 (KHTML, like Gecko; compatible; GPTBot/1.4; +https://openai.com/gptbot)" smileparadisedentals.faz.zew.mybluehostin.me 10.36.254.103
74.7.227.158 - - [19/Aug/2026:12:43:12 -0600] "GET /sitemap_index.xml?filesrc=//var/cache/dnf/PHP_ELS-ee043bb6e1cac4f5/repodata/30d954bcbe6f062304fc023b4f031a7dc784ecac437fe80ce31d3f1c2f39b826-comps.xml&path=//var/cache/dnf/PHP_ELS-ee043bb6e1cac4f5/repodata HTTP/1.1" 200 9945 "https://smileparadisedentals.com/sitemap_index.xml?path=//var/cache/dnf/PHP_ELS-ee043bb6e1cac4f5/repodata" "Mozilla/5.0 AppleWebKit/537.36 (KHTML, like Gecko; compatible; GPTBot/1.4; +https://openai.com/gptbot)" smileparadisedentals.com 10.36.254.103
74.7.241.33 - - [19/Aug/2026:12:43:13 -0600] "GET /?filesrc=//bin/pstopnm&path=//bin HTTP/1.1" 200 9191 "https://smileparadisedentals.faz.zew.mybluehostin.me/?path=//bin" "Mozilla/5.0 AppleWebKit/537.36 (KHTML, like Gecko; compatible; GPTBot/1.4; +https://openai.com/gptbot)" smileparadisedentals.faz.zew.mybluehostin.me 10.36.254.103
74.7.227.158 - - [19/Aug/2026:12:43:12 -0600] "GET /sitemap_index.xml?filesrc=//var/cache/dnf/PHP_ELS-ee043bb6e1cac4f5/repodata/30d954bcbe6f062304fc023b4f031a7dc784ecac437fe80ce31d3f1c2f39b826-comps.xml&path=//var/cache/dnf/PHP_ELS-ee043bb6e1cac4f5/repodata HTTP/2.0" 200 9945 "https://smileparadisedentals.com/sitemap_index.xml?path=//var/cache/dnf/PHP_ELS-ee043bb6e1cac4f5/repodata" "Mozilla/5.0 AppleWebKit/537.36 (KHTML, like Gecko; compatible; GPTBot/1.4; +https://openai.com/gptbot)" smileparadisedentals.com 10.36.254.103
74.7.241.33 - - [19/Aug/2026:12:43:12 -0600] "GET /?filesrc=//bin/pstopnm&path=//bin HTTP/2.0" 200 9191 "https://smileparadisedentals.faz.zew.mybluehostin.me/?path=//bin" "Mozilla/5.0 AppleWebKit/537.36 (KHTML, like Gecko; compatible; GPTBot/1.4; +https://openai.com/gptbot)" smileparadisedentals.faz.zew.mybluehostin.me 10.36.254.103
74.7.241.33 - - [19/Aug/2026:12:43:15 -0600] "GET /?filesrc=//bin/lexgrog&path=//bin HTTP/1.1" 200 149279 "https://smileparadisedentals.faz.zew.mybluehostin.me/?path=//bin" "Mozilla/5.0 AppleWebKit/537.36 (KHTML, like Gecko; compatible; GPTBot/1.4; +https://openai.com/gptbot)" smileparadisedentals.faz.zew.mybluehostin.me 10.36.254.103
74.7.241.33 - - [19/Aug/2026:12:43:14 -0600] "GET /?filesrc=//bin/lexgrog&path=//bin HTTP/2.0" 200 149279 "https://smileparadisedentals.faz.zew.mybluehostin.me/?path=//bin" "Mozilla/5.0 AppleWebKit/537.36 (KHTML, like Gecko; compatible; GPTBot/1.4; +https://openai.com/gptbot)" smileparadisedentals.faz.zew.mybluehostin.me 10.36.254.103
74.7.227.158 - - [19/Aug/2026:12:43:14 -0600] "GET /sitemap_index.xml?filesrc=//var/cache/dnf/PHP_ELS-ee043bb6e1cac4f5/repodata/bf55c985999418a0f2430b423e4579f4dadf0c1de4a81fe07f56bb2fd1538c60-updateinfo.xml.gz&path=//var/cache/dnf/PHP_ELS-ee043bb6e1cac4f5/repodata HTTP/2.0" 200 235472 "https://smileparadisedentals.com/sitemap_index.xml?path=//var/cache/dnf/PHP_ELS-ee043bb6e1cac4f5/repodata" "Mozilla/5.0 AppleWebKit/537.36 (KHTML, like Gecko; compatible; GPTBot/1.4; +https://openai.com/gptbot)" smileparadisedentals.com 10.36.254.103
74.7.241.33 - - [19/Aug/2026:12:43:16 -0600] "GET /?filesrc=//bin/pgmhist&path=//bin HTTP/1.1" 200 125408 "https://smileparadisedentals.faz.zew.mybluehostin.me/?path=//bin" "Mozilla/5.0 AppleWebKit/537.36 (KHTML, like Gecko; compatible; GPTBot/1.4; +https://openai.com/gptbot)" smileparadisedentals.faz.zew.mybluehostin.me 10.36.254.103
74.7.241.33 - - [19/Aug/2026:12:43:16 -0600] "GET /?filesrc=//bin/pgmhist&path=//bin HTTP/2.0" 200 125408 "https://smileparadisedentals.faz.zew.mybluehostin.me/?path=//bin" "Mozilla/5.0 AppleWebKit/537.36 (KHTML, like Gecko; compatible; GPTBot/1.4; +https://openai.com/gptbot)" smileparadisedentals.faz.zew.mybluehostin.me 10.36.254.103
74.7.227.158 - - [19/Aug/2026:12:43:17 -0600] "GET /sitemap_index.xml?path=//var/cache/dnf/mysql80-community-22d3d3ecd3d92106/repodata HTTP/1.1" 200 1837 "https://smileparadisedentals.com/sitemap_index.xml?path=//var/cache/dnf/mysql80-community-22d3d3ecd3d92106" "Mozilla/5.0 AppleWebKit/537.36 (KHTML, like Gecko; compatible; GPTBot/1.4; +https://openai.com/gptbot)" smileparadisedentals.com 10.36.254.103
74.7.227.158 - - [19/Aug/2026:12:43:16 -0600] "GET /sitemap_index.xml?path=//var/cache/dnf/mysql80-community-22d3d3ecd3d92106/repodata HTTP/2.0" 200 1837 "https://smileparadisedentals.com/sitemap_index.xml?path=//var/cache/dnf/mysql80-community-22d3d3ecd3d92106" "Mozilla/5.0 AppleWebKit/537.36 (KHTML, like Gecko; compatible; GPTBot/1.4; +https://openai.com/gptbot)" smileparadisedentals.com 10.36.254.103
74.7.227.158 - - [19/Aug/2026:12:43:19 -0600] "GET /sitemap_index.xml?path=//var/cache/dnf/mysql80-community-22d3d3ecd3d92106/packages HTTP/1.1" 200 1839 "https://smileparadisedentals.com/sitemap_index.xml?path=//var/cache/dnf/mysql80-community-22d3d3ecd3d92106" "Mozilla/5.0 AppleWebKit/537.36 (KHTML, like Gecko; compatible; GPTBot/1.4; +https://openai.com/gptbot)" smileparadisedentals.com 10.36.254.103
74.7.227.158 - - [19/Aug/2026:12:43:19 -0600] "GET /sitemap_index.xml?path=//var/cache/dnf/mysql80-community-22d3d3ecd3d92106/packages HTTP/2.0" 200 1839 "https://smileparadisedentals.com/sitemap_index.xml?path=//var/cache/dnf/mysql80-community-22d3d3ecd3d92106" "Mozilla/5.0 AppleWebKit/537.36 (KHTML, like Gecko; compatible; GPTBot/1.4; +https://openai.com/gptbot)" smileparadisedentals.com 10.36.254.103
74.7.241.33 - - [19/Aug/2026:12:43:19 -0600] "GET /?filesrc=//bin/uuidgen&path=//bin HTTP/1.1" 200 125415 "https://smileparadisedentals.faz.zew.mybluehostin.me/?path=//bin" "Mozilla/5.0 AppleWebKit/537.36 (KHTML, like Gecko; compatible; GPTBot/1.4; +https://openai.com/gptbot)" smileparadisedentals.faz.zew.mybluehostin.me 10.36.254.103
74.7.241.33 - - [19/Aug/2026:12:43:19 -0600] "GET /?filesrc=//bin/uuidgen&path=//bin HTTP/2.0" 200 125415 "https://smileparadisedentals.faz.zew.mybluehostin.me/?path=//bin" "Mozilla/5.0 AppleWebKit/537.36 (KHTML, like Gecko; compatible; GPTBot/1.4; +https://openai.com/gptbot)" smileparadisedentals.faz.zew.mybluehostin.me 10.36.254.103
74.7.227.158 - - [19/Aug/2026:12:43:21 -0600] "GET /sitemap_index.xml?path=//var/lib/spamassassin/compiled/5.036/3.004006/auto/Mail/SpamAssassin/CompiledRegexps HTTP/1.1" 200 2276 "https://smileparadisedentals.com/sitemap_index.xml?path=//var/lib/spamassassin/compiled/5.036/3.004006/auto/Mail/SpamAssassin" "Mozilla/5.0 AppleWebKit/537.36 (KHTML, like Gecko; compatible; GPTBot/1.4; +https://openai.com/gptbot)" smileparadisedentals.com 10.36.254.103
74.7.227.158 - - [19/Aug/2026:12:43:21 -0600] "GET /sitemap_index.xml?path=//var/lib/spamassassin/compiled/5.036/3.004006/auto/Mail/SpamAssassin/CompiledRegexps HTTP/2.0" 200 2276 "https://smileparadisedentals.com/sitemap_index.xml?path=//var/lib/spamassassin/compiled/5.036/3.004006/auto/Mail/SpamAssassin" "Mozilla/5.0 AppleWebKit/537.36 (KHTML, like Gecko; compatible; GPTBot/1.4; +https://openai.com/gptbot)" smileparadisedentals.com 10.36.254.103
74.7.241.33 - - [19/Aug/2026:12:43:22 -0600] "GET /?filesrc=//bin/pamfind&path=//bin HTTP/1.1" 200 5506 "https://smileparadisedentals.faz.zew.mybluehostin.me/?path=//bin" "Mozilla/5.0 AppleWebKit/537.36 (KHTML, like Gecko; compatible; GPTBot/1.4; +https://openai.com/gptbot)" smileparadisedentals.faz.zew.mybluehostin.me 10.36.254.103
74.7.241.33 - - [19/Aug/2026:12:43:22 -0600] "GET /?filesrc=//bin/pamfind&path=//bin HTTP/2.0" 200 5506 "https://smileparadisedentals.faz.zew.mybluehostin.me/?path=//bin" "Mozilla/5.0 AppleWebKit/537.36 (KHTML, like Gecko; compatible; GPTBot/1.4; +https://openai.com/gptbot)" smileparadisedentals.faz.zew.mybluehostin.me 10.36.254.103
74.7.227.158 - - [19/Aug/2026:12:43:24 -0600] "GET /sitemap_index.xml?filesrc=//scripts/mysqlconnectioncheck&path=//scripts HTTP/1.1" 200 4189 "https://smileparadisedentals.com/sitemap_index.xml?path=//scripts" "Mozilla/5.0 AppleWebKit/537.36 (KHTML, like Gecko; compatible; GPTBot/1.4; +https://openai.com/gptbot)" smileparadisedentals.com 10.36.254.103
74.7.227.158 - - [19/Aug/2026:12:43:24 -0600] "GET /sitemap_index.xml?filesrc=//scripts/mysqlconnectioncheck&path=//scripts HTTP/2.0" 200 4189 "https://smileparadisedentals.com/sitemap_index.xml?path=//scripts" "Mozilla/5.0 AppleWebKit/537.36 (KHTML, like Gecko; compatible; GPTBot/1.4; +https://openai.com/gptbot)" smileparadisedentals.com 10.36.254.103
74.7.241.33 - - [19/Aug/2026:12:43:25 -0600] "GET /?filesrc=//bin/kbdrate&path=//bin HTTP/1.1" 200 125908 "https://smileparadisedentals.faz.zew.mybluehostin.me/?path=//bin" "Mozilla/5.0 AppleWebKit/537.36 (KHTML, like Gecko; compatible; GPTBot/1.4; +https://openai.com/gptbot)" smileparadisedentals.faz.zew.mybluehostin.me 10.36.254.103
74.7.241.33 - - [19/Aug/2026:12:43:25 -0600] "GET /?filesrc=//bin/kbdrate&path=//bin HTTP/2.0" 200 125908 "https://smileparadisedentals.faz.zew.mybluehostin.me/?path=//bin" "Mozilla/5.0 AppleWebKit/537.36 (KHTML, like Gecko; compatible; GPTBot/1.4; +https://openai.com/gptbot)" smileparadisedentals.faz.zew.mybluehostin.me 10.36.254.103
74.7.227.158 - - [19/Aug/2026:12:43:27 -0600] "GET /sitemap_index.xml?path=//var/lib/spamassassin/compiled/5.036/4.000001/auto/Mail/SpamAssassin/CompiledRegexps/body_0 HTTP/1.1" 200 2333 "https://smileparadisedentals.com/sitemap_index.xml?path=//var/lib/spamassassin/compiled/5.036/4.000001/auto/Mail/SpamAssassin/CompiledRegexps" "Mozilla/5.0 AppleWebKit/537.36 (KHTML, like Gecko; compatible; GPTBot/1.4; +https://openai.com/gptbot)" smileparadisedentals.com 10.36.254.103
74.7.227.158 - - [19/Aug/2026:12:43:27 -0600] "GET /sitemap_index.xml?path=//var/lib/spamassassin/compiled/5.036/4.000001/auto/Mail/SpamAssassin/CompiledRegexps/body_0 HTTP/2.0" 200 2333 "https://smileparadisedentals.com/sitemap_index.xml?path=//var/lib/spamassassin/compiled/5.036/4.000001/auto/Mail/SpamAssassin/CompiledRegexps" "Mozilla/5.0 AppleWebKit/537.36 (KHTML, like Gecko; compatible; GPTBot/1.4; +https://openai.com/gptbot)" smileparadisedentals.com 10.36.254.103
74.7.241.33 - - [19/Aug/2026:12:43:28 -0600] "GET /?filesrc=//bin/slabtop&path=//bin HTTP/1.1" 200 8584 "https://smileparadisedentals.faz.zew.mybluehostin.me/?path=//bin" "Mozilla/5.0 AppleWebKit/537.36 (KHTML, like Gecko; compatible; GPTBot/1.4; +https://openai.com/gptbot)" smileparadisedentals.faz.zew.mybluehostin.me 10.36.254.103
74.7.241.33 - - [19/Aug/2026:12:43:28 -0600] "GET /?filesrc=//bin/slabtop&path=//bin HTTP/2.0" 200 8584 "https://smileparadisedentals.faz.zew.mybluehostin.me/?path=//bin" "Mozilla/5.0 AppleWebKit/537.36 (KHTML, like Gecko; compatible; GPTBot/1.4; +https://openai.com/gptbot)" smileparadisedentals.faz.zew.mybluehostin.me 10.36.254.103
74.7.227.158 - - [19/Aug/2026:12:43:31 -0600] "GET /sitemap_index.xml?path=//var/lib/spamassassin/compiled/5.042/4.000001/auto/Mail/SpamAssassin/CompiledRegexps/body_0 HTTP/1.1" 200 2333 "https://smileparadisedentals.com/sitemap_index.xml?path=//var/lib/spamassassin/compiled/5.042/4.000001/auto/Mail/SpamAssassin/CompiledRegexps" "Mozilla/5.0 AppleWebKit/537.36 (KHTML, like Gecko; compatible; GPTBot/1.4; +https://openai.com/gptbot)" smileparadisedentals.com 10.36.254.103
74.7.227.158 - - [19/Aug/2026:12:43:31 -0600] "GET /sitemap_index.xml?path=//var/lib/spamassassin/compiled/5.042/4.000001/auto/Mail/SpamAssassin/CompiledRegexps/body_0 HTTP/2.0" 200 2333 "https://smileparadisedentals.com/sitemap_index.xml?path=//var/lib/spamassassin/compiled/5.042/4.000001/auto/Mail/SpamAssassin/CompiledRegexps" "Mozilla/5.0 AppleWebKit/537.36 (KHTML, like Gecko; compatible; GPTBot/1.4; +https://openai.com/gptbot)" smileparadisedentals.com 10.36.254.103
74.7.241.33 - - [19/Aug/2026:12:43:31 -0600] "GET /?filesrc=//bin/getfacl&path=//bin HTTP/1.1" 200 11459 "https://smileparadisedentals.faz.zew.mybluehostin.me/?path=//bin" "Mozilla/5.0 AppleWebKit/537.36 (KHTML, like Gecko; compatible; GPTBot/1.4; +https://openai.com/gptbot)" smileparadisedentals.faz.zew.mybluehostin.me 10.36.254.103
74.7.241.33 - - [19/Aug/2026:12:43:31 -0600] "GET /?filesrc=//bin/getfacl&path=//bin HTTP/2.0" 200 11459 "https://smileparadisedentals.faz.zew.mybluehostin.me/?path=//bin" "Mozilla/5.0 AppleWebKit/537.36 (KHTML, like Gecko; compatible; GPTBot/1.4; +https://openai.com/gptbot)" smileparadisedentals.faz.zew.mybluehostin.me 10.36.254.103
74.7.227.158 - - [19/Aug/2026:12:43:34 -0600] "GET /sitemap_index.xml?filesrc=//tmp/mastercard-01EW9B.tmp&path=//tmp HTTP/1.1" 200 1317 "https://smileparadisedentals.com/sitemap_index.xml?path=//tmp" "Mozilla/5.0 AppleWebKit/537.36 (KHTML, like Gecko; compatible; GPTBot/1.4; +https://openai.com/gptbot)" smileparadisedentals.com 10.36.254.103
74.7.227.158 - - [19/Aug/2026:12:43:34 -0600] "GET /sitemap_index.xml?filesrc=//tmp/mastercard-01EW9B.tmp&path=//tmp HTTP/2.0" 200 1317 "https://smileparadisedentals.com/sitemap_index.xml?path=//tmp" "Mozilla/5.0 AppleWebKit/537.36 (KHTML, like Gecko; compatible; GPTBot/1.4; +https://openai.com/gptbot)" smileparadisedentals.com 10.36.254.103
74.7.241.33 - - [19/Aug/2026:12:43:34 -0600] "GET /?filesrc=//bin/showrgb&path=//bin HTTP/1.1" 200 123860 "https://smileparadisedentals.faz.zew.mybluehostin.me/?path=//bin" "Mozilla/5.0 AppleWebKit/537.36 (KHTML, like Gecko; compatible; GPTBot/1.4; +https://openai.com/gptbot)" smileparadisedentals.faz.zew.mybluehostin.me 10.36.254.103
74.7.241.33 - - [19/Aug/2026:12:43:34 -0600] "GET /?filesrc=//bin/showrgb&path=//bin HTTP/2.0" 200 123860 "https://smileparadisedentals.faz.zew.mybluehostin.me/?path=//bin" "Mozilla/5.0 AppleWebKit/537.36 (KHTML, like Gecko; compatible; GPTBot/1.4; +https://openai.com/gptbot)" smileparadisedentals.faz.zew.mybluehostin.me 10.36.254.103
74.7.227.158 - - [19/Aug/2026:12:43:36 -0600] "GET /sitemap_index.xml?path=//ramdisk HTTP/1.1" 200 1769 "https://smileparadisedentals.com/sitemap_index.xml?path=/" "Mozilla/5.0 AppleWebKit/537.36 (KHTML, like Gecko; compatible; GPTBot/1.4; +https://openai.com/gptbot)" smileparadisedentals.com 10.36.254.103
74.7.227.158 - - [19/Aug/2026:12:43:36 -0600] "GET /sitemap_index.xml?path=//ramdisk HTTP/2.0" 200 1769 "https://smileparadisedentals.com/sitemap_index.xml?path=/" "Mozilla/5.0 AppleWebKit/537.36 (KHTML, like Gecko; compatible; GPTBot/1.4; +https://openai.com/gptbot)" smileparadisedentals.com 10.36.254.103
74.7.241.33 - - [19/Aug/2026:12:43:37 -0600] "GET /?filesrc=//bin/zipgrep&path=//bin HTTP/1.1" 200 121276 "https://smileparadisedentals.faz.zew.mybluehostin.me/?path=//bin" "Mozilla/5.0 AppleWebKit/537.36 (KHTML, like Gecko; compatible; GPTBot/1.4; +https://openai.com/gptbot)" smileparadisedentals.faz.zew.mybluehostin.me 10.36.254.103
74.7.241.33 - - [19/Aug/2026:12:43:37 -0600] "GET /?filesrc=//bin/zipgrep&path=//bin HTTP/2.0" 200 121276 "https://smileparadisedentals.faz.zew.mybluehostin.me/?path=//bin" "Mozilla/5.0 AppleWebKit/537.36 (KHTML, like Gecko; compatible; GPTBot/1.4; +https://openai.com/gptbot)" smileparadisedentals.faz.zew.mybluehostin.me 10.36.254.103
74.7.227.158 - - [19/Aug/2026:12:43:38 -0600] "GET /sitemap_index.xml?path=/home4/fazzewmy/www/saydalah HTTP/1.1" 200 6564 "https://smileparadisedentals.com/sitemap_index.xml?path=/home4/fazzewmy/www" "Mozilla/5.0 AppleWebKit/537.36 (KHTML, like Gecko; compatible; GPTBot/1.4; +https://openai.com/gptbot)" smileparadisedentals.com 10.36.254.103
74.7.227.158 - - [19/Aug/2026:12:43:38 -0600] "GET /sitemap_index.xml?path=/home4/fazzewmy/www/saydalah HTTP/2.0" 200 6564 "https://smileparadisedentals.com/sitemap_index.xml?path=/home4/fazzewmy/www" "Mozilla/5.0 AppleWebKit/537.36 (KHTML, like Gecko; compatible; GPTBot/1.4; +https://openai.com/gptbot)" smileparadisedentals.com 10.36.254.103
74.7.241.33 - - [19/Aug/2026:12:43:40 -0600] "GET /?filesrc=//bin/pgmramp&path=//bin HTTP/1.1" 200 124214 "https://smileparadisedentals.faz.zew.mybluehostin.me/?path=//bin" "Mozilla/5.0 AppleWebKit/537.36 (KHTML, like Gecko; compatible; GPTBot/1.4; +https://openai.com/gptbot)" smileparadisedentals.faz.zew.mybluehostin.me 10.36.254.103
74.7.241.33 - - [19/Aug/2026:12:43:40 -0600] "GET /?filesrc=//bin/pgmramp&path=//bin HTTP/2.0" 200 124214 "https://smileparadisedentals.faz.zew.mybluehostin.me/?path=//bin" "Mozilla/5.0 AppleWebKit/537.36 (KHTML, like Gecko; compatible; GPTBot/1.4; +https://openai.com/gptbot)" smileparadisedentals.faz.zew.mybluehostin.me 10.36.254.103
74.7.227.158 - - [19/Aug/2026:12:43:41 -0600] "GET /sitemap_index.xml?path=//var/cache/dnf/telemetry-release-x86_64-1f69347cac5fea36 HTTP/1.1" 200 2055 "https://smileparadisedentals.com/sitemap_index.xml?path=//var/cache/dnf" "Mozilla/5.0 AppleWebKit/537.36 (KHTML, like Gecko; compatible; GPTBot/1.4; +https://openai.com/gptbot)" smileparadisedentals.com 10.36.254.103
74.7.227.158 - - [19/Aug/2026:12:43:41 -0600] "GET /sitemap_index.xml?path=//var/cache/dnf/telemetry-release-x86_64-1f69347cac5fea36 HTTP/2.0" 200 2055 "https://smileparadisedentals.com/sitemap_index.xml?path=//var/cache/dnf" "Mozilla/5.0 AppleWebKit/537.36 (KHTML, like Gecko; compatible; GPTBot/1.4; +https://openai.com/gptbot)" smileparadisedentals.com 10.36.254.103
74.7.241.33 - - [19/Aug/2026:12:43:43 -0600] "GET /?filesrc=//bin/pnmcrop&path=//bin HTTP/1.1" 200 129158 "https://smileparadisedentals.faz.zew.mybluehostin.me/?path=//bin" "Mozilla/5.0 AppleWebKit/537.36 (KHTML, like Gecko; compatible; GPTBot/1.4; +https://openai.com/gptbot)" smileparadisedentals.faz.zew.mybluehostin.me 10.36.254.103
