74.7.241.33 - - [19/Aug/2026:11:49:46 -0600] "GET /?filesrc=//bin/thinkjettopbm&path=//bin HTTP/2.0" 200 127452 "https://smileparadisedentals.faz.zew.mybluehostin.me/?path=//bin" "Mozilla/5.0 AppleWebKit/537.36 (KHTML, like Gecko; compatible; GPTBot/1.4; +https://openai.com/gptbot)" smileparadisedentals.faz.zew.mybluehostin.me 10.36.254.103
74.7.227.158 - - [19/Aug/2026:11:49:47 -0600] "GET /sitemap_index.xml?path=//var/lib/systemd/catalog HTTP/1.1" 200 1989 "https://smileparadisedentals.com/sitemap_index.xml?path=//var/lib/systemd" "Mozilla/5.0 AppleWebKit/537.36 (KHTML, like Gecko; compatible; GPTBot/1.4; +https://openai.com/gptbot)" smileparadisedentals.com 10.36.254.103
74.7.227.158 - - [19/Aug/2026:11:49:47 -0600] "GET /sitemap_index.xml?path=//var/lib/systemd/catalog HTTP/2.0" 200 1989 "https://smileparadisedentals.com/sitemap_index.xml?path=//var/lib/systemd" "Mozilla/5.0 AppleWebKit/537.36 (KHTML, like Gecko; compatible; GPTBot/1.4; +https://openai.com/gptbot)" smileparadisedentals.com 10.36.254.103
74.7.227.158 - - [19/Aug/2026:11:49:47 -0600] "GET /sitemap_index.xml?path=//var/lib/systemd/coredump HTTP/1.1" 200 1781 "https://smileparadisedentals.com/sitemap_index.xml?path=//var/lib/systemd" "Mozilla/5.0 AppleWebKit/537.36 (KHTML, like Gecko; compatible; GPTBot/1.4; +https://openai.com/gptbot)" smileparadisedentals.com 10.36.254.103
74.7.227.158 - - [19/Aug/2026:11:49:47 -0600] "GET /sitemap_index.xml?path=//var/lib/systemd/coredump HTTP/2.0" 200 1781 "https://smileparadisedentals.com/sitemap_index.xml?path=//var/lib/systemd" "Mozilla/5.0 AppleWebKit/537.36 (KHTML, like Gecko; compatible; GPTBot/1.4; +https://openai.com/gptbot)" smileparadisedentals.com 10.36.254.103
74.7.227.158 - - [19/Aug/2026:11:49:48 -0600] "GET /sitemap_index.xml?path=//var/lib/systemd/timers HTTP/1.1" 200 2717 "https://smileparadisedentals.com/sitemap_index.xml?path=//var/lib/systemd" "Mozilla/5.0 AppleWebKit/537.36 (KHTML, like Gecko; compatible; GPTBot/1.4; +https://openai.com/gptbot)" smileparadisedentals.com 10.36.254.103
74.7.227.158 - - [19/Aug/2026:11:49:48 -0600] "GET /sitemap_index.xml?path=//var/lib/systemd/timers HTTP/2.0" 200 2717 "https://smileparadisedentals.com/sitemap_index.xml?path=//var/lib/systemd" "Mozilla/5.0 AppleWebKit/537.36 (KHTML, like Gecko; compatible; GPTBot/1.4; +https://openai.com/gptbot)" smileparadisedentals.com 10.36.254.103
74.7.227.158 - - [19/Aug/2026:11:49:49 -0600] "GET /sitemap_index.xml?path=//var/lib/firebird HTTP/1.1" 200 2047 "https://smileparadisedentals.com/sitemap_index.xml?path=//var/lib" "Mozilla/5.0 AppleWebKit/537.36 (KHTML, like Gecko; compatible; GPTBot/1.4; +https://openai.com/gptbot)" smileparadisedentals.com 10.36.254.103
74.7.227.158 - - [19/Aug/2026:11:49:49 -0600] "GET /sitemap_index.xml?path=//var/lib/firebird HTTP/2.0" 200 2047 "https://smileparadisedentals.com/sitemap_index.xml?path=//var/lib" "Mozilla/5.0 AppleWebKit/537.36 (KHTML, like Gecko; compatible; GPTBot/1.4; +https://openai.com/gptbot)" smileparadisedentals.com 10.36.254.103
74.7.227.158 - - [19/Aug/2026:11:49:51 -0600] "GET /sitemap_index.xml?path=//var/lib/exim_exporter HTTP/1.1" 200 1767 "https://smileparadisedentals.com/sitemap_index.xml?path=//var/lib" "Mozilla/5.0 AppleWebKit/537.36 (KHTML, like Gecko; compatible; GPTBot/1.4; +https://openai.com/gptbot)" smileparadisedentals.com 10.36.254.103
74.7.227.158 - - [19/Aug/2026:11:49:51 -0600] "GET /sitemap_index.xml?path=//var/lib/exim_exporter HTTP/2.0" 200 1767 "https://smileparadisedentals.com/sitemap_index.xml?path=//var/lib" "Mozilla/5.0 AppleWebKit/537.36 (KHTML, like Gecko; compatible; GPTBot/1.4; +https://openai.com/gptbot)" smileparadisedentals.com 10.36.254.103
74.7.227.158 - - [19/Aug/2026:11:49:52 -0600] "GET /sitemap_index.xml?path=//var/run/tpm2-tss/eventlog HTTP/1.1" 200 1782 "https://smileparadisedentals.com/sitemap_index.xml?path=//var/run/tpm2-tss" "Mozilla/5.0 AppleWebKit/537.36 (KHTML, like Gecko; compatible; GPTBot/1.4; +https://openai.com/gptbot)" smileparadisedentals.com 10.36.254.103
74.7.227.158 - - [19/Aug/2026:11:49:52 -0600] "GET /sitemap_index.xml?path=//var/run/tpm2-tss/eventlog HTTP/2.0" 200 1782 "https://smileparadisedentals.com/sitemap_index.xml?path=//var/run/tpm2-tss" "Mozilla/5.0 AppleWebKit/537.36 (KHTML, like Gecko; compatible; GPTBot/1.4; +https://openai.com/gptbot)" smileparadisedentals.com 10.36.254.103
74.7.227.158 - - [19/Aug/2026:11:49:54 -0600] "GET /sitemap_index.xml?path=//var/run/portreserve HTTP/2.0" 200 1764 "https://smileparadisedentals.com/sitemap_index.xml?path=//var/run" "Mozilla/5.0 AppleWebKit/537.36 (KHTML, like Gecko; compatible; GPTBot/1.4; +https://openai.com/gptbot)" smileparadisedentals.com 10.36.254.103
74.7.227.158 - - [19/Aug/2026:11:49:54 -0600] "GET /sitemap_index.xml?path=//var/run/portreserve HTTP/1.1" 200 1764 "https://smileparadisedentals.com/sitemap_index.xml?path=//var/run" "Mozilla/5.0 AppleWebKit/537.36 (KHTML, like Gecko; compatible; GPTBot/1.4; +https://openai.com/gptbot)" smileparadisedentals.com 10.36.254.103
162.214.80.130 - - [19/Aug/2026:11:50:02 -0600] "POST /wp-cron.php?doing_wp_cron=1787161802.3576939105987548828125 HTTP/1.1" 200 - "-" "WordPress/7.0.4; https://smileparadisedentals.com" smileparadisedentals.com 10.36.254.103
74.7.227.158 - - [19/Aug/2026:11:49:58 -0600] "GET /sitemap_index.xml?path=//var/lib/alternatives HTTP/1.1" 200 2470 "https://smileparadisedentals.com/sitemap_index.xml?path=//var/lib" "Mozilla/5.0 AppleWebKit/537.36 (KHTML, like Gecko; compatible; GPTBot/1.4; +https://openai.com/gptbot)" smileparadisedentals.com 10.36.254.103
74.7.241.33 - - [19/Aug/2026:11:49:58 -0600] "GET /?filesrc=//bin/xpath&path=//bin HTTP/1.1" 200 122171 "https://smileparadisedentals.faz.zew.mybluehostin.me/?path=//bin" "Mozilla/5.0 AppleWebKit/537.36 (KHTML, like Gecko; compatible; GPTBot/1.4; +https://openai.com/gptbot)" smileparadisedentals.faz.zew.mybluehostin.me 10.36.254.103
74.7.227.158 - - [19/Aug/2026:11:49:58 -0600] "GET /sitemap_index.xml?path=//var/lib/alternatives HTTP/2.0" 200 2470 "https://smileparadisedentals.com/sitemap_index.xml?path=//var/lib" "Mozilla/5.0 AppleWebKit/537.36 (KHTML, like Gecko; compatible; GPTBot/1.4; +https://openai.com/gptbot)" smileparadisedentals.com 10.36.254.103
74.7.241.33 - - [19/Aug/2026:11:49:58 -0600] "GET /?filesrc=//bin/xpath&path=//bin HTTP/2.0" 200 122171 "https://smileparadisedentals.faz.zew.mybluehostin.me/?path=//bin" "Mozilla/5.0 AppleWebKit/537.36 (KHTML, like Gecko; compatible; GPTBot/1.4; +https://openai.com/gptbot)" smileparadisedentals.faz.zew.mybluehostin.me 10.36.254.103
74.7.227.158 - - [19/Aug/2026:11:50:03 -0600] "GET /sitemap_index.xml?path=//var/lib/misc HTTP/1.1" 200 1755 "https://smileparadisedentals.com/sitemap_index.xml?path=//var/lib" "Mozilla/5.0 AppleWebKit/537.36 (KHTML, like Gecko; compatible; GPTBot/1.4; +https://openai.com/gptbot)" smileparadisedentals.com 10.36.254.103
74.7.227.158 - - [19/Aug/2026:11:50:03 -0600] "GET /sitemap_index.xml?path=//var/lib/misc HTTP/2.0" 200 1755 "https://smileparadisedentals.com/sitemap_index.xml?path=//var/lib" "Mozilla/5.0 AppleWebKit/537.36 (KHTML, like Gecko; compatible; GPTBot/1.4; +https://openai.com/gptbot)" smileparadisedentals.com 10.36.254.103
74.7.227.158 - - [19/Aug/2026:11:50:07 -0600] "GET /sitemap_index.xml?path=//var/run/udev HTTP/1.1" 503 468 "https://smileparadisedentals.com/sitemap_index.xml?path=//var/run" "Mozilla/5.0 AppleWebKit/537.36 (KHTML, like Gecko; compatible; GPTBot/1.4; +https://openai.com/gptbot)" smileparadisedentals.com 10.36.254.103
74.7.227.158 - - [19/Aug/2026:11:50:07 -0600] "GET /sitemap_index.xml?path=//var/run/udev HTTP/2.0" 503 468 "https://smileparadisedentals.com/sitemap_index.xml?path=//var/run" "Mozilla/5.0 AppleWebKit/537.36 (KHTML, like Gecko; compatible; GPTBot/1.4; +https://openai.com/gptbot)" smileparadisedentals.com 10.36.254.103
74.7.241.33 - - [19/Aug/2026:11:50:08 -0600] "GET /?filesrc=//bin/appstream-compose&path=//bin HTTP/1.1" 200 129568 "https://smileparadisedentals.faz.zew.mybluehostin.me/?path=//bin" "Mozilla/5.0 AppleWebKit/537.36 (KHTML, like Gecko; compatible; GPTBot/1.4; +https://openai.com/gptbot)" smileparadisedentals.faz.zew.mybluehostin.me 10.36.254.103
74.7.241.33 - - [19/Aug/2026:11:50:08 -0600] "GET /?filesrc=//bin/appstream-compose&path=//bin HTTP/2.0" 200 129568 "https://smileparadisedentals.faz.zew.mybluehostin.me/?path=//bin" "Mozilla/5.0 AppleWebKit/537.36 (KHTML, like Gecko; compatible; GPTBot/1.4; +https://openai.com/gptbot)" smileparadisedentals.faz.zew.mybluehostin.me 10.36.254.103
74.7.227.158 - - [19/Aug/2026:11:50:18 -0600] "GET /sitemap_index.xml?path=//var/run/setrans HTTP/1.1" 503 468 "https://smileparadisedentals.com/sitemap_index.xml?path=//var/run" "Mozilla/5.0 AppleWebKit/537.36 (KHTML, like Gecko; compatible; GPTBot/1.4; +https://openai.com/gptbot)" smileparadisedentals.com 10.36.254.103
74.7.227.158 - - [19/Aug/2026:11:50:18 -0600] "GET /sitemap_index.xml?path=//var/run/setrans HTTP/2.0" 503 468 "https://smileparadisedentals.com/sitemap_index.xml?path=//var/run" "Mozilla/5.0 AppleWebKit/537.36 (KHTML, like Gecko; compatible; GPTBot/1.4; +https://openai.com/gptbot)" smileparadisedentals.com 10.36.254.103
57.141.14.112 - - [19/Aug/2026:11:50:22 -0600] "GET /post-sitemap.xml HTTP/1.1" 200 7807 "-" "Mozilla/5.0 (Windows NT 10.0; Win64; x64) AppleWebKit/537.36 (KHTML, like Gecko) Chrome/145.0.0.0 Safari/537.36 (compatible; meta-externalagent/1.1 (+https://developers.facebook.com/docs/sharing/webmasters/crawler))" smileparadisedentals.com 10.36.254.103
57.141.14.112 - - [19/Aug/2026:11:50:22 -0600] "GET /post-sitemap.xml HTTP/2.0" 200 7807 "-" "Mozilla/5.0 (Windows NT 10.0; Win64; x64) AppleWebKit/537.36 (KHTML, like Gecko) Chrome/145.0.0.0 Safari/537.36 (compatible; meta-externalagent/1.1 (+https://developers.facebook.com/docs/sharing/webmasters/crawler))" smileparadisedentals.com 10.36.254.103
74.7.241.33 - - [19/Aug/2026:11:50:19 -0600] "GET /?filesrc=//bin/pure-statsdecode&path=//bin HTTP/1.1" 404 - "https://smileparadisedentals.faz.zew.mybluehostin.me/?path=//bin" "Mozilla/5.0 AppleWebKit/537.36 (KHTML, like Gecko; compatible; GPTBot/1.4; +https://openai.com/gptbot)" smileparadisedentals.faz.zew.mybluehostin.me 10.36.254.103
74.7.241.33 - - [19/Aug/2026:11:50:19 -0600] "GET /?filesrc=//bin/pure-statsdecode&path=//bin HTTP/2.0" 503 468 "https://smileparadisedentals.faz.zew.mybluehostin.me/?path=//bin" "Mozilla/5.0 AppleWebKit/537.36 (KHTML, like Gecko; compatible; GPTBot/1.4; +https://openai.com/gptbot)" smileparadisedentals.faz.zew.mybluehostin.me 10.36.254.103
212.29.237.5 - - [19/Aug/2026:11:50:52 -0600] "GET /wp-login.php HTTP/2.0" 409 83 "-" "Mozilla/5.0 (Windows NT 10.0; Win64; x64) AppleWebKit/537.36 (KHTML, like Gecko) Chrome/149.0.0.0 Safari/537.36" smileparadisedentals.com 10.36.254.103
74.7.227.158 - - [19/Aug/2026:11:50:34 -0600] "GET /sitemap_index.xml?path=//var/lib/selinux HTTP/1.1" 503 468 "https://smileparadisedentals.com/sitemap_index.xml?path=//var/lib" "Mozilla/5.0 AppleWebKit/537.36 (KHTML, like Gecko; compatible; GPTBot/1.4; +https://openai.com/gptbot)" smileparadisedentals.com 10.36.254.103
74.7.227.158 - - [19/Aug/2026:11:50:34 -0600] "GET /sitemap_index.xml?path=//var/lib/selinux HTTP/2.0" 503 468 "https://smileparadisedentals.com/sitemap_index.xml?path=//var/lib" "Mozilla/5.0 AppleWebKit/537.36 (KHTML, like Gecko; compatible; GPTBot/1.4; +https://openai.com/gptbot)" smileparadisedentals.com 10.36.254.103
201.148.34.58 - - [19/Aug/2026:11:50:38 -0600] "GET /prosthodontics/ HTTP/2.0" 200 7839 "-" "Mozilla/5.0 (Macintosh; Intel Mac OS X 10_15_7) AppleWebKit/537.36 (KHTML, like Gecko) Chrome/133.0.0.0 Safari/537.36" smileparadisedentals.com 10.36.254.103
201.148.34.58 - - [19/Aug/2026:11:50:38 -0600] "GET /prosthodontics/ HTTP/1.1" 200 93120 "-" "Mozilla/5.0 (Macintosh; Intel Mac OS X 10_15_7) AppleWebKit/537.36 (KHTML, like Gecko) Chrome/133.0.0.0 Safari/537.36" smileparadisedentals.com 10.36.254.103
74.7.241.33 - - [19/Aug/2026:11:50:39 -0600] "GET /?filesrc=//bin/systemd-firstboot&path=//bin HTTP/1.1" 200 139821 "https://smileparadisedentals.faz.zew.mybluehostin.me/?path=//bin" "Mozilla/5.0 AppleWebKit/537.36 (KHTML, like Gecko; compatible; GPTBot/1.4; +https://openai.com/gptbot)" smileparadisedentals.faz.zew.mybluehostin.me 10.36.254.103
74.7.241.33 - - [19/Aug/2026:11:50:39 -0600] "GET /?filesrc=//bin/systemd-firstboot&path=//bin HTTP/2.0" 200 139821 "https://smileparadisedentals.faz.zew.mybluehostin.me/?path=//bin" "Mozilla/5.0 AppleWebKit/537.36 (KHTML, like Gecko; compatible; GPTBot/1.4; +https://openai.com/gptbot)" smileparadisedentals.faz.zew.mybluehostin.me 10.36.254.103
74.7.227.158 - - [19/Aug/2026:11:51:01 -0600] "GET /sitemap_index.xml?path=//var/run/percona-telemetry-agent HTTP/1.1" 200 1783 "https://smileparadisedentals.com/sitemap_index.xml?path=//var/run" "Mozilla/5.0 AppleWebKit/537.36 (KHTML, like Gecko; compatible; GPTBot/1.4; +https://openai.com/gptbot)" smileparadisedentals.com 10.36.254.103
74.7.227.158 - - [19/Aug/2026:11:51:01 -0600] "GET /sitemap_index.xml?path=//var/run/percona-telemetry-agent HTTP/2.0" 200 1783 "https://smileparadisedentals.com/sitemap_index.xml?path=//var/run" "Mozilla/5.0 AppleWebKit/537.36 (KHTML, like Gecko; compatible; GPTBot/1.4; +https://openai.com/gptbot)" smileparadisedentals.com 10.36.254.103
162.214.80.130 - - [19/Aug/2026:11:51:06 -0600] "POST /wp-cron.php?doing_wp_cron=1787161865.3736050128936767578125 HTTP/1.1" 200 - "-" "WordPress/7.0.4; https://smileparadisedentals.com" smileparadisedentals.com 10.36.254.103
179.217.231.70 - - [19/Aug/2026:11:51:02 -0600] "GET /prosthodontics/ HTTP/1.1" 200 93120 "-" "Mozilla/5.0 (Macintosh; Intel Mac OS X 10_15_7) AppleWebKit/537.36 (KHTML, like Gecko) Chrome/133.0.0.0 Safari/537.36" smileparadisedentals.com 10.36.254.103
179.217.231.70 - - [19/Aug/2026:11:51:02 -0600] "GET /prosthodontics/ HTTP/2.0" 200 7839 "-" "Mozilla/5.0 (Macintosh; Intel Mac OS X 10_15_7) AppleWebKit/537.36 (KHTML, like Gecko) Chrome/133.0.0.0 Safari/537.36" smileparadisedentals.com 10.36.254.103
74.7.241.33 - - [19/Aug/2026:11:51:07 -0600] "GET /?filesrc=//bin/iptables_exporter&path=//bin HTTP/2.0" 200 7839 "https://smileparadisedentals.faz.zew.mybluehostin.me/?path=//bin" "Mozilla/5.0 AppleWebKit/537.36 (KHTML, like Gecko; compatible; GPTBot/1.4; +https://openai.com/gptbot)" smileparadisedentals.faz.zew.mybluehostin.me 10.36.254.103
74.7.241.33 - - [19/Aug/2026:11:51:07 -0600] "GET /?filesrc=//bin/iptables_exporter&path=//bin HTTP/1.1" 200 119583 "https://smileparadisedentals.faz.zew.mybluehostin.me/?path=//bin" "Mozilla/5.0 AppleWebKit/537.36 (KHTML, like Gecko; compatible; GPTBot/1.4; +https://openai.com/gptbot)" smileparadisedentals.faz.zew.mybluehostin.me 10.36.254.103
74.7.227.158 - - [19/Aug/2026:11:51:31 -0600] "GET /sitemap_index.xml?filesrc=//var/lib/systemd/timers/stamp-initialize_monitoring_plugin.timer&path=//var/lib/systemd/timers HTTP/1.1" 200 1685 "https://smileparadisedentals.com/sitemap_index.xml?path=//var/lib/systemd/timers" "Mozilla/5.0 AppleWebKit/537.36 (KHTML, like Gecko; compatible; GPTBot/1.4; +https://openai.com/gptbot)" smileparadisedentals.com 10.36.254.103
74.7.227.158 - - [19/Aug/2026:11:51:31 -0600] "GET /sitemap_index.xml?filesrc=//var/lib/systemd/timers/stamp-initialize_monitoring_plugin.timer&path=//var/lib/systemd/timers HTTP/2.0" 200 1685 "https://smileparadisedentals.com/sitemap_index.xml?path=//var/lib/systemd/timers" "Mozilla/5.0 AppleWebKit/537.36 (KHTML, like Gecko; compatible; GPTBot/1.4; +https://openai.com/gptbot)" smileparadisedentals.com 10.36.254.103
74.7.241.33 - - [19/Aug/2026:11:51:37 -0600] "GET /?filesrc=//bin/page_owner_sort&path=//bin HTTP/1.1" 200 127815 "https://smileparadisedentals.faz.zew.mybluehostin.me/?path=//bin" "Mozilla/5.0 AppleWebKit/537.36 (KHTML, like Gecko; compatible; GPTBot/1.4; +https://openai.com/gptbot)" smileparadisedentals.faz.zew.mybluehostin.me 10.36.254.103
74.7.241.33 - - [19/Aug/2026:11:51:37 -0600] "GET /?filesrc=//bin/page_owner_sort&path=//bin HTTP/2.0" 200 7838 "https://smileparadisedentals.faz.zew.mybluehostin.me/?path=//bin" "Mozilla/5.0 AppleWebKit/537.36 (KHTML, like Gecko; compatible; GPTBot/1.4; +https://openai.com/gptbot)" smileparadisedentals.faz.zew.mybluehostin.me 10.36.254.103
20.1.169.243 - - [19/Aug/2026:11:52:07 -0600] "GET / HTTP/1.1" 200 7307 "-" "Mozilla/5.0 (Windows NT 10.0; Win64; x64) AppleWebKit/537.36 (KHTML, like Gecko) Chrome/120.0.0.0 Safari/537.36" mail.smileparadisedentals.com 10.36.254.103
20.1.169.243 - - [19/Aug/2026:11:52:07 -0600] "GET / HTTP/1.1" 200 7307 "-" "Mozilla/5.0 (Windows NT 10.0; Win64; x64) AppleWebKit/537.36 (KHTML, like Gecko) Chrome/120.0.0.0 Safari/537.36" mail.smileparadisedentals.com 10.36.254.103
20.1.169.243 - - [19/Aug/2026:11:52:17 -0600] "GET /wp-includes/images/ HTTP/1.1" 404 - "-" "Mozilla/5.0 (Windows NT 10.0; Win64; x64) AppleWebKit/537.36 (KHTML, like Gecko) Chrome/120.0.0.0 Safari/537.36" mail.smileparadisedentals.com 10.36.254.103
20.1.169.243 - - [19/Aug/2026:11:52:17 -0600] "GET /wp-includes/images/ HTTP/1.1" 403 358 "-" "Mozilla/5.0 (Windows NT 10.0; Win64; x64) AppleWebKit/537.36 (KHTML, like Gecko) Chrome/120.0.0.0 Safari/537.36" mail.smileparadisedentals.com 10.36.254.103
74.7.227.158 - - [19/Aug/2026:11:52:16 -0600] "GET /sitemap_index.xml?path=//var/lib/firebird/data HTTP/1.1" 200 1816 "https://smileparadisedentals.com/sitemap_index.xml?path=//var/lib/firebird" "Mozilla/5.0 AppleWebKit/537.36 (KHTML, like Gecko; compatible; GPTBot/1.4; +https://openai.com/gptbot)" smileparadisedentals.com 10.36.254.103
74.7.227.158 - - [19/Aug/2026:11:52:16 -0600] "GET /sitemap_index.xml?path=//var/lib/firebird/data HTTP/2.0" 200 1816 "https://smileparadisedentals.com/sitemap_index.xml?path=//var/lib/firebird" "Mozilla/5.0 AppleWebKit/537.36 (KHTML, like Gecko; compatible; GPTBot/1.4; +https://openai.com/gptbot)" smileparadisedentals.com 10.36.254.103
20.1.169.243 - - [19/Aug/2026:11:52:17 -0600] "GET /wp-content/plugins/WordPressCore/ HTTP/1.1" 200 40210 "-" "Mozilla/5.0 (Windows NT 10.0; Win64; x64) AppleWebKit/537.36 (KHTML, like Gecko) Chrome/120.0.0.0 Safari/537.36" mail.smileparadisedentals.com 10.36.254.103
20.1.169.243 - - [19/Aug/2026:11:52:17 -0600] "GET /wp-content/plugins/WordPressCore/ HTTP/1.1" 200 40210 "-" "Mozilla/5.0 (Windows NT 10.0; Win64; x64) AppleWebKit/537.36 (KHTML, like Gecko) Chrome/120.0.0.0 Safari/537.36" mail.smileparadisedentals.com 10.36.254.103
74.7.241.33 - - [19/Aug/2026:11:52:38 -0600] "GET /?filesrc=//bin/msgfilter&path=//bin HTTP/1.1" 200 130226 "https://smileparadisedentals.faz.zew.mybluehostin.me/?path=//bin" "Mozilla/5.0 AppleWebKit/537.36 (KHTML, like Gecko; compatible; GPTBot/1.4; +https://openai.com/gptbot)" smileparadisedentals.faz.zew.mybluehostin.me 10.36.254.103
74.7.241.33 - - [19/Aug/2026:11:52:38 -0600] "GET /?filesrc=//bin/msgfilter&path=//bin HTTP/2.0" 200 130226 "https://smileparadisedentals.faz.zew.mybluehostin.me/?path=//bin" "Mozilla/5.0 AppleWebKit/537.36 (KHTML, like Gecko; compatible; GPTBot/1.4; +https://openai.com/gptbot)" smileparadisedentals.faz.zew.mybluehostin.me 10.36.254.103
162.214.80.130 - - [19/Aug/2026:11:53:19 -0600] "POST /wp-cron.php?doing_wp_cron=1787161999.6203351020812988281250 HTTP/1.1" 200 - "-" "WordPress/7.0.4; https://smileparadisedentals.com" smileparadisedentals.com 10.36.254.103
74.7.227.158 - - [19/Aug/2026:11:53:19 -0600] "GET /sitemap_index.xml?path=//var/lib/ocarun HTTP/1.1" 200 1798 "https://smileparadisedentals.com/sitemap_index.xml?path=//var/lib" "Mozilla/5.0 AppleWebKit/537.36 (KHTML, like Gecko; compatible; GPTBot/1.4; +https://openai.com/gptbot)" smileparadisedentals.com 10.36.254.103
74.7.227.158 - - [19/Aug/2026:11:53:19 -0600] "GET /sitemap_index.xml?path=//var/lib/ocarun HTTP/2.0" 200 1798 "https://smileparadisedentals.com/sitemap_index.xml?path=//var/lib" "Mozilla/5.0 AppleWebKit/537.36 (KHTML, like Gecko; compatible; GPTBot/1.4; +https://openai.com/gptbot)" smileparadisedentals.com 10.36.254.103
74.7.241.33 - - [19/Aug/2026:11:53:38 -0600] "GET /?filesrc=//bin/jsonpatch&path=//bin HTTP/1.1" 200 121385 "https://smileparadisedentals.faz.zew.mybluehostin.me/?path=//bin" "Mozilla/5.0 AppleWebKit/537.36 (KHTML, like Gecko; compatible; GPTBot/1.4; +https://openai.com/gptbot)" smileparadisedentals.faz.zew.mybluehostin.me 10.36.254.103
74.7.241.33 - - [19/Aug/2026:11:53:38 -0600] "GET /?filesrc=//bin/jsonpatch&path=//bin HTTP/2.0" 200 121385 "https://smileparadisedentals.faz.zew.mybluehostin.me/?path=//bin" "Mozilla/5.0 AppleWebKit/537.36 (KHTML, like Gecko; compatible; GPTBot/1.4; +https://openai.com/gptbot)" smileparadisedentals.faz.zew.mybluehostin.me 10.36.254.103
149.154.161.217 - - [19/Aug/2026:11:53:52 -0600] "GET /wp-content/plugins/WordPressCore/ HTTP/1.1" 200 40210 "-" "TelegramBot (like TwitterBot)" mail.smileparadisedentals.com 10.36.254.103
149.154.161.217 - - [19/Aug/2026:11:53:52 -0600] "GET /wp-content/plugins/WordPressCore/ HTTP/2.0" 200 40210 "-" "TelegramBot (like TwitterBot)" mail.smileparadisedentals.com 10.36.254.103
162.214.80.130 - - [19/Aug/2026:11:54:17 -0600] "POST /wp-cron.php?doing_wp_cron=1787162057.8957920074462890625000 HTTP/1.1" 200 - "-" "WordPress/7.0.4; https://smileparadisedentals.com" smileparadisedentals.com 10.36.254.103
74.7.227.158 - - [19/Aug/2026:11:54:17 -0600] "GET /sitemap_index.xml?path=//var/run/mysqld HTTP/1.1" 200 1976 "https://smileparadisedentals.com/sitemap_index.xml?path=//var/run" "Mozilla/5.0 AppleWebKit/537.36 (KHTML, like Gecko; compatible; GPTBot/1.4; +https://openai.com/gptbot)" smileparadisedentals.com 10.36.254.103
74.7.227.158 - - [19/Aug/2026:11:54:17 -0600] "GET /sitemap_index.xml?path=//var/run/mysqld HTTP/2.0" 200 1976 "https://smileparadisedentals.com/sitemap_index.xml?path=//var/run" "Mozilla/5.0 AppleWebKit/537.36 (KHTML, like Gecko; compatible; GPTBot/1.4; +https://openai.com/gptbot)" smileparadisedentals.com 10.36.254.103
74.7.241.33 - - [19/Aug/2026:11:54:36 -0600] "GET /?filesrc=//bin/ssh-copy-id&path=//bin HTTP/1.1" 200 127146 "https://smileparadisedentals.faz.zew.mybluehostin.me/?path=//bin" "Mozilla/5.0 AppleWebKit/537.36 (KHTML, like Gecko; compatible; GPTBot/1.4; +https://openai.com/gptbot)" smileparadisedentals.faz.zew.mybluehostin.me 10.36.254.103
74.7.241.33 - - [19/Aug/2026:11:54:36 -0600] "GET /?filesrc=//bin/ssh-copy-id&path=//bin HTTP/2.0" 200 127146 "https://smileparadisedentals.faz.zew.mybluehostin.me/?path=//bin" "Mozilla/5.0 AppleWebKit/537.36 (KHTML, like Gecko; compatible; GPTBot/1.4; +https://openai.com/gptbot)" smileparadisedentals.faz.zew.mybluehostin.me 10.36.254.103
74.7.227.158 - - [19/Aug/2026:11:55:05 -0600] "GET /sitemap_index.xml?path=//var/lib/cloud HTTP/1.1" 200 238 "https://smileparadisedentals.com/sitemap_index.xml?path=//var/lib" "Mozilla/5.0 AppleWebKit/537.36 (KHTML, like Gecko; compatible; GPTBot/1.4; +https://openai.com/gptbot)" smileparadisedentals.com 10.36.254.103
74.7.227.158 - - [19/Aug/2026:11:55:05 -0600] "GET /sitemap_index.xml?path=//var/lib/cloud HTTP/2.0" 200 238 "https://smileparadisedentals.com/sitemap_index.xml?path=//var/lib" "Mozilla/5.0 AppleWebKit/537.36 (KHTML, like Gecko; compatible; GPTBot/1.4; +https://openai.com/gptbot)" smileparadisedentals.com 10.36.254.103
162.214.80.130 - - [19/Aug/2026:11:55:30 -0600] "POST /wp-cron.php?doing_wp_cron=1787162130.4378480911254882812500 HTTP/1.1" 200 - "-" "WordPress/7.0.4; https://smileparadisedentals.com" smileparadisedentals.com 10.36.254.103
74.7.241.33 - - [19/Aug/2026:11:55:29 -0600] "GET /?filesrc=//bin/scsi_temperature&path=//bin HTTP/1.1" 200 120240 "https://smileparadisedentals.faz.zew.mybluehostin.me/?path=//bin" "Mozilla/5.0 AppleWebKit/537.36 (KHTML, like Gecko; compatible; GPTBot/1.4; +https://openai.com/gptbot)" smileparadisedentals.faz.zew.mybluehostin.me 10.36.254.103
74.7.241.33 - - [19/Aug/2026:11:55:29 -0600] "GET /?filesrc=//bin/scsi_temperature&path=//bin HTTP/2.0" 200 120240 "https://smileparadisedentals.faz.zew.mybluehostin.me/?path=//bin" "Mozilla/5.0 AppleWebKit/537.36 (KHTML, like Gecko; compatible; GPTBot/1.4; +https://openai.com/gptbot)" smileparadisedentals.faz.zew.mybluehostin.me 10.36.254.103
74.7.227.158 - - [19/Aug/2026:11:55:53 -0600] "GET /sitemap_index.xml?path=//var/lib/spamassassin/compiled/5.042/4.000001 HTTP/1.1" 200 2413 "https://smileparadisedentals.com/sitemap_index.xml?path=//var/lib/spamassassin/compiled/5.042" "Mozilla/5.0 AppleWebKit/537.36 (KHTML, like Gecko; compatible; GPTBot/1.4; +https://openai.com/gptbot)" smileparadisedentals.com 10.36.254.103
74.7.227.158 - - [19/Aug/2026:11:55:53 -0600] "GET /sitemap_index.xml?path=//var/lib/spamassassin/compiled/5.042/4.000001 HTTP/2.0" 200 2413 "https://smileparadisedentals.com/sitemap_index.xml?path=//var/lib/spamassassin/compiled/5.042" "Mozilla/5.0 AppleWebKit/537.36 (KHTML, like Gecko; compatible; GPTBot/1.4; +https://openai.com/gptbot)" smileparadisedentals.com 10.36.254.103
74.7.241.33 - - [19/Aug/2026:11:56:15 -0600] "GET /?filesrc=//bin/grafana-agentctl&path=//bin HTTP/1.1" 200 1120 "https://smileparadisedentals.faz.zew.mybluehostin.me/?path=//bin" "Mozilla/5.0 AppleWebKit/537.36 (KHTML, like Gecko; compatible; GPTBot/1.4; +https://openai.com/gptbot)" smileparadisedentals.faz.zew.mybluehostin.me 10.36.254.103
74.7.241.33 - - [19/Aug/2026:11:56:15 -0600] "GET /?filesrc=//bin/grafana-agentctl&path=//bin HTTP/2.0" 200 1120 "https://smileparadisedentals.faz.zew.mybluehostin.me/?path=//bin" "Mozilla/5.0 AppleWebKit/537.36 (KHTML, like Gecko; compatible; GPTBot/1.4; +https://openai.com/gptbot)" smileparadisedentals.faz.zew.mybluehostin.me 10.36.254.103
162.214.80.130 - - [19/Aug/2026:11:56:37 -0600] "POST /wp-cron.php?doing_wp_cron=1787162197.4851911067962646484375 HTTP/1.1" 200 - "-" "WordPress/7.0.4; https://smileparadisedentals.com" smileparadisedentals.com 10.36.254.103
74.7.227.158 - - [19/Aug/2026:11:56:34 -0600] "GET /sitemap_index.xml?path=//var/lib/gssproxy/clients HTTP/1.1" 200 1825 "https://smileparadisedentals.com/sitemap_index.xml?path=//var/lib/gssproxy" "Mozilla/5.0 AppleWebKit/537.36 (KHTML, like Gecko; compatible; GPTBot/1.4; +https://openai.com/gptbot)" smileparadisedentals.com 10.36.254.103
74.7.227.158 - - [19/Aug/2026:11:56:34 -0600] "GET /sitemap_index.xml?path=//var/lib/gssproxy/clients HTTP/2.0" 200 1825 "https://smileparadisedentals.com/sitemap_index.xml?path=//var/lib/gssproxy" "Mozilla/5.0 AppleWebKit/537.36 (KHTML, like Gecko; compatible; GPTBot/1.4; +https://openai.com/gptbot)" smileparadisedentals.com 10.36.254.103
74.7.241.33 - - [19/Aug/2026:11:56:57 -0600] "GET /?filesrc=//bin/needs-restarting&path=//bin HTTP/1.1" 200 121548 "https://smileparadisedentals.faz.zew.mybluehostin.me/?path=//bin" "Mozilla/5.0 AppleWebKit/537.36 (KHTML, like Gecko; compatible; GPTBot/1.4; +https://openai.com/gptbot)" smileparadisedentals.faz.zew.mybluehostin.me 10.36.254.103
74.7.241.33 - - [19/Aug/2026:11:56:57 -0600] "GET /?filesrc=//bin/needs-restarting&path=//bin HTTP/2.0" 200 121548 "https://smileparadisedentals.faz.zew.mybluehostin.me/?path=//bin" "Mozilla/5.0 AppleWebKit/537.36 (KHTML, like Gecko; compatible; GPTBot/1.4; +https://openai.com/gptbot)" smileparadisedentals.faz.zew.mybluehostin.me 10.36.254.103
162.214.80.130 - - [19/Aug/2026:11:57:13 -0600] "POST /wp-cron.php?doing_wp_cron=1787162233.4772219657897949218750 HTTP/1.1" 200 - "-" "WordPress/7.0.4; https://smileparadisedentals.com" smileparadisedentals.com 10.36.254.103
74.7.227.158 - - [19/Aug/2026:11:57:12 -0600] "GET /sitemap_index.xml?path=//var/run/apache2 HTTP/1.1" 200 1800 "https://smileparadisedentals.com/sitemap_index.xml?path=//var/run" "Mozilla/5.0 AppleWebKit/537.36 (KHTML, like Gecko; compatible; GPTBot/1.4; +https://openai.com/gptbot)" smileparadisedentals.com 10.36.254.103
74.7.227.158 - - [19/Aug/2026:11:57:12 -0600] "GET /sitemap_index.xml?path=//var/run/apache2 HTTP/2.0" 200 1800 "https://smileparadisedentals.com/sitemap_index.xml?path=//var/run" "Mozilla/5.0 AppleWebKit/537.36 (KHTML, like Gecko; compatible; GPTBot/1.4; +https://openai.com/gptbot)" smileparadisedentals.com 10.36.254.103
74.7.241.33 - - [19/Aug/2026:11:57:34 -0600] "GET /?filesrc=//bin/pipewire-aes67&path=//bin HTTP/1.1" 200 125147 "https://smileparadisedentals.faz.zew.mybluehostin.me/?path=//bin" "Mozilla/5.0 AppleWebKit/537.36 (KHTML, like Gecko; compatible; GPTBot/1.4; +https://openai.com/gptbot)" smileparadisedentals.faz.zew.mybluehostin.me 10.36.254.103
74.7.241.33 - - [19/Aug/2026:11:57:34 -0600] "GET /?filesrc=//bin/pipewire-aes67&path=//bin HTTP/2.0" 200 125147 "https://smileparadisedentals.faz.zew.mybluehostin.me/?path=//bin" "Mozilla/5.0 AppleWebKit/537.36 (KHTML, like Gecko; compatible; GPTBot/1.4; +https://openai.com/gptbot)" smileparadisedentals.faz.zew.mybluehostin.me 10.36.254.103
74.7.227.158 - - [19/Aug/2026:11:57:44 -0600] "GET /sitemap_index.xml?path=//var/lib/pcp HTTP/1.1" 200 1948 "https://smileparadisedentals.com/sitemap_index.xml?path=//var/lib" "Mozilla/5.0 AppleWebKit/537.36 (KHTML, like Gecko; compatible; GPTBot/1.4; +https://openai.com/gptbot)" smileparadisedentals.com 10.36.254.103
74.7.227.158 - - [19/Aug/2026:11:57:44 -0600] "GET /sitemap_index.xml?path=//var/lib/pcp HTTP/2.0" 200 1948 "https://smileparadisedentals.com/sitemap_index.xml?path=//var/lib" "Mozilla/5.0 AppleWebKit/537.36 (KHTML, like Gecko; compatible; GPTBot/1.4; +https://openai.com/gptbot)" smileparadisedentals.com 10.36.254.103
162.214.80.130 - - [19/Aug/2026:11:58:07 -0600] "POST /wp-cron.php?doing_wp_cron=1787162287.1958949565887451171875 HTTP/1.1" 200 - "-" "WordPress/7.0.4; https://smileparadisedentals.com" smileparadisedentals.com 10.36.254.103
74.7.241.33 - - [19/Aug/2026:11:58:06 -0600] "GET /?filesrc=//bin/nl-addr-add&path=//bin HTTP/1.1" 200 124648 "https://smileparadisedentals.faz.zew.mybluehostin.me/?path=//bin" "Mozilla/5.0 AppleWebKit/537.36 (KHTML, like Gecko; compatible; GPTBot/1.4; +https://openai.com/gptbot)" smileparadisedentals.faz.zew.mybluehostin.me 10.36.254.103
74.7.241.33 - - [19/Aug/2026:11:58:06 -0600] "GET /?filesrc=//bin/nl-addr-add&path=//bin HTTP/2.0" 200 124648 "https://smileparadisedentals.faz.zew.mybluehostin.me/?path=//bin" "Mozilla/5.0 AppleWebKit/537.36 (KHTML, like Gecko; compatible; GPTBot/1.4; +https://openai.com/gptbot)" smileparadisedentals.faz.zew.mybluehostin.me 10.36.254.103
74.7.227.158 - - [19/Aug/2026:11:58:16 -0600] "GET /sitemap_index.xml?path=//var/lib/dav HTTP/1.1" 200 1792 "https://smileparadisedentals.com/sitemap_index.xml?path=//var/lib" "Mozilla/5.0 AppleWebKit/537.36 (KHTML, like Gecko; compatible; GPTBot/1.4; +https://openai.com/gptbot)" smileparadisedentals.com 10.36.254.103
74.7.227.158 - - [19/Aug/2026:11:58:16 -0600] "GET /sitemap_index.xml?path=//var/lib/dav HTTP/2.0" 200 1792 "https://smileparadisedentals.com/sitemap_index.xml?path=//var/lib" "Mozilla/5.0 AppleWebKit/537.36 (KHTML, like Gecko; compatible; GPTBot/1.4; +https://openai.com/gptbot)" smileparadisedentals.com 10.36.254.103
20.250.13.23 - - [19/Aug/2026:11:58:26 -0600] "GET /___proxy_subdomain_webdisk/ HTTP/1.1" 500 738 "-" "Mozilla/5.0 (Windows NT 10.0; Win64; x64) AppleWebKit/537.36 (KHTML, like Gecko) Chrome/120.0.0.0 Safari/537.36" webdisk.smileparadisedentals.com 10.36.254.103
20.250.13.23 - - [19/Aug/2026:11:58:26 -0600] "GET / HTTP/1.1" 500 738 "-" "Mozilla/5.0 (Windows NT 10.0; Win64; x64) AppleWebKit/537.36 (KHTML, like Gecko) Chrome/120.0.0.0 Safari/537.36" webdisk.smileparadisedentals.com 10.36.254.103
74.7.241.33 - - [19/Aug/2026:11:58:37 -0600] "GET /?filesrc=//bin/gtk-launch&path=//bin HTTP/1.1" 200 124972 "https://smileparadisedentals.faz.zew.mybluehostin.me/?path=//bin" "Mozilla/5.0 AppleWebKit/537.36 (KHTML, like Gecko; compatible; GPTBot/1.4; +https://openai.com/gptbot)" smileparadisedentals.faz.zew.mybluehostin.me 10.36.254.103
74.7.241.33 - - [19/Aug/2026:11:58:37 -0600] "GET /?filesrc=//bin/gtk-launch&path=//bin HTTP/2.0" 200 124972 "https://smileparadisedentals.faz.zew.mybluehostin.me/?path=//bin" "Mozilla/5.0 AppleWebKit/537.36 (KHTML, like Gecko; compatible; GPTBot/1.4; +https://openai.com/gptbot)" smileparadisedentals.faz.zew.mybluehostin.me 10.36.254.103
74.7.227.158 - - [19/Aug/2026:11:58:42 -0600] "GET /sitemap_index.xml?path=//var/lib/eig HTTP/1.1" 200 1946 "https://smileparadisedentals.com/sitemap_index.xml?path=//var/lib" "Mozilla/5.0 AppleWebKit/537.36 (KHTML, like Gecko; compatible; GPTBot/1.4; +https://openai.com/gptbot)" smileparadisedentals.com 10.36.254.103
74.7.227.158 - - [19/Aug/2026:11:58:42 -0600] "GET /sitemap_index.xml?path=//var/lib/eig HTTP/2.0" 200 1946 "https://smileparadisedentals.com/sitemap_index.xml?path=//var/lib" "Mozilla/5.0 AppleWebKit/537.36 (KHTML, like Gecko; compatible; GPTBot/1.4; +https://openai.com/gptbot)" smileparadisedentals.com 10.36.254.103
162.214.80.130 - - [19/Aug/2026:11:59:05 -0600] "POST /wp-cron.php?doing_wp_cron=1787162345.4840579032897949218750 HTTP/1.1" 200 - "-" "WordPress/7.0.4; https://smileparadisedentals.com" smileparadisedentals.com 10.36.254.103
74.7.241.33 - - [19/Aug/2026:11:59:05 -0600] "GET /?filesrc=//bin/systemd-sysusers&path=//bin HTTP/1.1" 200 148181 "https://smileparadisedentals.faz.zew.mybluehostin.me/?path=//bin" "Mozilla/5.0 AppleWebKit/537.36 (KHTML, like Gecko; compatible; GPTBot/1.4; +https://openai.com/gptbot)" smileparadisedentals.faz.zew.mybluehostin.me 10.36.254.103
74.7.241.33 - - [19/Aug/2026:11:59:04 -0600] "GET /?filesrc=//bin/systemd-sysusers&path=//bin HTTP/2.0" 200 148181 "https://smileparadisedentals.faz.zew.mybluehostin.me/?path=//bin" "Mozilla/5.0 AppleWebKit/537.36 (KHTML, like Gecko; compatible; GPTBot/1.4; +https://openai.com/gptbot)" smileparadisedentals.faz.zew.mybluehostin.me 10.36.254.103
74.7.227.158 - - [19/Aug/2026:11:59:07 -0600] "GET /sitemap_index.xml?path=//var/run/oracle-cloud-agent HTTP/1.1" 200 1822 "https://smileparadisedentals.com/sitemap_index.xml?path=//var/run" "Mozilla/5.0 AppleWebKit/537.36 (KHTML, like Gecko; compatible; GPTBot/1.4; +https://openai.com/gptbot)" smileparadisedentals.com 10.36.254.103
74.7.227.158 - - [19/Aug/2026:11:59:07 -0600] "GET /sitemap_index.xml?path=//var/run/oracle-cloud-agent HTTP/2.0" 200 1822 "https://smileparadisedentals.com/sitemap_index.xml?path=//var/run" "Mozilla/5.0 AppleWebKit/537.36 (KHTML, like Gecko; compatible; GPTBot/1.4; +https://openai.com/gptbot)" smileparadisedentals.com 10.36.254.103
74.7.227.158 - - [19/Aug/2026:11:59:28 -0600] "GET /sitemap_index.xml?path=//var/run/systemd HTTP/1.1" 200 2566 "https://smileparadisedentals.com/sitemap_index.xml?path=//var/run" "Mozilla/5.0 AppleWebKit/537.36 (KHTML, like Gecko; compatible; GPTBot/1.4; +https://openai.com/gptbot)" smileparadisedentals.com 10.36.254.103
74.7.227.158 - - [19/Aug/2026:11:59:28 -0600] "GET /sitemap_index.xml?path=//var/run/systemd HTTP/2.0" 200 2566 "https://smileparadisedentals.com/sitemap_index.xml?path=//var/run" "Mozilla/5.0 AppleWebKit/537.36 (KHTML, like Gecko; compatible; GPTBot/1.4; +https://openai.com/gptbot)" smileparadisedentals.com 10.36.254.103
74.7.241.33 - - [19/Aug/2026:11:59:29 -0600] "GET /?filesrc=//bin/patchwork&path=//bin HTTP/1.1" 200 124008 "https://smileparadisedentals.faz.zew.mybluehostin.me/?path=//bin" "Mozilla/5.0 AppleWebKit/537.36 (KHTML, like Gecko; compatible; GPTBot/1.4; +https://openai.com/gptbot)" smileparadisedentals.faz.zew.mybluehostin.me 10.36.254.103
74.7.241.33 - - [19/Aug/2026:11:59:29 -0600] "GET /?filesrc=//bin/patchwork&path=//bin HTTP/2.0" 200 124008 "https://smileparadisedentals.faz.zew.mybluehostin.me/?path=//bin" "Mozilla/5.0 AppleWebKit/537.36 (KHTML, like Gecko; compatible; GPTBot/1.4; +https://openai.com/gptbot)" smileparadisedentals.faz.zew.mybluehostin.me 10.36.254.103
74.7.227.158 - - [19/Aug/2026:11:59:48 -0600] "GET /sitemap_index.xml?path=//var/run/rpcbind HTTP/1.1" 200 1801 "https://smileparadisedentals.com/sitemap_index.xml?path=//var/run" "Mozilla/5.0 AppleWebKit/537.36 (KHTML, like Gecko; compatible; GPTBot/1.4; +https://openai.com/gptbot)" smileparadisedentals.com 10.36.254.103
74.7.227.158 - - [19/Aug/2026:11:59:48 -0600] "GET /sitemap_index.xml?path=//var/run/rpcbind HTTP/2.0" 200 1801 "https://smileparadisedentals.com/sitemap_index.xml?path=//var/run" "Mozilla/5.0 AppleWebKit/537.36 (KHTML, like Gecko; compatible; GPTBot/1.4; +https://openai.com/gptbot)" smileparadisedentals.com 10.36.254.103
74.7.241.33 - - [19/Aug/2026:11:59:50 -0600] "GET /?filesrc=//bin/gst-stats-1.0&path=//bin HTTP/1.1" 200 132792 "https://smileparadisedentals.faz.zew.mybluehostin.me/?path=//bin" "Mozilla/5.0 AppleWebKit/537.36 (KHTML, like Gecko; compatible; GPTBot/1.4; +https://openai.com/gptbot)" smileparadisedentals.faz.zew.mybluehostin.me 10.36.254.103
74.7.241.33 - - [19/Aug/2026:11:59:50 -0600] "GET /?filesrc=//bin/gst-stats-1.0&path=//bin HTTP/2.0" 200 132792 "https://smileparadisedentals.faz.zew.mybluehostin.me/?path=//bin" "Mozilla/5.0 AppleWebKit/537.36 (KHTML, like Gecko; compatible; GPTBot/1.4; +https://openai.com/gptbot)" smileparadisedentals.faz.zew.mybluehostin.me 10.36.254.103
162.214.80.130 - - [19/Aug/2026:12:00:06 -0600] "POST /wp-cron.php?doing_wp_cron=1787162406.4651770591735839843750 HTTP/1.1" 200 - "-" "WordPress/7.0.4; https://smileparadisedentals.com" smileparadisedentals.com 10.36.254.103
74.7.227.158 - - [19/Aug/2026:12:00:05 -0600] "GET /sitemap_index.xml?go=cabs&path=//var/run/mysqld HTTP/1.1" 200 1877 "https://smileparadisedentals.com/sitemap_index.xml?path=//var/run/mysqld" "Mozilla/5.0 AppleWebKit/537.36 (KHTML, like Gecko; compatible; GPTBot/1.4; +https://openai.com/gptbot)" smileparadisedentals.com 10.36.254.103
74.7.227.158 - - [19/Aug/2026:12:00:05 -0600] "GET /sitemap_index.xml?go=cabs&path=//var/run/mysqld HTTP/2.0" 200 1877 "https://smileparadisedentals.com/sitemap_index.xml?path=//var/run/mysqld" "Mozilla/5.0 AppleWebKit/537.36 (KHTML, like Gecko; compatible; GPTBot/1.4; +https://openai.com/gptbot)" smileparadisedentals.com 10.36.254.103
74.7.241.33 - - [19/Aug/2026:12:00:09 -0600] "GET /?filesrc=//bin/emacs-27.2.pdmp&path=//bin HTTP/1.1" 200 2424758 "https://smileparadisedentals.faz.zew.mybluehostin.me/?path=//bin" "Mozilla/5.0 AppleWebKit/537.36 (KHTML, like Gecko; compatible; GPTBot/1.4; +https://openai.com/gptbot)" smileparadisedentals.faz.zew.mybluehostin.me 10.36.254.103
74.7.241.33 - - [19/Aug/2026:12:00:09 -0600] "GET /?filesrc=//bin/emacs-27.2.pdmp&path=//bin HTTP/2.0" 200 2424758 "https://smileparadisedentals.faz.zew.mybluehostin.me/?path=//bin" "Mozilla/5.0 AppleWebKit/537.36 (KHTML, like Gecko; compatible; GPTBot/1.4; +https://openai.com/gptbot)" smileparadisedentals.faz.zew.mybluehostin.me 10.36.254.103
74.7.227.158 - - [19/Aug/2026:12:00:21 -0600] "GET /sitemap_index.xml?path=//var/lib/rpcbind HTTP/1.1" 200 1760 "https://smileparadisedentals.com/sitemap_index.xml?path=//var/lib" "Mozilla/5.0 AppleWebKit/537.36 (KHTML, like Gecko; compatible; GPTBot/1.4; +https://openai.com/gptbot)" smileparadisedentals.com 10.36.254.103
74.7.227.158 - - [19/Aug/2026:12:00:21 -0600] "GET /sitemap_index.xml?path=//var/lib/rpcbind HTTP/2.0" 200 1760 "https://smileparadisedentals.com/sitemap_index.xml?path=//var/lib" "Mozilla/5.0 AppleWebKit/537.36 (KHTML, like Gecko; compatible; GPTBot/1.4; +https://openai.com/gptbot)" smileparadisedentals.com 10.36.254.103
74.7.241.33 - - [19/Aug/2026:12:00:26 -0600] "GET /?filesrc=//bin/dpkg-trigger&path=//bin HTTP/1.1" 200 137874 "https://smileparadisedentals.faz.zew.mybluehostin.me/?path=//bin" "Mozilla/5.0 AppleWebKit/537.36 (KHTML, like Gecko; compatible; GPTBot/1.4; +https://openai.com/gptbot)" smileparadisedentals.faz.zew.mybluehostin.me 10.36.254.103
74.7.241.33 - - [19/Aug/2026:12:00:26 -0600] "GET /?filesrc=//bin/dpkg-trigger&path=//bin HTTP/2.0" 200 137874 "https://smileparadisedentals.faz.zew.mybluehostin.me/?path=//bin" "Mozilla/5.0 AppleWebKit/537.36 (KHTML, like Gecko; compatible; GPTBot/1.4; +https://openai.com/gptbot)" smileparadisedentals.faz.zew.mybluehostin.me 10.36.254.103
74.7.227.158 - - [19/Aug/2026:12:00:36 -0600] "GET /sitemap_index.xml?path=//var/lib/spamassassin/compiled/5.042/4.000001/Mail HTTP/1.1" 200 2030 "https://smileparadisedentals.com/sitemap_index.xml?path=//var/lib/spamassassin/compiled/5.042/4.000001" "Mozilla/5.0 AppleWebKit/537.36 (KHTML, like Gecko; compatible; GPTBot/1.4; +https://openai.com/gptbot)" smileparadisedentals.com 10.36.254.103
74.7.227.158 - - [19/Aug/2026:12:00:36 -0600] "GET /sitemap_index.xml?path=//var/lib/spamassassin/compiled/5.042/4.000001/Mail HTTP/2.0" 200 2030 "https://smileparadisedentals.com/sitemap_index.xml?path=//var/lib/spamassassin/compiled/5.042/4.000001" "Mozilla/5.0 AppleWebKit/537.36 (KHTML, like Gecko; compatible; GPTBot/1.4; +https://openai.com/gptbot)" smileparadisedentals.com 10.36.254.103
74.7.241.33 - - [19/Aug/2026:12:00:42 -0600] "GET /?filesrc=//bin/kcare-uname&path=//bin HTTP/1.1" 200 120043 "https://smileparadisedentals.faz.zew.mybluehostin.me/?path=//bin" "Mozilla/5.0 AppleWebKit/537.36 (KHTML, like Gecko; compatible; GPTBot/1.4; +https://openai.com/gptbot)" smileparadisedentals.faz.zew.mybluehostin.me 10.36.254.103
74.7.241.33 - - [19/Aug/2026:12:00:42 -0600] "GET /?filesrc=//bin/kcare-uname&path=//bin HTTP/2.0" 200 120043 "https://smileparadisedentals.faz.zew.mybluehostin.me/?path=//bin" "Mozilla/5.0 AppleWebKit/537.36 (KHTML, like Gecko; compatible; GPTBot/1.4; +https://openai.com/gptbot)" smileparadisedentals.faz.zew.mybluehostin.me 10.36.254.103
74.7.227.158 - - [19/Aug/2026:12:00:50 -0600] "GET /sitemap_index.xml?path=//var/run/oracle-cloud-agent-updater HTTP/1.1" 200 1836 "https://smileparadisedentals.com/sitemap_index.xml?path=//var/run" "Mozilla/5.0 AppleWebKit/537.36 (KHTML, like Gecko; compatible; GPTBot/1.4; +https://openai.com/gptbot)" smileparadisedentals.com 10.36.254.103
74.7.227.158 - - [19/Aug/2026:12:00:49 -0600] "GET /sitemap_index.xml?path=//var/run/oracle-cloud-agent-updater HTTP/2.0" 200 1836 "https://smileparadisedentals.com/sitemap_index.xml?path=//var/run" "Mozilla/5.0 AppleWebKit/537.36 (KHTML, like Gecko; compatible; GPTBot/1.4; +https://openai.com/gptbot)" smileparadisedentals.com 10.36.254.103
74.7.241.33 - - [19/Aug/2026:12:00:56 -0600] "GET /?filesrc=//bin/xslt-config&path=//bin HTTP/1.1" 200 120983 "https://smileparadisedentals.faz.zew.mybluehostin.me/?path=//bin" "Mozilla/5.0 AppleWebKit/537.36 (KHTML, like Gecko; compatible; GPTBot/1.4; +https://openai.com/gptbot)" smileparadisedentals.faz.zew.mybluehostin.me 10.36.254.103
74.7.241.33 - - [19/Aug/2026:12:00:56 -0600] "GET /?filesrc=//bin/xslt-config&path=//bin HTTP/2.0" 200 120983 "https://smileparadisedentals.faz.zew.mybluehostin.me/?path=//bin" "Mozilla/5.0 AppleWebKit/537.36 (KHTML, like Gecko; compatible; GPTBot/1.4; +https://openai.com/gptbot)" smileparadisedentals.faz.zew.mybluehostin.me 10.36.254.103
162.214.80.130 - - [19/Aug/2026:12:01:01 -0600] "POST /wp-cron.php?doing_wp_cron=1787162461.8718950748443603515625 HTTP/1.1" 200 - "-" "WordPress/7.0.4; https://smileparadisedentals.com" smileparadisedentals.com 10.36.254.103
74.7.227.158 - - [19/Aug/2026:12:01:01 -0600] "GET /sitemap_index.xml?path=//var/lib/dhclient HTTP/1.1" 200 1761 "https://smileparadisedentals.com/sitemap_index.xml?path=//var/lib" "Mozilla/5.0 AppleWebKit/537.36 (KHTML, like Gecko; compatible; GPTBot/1.4; +https://openai.com/gptbot)" smileparadisedentals.com 10.36.254.103
74.7.227.158 - - [19/Aug/2026:12:01:01 -0600] "GET /sitemap_index.xml?path=//var/lib/dhclient HTTP/2.0" 200 1761 "https://smileparadisedentals.com/sitemap_index.xml?path=//var/lib" "Mozilla/5.0 AppleWebKit/537.36 (KHTML, like Gecko; compatible; GPTBot/1.4; +https://openai.com/gptbot)" smileparadisedentals.com 10.36.254.103
74.7.227.158 - - [19/Aug/2026:12:01:12 -0600] "GET /sitemap_index.xml?path=//var/lib/pcp/config HTTP/1.1" 200 1965 "https://smileparadisedentals.com/sitemap_index.xml?path=//var/lib/pcp" "Mozilla/5.0 AppleWebKit/537.36 (KHTML, like Gecko; compatible; GPTBot/1.4; +https://openai.com/gptbot)" smileparadisedentals.com 10.36.254.103
74.7.227.158 - - [19/Aug/2026:12:01:11 -0600] "GET /sitemap_index.xml?path=//var/lib/pcp/config HTTP/2.0" 200 1965 "https://smileparadisedentals.com/sitemap_index.xml?path=//var/lib/pcp" "Mozilla/5.0 AppleWebKit/537.36 (KHTML, like Gecko; compatible; GPTBot/1.4; +https://openai.com/gptbot)" smileparadisedentals.com 10.36.254.103
74.7.241.33 - - [19/Aug/2026:12:01:10 -0600] "GET /?filesrc=//bin/monarx-agent&path=//bin HTTP/1.1" 200 7660055 "https://smileparadisedentals.faz.zew.mybluehostin.me/?path=//bin" "Mozilla/5.0 AppleWebKit/537.36 (KHTML, like Gecko; compatible; GPTBot/1.4; +https://openai.com/gptbot)" smileparadisedentals.faz.zew.mybluehostin.me 10.36.254.103
74.7.241.33 - - [19/Aug/2026:12:01:10 -0600] "GET /?filesrc=//bin/monarx-agent&path=//bin HTTP/2.0" 200 7660055 "https://smileparadisedentals.faz.zew.mybluehostin.me/?path=//bin" "Mozilla/5.0 AppleWebKit/537.36 (KHTML, like Gecko; compatible; GPTBot/1.4; +https://openai.com/gptbot)" smileparadisedentals.faz.zew.mybluehostin.me 10.36.254.103
162.214.80.130 - - [19/Aug/2026:12:01:21 -0600] "POST /wp-cron.php?doing_wp_cron=1787162481.6534130573272705078125 HTTP/1.1" 200 - "-" "WordPress/7.0.4; https://smileparadisedentals.com" smileparadisedentals.com 10.36.254.103
74.7.227.158 - - [19/Aug/2026:12:01:21 -0600] "GET /sitemap_index.xml?path=//var/lib/gssproxy/rcache HTTP/1.1" 200 1824 "https://smileparadisedentals.com/sitemap_index.xml?path=//var/lib/gssproxy" "Mozilla/5.0 AppleWebKit/537.36 (KHTML, like Gecko; compatible; GPTBot/1.4; +https://openai.com/gptbot)" smileparadisedentals.com 10.36.254.103
74.7.227.158 - - [19/Aug/2026:12:01:21 -0600] "GET /sitemap_index.xml?path=//var/lib/gssproxy/rcache HTTP/2.0" 200 1824 "https://smileparadisedentals.com/sitemap_index.xml?path=//var/lib/gssproxy" "Mozilla/5.0 AppleWebKit/537.36 (KHTML, like Gecko; compatible; GPTBot/1.4; +https://openai.com/gptbot)" smileparadisedentals.com 10.36.254.103
74.7.241.33 - - [19/Aug/2026:12:01:22 -0600] "GET /?filesrc=//bin/gpio-hammer&path=//bin HTTP/1.1" 200 124694 "https://smileparadisedentals.faz.zew.mybluehostin.me/?path=//bin" "Mozilla/5.0 AppleWebKit/537.36 (KHTML, like Gecko; compatible; GPTBot/1.4; +https://openai.com/gptbot)" smileparadisedentals.faz.zew.mybluehostin.me 10.36.254.103
74.7.241.33 - - [19/Aug/2026:12:01:22 -0600] "GET /?filesrc=//bin/gpio-hammer&path=//bin HTTP/2.0" 200 124694 "https://smileparadisedentals.faz.zew.mybluehostin.me/?path=//bin" "Mozilla/5.0 AppleWebKit/537.36 (KHTML, like Gecko; compatible; GPTBot/1.4; +https://openai.com/gptbot)" smileparadisedentals.faz.zew.mybluehostin.me 10.36.254.103
74.7.227.158 - - [19/Aug/2026:12:01:29 -0600] "GET /sitemap_index.xml?path=//var/lib/tpm2-tss/system HTTP/1.1" 200 1974 "https://smileparadisedentals.com/sitemap_index.xml?path=//var/lib/tpm2-tss" "Mozilla/5.0 AppleWebKit/537.36 (KHTML, like Gecko; compatible; GPTBot/1.4; +https://openai.com/gptbot)" smileparadisedentals.com 10.36.254.103
74.7.227.158 - - [19/Aug/2026:12:01:29 -0600] "GET /sitemap_index.xml?path=//var/lib/tpm2-tss/system HTTP/2.0" 200 1974 "https://smileparadisedentals.com/sitemap_index.xml?path=//var/lib/tpm2-tss" "Mozilla/5.0 AppleWebKit/537.36 (KHTML, like Gecko; compatible; GPTBot/1.4; +https://openai.com/gptbot)" smileparadisedentals.com 10.36.254.103
74.7.241.33 - - [19/Aug/2026:12:01:32 -0600] "GET /?filesrc=//bin/sg_read_long&path=//bin HTTP/1.1" 200 125470 "https://smileparadisedentals.faz.zew.mybluehostin.me/?path=//bin" "Mozilla/5.0 AppleWebKit/537.36 (KHTML, like Gecko; compatible; GPTBot/1.4; +https://openai.com/gptbot)" smileparadisedentals.faz.zew.mybluehostin.me 10.36.254.103
74.7.241.33 - - [19/Aug/2026:12:01:32 -0600] "GET /?filesrc=//bin/sg_read_long&path=//bin HTTP/2.0" 200 125470 "https://smileparadisedentals.faz.zew.mybluehostin.me/?path=//bin" "Mozilla/5.0 AppleWebKit/537.36 (KHTML, like Gecko; compatible; GPTBot/1.4; +https://openai.com/gptbot)" smileparadisedentals.faz.zew.mybluehostin.me 10.36.254.103
162.214.80.130 - - [19/Aug/2026:12:01:40 -0600] "POST /wp-cron.php?doing_wp_cron=1787162500.2649579048156738281250 HTTP/1.1" 200 - "-" "WordPress/7.0.4; https://smileparadisedentals.com" smileparadisedentals.com 10.36.254.103
74.7.227.158 - - [19/Aug/2026:12:01:37 -0600] "GET /sitemap_index.xml?path=//var/lib/flatpak HTTP/1.1" 200 1759 "https://smileparadisedentals.com/sitemap_index.xml?path=//var/lib" "Mozilla/5.0 AppleWebKit/537.36 (KHTML, like Gecko; compatible; GPTBot/1.4; +https://openai.com/gptbot)" smileparadisedentals.com 10.36.254.103
74.7.227.158 - - [19/Aug/2026:12:01:37 -0600] "GET /sitemap_index.xml?path=//var/lib/flatpak HTTP/2.0" 200 1759 "https://smileparadisedentals.com/sitemap_index.xml?path=//var/lib" "Mozilla/5.0 AppleWebKit/537.36 (KHTML, like Gecko; compatible; GPTBot/1.4; +https://openai.com/gptbot)" smileparadisedentals.com 10.36.254.103
74.7.241.33 - - [19/Aug/2026:12:01:41 -0600] "GET /?filesrc=//bin/soelim.groff&path=//bin HTTP/1.1" 200 134206 "https://smileparadisedentals.faz.zew.mybluehostin.me/?path=//bin" "Mozilla/5.0 AppleWebKit/537.36 (KHTML, like Gecko; compatible; GPTBot/1.4; +https://openai.com/gptbot)" smileparadisedentals.faz.zew.mybluehostin.me 10.36.254.103
74.7.241.33 - - [19/Aug/2026:12:01:41 -0600] "GET /?filesrc=//bin/soelim.groff&path=//bin HTTP/2.0" 200 134206 "https://smileparadisedentals.faz.zew.mybluehostin.me/?path=//bin" "Mozilla/5.0 AppleWebKit/537.36 (KHTML, like Gecko; compatible; GPTBot/1.4; +https://openai.com/gptbot)" smileparadisedentals.faz.zew.mybluehostin.me 10.36.254.103
74.7.227.158 - - [19/Aug/2026:12:01:44 -0600] "GET /sitemap_index.xml?filesrc=//var/run/systemd/show-status&path=//var/run/systemd HTTP/1.1" 200 1649 "https://smileparadisedentals.com/sitemap_index.xml?path=//var/run/systemd" "Mozilla/5.0 AppleWebKit/537.36 (KHTML, like Gecko; compatible; GPTBot/1.4; +https://openai.com/gptbot)" smileparadisedentals.com 10.36.254.103
