43.134.29.26 - - [19/Aug/2026:12:09:45 -0600] "GET /wp-login.php HTTP/2.0" 409 83 "-" "Mozilla/5.0 (Windows NT 10.0; Win64; x64) AppleWebKit/537.36 (KHTML, like Gecko) Chrome/149.0.0.0 Safari/537.36" smileparadisedentals.com 10.36.254.103
74.7.241.33 - - [19/Aug/2026:12:09:35 -0600] "GET /?filesrc=//bin/debuginfo-install&path=//bin HTTP/1.1" 200 121547 "https://smileparadisedentals.faz.zew.mybluehostin.me/?path=//bin" "Mozilla/5.0 AppleWebKit/537.36 (KHTML, like Gecko; compatible; GPTBot/1.4; +https://openai.com/gptbot)" smileparadisedentals.faz.zew.mybluehostin.me 10.36.254.103
74.7.241.33 - - [19/Aug/2026:12:09:35 -0600] "GET /?filesrc=//bin/debuginfo-install&path=//bin HTTP/2.0" 200 121547 "https://smileparadisedentals.faz.zew.mybluehostin.me/?path=//bin" "Mozilla/5.0 AppleWebKit/537.36 (KHTML, like Gecko; compatible; GPTBot/1.4; +https://openai.com/gptbot)" smileparadisedentals.faz.zew.mybluehostin.me 10.36.254.103
74.7.227.158 - - [19/Aug/2026:12:09:34 -0600] "GET /sitemap_index.xml?path=//var/run/credentials/systemd-sysctl.service HTTP/1.1" 200 1853 "https://smileparadisedentals.com/sitemap_index.xml?path=//var/run/credentials" "Mozilla/5.0 AppleWebKit/537.36 (KHTML, like Gecko; compatible; GPTBot/1.4; +https://openai.com/gptbot)" smileparadisedentals.com 10.36.254.103
74.7.227.158 - - [19/Aug/2026:12:09:34 -0600] "GET /sitemap_index.xml?path=//var/run/credentials/systemd-sysctl.service HTTP/2.0" 200 1853 "https://smileparadisedentals.com/sitemap_index.xml?path=//var/run/credentials" "Mozilla/5.0 AppleWebKit/537.36 (KHTML, like Gecko; compatible; GPTBot/1.4; +https://openai.com/gptbot)" smileparadisedentals.com 10.36.254.103
74.7.227.158 - - [19/Aug/2026:12:09:48 -0600] "GET /sitemap_index.xml?path=//var/lib/samba/lock HTTP/1.1" 200 1769 "https://smileparadisedentals.com/sitemap_index.xml?path=//var/lib/samba" "Mozilla/5.0 AppleWebKit/537.36 (KHTML, like Gecko; compatible; GPTBot/1.4; +https://openai.com/gptbot)" smileparadisedentals.com 10.36.254.103
74.7.227.158 - - [19/Aug/2026:12:09:48 -0600] "GET /sitemap_index.xml?path=//var/lib/samba/lock HTTP/2.0" 200 1769 "https://smileparadisedentals.com/sitemap_index.xml?path=//var/lib/samba" "Mozilla/5.0 AppleWebKit/537.36 (KHTML, like Gecko; compatible; GPTBot/1.4; +https://openai.com/gptbot)" smileparadisedentals.com 10.36.254.103
74.7.241.33 - - [19/Aug/2026:12:09:47 -0600] "GET /?filesrc=//bin/pbmtoibm23xx&path=//bin HTTP/1.1" 200 124398 "https://smileparadisedentals.faz.zew.mybluehostin.me/?path=//bin" "Mozilla/5.0 AppleWebKit/537.36 (KHTML, like Gecko; compatible; GPTBot/1.4; +https://openai.com/gptbot)" smileparadisedentals.faz.zew.mybluehostin.me 10.36.254.103
74.7.241.33 - - [19/Aug/2026:12:09:47 -0600] "GET /?filesrc=//bin/pbmtoibm23xx&path=//bin HTTP/2.0" 200 124398 "https://smileparadisedentals.faz.zew.mybluehostin.me/?path=//bin" "Mozilla/5.0 AppleWebKit/537.36 (KHTML, like Gecko; compatible; GPTBot/1.4; +https://openai.com/gptbot)" smileparadisedentals.faz.zew.mybluehostin.me 10.36.254.103
74.7.227.158 - - [19/Aug/2026:12:09:52 -0600] "GET /sitemap_index.xml?path=//var/run/cryptsetup HTTP/1.1" 200 1806 "https://smileparadisedentals.com/sitemap_index.xml?path=//var/run" "Mozilla/5.0 AppleWebKit/537.36 (KHTML, like Gecko; compatible; GPTBot/1.4; +https://openai.com/gptbot)" smileparadisedentals.com 10.36.254.103
74.7.227.158 - - [19/Aug/2026:12:09:52 -0600] "GET /sitemap_index.xml?path=//var/run/cryptsetup HTTP/2.0" 200 1806 "https://smileparadisedentals.com/sitemap_index.xml?path=//var/run" "Mozilla/5.0 AppleWebKit/537.36 (KHTML, like Gecko; compatible; GPTBot/1.4; +https://openai.com/gptbot)" smileparadisedentals.com 10.36.254.103
74.7.241.33 - - [19/Aug/2026:12:09:52 -0600] "GET /?filesrc=//bin/pomdump&path=//bin HTTP/1.1" 200 120584 "https://smileparadisedentals.faz.zew.mybluehostin.me/?path=//bin" "Mozilla/5.0 AppleWebKit/537.36 (KHTML, like Gecko; compatible; GPTBot/1.4; +https://openai.com/gptbot)" smileparadisedentals.faz.zew.mybluehostin.me 10.36.254.103
74.7.241.33 - - [19/Aug/2026:12:09:52 -0600] "GET /?filesrc=//bin/pomdump&path=//bin HTTP/2.0" 200 120584 "https://smileparadisedentals.faz.zew.mybluehostin.me/?path=//bin" "Mozilla/5.0 AppleWebKit/537.36 (KHTML, like Gecko; compatible; GPTBot/1.4; +https://openai.com/gptbot)" smileparadisedentals.faz.zew.mybluehostin.me 10.36.254.103
74.7.227.158 - - [19/Aug/2026:12:09:55 -0600] "GET /sitemap_index.xml?path=//var/lib/iscsi/nodes HTTP/1.1" 200 1772 "https://smileparadisedentals.com/sitemap_index.xml?path=//var/lib/iscsi" "Mozilla/5.0 AppleWebKit/537.36 (KHTML, like Gecko; compatible; GPTBot/1.4; +https://openai.com/gptbot)" smileparadisedentals.com 10.36.254.103
74.7.227.158 - - [19/Aug/2026:12:09:55 -0600] "GET /sitemap_index.xml?path=//var/lib/iscsi/nodes HTTP/2.0" 200 1772 "https://smileparadisedentals.com/sitemap_index.xml?path=//var/lib/iscsi" "Mozilla/5.0 AppleWebKit/537.36 (KHTML, like Gecko; compatible; GPTBot/1.4; +https://openai.com/gptbot)" smileparadisedentals.com 10.36.254.103
74.7.241.33 - - [19/Aug/2026:12:09:55 -0600] "GET /?filesrc=//bin/msgconv&path=//bin HTTP/1.1" 200 126515 "https://smileparadisedentals.faz.zew.mybluehostin.me/?path=//bin" "Mozilla/5.0 AppleWebKit/537.36 (KHTML, like Gecko; compatible; GPTBot/1.4; +https://openai.com/gptbot)" smileparadisedentals.faz.zew.mybluehostin.me 10.36.254.103
74.7.241.33 - - [19/Aug/2026:12:09:55 -0600] "GET /?filesrc=//bin/msgconv&path=//bin HTTP/2.0" 200 126515 "https://smileparadisedentals.faz.zew.mybluehostin.me/?path=//bin" "Mozilla/5.0 AppleWebKit/537.36 (KHTML, like Gecko; compatible; GPTBot/1.4; +https://openai.com/gptbot)" smileparadisedentals.faz.zew.mybluehostin.me 10.36.254.103
74.7.227.158 - - [19/Aug/2026:12:09:56 -0600] "GET /sitemap_index.xml?filesrc=//var/lib/authselect/user-nsswitch-created&path=//var/lib/authselect HTTP/1.1" 200 1658 "https://smileparadisedentals.com/sitemap_index.xml?path=//var/lib/authselect" "Mozilla/5.0 AppleWebKit/537.36 (KHTML, like Gecko; compatible; GPTBot/1.4; +https://openai.com/gptbot)" smileparadisedentals.com 10.36.254.103
74.7.227.158 - - [19/Aug/2026:12:09:56 -0600] "GET /sitemap_index.xml?filesrc=//var/lib/authselect/user-nsswitch-created&path=//var/lib/authselect HTTP/2.0" 200 1658 "https://smileparadisedentals.com/sitemap_index.xml?path=//var/lib/authselect" "Mozilla/5.0 AppleWebKit/537.36 (KHTML, like Gecko; compatible; GPTBot/1.4; +https://openai.com/gptbot)" smileparadisedentals.com 10.36.254.103
74.7.227.158 - - [19/Aug/2026:12:09:57 -0600] "GET /sitemap_index.xml?filesrc=//scripts/disablefileprotect&path=//scripts HTTP/1.1" 200 2619 "https://smileparadisedentals.com/sitemap_index.xml?path=//scripts" "Mozilla/5.0 AppleWebKit/537.36 (KHTML, like Gecko; compatible; GPTBot/1.4; +https://openai.com/gptbot)" smileparadisedentals.com 10.36.254.103
74.7.227.158 - - [19/Aug/2026:12:09:57 -0600] "GET /sitemap_index.xml?filesrc=//scripts/disablefileprotect&path=//scripts HTTP/2.0" 200 2619 "https://smileparadisedentals.com/sitemap_index.xml?path=//scripts" "Mozilla/5.0 AppleWebKit/537.36 (KHTML, like Gecko; compatible; GPTBot/1.4; +https://openai.com/gptbot)" smileparadisedentals.com 10.36.254.103
74.7.241.33 - - [19/Aug/2026:12:09:57 -0600] "GET /?filesrc=//bin/netstat&path=//bin HTTP/1.1" 200 180276 "https://smileparadisedentals.faz.zew.mybluehostin.me/?path=//bin" "Mozilla/5.0 AppleWebKit/537.36 (KHTML, like Gecko; compatible; GPTBot/1.4; +https://openai.com/gptbot)" smileparadisedentals.faz.zew.mybluehostin.me 10.36.254.103
74.7.241.33 - - [19/Aug/2026:12:09:57 -0600] "GET /?filesrc=//bin/netstat&path=//bin HTTP/2.0" 200 180276 "https://smileparadisedentals.faz.zew.mybluehostin.me/?path=//bin" "Mozilla/5.0 AppleWebKit/537.36 (KHTML, like Gecko; compatible; GPTBot/1.4; +https://openai.com/gptbot)" smileparadisedentals.faz.zew.mybluehostin.me 10.36.254.103
74.7.227.158 - - [19/Aug/2026:12:09:58 -0600] "GET /sitemap_index.xml?filesrc=//scripts/updateuserdatacache&path=//scripts HTTP/1.1" 200 2715 "https://smileparadisedentals.com/sitemap_index.xml?path=//scripts" "Mozilla/5.0 AppleWebKit/537.36 (KHTML, like Gecko; compatible; GPTBot/1.4; +https://openai.com/gptbot)" smileparadisedentals.com 10.36.254.103
74.7.227.158 - - [19/Aug/2026:12:09:58 -0600] "GET /sitemap_index.xml?filesrc=//scripts/updateuserdatacache&path=//scripts HTTP/2.0" 200 2715 "https://smileparadisedentals.com/sitemap_index.xml?path=//scripts" "Mozilla/5.0 AppleWebKit/537.36 (KHTML, like Gecko; compatible; GPTBot/1.4; +https://openai.com/gptbot)" smileparadisedentals.com 10.36.254.103
74.7.241.33 - - [19/Aug/2026:12:09:58 -0600] "GET /?filesrc=//bin/tiffset&path=//bin HTTP/1.1" 200 125641 "https://smileparadisedentals.faz.zew.mybluehostin.me/?path=//bin" "Mozilla/5.0 AppleWebKit/537.36 (KHTML, like Gecko; compatible; GPTBot/1.4; +https://openai.com/gptbot)" smileparadisedentals.faz.zew.mybluehostin.me 10.36.254.103
74.7.241.33 - - [19/Aug/2026:12:09:58 -0600] "GET /?filesrc=//bin/tiffset&path=//bin HTTP/2.0" 200 125641 "https://smileparadisedentals.faz.zew.mybluehostin.me/?path=//bin" "Mozilla/5.0 AppleWebKit/537.36 (KHTML, like Gecko; compatible; GPTBot/1.4; +https://openai.com/gptbot)" smileparadisedentals.faz.zew.mybluehostin.me 10.36.254.103
162.214.80.130 - - [19/Aug/2026:12:10:01 -0600] "POST /wp-cron.php?doing_wp_cron=1787163001.2916231155395507812500 HTTP/1.1" 200 - "-" "WordPress/7.0.4; https://smileparadisedentals.com" smileparadisedentals.com 10.36.254.103
74.7.227.158 - - [19/Aug/2026:12:10:00 -0600] "GET /sitemap_index.xml?filesrc=//scripts/mailscannerupdate&path=//scripts HTTP/1.1" 200 2739 "https://smileparadisedentals.com/sitemap_index.xml?path=//scripts" "Mozilla/5.0 AppleWebKit/537.36 (KHTML, like Gecko; compatible; GPTBot/1.4; +https://openai.com/gptbot)" smileparadisedentals.com 10.36.254.103
74.7.227.158 - - [19/Aug/2026:12:09:59 -0600] "GET /sitemap_index.xml?filesrc=//scripts/mailscannerupdate&path=//scripts HTTP/2.0" 200 2739 "https://smileparadisedentals.com/sitemap_index.xml?path=//scripts" "Mozilla/5.0 AppleWebKit/537.36 (KHTML, like Gecko; compatible; GPTBot/1.4; +https://openai.com/gptbot)" smileparadisedentals.com 10.36.254.103
74.7.241.33 - - [19/Aug/2026:12:10:00 -0600] "GET /?filesrc=//bin/nsenter&path=//bin HTTP/1.1" 200 127834 "https://smileparadisedentals.faz.zew.mybluehostin.me/?path=//bin" "Mozilla/5.0 AppleWebKit/537.36 (KHTML, like Gecko; compatible; GPTBot/1.4; +https://openai.com/gptbot)" smileparadisedentals.faz.zew.mybluehostin.me 10.36.254.103
74.7.241.33 - - [19/Aug/2026:12:10:00 -0600] "GET /?filesrc=//bin/nsenter&path=//bin HTTP/2.0" 200 127834 "https://smileparadisedentals.faz.zew.mybluehostin.me/?path=//bin" "Mozilla/5.0 AppleWebKit/537.36 (KHTML, like Gecko; compatible; GPTBot/1.4; +https://openai.com/gptbot)" smileparadisedentals.faz.zew.mybluehostin.me 10.36.254.103
74.7.227.158 - - [19/Aug/2026:12:10:01 -0600] "GET /sitemap_index.xml?path=//var/lib/dovecot HTTP/1.1" 200 1800 "https://smileparadisedentals.com/sitemap_index.xml?path=//var/lib" "Mozilla/5.0 AppleWebKit/537.36 (KHTML, like Gecko; compatible; GPTBot/1.4; +https://openai.com/gptbot)" smileparadisedentals.com 10.36.254.103
74.7.227.158 - - [19/Aug/2026:12:10:01 -0600] "GET /sitemap_index.xml?path=//var/lib/dovecot HTTP/2.0" 200 1800 "https://smileparadisedentals.com/sitemap_index.xml?path=//var/lib" "Mozilla/5.0 AppleWebKit/537.36 (KHTML, like Gecko; compatible; GPTBot/1.4; +https://openai.com/gptbot)" smileparadisedentals.com 10.36.254.103
74.7.241.33 - - [19/Aug/2026:12:10:01 -0600] "GET /?filesrc=//bin/prtstat&path=//bin HTTP/1.1" 200 127057 "https://smileparadisedentals.faz.zew.mybluehostin.me/?path=//bin" "Mozilla/5.0 AppleWebKit/537.36 (KHTML, like Gecko; compatible; GPTBot/1.4; +https://openai.com/gptbot)" smileparadisedentals.faz.zew.mybluehostin.me 10.36.254.103
74.7.241.33 - - [19/Aug/2026:12:10:01 -0600] "GET /?filesrc=//bin/prtstat&path=//bin HTTP/2.0" 200 127057 "https://smileparadisedentals.faz.zew.mybluehostin.me/?path=//bin" "Mozilla/5.0 AppleWebKit/537.36 (KHTML, like Gecko; compatible; GPTBot/1.4; +https://openai.com/gptbot)" smileparadisedentals.faz.zew.mybluehostin.me 10.36.254.103
74.7.227.158 - - [19/Aug/2026:12:10:03 -0600] "GET /sitemap_index.xml?path=//var/run/nscd HTTP/1.1" 200 1961 "https://smileparadisedentals.com/sitemap_index.xml?path=//var/run" "Mozilla/5.0 AppleWebKit/537.36 (KHTML, like Gecko; compatible; GPTBot/1.4; +https://openai.com/gptbot)" smileparadisedentals.com 10.36.254.103
74.7.227.158 - - [19/Aug/2026:12:10:03 -0600] "GET /sitemap_index.xml?path=//var/run/nscd HTTP/2.0" 200 1961 "https://smileparadisedentals.com/sitemap_index.xml?path=//var/run" "Mozilla/5.0 AppleWebKit/537.36 (KHTML, like Gecko; compatible; GPTBot/1.4; +https://openai.com/gptbot)" smileparadisedentals.com 10.36.254.103
74.7.241.33 - - [19/Aug/2026:12:10:03 -0600] "GET /?filesrc=//bin/enchant&path=//bin HTTP/1.1" 200 126948 "https://smileparadisedentals.faz.zew.mybluehostin.me/?path=//bin" "Mozilla/5.0 AppleWebKit/537.36 (KHTML, like Gecko; compatible; GPTBot/1.4; +https://openai.com/gptbot)" smileparadisedentals.faz.zew.mybluehostin.me 10.36.254.103
74.7.241.33 - - [19/Aug/2026:12:10:03 -0600] "GET /?filesrc=//bin/enchant&path=//bin HTTP/2.0" 200 126948 "https://smileparadisedentals.faz.zew.mybluehostin.me/?path=//bin" "Mozilla/5.0 AppleWebKit/537.36 (KHTML, like Gecko; compatible; GPTBot/1.4; +https://openai.com/gptbot)" smileparadisedentals.faz.zew.mybluehostin.me 10.36.254.103
74.7.227.158 - - [19/Aug/2026:12:10:06 -0600] "GET /sitemap_index.xml?path=//var/lib/dpkg HTTP/1.1" 200 2018 "https://smileparadisedentals.com/sitemap_index.xml?path=//var/lib" "Mozilla/5.0 AppleWebKit/537.36 (KHTML, like Gecko; compatible; GPTBot/1.4; +https://openai.com/gptbot)" smileparadisedentals.com 10.36.254.103
74.7.227.158 - - [19/Aug/2026:12:10:06 -0600] "GET /sitemap_index.xml?path=//var/lib/dpkg HTTP/2.0" 200 2018 "https://smileparadisedentals.com/sitemap_index.xml?path=//var/lib" "Mozilla/5.0 AppleWebKit/537.36 (KHTML, like Gecko; compatible; GPTBot/1.4; +https://openai.com/gptbot)" smileparadisedentals.com 10.36.254.103
74.7.241.33 - - [19/Aug/2026:12:10:06 -0600] "GET /?filesrc=//bin/fribidi&path=//bin HTTP/1.1" 200 127518 "https://smileparadisedentals.faz.zew.mybluehostin.me/?path=//bin" "Mozilla/5.0 AppleWebKit/537.36 (KHTML, like Gecko; compatible; GPTBot/1.4; +https://openai.com/gptbot)" smileparadisedentals.faz.zew.mybluehostin.me 10.36.254.103
74.7.241.33 - - [19/Aug/2026:12:10:06 -0600] "GET /?filesrc=//bin/fribidi&path=//bin HTTP/2.0" 200 127518 "https://smileparadisedentals.faz.zew.mybluehostin.me/?path=//bin" "Mozilla/5.0 AppleWebKit/537.36 (KHTML, like Gecko; compatible; GPTBot/1.4; +https://openai.com/gptbot)" smileparadisedentals.faz.zew.mybluehostin.me 10.36.254.103
74.7.227.158 - - [19/Aug/2026:12:10:07 -0600] "GET /sitemap_index.xml?path=//var/run/sudo HTTP/1.1" 200 1794 "https://smileparadisedentals.com/sitemap_index.xml?path=//var/run" "Mozilla/5.0 AppleWebKit/537.36 (KHTML, like Gecko; compatible; GPTBot/1.4; +https://openai.com/gptbot)" smileparadisedentals.com 10.36.254.103
74.7.227.158 - - [19/Aug/2026:12:10:07 -0600] "GET /sitemap_index.xml?path=//var/run/sudo HTTP/2.0" 200 1794 "https://smileparadisedentals.com/sitemap_index.xml?path=//var/run" "Mozilla/5.0 AppleWebKit/537.36 (KHTML, like Gecko; compatible; GPTBot/1.4; +https://openai.com/gptbot)" smileparadisedentals.com 10.36.254.103
74.7.241.33 - - [19/Aug/2026:12:10:07 -0600] "GET /?filesrc=//bin/sg_requests&path=//bin HTTP/1.1" 200 127046 "https://smileparadisedentals.faz.zew.mybluehostin.me/?path=//bin" "Mozilla/5.0 AppleWebKit/537.36 (KHTML, like Gecko; compatible; GPTBot/1.4; +https://openai.com/gptbot)" smileparadisedentals.faz.zew.mybluehostin.me 10.36.254.103
74.7.241.33 - - [19/Aug/2026:12:10:07 -0600] "GET /?filesrc=//bin/sg_requests&path=//bin HTTP/2.0" 200 127046 "https://smileparadisedentals.faz.zew.mybluehostin.me/?path=//bin" "Mozilla/5.0 AppleWebKit/537.36 (KHTML, like Gecko; compatible; GPTBot/1.4; +https://openai.com/gptbot)" smileparadisedentals.faz.zew.mybluehostin.me 10.36.254.103
74.7.227.158 - - [19/Aug/2026:12:10:09 -0600] "GET /sitemap_index.xml?path=//var/run/dbus HTTP/1.1" 200 1755 "https://smileparadisedentals.com/sitemap_index.xml?path=//var/run" "Mozilla/5.0 AppleWebKit/537.36 (KHTML, like Gecko; compatible; GPTBot/1.4; +https://openai.com/gptbot)" smileparadisedentals.com 10.36.254.103
74.7.241.33 - - [19/Aug/2026:12:10:08 -0600] "GET /?filesrc=//bin/notify-send&path=//bin HTTP/1.1" 200 125578 "https://smileparadisedentals.faz.zew.mybluehostin.me/?path=//bin" "Mozilla/5.0 AppleWebKit/537.36 (KHTML, like Gecko; compatible; GPTBot/1.4; +https://openai.com/gptbot)" smileparadisedentals.faz.zew.mybluehostin.me 10.36.254.103
74.7.227.158 - - [19/Aug/2026:12:10:09 -0600] "GET /sitemap_index.xml?path=//var/run/dbus HTTP/2.0" 200 1755 "https://smileparadisedentals.com/sitemap_index.xml?path=//var/run" "Mozilla/5.0 AppleWebKit/537.36 (KHTML, like Gecko; compatible; GPTBot/1.4; +https://openai.com/gptbot)" smileparadisedentals.com 10.36.254.103
74.7.241.33 - - [19/Aug/2026:12:10:08 -0600] "GET /?filesrc=//bin/notify-send&path=//bin HTTP/2.0" 200 125578 "https://smileparadisedentals.faz.zew.mybluehostin.me/?path=//bin" "Mozilla/5.0 AppleWebKit/537.36 (KHTML, like Gecko; compatible; GPTBot/1.4; +https://openai.com/gptbot)" smileparadisedentals.faz.zew.mybluehostin.me 10.36.254.103
74.7.227.158 - - [19/Aug/2026:12:10:10 -0600] "GET /sitemap_index.xml?path=//var/run/libcare HTTP/1.1" 200 1760 "https://smileparadisedentals.com/sitemap_index.xml?path=//var/run" "Mozilla/5.0 AppleWebKit/537.36 (KHTML, like Gecko; compatible; GPTBot/1.4; +https://openai.com/gptbot)" smileparadisedentals.com 10.36.254.103
74.7.227.158 - - [19/Aug/2026:12:10:10 -0600] "GET /sitemap_index.xml?path=//var/run/libcare HTTP/2.0" 200 1760 "https://smileparadisedentals.com/sitemap_index.xml?path=//var/run" "Mozilla/5.0 AppleWebKit/537.36 (KHTML, like Gecko; compatible; GPTBot/1.4; +https://openai.com/gptbot)" smileparadisedentals.com 10.36.254.103
74.7.241.33 - - [19/Aug/2026:12:10:10 -0600] "GET /?filesrc=//bin/odbc_config&path=//bin HTTP/1.1" 200 123701 "https://smileparadisedentals.faz.zew.mybluehostin.me/?path=//bin" "Mozilla/5.0 AppleWebKit/537.36 (KHTML, like Gecko; compatible; GPTBot/1.4; +https://openai.com/gptbot)" smileparadisedentals.faz.zew.mybluehostin.me 10.36.254.103
74.7.241.33 - - [19/Aug/2026:12:10:10 -0600] "GET /?filesrc=//bin/odbc_config&path=//bin HTTP/2.0" 200 123701 "https://smileparadisedentals.faz.zew.mybluehostin.me/?path=//bin" "Mozilla/5.0 AppleWebKit/537.36 (KHTML, like Gecko; compatible; GPTBot/1.4; +https://openai.com/gptbot)" smileparadisedentals.faz.zew.mybluehostin.me 10.36.254.103
74.7.227.158 - - [19/Aug/2026:12:10:11 -0600] "GET /sitemap_index.xml?filesrc=//var/lib/systemd/timers/stamp-initialize_xovi_plugin.timer&path=//var/lib/systemd/timers HTTP/1.1" 200 1678 "https://smileparadisedentals.com/sitemap_index.xml?path=//var/lib/systemd/timers" "Mozilla/5.0 AppleWebKit/537.36 (KHTML, like Gecko; compatible; GPTBot/1.4; +https://openai.com/gptbot)" smileparadisedentals.com 10.36.254.103
74.7.227.158 - - [19/Aug/2026:12:10:11 -0600] "GET /sitemap_index.xml?filesrc=//var/lib/systemd/timers/stamp-initialize_xovi_plugin.timer&path=//var/lib/systemd/timers HTTP/2.0" 200 1678 "https://smileparadisedentals.com/sitemap_index.xml?path=//var/lib/systemd/timers" "Mozilla/5.0 AppleWebKit/537.36 (KHTML, like Gecko; compatible; GPTBot/1.4; +https://openai.com/gptbot)" smileparadisedentals.com 10.36.254.103
74.7.241.33 - - [19/Aug/2026:12:10:12 -0600] "GET /?filesrc=//bin/dbus-uuidgen&path=//bin HTTP/1.1" 200 124026 "https://smileparadisedentals.faz.zew.mybluehostin.me/?path=//bin" "Mozilla/5.0 AppleWebKit/537.36 (KHTML, like Gecko; compatible; GPTBot/1.4; +https://openai.com/gptbot)" smileparadisedentals.faz.zew.mybluehostin.me 10.36.254.103
74.7.241.33 - - [19/Aug/2026:12:10:12 -0600] "GET /?filesrc=//bin/dbus-uuidgen&path=//bin HTTP/2.0" 200 124026 "https://smileparadisedentals.faz.zew.mybluehostin.me/?path=//bin" "Mozilla/5.0 AppleWebKit/537.36 (KHTML, like Gecko; compatible; GPTBot/1.4; +https://openai.com/gptbot)" smileparadisedentals.faz.zew.mybluehostin.me 10.36.254.103
74.7.227.158 - - [19/Aug/2026:12:10:13 -0600] "GET /sitemap_index.xml?path=//var/run/dovecot/srv.imap HTTP/1.1" 200 1826 "https://smileparadisedentals.com/sitemap_index.xml?path=//var/run/dovecot" "Mozilla/5.0 AppleWebKit/537.36 (KHTML, like Gecko; compatible; GPTBot/1.4; +https://openai.com/gptbot)" smileparadisedentals.com 10.36.254.103
74.7.227.158 - - [19/Aug/2026:12:10:13 -0600] "GET /sitemap_index.xml?path=//var/run/dovecot/srv.imap HTTP/2.0" 200 1826 "https://smileparadisedentals.com/sitemap_index.xml?path=//var/run/dovecot" "Mozilla/5.0 AppleWebKit/537.36 (KHTML, like Gecko; compatible; GPTBot/1.4; +https://openai.com/gptbot)" smileparadisedentals.com 10.36.254.103
74.7.241.33 - - [19/Aug/2026:12:10:14 -0600] "GET /?filesrc=//bin/pg_resetwal&path=//bin HTTP/1.1" 200 138861 "https://smileparadisedentals.faz.zew.mybluehostin.me/?path=//bin" "Mozilla/5.0 AppleWebKit/537.36 (KHTML, like Gecko; compatible; GPTBot/1.4; +https://openai.com/gptbot)" smileparadisedentals.faz.zew.mybluehostin.me 10.36.254.103
74.7.241.33 - - [19/Aug/2026:12:10:14 -0600] "GET /?filesrc=//bin/pg_resetwal&path=//bin HTTP/2.0" 200 138861 "https://smileparadisedentals.faz.zew.mybluehostin.me/?path=//bin" "Mozilla/5.0 AppleWebKit/537.36 (KHTML, like Gecko; compatible; GPTBot/1.4; +https://openai.com/gptbot)" smileparadisedentals.faz.zew.mybluehostin.me 10.36.254.103
74.7.227.158 - - [19/Aug/2026:12:10:14 -0600] "GET /sitemap_index.xml?path=//var/run/systemd/machines HTTP/1.1" 200 1781 "https://smileparadisedentals.com/sitemap_index.xml?path=//var/run/systemd" "Mozilla/5.0 AppleWebKit/537.36 (KHTML, like Gecko; compatible; GPTBot/1.4; +https://openai.com/gptbot)" smileparadisedentals.com 10.36.254.103
74.7.227.158 - - [19/Aug/2026:12:10:14 -0600] "GET /sitemap_index.xml?path=//var/run/systemd/machines HTTP/2.0" 200 1781 "https://smileparadisedentals.com/sitemap_index.xml?path=//var/run/systemd" "Mozilla/5.0 AppleWebKit/537.36 (KHTML, like Gecko; compatible; GPTBot/1.4; +https://openai.com/gptbot)" smileparadisedentals.com 10.36.254.103
74.7.227.158 - - [19/Aug/2026:12:10:15 -0600] "GET /sitemap_index.xml?path=//var/run/systemd/generator HTTP/1.1" 200 2911 "https://smileparadisedentals.com/sitemap_index.xml?path=//var/run/systemd" "Mozilla/5.0 AppleWebKit/537.36 (KHTML, like Gecko; compatible; GPTBot/1.4; +https://openai.com/gptbot)" smileparadisedentals.com 10.36.254.103
74.7.227.158 - - [19/Aug/2026:12:10:15 -0600] "GET /sitemap_index.xml?path=//var/run/systemd/generator HTTP/2.0" 200 2911 "https://smileparadisedentals.com/sitemap_index.xml?path=//var/run/systemd" "Mozilla/5.0 AppleWebKit/537.36 (KHTML, like Gecko; compatible; GPTBot/1.4; +https://openai.com/gptbot)" smileparadisedentals.com 10.36.254.103
74.7.241.33 - - [19/Aug/2026:12:10:15 -0600] "GET /?filesrc=//bin/protoc-gen-c&path=//bin HTTP/1.1" 200 185633 "https://smileparadisedentals.faz.zew.mybluehostin.me/?path=//bin" "Mozilla/5.0 AppleWebKit/537.36 (KHTML, like Gecko; compatible; GPTBot/1.4; +https://openai.com/gptbot)" smileparadisedentals.faz.zew.mybluehostin.me 10.36.254.103
74.7.241.33 - - [19/Aug/2026:12:10:15 -0600] "GET /?filesrc=//bin/protoc-gen-c&path=//bin HTTP/2.0" 200 185633 "https://smileparadisedentals.faz.zew.mybluehostin.me/?path=//bin" "Mozilla/5.0 AppleWebKit/537.36 (KHTML, like Gecko; compatible; GPTBot/1.4; +https://openai.com/gptbot)" smileparadisedentals.faz.zew.mybluehostin.me 10.36.254.103
74.7.227.158 - - [19/Aug/2026:12:10:16 -0600] "GET /sitemap_index.xml?path=//var/run/systemd/inhibit HTTP/1.1" 200 1978 "https://smileparadisedentals.com/sitemap_index.xml?path=//var/run/systemd" "Mozilla/5.0 AppleWebKit/537.36 (KHTML, like Gecko; compatible; GPTBot/1.4; +https://openai.com/gptbot)" smileparadisedentals.com 10.36.254.103
74.7.227.158 - - [19/Aug/2026:12:10:16 -0600] "GET /sitemap_index.xml?path=//var/run/systemd/inhibit HTTP/2.0" 200 1978 "https://smileparadisedentals.com/sitemap_index.xml?path=//var/run/systemd" "Mozilla/5.0 AppleWebKit/537.36 (KHTML, like Gecko; compatible; GPTBot/1.4; +https://openai.com/gptbot)" smileparadisedentals.com 10.36.254.103
74.7.241.33 - - [19/Aug/2026:12:10:17 -0600] "GET /?filesrc=//bin/config_data&path=//bin HTTP/1.1" 200 123158 "https://smileparadisedentals.faz.zew.mybluehostin.me/?path=//bin" "Mozilla/5.0 AppleWebKit/537.36 (KHTML, like Gecko; compatible; GPTBot/1.4; +https://openai.com/gptbot)" smileparadisedentals.faz.zew.mybluehostin.me 10.36.254.103
74.7.241.33 - - [19/Aug/2026:12:10:17 -0600] "GET /?filesrc=//bin/config_data&path=//bin HTTP/2.0" 200 123158 "https://smileparadisedentals.faz.zew.mybluehostin.me/?path=//bin" "Mozilla/5.0 AppleWebKit/537.36 (KHTML, like Gecko; compatible; GPTBot/1.4; +https://openai.com/gptbot)" smileparadisedentals.faz.zew.mybluehostin.me 10.36.254.103
74.7.227.158 - - [19/Aug/2026:12:10:18 -0600] "GET /sitemap_index.xml?path=//var/run/systemd/propagate HTTP/1.1" 200 1827 "https://smileparadisedentals.com/sitemap_index.xml?path=//var/run/systemd" "Mozilla/5.0 AppleWebKit/537.36 (KHTML, like Gecko; compatible; GPTBot/1.4; +https://openai.com/gptbot)" smileparadisedentals.com 10.36.254.103
74.7.227.158 - - [19/Aug/2026:12:10:18 -0600] "GET /sitemap_index.xml?path=//var/run/systemd/propagate HTTP/2.0" 200 1827 "https://smileparadisedentals.com/sitemap_index.xml?path=//var/run/systemd" "Mozilla/5.0 AppleWebKit/537.36 (KHTML, like Gecko; compatible; GPTBot/1.4; +https://openai.com/gptbot)" smileparadisedentals.com 10.36.254.103
74.7.241.33 - - [19/Aug/2026:12:10:18 -0600] "GET /?filesrc=//bin/sg_read_attr&path=//bin HTTP/1.1" 200 130959 "https://smileparadisedentals.faz.zew.mybluehostin.me/?path=//bin" "Mozilla/5.0 AppleWebKit/537.36 (KHTML, like Gecko; compatible; GPTBot/1.4; +https://openai.com/gptbot)" smileparadisedentals.faz.zew.mybluehostin.me 10.36.254.103
74.7.241.33 - - [19/Aug/2026:12:10:18 -0600] "GET /?filesrc=//bin/sg_read_attr&path=//bin HTTP/2.0" 200 130959 "https://smileparadisedentals.faz.zew.mybluehostin.me/?path=//bin" "Mozilla/5.0 AppleWebKit/537.36 (KHTML, like Gecko; compatible; GPTBot/1.4; +https://openai.com/gptbot)" smileparadisedentals.faz.zew.mybluehostin.me 10.36.254.103
74.7.227.158 - - [19/Aug/2026:12:10:18 -0600] "GET /sitemap_index.xml?path=//var/lib/firebird/system HTTP/1.1" 200 2026 "https://smileparadisedentals.com/sitemap_index.xml?path=//var/lib/firebird" "Mozilla/5.0 AppleWebKit/537.36 (KHTML, like Gecko; compatible; GPTBot/1.4; +https://openai.com/gptbot)" smileparadisedentals.com 10.36.254.103
74.7.227.158 - - [19/Aug/2026:12:10:18 -0600] "GET /sitemap_index.xml?path=//var/lib/firebird/system HTTP/2.0" 200 2026 "https://smileparadisedentals.com/sitemap_index.xml?path=//var/lib/firebird" "Mozilla/5.0 AppleWebKit/537.36 (KHTML, like Gecko; compatible; GPTBot/1.4; +https://openai.com/gptbot)" smileparadisedentals.com 10.36.254.103
74.7.241.33 - - [19/Aug/2026:12:10:20 -0600] "GET /?filesrc=//bin/pygettext.py&path=//bin HTTP/1.1" 200 128282 "https://smileparadisedentals.faz.zew.mybluehostin.me/?path=//bin" "Mozilla/5.0 AppleWebKit/537.36 (KHTML, like Gecko; compatible; GPTBot/1.4; +https://openai.com/gptbot)" smileparadisedentals.faz.zew.mybluehostin.me 10.36.254.103
74.7.241.33 - - [19/Aug/2026:12:10:20 -0600] "GET /?filesrc=//bin/pygettext.py&path=//bin HTTP/2.0" 200 128282 "https://smileparadisedentals.faz.zew.mybluehostin.me/?path=//bin" "Mozilla/5.0 AppleWebKit/537.36 (KHTML, like Gecko; compatible; GPTBot/1.4; +https://openai.com/gptbot)" smileparadisedentals.faz.zew.mybluehostin.me 10.36.254.103
74.7.227.158 - - [19/Aug/2026:12:10:20 -0600] "GET /sitemap_index.xml?path=//var/lib/spamassassin/compiled/5.036/3.004006/Mail/SpamAssassin/CompiledRegexps HTTP/1.1" 200 2293 "https://smileparadisedentals.com/sitemap_index.xml?path=//var/lib/spamassassin/compiled/5.036/3.004006/Mail/SpamAssassin" "Mozilla/5.0 AppleWebKit/537.36 (KHTML, like Gecko; compatible; GPTBot/1.4; +https://openai.com/gptbot)" smileparadisedentals.com 10.36.254.103
74.7.227.158 - - [19/Aug/2026:12:10:20 -0600] "GET /sitemap_index.xml?path=//var/lib/spamassassin/compiled/5.036/3.004006/Mail/SpamAssassin/CompiledRegexps HTTP/2.0" 200 2293 "https://smileparadisedentals.com/sitemap_index.xml?path=//var/lib/spamassassin/compiled/5.036/3.004006/Mail/SpamAssassin" "Mozilla/5.0 AppleWebKit/537.36 (KHTML, like Gecko; compatible; GPTBot/1.4; +https://openai.com/gptbot)" smileparadisedentals.com 10.36.254.103
74.7.227.158 - - [19/Aug/2026:12:10:22 -0600] "GET /sitemap_index.xml?path=//var/run/gt HTTP/1.1" 200 1790 "https://smileparadisedentals.com/sitemap_index.xml?path=//var/run" "Mozilla/5.0 AppleWebKit/537.36 (KHTML, like Gecko; compatible; GPTBot/1.4; +https://openai.com/gptbot)" smileparadisedentals.com 10.36.254.103
74.7.227.158 - - [19/Aug/2026:12:10:22 -0600] "GET /sitemap_index.xml?path=//var/run/gt HTTP/2.0" 200 1790 "https://smileparadisedentals.com/sitemap_index.xml?path=//var/run" "Mozilla/5.0 AppleWebKit/537.36 (KHTML, like Gecko; compatible; GPTBot/1.4; +https://openai.com/gptbot)" smileparadisedentals.com 10.36.254.103
74.7.241.33 - - [19/Aug/2026:12:10:22 -0600] "GET /?filesrc=//bin/ima-add-sigs&path=//bin HTTP/1.1" 200 121763 "https://smileparadisedentals.faz.zew.mybluehostin.me/?path=//bin" "Mozilla/5.0 AppleWebKit/537.36 (KHTML, like Gecko; compatible; GPTBot/1.4; +https://openai.com/gptbot)" smileparadisedentals.faz.zew.mybluehostin.me 10.36.254.103
74.7.241.33 - - [19/Aug/2026:12:10:22 -0600] "GET /?filesrc=//bin/ima-add-sigs&path=//bin HTTP/2.0" 200 121763 "https://smileparadisedentals.faz.zew.mybluehostin.me/?path=//bin" "Mozilla/5.0 AppleWebKit/537.36 (KHTML, like Gecko; compatible; GPTBot/1.4; +https://openai.com/gptbot)" smileparadisedentals.faz.zew.mybluehostin.me 10.36.254.103
74.7.227.158 - - [19/Aug/2026:12:10:24 -0600] "GET /sitemap_index.xml?path=//var/run/screen HTTP/1.1" 200 1956 "https://smileparadisedentals.com/sitemap_index.xml?path=//var/run" "Mozilla/5.0 AppleWebKit/537.36 (KHTML, like Gecko; compatible; GPTBot/1.4; +https://openai.com/gptbot)" smileparadisedentals.com 10.36.254.103
74.7.227.158 - - [19/Aug/2026:12:10:24 -0600] "GET /sitemap_index.xml?path=//var/run/screen HTTP/2.0" 200 1956 "https://smileparadisedentals.com/sitemap_index.xml?path=//var/run" "Mozilla/5.0 AppleWebKit/537.36 (KHTML, like Gecko; compatible; GPTBot/1.4; +https://openai.com/gptbot)" smileparadisedentals.com 10.36.254.103
74.7.241.33 - - [19/Aug/2026:12:10:24 -0600] "GET /?filesrc=//bin/fmtutil-sys&path=//bin HTTP/1.1" 200 120333 "https://smileparadisedentals.faz.zew.mybluehostin.me/?path=//bin" "Mozilla/5.0 AppleWebKit/537.36 (KHTML, like Gecko; compatible; GPTBot/1.4; +https://openai.com/gptbot)" smileparadisedentals.faz.zew.mybluehostin.me 10.36.254.103
74.7.241.33 - - [19/Aug/2026:12:10:24 -0600] "GET /?filesrc=//bin/fmtutil-sys&path=//bin HTTP/2.0" 200 120333 "https://smileparadisedentals.faz.zew.mybluehostin.me/?path=//bin" "Mozilla/5.0 AppleWebKit/537.36 (KHTML, like Gecko; compatible; GPTBot/1.4; +https://openai.com/gptbot)" smileparadisedentals.faz.zew.mybluehostin.me 10.36.254.103
74.7.227.158 - - [19/Aug/2026:12:10:26 -0600] "GET /sitemap_index.xml?path=//var/lib/oracle-cloud-agent HTTP/1.1" 200 1821 "https://smileparadisedentals.com/sitemap_index.xml?path=//var/lib" "Mozilla/5.0 AppleWebKit/537.36 (KHTML, like Gecko; compatible; GPTBot/1.4; +https://openai.com/gptbot)" smileparadisedentals.com 10.36.254.103
74.7.227.158 - - [19/Aug/2026:12:10:26 -0600] "GET /sitemap_index.xml?path=//var/lib/oracle-cloud-agent HTTP/2.0" 200 1821 "https://smileparadisedentals.com/sitemap_index.xml?path=//var/lib" "Mozilla/5.0 AppleWebKit/537.36 (KHTML, like Gecko; compatible; GPTBot/1.4; +https://openai.com/gptbot)" smileparadisedentals.com 10.36.254.103
74.7.241.33 - - [19/Aug/2026:12:10:26 -0600] "GET /?filesrc=//bin/icu-config-64&path=//bin HTTP/1.1" 200 128694 "https://smileparadisedentals.faz.zew.mybluehostin.me/?path=//bin" "Mozilla/5.0 AppleWebKit/537.36 (KHTML, like Gecko; compatible; GPTBot/1.4; +https://openai.com/gptbot)" smileparadisedentals.faz.zew.mybluehostin.me 10.36.254.103
74.7.241.33 - - [19/Aug/2026:12:10:26 -0600] "GET /?filesrc=//bin/icu-config-64&path=//bin HTTP/2.0" 200 128694 "https://smileparadisedentals.faz.zew.mybluehostin.me/?path=//bin" "Mozilla/5.0 AppleWebKit/537.36 (KHTML, like Gecko; compatible; GPTBot/1.4; +https://openai.com/gptbot)" smileparadisedentals.faz.zew.mybluehostin.me 10.36.254.103
74.7.241.33 - - [19/Aug/2026:12:10:28 -0600] "GET /?filesrc=//bin/zdump&path=//bin HTTP/1.1" 200 128652 "https://smileparadisedentals.faz.zew.mybluehostin.me/?path=//bin" "Mozilla/5.0 AppleWebKit/537.36 (KHTML, like Gecko; compatible; GPTBot/1.4; +https://openai.com/gptbot)" smileparadisedentals.faz.zew.mybluehostin.me 10.36.254.103
74.7.241.33 - - [19/Aug/2026:12:10:28 -0600] "GET /?filesrc=//bin/zdump&path=//bin HTTP/2.0" 200 128652 "https://smileparadisedentals.faz.zew.mybluehostin.me/?path=//bin" "Mozilla/5.0 AppleWebKit/537.36 (KHTML, like Gecko; compatible; GPTBot/1.4; +https://openai.com/gptbot)" smileparadisedentals.faz.zew.mybluehostin.me 10.36.254.103
74.7.227.158 - - [19/Aug/2026:12:10:28 -0600] "GET /sitemap_index.xml?filesrc=//scripts/dnsqueuecron&path=//scripts HTTP/1.1" 200 2200 "https://smileparadisedentals.com/sitemap_index.xml?path=//scripts" "Mozilla/5.0 AppleWebKit/537.36 (KHTML, like Gecko; compatible; GPTBot/1.4; +https://openai.com/gptbot)" smileparadisedentals.com 10.36.254.103
74.7.227.158 - - [19/Aug/2026:12:10:28 -0600] "GET /sitemap_index.xml?filesrc=//scripts/dnsqueuecron&path=//scripts HTTP/2.0" 200 2200 "https://smileparadisedentals.com/sitemap_index.xml?path=//scripts" "Mozilla/5.0 AppleWebKit/537.36 (KHTML, like Gecko; compatible; GPTBot/1.4; +https://openai.com/gptbot)" smileparadisedentals.com 10.36.254.103
74.7.227.158 - - [19/Aug/2026:12:10:30 -0600] "GET /sitemap_index.xml?path=//var/lib/rpm-state/kernel HTTP/1.1" 200 1780 "https://smileparadisedentals.com/sitemap_index.xml?path=//var/lib/rpm-state" "Mozilla/5.0 AppleWebKit/537.36 (KHTML, like Gecko; compatible; GPTBot/1.4; +https://openai.com/gptbot)" smileparadisedentals.com 10.36.254.103
74.7.227.158 - - [19/Aug/2026:12:10:30 -0600] "GET /sitemap_index.xml?path=//var/lib/rpm-state/kernel HTTP/2.0" 200 1780 "https://smileparadisedentals.com/sitemap_index.xml?path=//var/lib/rpm-state" "Mozilla/5.0 AppleWebKit/537.36 (KHTML, like Gecko; compatible; GPTBot/1.4; +https://openai.com/gptbot)" smileparadisedentals.com 10.36.254.103
74.7.241.33 - - [19/Aug/2026:12:10:30 -0600] "GET /?filesrc=//bin/osinfo-db-validate&path=//bin HTTP/1.1" 200 127437 "https://smileparadisedentals.faz.zew.mybluehostin.me/?path=//bin" "Mozilla/5.0 AppleWebKit/537.36 (KHTML, like Gecko; compatible; GPTBot/1.4; +https://openai.com/gptbot)" smileparadisedentals.faz.zew.mybluehostin.me 10.36.254.103
74.7.241.33 - - [19/Aug/2026:12:10:30 -0600] "GET /?filesrc=//bin/osinfo-db-validate&path=//bin HTTP/2.0" 200 127437 "https://smileparadisedentals.faz.zew.mybluehostin.me/?path=//bin" "Mozilla/5.0 AppleWebKit/537.36 (KHTML, like Gecko; compatible; GPTBot/1.4; +https://openai.com/gptbot)" smileparadisedentals.faz.zew.mybluehostin.me 10.36.254.103
74.7.227.158 - - [19/Aug/2026:12:10:32 -0600] "GET /sitemap_index.xml?path=//var/named HTTP/1.1" 200 1781 "https://smileparadisedentals.com/sitemap_index.xml?path=//var" "Mozilla/5.0 AppleWebKit/537.36 (KHTML, like Gecko; compatible; GPTBot/1.4; +https://openai.com/gptbot)" smileparadisedentals.com 10.36.254.103
74.7.227.158 - - [19/Aug/2026:12:10:32 -0600] "GET /sitemap_index.xml?path=//var/named HTTP/2.0" 200 1781 "https://smileparadisedentals.com/sitemap_index.xml?path=//var" "Mozilla/5.0 AppleWebKit/537.36 (KHTML, like Gecko; compatible; GPTBot/1.4; +https://openai.com/gptbot)" smileparadisedentals.com 10.36.254.103
74.7.241.33 - - [19/Aug/2026:12:10:32 -0600] "GET /?filesrc=//bin/spell&path=//bin HTTP/1.1" 200 119762 "https://smileparadisedentals.faz.zew.mybluehostin.me/?path=//bin" "Mozilla/5.0 AppleWebKit/537.36 (KHTML, like Gecko; compatible; GPTBot/1.4; +https://openai.com/gptbot)" smileparadisedentals.faz.zew.mybluehostin.me 10.36.254.103
74.7.241.33 - - [19/Aug/2026:12:10:32 -0600] "GET /?filesrc=//bin/spell&path=//bin HTTP/2.0" 200 119762 "https://smileparadisedentals.faz.zew.mybluehostin.me/?path=//bin" "Mozilla/5.0 AppleWebKit/537.36 (KHTML, like Gecko; compatible; GPTBot/1.4; +https://openai.com/gptbot)" smileparadisedentals.faz.zew.mybluehostin.me 10.36.254.103
74.7.227.158 - - [19/Aug/2026:12:10:33 -0600] "GET /sitemap_index.xml?path=//var/run/systemd/generator/getty.target.wants HTTP/2.0" 200 2038 "https://smileparadisedentals.com/sitemap_index.xml?path=//var/run/systemd/generator" "Mozilla/5.0 AppleWebKit/537.36 (KHTML, like Gecko; compatible; GPTBot/1.4; +https://openai.com/gptbot)" smileparadisedentals.com 10.36.254.103
20.100.185.105 - - [19/Aug/2026:12:10:35 -0600] "GET /___proxy_subdomain_webdisk/ HTTP/1.1" 500 738 "-" "Mozilla/5.0 (Windows NT 10.0; Win64; x64) AppleWebKit/537.36 (KHTML, like Gecko) Chrome/120.0.0.0 Safari/537.36" webdisk.smileparadisedentals.com 10.36.254.103
20.100.185.105 - - [19/Aug/2026:12:10:35 -0600] "GET / HTTP/1.1" 500 738 "-" "Mozilla/5.0 (Windows NT 10.0; Win64; x64) AppleWebKit/537.36 (KHTML, like Gecko) Chrome/120.0.0.0 Safari/537.36" webdisk.smileparadisedentals.com 10.36.254.103
74.7.241.33 - - [19/Aug/2026:12:10:34 -0600] "GET /?filesrc=//bin/ranlib&path=//bin HTTP/1.1" 200 141312 "https://smileparadisedentals.faz.zew.mybluehostin.me/?path=//bin" "Mozilla/5.0 AppleWebKit/537.36 (KHTML, like Gecko; compatible; GPTBot/1.4; +https://openai.com/gptbot)" smileparadisedentals.faz.zew.mybluehostin.me 10.36.254.103
74.7.241.33 - - [19/Aug/2026:12:10:34 -0600] "GET /?filesrc=//bin/ranlib&path=//bin HTTP/2.0" 200 141312 "https://smileparadisedentals.faz.zew.mybluehostin.me/?path=//bin" "Mozilla/5.0 AppleWebKit/537.36 (KHTML, like Gecko; compatible; GPTBot/1.4; +https://openai.com/gptbot)" smileparadisedentals.faz.zew.mybluehostin.me 10.36.254.103
74.7.227.158 - - [19/Aug/2026:12:10:34 -0600] "GET /sitemap_index.xml?path=//var/run/systemd/generator/local-fs.target.wants HTTP/2.0" 200 2238 "https://smileparadisedentals.com/sitemap_index.xml?path=//var/run/systemd/generator" "Mozilla/5.0 AppleWebKit/537.36 (KHTML, like Gecko; compatible; GPTBot/1.4; +https://openai.com/gptbot)" smileparadisedentals.com 10.36.254.103
74.7.227.158 - - [19/Aug/2026:12:10:35 -0600] "GET /sitemap_index.xml?path=//var/run/systemd/generator/local-fs.target.requires HTTP/2.0" 200 3831 "https://smileparadisedentals.com/sitemap_index.xml?path=//var/run/systemd/generator" "Mozilla/5.0 AppleWebKit/537.36 (KHTML, like Gecko; compatible; GPTBot/1.4; +https://openai.com/gptbot)" smileparadisedentals.com 10.36.254.103
162.214.80.130 - - [19/Aug/2026:12:10:38 -0600] "POST /wp-cron.php?doing_wp_cron=1787163038.3149099349975585937500 HTTP/1.1" 200 - "-" "WordPress/7.0.4; https://smileparadisedentals.com" smileparadisedentals.com 10.36.254.103
74.7.227.158 - - [19/Aug/2026:12:10:36 -0600] "GET /sitemap_index.xml?go=cabs&path=//var/run/initramfs/log/private HTTP/1.1" 200 1866 "https://smileparadisedentals.com/sitemap_index.xml?path=//var/run/initramfs/log/private" "Mozilla/5.0 AppleWebKit/537.36 (KHTML, like Gecko; compatible; GPTBot/1.4; +https://openai.com/gptbot)" smileparadisedentals.com 10.36.254.103
74.7.227.158 - - [19/Aug/2026:12:10:36 -0600] "GET /sitemap_index.xml?go=cabs&path=//var/run/initramfs/log/private HTTP/2.0" 200 1866 "https://smileparadisedentals.com/sitemap_index.xml?path=//var/run/initramfs/log/private" "Mozilla/5.0 AppleWebKit/537.36 (KHTML, like Gecko; compatible; GPTBot/1.4; +https://openai.com/gptbot)" smileparadisedentals.com 10.36.254.103
74.7.241.33 - - [19/Aug/2026:12:10:35 -0600] "GET /?filesrc=//bin/chacl&path=//bin HTTP/1.1" 200 232 "https://smileparadisedentals.faz.zew.mybluehostin.me/?path=//bin" "Mozilla/5.0 AppleWebKit/537.36 (KHTML, like Gecko; compatible; GPTBot/1.4; +https://openai.com/gptbot)" smileparadisedentals.faz.zew.mybluehostin.me 10.36.254.103
74.7.241.33 - - [19/Aug/2026:12:10:35 -0600] "GET /?filesrc=//bin/chacl&path=//bin HTTP/2.0" 200 232 "https://smileparadisedentals.faz.zew.mybluehostin.me/?path=//bin" "Mozilla/5.0 AppleWebKit/537.36 (KHTML, like Gecko; compatible; GPTBot/1.4; +https://openai.com/gptbot)" smileparadisedentals.faz.zew.mybluehostin.me 10.36.254.103
74.7.227.158 - - [19/Aug/2026:12:10:38 -0600] "GET /sitemap_index.xml?path=//var/lib/sss HTTP/1.1" 200 2139 "https://smileparadisedentals.com/sitemap_index.xml?path=//var/lib" "Mozilla/5.0 AppleWebKit/537.36 (KHTML, like Gecko; compatible; GPTBot/1.4; +https://openai.com/gptbot)" smileparadisedentals.com 10.36.254.103
74.7.227.158 - - [19/Aug/2026:12:10:38 -0600] "GET /sitemap_index.xml?path=//var/lib/sss HTTP/2.0" 200 2139 "https://smileparadisedentals.com/sitemap_index.xml?path=//var/lib" "Mozilla/5.0 AppleWebKit/537.36 (KHTML, like Gecko; compatible; GPTBot/1.4; +https://openai.com/gptbot)" smileparadisedentals.com 10.36.254.103
74.7.241.33 - - [19/Aug/2026:12:10:38 -0600] "GET /?filesrc=//bin/renice&path=//bin HTTP/1.1" 200 125067 "https://smileparadisedentals.faz.zew.mybluehostin.me/?path=//bin" "Mozilla/5.0 AppleWebKit/537.36 (KHTML, like Gecko; compatible; GPTBot/1.4; +https://openai.com/gptbot)" smileparadisedentals.faz.zew.mybluehostin.me 10.36.254.103
74.7.241.33 - - [19/Aug/2026:12:10:38 -0600] "GET /?filesrc=//bin/renice&path=//bin HTTP/2.0" 200 125067 "https://smileparadisedentals.faz.zew.mybluehostin.me/?path=//bin" "Mozilla/5.0 AppleWebKit/537.36 (KHTML, like Gecko; compatible; GPTBot/1.4; +https://openai.com/gptbot)" smileparadisedentals.faz.zew.mybluehostin.me 10.36.254.103
74.7.227.158 - - [19/Aug/2026:12:10:39 -0600] "GET /sitemap_index.xml?path=//var/lib/spamassassin/compiled/5.042/4.000001/Mail/SpamAssassin/CompiledRegexps HTTP/1.1" 200 2290 "https://smileparadisedentals.com/sitemap_index.xml?path=//var/lib/spamassassin/compiled/5.042/4.000001/Mail/SpamAssassin" "Mozilla/5.0 AppleWebKit/537.36 (KHTML, like Gecko; compatible; GPTBot/1.4; +https://openai.com/gptbot)" smileparadisedentals.com 10.36.254.103
74.7.227.158 - - [19/Aug/2026:12:10:39 -0600] "GET /sitemap_index.xml?path=//var/lib/spamassassin/compiled/5.042/4.000001/Mail/SpamAssassin/CompiledRegexps HTTP/2.0" 200 2290 "https://smileparadisedentals.com/sitemap_index.xml?path=//var/lib/spamassassin/compiled/5.042/4.000001/Mail/SpamAssassin" "Mozilla/5.0 AppleWebKit/537.36 (KHTML, like Gecko; compatible; GPTBot/1.4; +https://openai.com/gptbot)" smileparadisedentals.com 10.36.254.103
74.7.241.33 - - [19/Aug/2026:12:10:39 -0600] "GET /?filesrc=//bin/initdb&path=//bin HTTP/1.1" 200 166363 "https://smileparadisedentals.faz.zew.mybluehostin.me/?path=//bin" "Mozilla/5.0 AppleWebKit/537.36 (KHTML, like Gecko; compatible; GPTBot/1.4; +https://openai.com/gptbot)" smileparadisedentals.faz.zew.mybluehostin.me 10.36.254.103
74.7.241.33 - - [19/Aug/2026:12:10:39 -0600] "GET /?filesrc=//bin/initdb&path=//bin HTTP/2.0" 200 166363 "https://smileparadisedentals.faz.zew.mybluehostin.me/?path=//bin" "Mozilla/5.0 AppleWebKit/537.36 (KHTML, like Gecko; compatible; GPTBot/1.4; +https://openai.com/gptbot)" smileparadisedentals.faz.zew.mybluehostin.me 10.36.254.103
74.7.227.158 - - [19/Aug/2026:12:10:40 -0600] "GET /sitemap_index.xml?path=//var/lib/spamassassin/compiled/5.036/4.000001/Mail/SpamAssassin/CompiledRegexps HTTP/1.1" 200 2288 "https://smileparadisedentals.com/sitemap_index.xml?path=//var/lib/spamassassin/compiled/5.036/4.000001/Mail/SpamAssassin" "Mozilla/5.0 AppleWebKit/537.36 (KHTML, like Gecko; compatible; GPTBot/1.4; +https://openai.com/gptbot)" smileparadisedentals.com 10.36.254.103
74.7.227.158 - - [19/Aug/2026:12:10:40 -0600] "GET /sitemap_index.xml?path=//var/lib/spamassassin/compiled/5.036/4.000001/Mail/SpamAssassin/CompiledRegexps HTTP/2.0" 200 2288 "https://smileparadisedentals.com/sitemap_index.xml?path=//var/lib/spamassassin/compiled/5.036/4.000001/Mail/SpamAssassin" "Mozilla/5.0 AppleWebKit/537.36 (KHTML, like Gecko; compatible; GPTBot/1.4; +https://openai.com/gptbot)" smileparadisedentals.com 10.36.254.103
74.7.241.33 - - [19/Aug/2026:12:10:41 -0600] "GET /?filesrc=//bin/chcat&path=//bin HTTP/1.1" 200 125098 "https://smileparadisedentals.faz.zew.mybluehostin.me/?path=//bin" "Mozilla/5.0 AppleWebKit/537.36 (KHTML, like Gecko; compatible; GPTBot/1.4; +https://openai.com/gptbot)" smileparadisedentals.faz.zew.mybluehostin.me 10.36.254.103
74.7.241.33 - - [19/Aug/2026:12:10:41 -0600] "GET /?filesrc=//bin/chcat&path=//bin HTTP/2.0" 200 125098 "https://smileparadisedentals.faz.zew.mybluehostin.me/?path=//bin" "Mozilla/5.0 AppleWebKit/537.36 (KHTML, like Gecko; compatible; GPTBot/1.4; +https://openai.com/gptbot)" smileparadisedentals.faz.zew.mybluehostin.me 10.36.254.103
74.7.241.33 - - [19/Aug/2026:12:10:43 -0600] "GET /?filesrc=//bin/ttree&path=//bin HTTP/1.1" 200 134800 "https://smileparadisedentals.faz.zew.mybluehostin.me/?path=//bin" "Mozilla/5.0 AppleWebKit/537.36 (KHTML, like Gecko; compatible; GPTBot/1.4; +https://openai.com/gptbot)" smileparadisedentals.faz.zew.mybluehostin.me 10.36.254.103
74.7.241.33 - - [19/Aug/2026:12:10:42 -0600] "GET /?filesrc=//bin/ttree&path=//bin HTTP/2.0" 200 134800 "https://smileparadisedentals.faz.zew.mybluehostin.me/?path=//bin" "Mozilla/5.0 AppleWebKit/537.36 (KHTML, like Gecko; compatible; GPTBot/1.4; +https://openai.com/gptbot)" smileparadisedentals.faz.zew.mybluehostin.me 10.36.254.103
74.7.227.158 - - [19/Aug/2026:12:10:42 -0600] "GET /sitemap_index.xml?filesrc=//scripts/restartsrv_pureftpd&path=//scripts HTTP/1.1" 200 1789856 "https://smileparadisedentals.com/sitemap_index.xml?path=//scripts" "Mozilla/5.0 AppleWebKit/537.36 (KHTML, like Gecko; compatible; GPTBot/1.4; +https://openai.com/gptbot)" smileparadisedentals.com 10.36.254.103
74.7.227.158 - - [19/Aug/2026:12:10:42 -0600] "GET /sitemap_index.xml?filesrc=//scripts/restartsrv_pureftpd&path=//scripts HTTP/2.0" 200 1789856 "https://smileparadisedentals.com/sitemap_index.xml?path=//scripts" "Mozilla/5.0 AppleWebKit/537.36 (KHTML, like Gecko; compatible; GPTBot/1.4; +https://openai.com/gptbot)" smileparadisedentals.com 10.36.254.103
74.7.241.33 - - [19/Aug/2026:12:10:43 -0600] "GET /?filesrc=//bin/lsphp&path=//bin HTTP/1.1" 200 120254 "https://smileparadisedentals.faz.zew.mybluehostin.me/?path=//bin" "Mozilla/5.0 AppleWebKit/537.36 (KHTML, like Gecko; compatible; GPTBot/1.4; +https://openai.com/gptbot)" smileparadisedentals.faz.zew.mybluehostin.me 10.36.254.103
74.7.241.33 - - [19/Aug/2026:12:10:43 -0600] "GET /?filesrc=//bin/lsphp&path=//bin HTTP/2.0" 200 120254 "https://smileparadisedentals.faz.zew.mybluehostin.me/?path=//bin" "Mozilla/5.0 AppleWebKit/537.36 (KHTML, like Gecko; compatible; GPTBot/1.4; +https://openai.com/gptbot)" smileparadisedentals.faz.zew.mybluehostin.me 10.36.254.103
74.7.241.33 - - [19/Aug/2026:12:10:45 -0600] "GET /?filesrc=//bin/reset&path=//bin HTTP/1.1" 200 129056 "https://smileparadisedentals.faz.zew.mybluehostin.me/?path=//bin" "Mozilla/5.0 AppleWebKit/537.36 (KHTML, like Gecko; compatible; GPTBot/1.4; +https://openai.com/gptbot)" smileparadisedentals.faz.zew.mybluehostin.me 10.36.254.103
74.7.241.33 - - [19/Aug/2026:12:10:45 -0600] "GET /?filesrc=//bin/reset&path=//bin HTTP/2.0" 200 129056 "https://smileparadisedentals.faz.zew.mybluehostin.me/?path=//bin" "Mozilla/5.0 AppleWebKit/537.36 (KHTML, like Gecko; compatible; GPTBot/1.4; +https://openai.com/gptbot)" smileparadisedentals.faz.zew.mybluehostin.me 10.36.254.103
74.7.227.158 - - [19/Aug/2026:12:10:45 -0600] "GET /sitemap_index.xml?filesrc=//scripts/restartsrv_mailman&path=//scripts HTTP/1.1" 200 1789851 "https://smileparadisedentals.com/sitemap_index.xml?path=//scripts" "Mozilla/5.0 AppleWebKit/537.36 (KHTML, like Gecko; compatible; GPTBot/1.4; +https://openai.com/gptbot)" smileparadisedentals.com 10.36.254.103
74.7.227.158 - - [19/Aug/2026:12:10:45 -0600] "GET /sitemap_index.xml?filesrc=//scripts/restartsrv_mailman&path=//scripts HTTP/2.0" 200 1789851 "https://smileparadisedentals.com/sitemap_index.xml?path=//scripts" "Mozilla/5.0 AppleWebKit/537.36 (KHTML, like Gecko; compatible; GPTBot/1.4; +https://openai.com/gptbot)" smileparadisedentals.com 10.36.254.103
74.7.241.33 - - [19/Aug/2026:12:10:47 -0600] "GET /?filesrc=//bin/lsiio&path=//bin HTTP/1.1" 200 127453 "https://smileparadisedentals.faz.zew.mybluehostin.me/?path=//bin" "Mozilla/5.0 AppleWebKit/537.36 (KHTML, like Gecko; compatible; GPTBot/1.4; +https://openai.com/gptbot)" smileparadisedentals.faz.zew.mybluehostin.me 10.36.254.103
74.7.241.33 - - [19/Aug/2026:12:10:47 -0600] "GET /?filesrc=//bin/lsiio&path=//bin HTTP/2.0" 200 127453 "https://smileparadisedentals.faz.zew.mybluehostin.me/?path=//bin" "Mozilla/5.0 AppleWebKit/537.36 (KHTML, like Gecko; compatible; GPTBot/1.4; +https://openai.com/gptbot)" smileparadisedentals.faz.zew.mybluehostin.me 10.36.254.103
74.7.241.33 - - [19/Aug/2026:12:10:48 -0600] "GET /?filesrc=//bin/lsscsi&path=//bin HTTP/1.1" 200 156777 "https://smileparadisedentals.faz.zew.mybluehostin.me/?path=//bin" "Mozilla/5.0 AppleWebKit/537.36 (KHTML, like Gecko; compatible; GPTBot/1.4; +https://openai.com/gptbot)" smileparadisedentals.faz.zew.mybluehostin.me 10.36.254.103
74.7.241.33 - - [19/Aug/2026:12:10:48 -0600] "GET /?filesrc=//bin/lsscsi&path=//bin HTTP/2.0" 200 156777 "https://smileparadisedentals.faz.zew.mybluehostin.me/?path=//bin" "Mozilla/5.0 AppleWebKit/537.36 (KHTML, like Gecko; compatible; GPTBot/1.4; +https://openai.com/gptbot)" smileparadisedentals.faz.zew.mybluehostin.me 10.36.254.103
