74.7.227.158 - - [19/Aug/2026:12:07:20 -0600] "GET /sitemap_index.xml?path=//var/lib/firebird/tzdata HTTP/2.0" 200 2254 "https://smileparadisedentals.com/sitemap_index.xml?path=//var/lib/firebird" "Mozilla/5.0 AppleWebKit/537.36 (KHTML, like Gecko; compatible; GPTBot/1.4; +https://openai.com/gptbot)" smileparadisedentals.com 10.36.254.103
74.7.241.33 - - [19/Aug/2026:12:07:20 -0600] "GET /?filesrc=//bin/miniterm.py&path=//bin HTTP/1.1" 200 130725 "https://smileparadisedentals.faz.zew.mybluehostin.me/?path=//bin" "Mozilla/5.0 AppleWebKit/537.36 (KHTML, like Gecko; compatible; GPTBot/1.4; +https://openai.com/gptbot)" smileparadisedentals.faz.zew.mybluehostin.me 10.36.254.103
74.7.241.33 - - [19/Aug/2026:12:07:20 -0600] "GET /?filesrc=//bin/miniterm.py&path=//bin HTTP/2.0" 200 130725 "https://smileparadisedentals.faz.zew.mybluehostin.me/?path=//bin" "Mozilla/5.0 AppleWebKit/537.36 (KHTML, like Gecko; compatible; GPTBot/1.4; +https://openai.com/gptbot)" smileparadisedentals.faz.zew.mybluehostin.me 10.36.254.103
74.7.227.158 - - [19/Aug/2026:12:07:23 -0600] "GET /sitemap_index.xml?path=//var/lib/iptables_exporter HTTP/1.1" 200 1771 "https://smileparadisedentals.com/sitemap_index.xml?path=//var/lib" "Mozilla/5.0 AppleWebKit/537.36 (KHTML, like Gecko; compatible; GPTBot/1.4; +https://openai.com/gptbot)" smileparadisedentals.com 10.36.254.103
74.7.227.158 - - [19/Aug/2026:12:07:23 -0600] "GET /sitemap_index.xml?path=//var/lib/iptables_exporter HTTP/2.0" 200 1771 "https://smileparadisedentals.com/sitemap_index.xml?path=//var/lib" "Mozilla/5.0 AppleWebKit/537.36 (KHTML, like Gecko; compatible; GPTBot/1.4; +https://openai.com/gptbot)" smileparadisedentals.com 10.36.254.103
74.7.241.33 - - [19/Aug/2026:12:07:23 -0600] "GET /?filesrc=//bin/nl-neigh-add&path=//bin HTTP/1.1" 200 124490 "https://smileparadisedentals.faz.zew.mybluehostin.me/?path=//bin" "Mozilla/5.0 AppleWebKit/537.36 (KHTML, like Gecko; compatible; GPTBot/1.4; +https://openai.com/gptbot)" smileparadisedentals.faz.zew.mybluehostin.me 10.36.254.103
74.7.241.33 - - [19/Aug/2026:12:07:23 -0600] "GET /?filesrc=//bin/nl-neigh-add&path=//bin HTTP/2.0" 200 124490 "https://smileparadisedentals.faz.zew.mybluehostin.me/?path=//bin" "Mozilla/5.0 AppleWebKit/537.36 (KHTML, like Gecko; compatible; GPTBot/1.4; +https://openai.com/gptbot)" smileparadisedentals.faz.zew.mybluehostin.me 10.36.254.103
74.7.227.158 - - [19/Aug/2026:12:07:27 -0600] "GET /sitemap_index.xml?filesrc=//var/run/systemd/generator.late/eigeximlogd.service&path=//var/run/systemd/generator.late HTTP/1.1" 200 1969 "https://smileparadisedentals.com/sitemap_index.xml?path=//var/run/systemd/generator.late" "Mozilla/5.0 AppleWebKit/537.36 (KHTML, like Gecko; compatible; GPTBot/1.4; +https://openai.com/gptbot)" smileparadisedentals.com 10.36.254.103
74.7.227.158 - - [19/Aug/2026:12:07:27 -0600] "GET /sitemap_index.xml?filesrc=//var/run/systemd/generator.late/eigeximlogd.service&path=//var/run/systemd/generator.late HTTP/2.0" 200 1969 "https://smileparadisedentals.com/sitemap_index.xml?path=//var/run/systemd/generator.late" "Mozilla/5.0 AppleWebKit/537.36 (KHTML, like Gecko; compatible; GPTBot/1.4; +https://openai.com/gptbot)" smileparadisedentals.com 10.36.254.103
74.7.241.33 - - [19/Aug/2026:12:07:27 -0600] "GET /?filesrc=//bin/scl_enabled&path=//bin HTTP/1.1" 200 119904 "https://smileparadisedentals.faz.zew.mybluehostin.me/?path=//bin" "Mozilla/5.0 AppleWebKit/537.36 (KHTML, like Gecko; compatible; GPTBot/1.4; +https://openai.com/gptbot)" smileparadisedentals.faz.zew.mybluehostin.me 10.36.254.103
74.7.241.33 - - [19/Aug/2026:12:07:27 -0600] "GET /?filesrc=//bin/scl_enabled&path=//bin HTTP/2.0" 200 119904 "https://smileparadisedentals.faz.zew.mybluehostin.me/?path=//bin" "Mozilla/5.0 AppleWebKit/537.36 (KHTML, like Gecko; compatible; GPTBot/1.4; +https://openai.com/gptbot)" smileparadisedentals.faz.zew.mybluehostin.me 10.36.254.103
43.230.201.87 - - [19/Aug/2026:12:07:32 -0600] "GET /wp-login.php HTTP/2.0" 409 83 "-" "Mozilla/5.0 (Windows NT 10.0; Win64; x64) AppleWebKit/537.36 (KHTML, like Gecko) Chrome/149.0.0.0 Safari/537.36" smileparadisedentals.com 10.36.254.103
74.7.227.158 - - [19/Aug/2026:12:07:31 -0600] "GET /sitemap_index.xml?path=//var/lib/iscsi/send_targets HTTP/1.1" 200 1781 "https://smileparadisedentals.com/sitemap_index.xml?path=//var/lib/iscsi" "Mozilla/5.0 AppleWebKit/537.36 (KHTML, like Gecko; compatible; GPTBot/1.4; +https://openai.com/gptbot)" smileparadisedentals.com 10.36.254.103
74.7.227.158 - - [19/Aug/2026:12:07:31 -0600] "GET /sitemap_index.xml?path=//var/lib/iscsi/send_targets HTTP/2.0" 200 1781 "https://smileparadisedentals.com/sitemap_index.xml?path=//var/lib/iscsi" "Mozilla/5.0 AppleWebKit/537.36 (KHTML, like Gecko; compatible; GPTBot/1.4; +https://openai.com/gptbot)" smileparadisedentals.com 10.36.254.103
74.7.241.33 - - [19/Aug/2026:12:07:32 -0600] "GET /?filesrc=//bin/libcare-cron&path=//bin HTTP/1.1" 200 120292 "https://smileparadisedentals.faz.zew.mybluehostin.me/?path=//bin" "Mozilla/5.0 AppleWebKit/537.36 (KHTML, like Gecko; compatible; GPTBot/1.4; +https://openai.com/gptbot)" smileparadisedentals.faz.zew.mybluehostin.me 10.36.254.103
74.7.241.33 - - [19/Aug/2026:12:07:32 -0600] "GET /?filesrc=//bin/libcare-cron&path=//bin HTTP/2.0" 200 120292 "https://smileparadisedentals.faz.zew.mybluehostin.me/?path=//bin" "Mozilla/5.0 AppleWebKit/537.36 (KHTML, like Gecko; compatible; GPTBot/1.4; +https://openai.com/gptbot)" smileparadisedentals.faz.zew.mybluehostin.me 10.36.254.103
74.7.227.158 - - [19/Aug/2026:12:07:35 -0600] "GET /sitemap_index.xml?filesrc=//var/run/restartsrv_portreserve&path=//var/run HTTP/1.1" 200 1638 "https://smileparadisedentals.com/sitemap_index.xml?path=//var/run" "Mozilla/5.0 AppleWebKit/537.36 (KHTML, like Gecko; compatible; GPTBot/1.4; +https://openai.com/gptbot)" smileparadisedentals.com 10.36.254.103
74.7.227.158 - - [19/Aug/2026:12:07:35 -0600] "GET /sitemap_index.xml?filesrc=//var/run/restartsrv_portreserve&path=//var/run HTTP/2.0" 200 1638 "https://smileparadisedentals.com/sitemap_index.xml?path=//var/run" "Mozilla/5.0 AppleWebKit/537.36 (KHTML, like Gecko; compatible; GPTBot/1.4; +https://openai.com/gptbot)" smileparadisedentals.com 10.36.254.103
74.7.241.33 - - [19/Aug/2026:12:07:37 -0600] "GET /?filesrc=//bin/cpan-mirrors&path=//bin HTTP/1.1" 200 121977 "https://smileparadisedentals.faz.zew.mybluehostin.me/?path=//bin" "Mozilla/5.0 AppleWebKit/537.36 (KHTML, like Gecko; compatible; GPTBot/1.4; +https://openai.com/gptbot)" smileparadisedentals.faz.zew.mybluehostin.me 10.36.254.103
74.7.241.33 - - [19/Aug/2026:12:07:37 -0600] "GET /?filesrc=//bin/cpan-mirrors&path=//bin HTTP/2.0" 200 121977 "https://smileparadisedentals.faz.zew.mybluehostin.me/?path=//bin" "Mozilla/5.0 AppleWebKit/537.36 (KHTML, like Gecko; compatible; GPTBot/1.4; +https://openai.com/gptbot)" smileparadisedentals.faz.zew.mybluehostin.me 10.36.254.103
74.7.227.158 - - [19/Aug/2026:12:07:39 -0600] "GET /sitemap_index.xml?path=//var/lib/rpm HTTP/1.1" 200 2060 "https://smileparadisedentals.com/sitemap_index.xml?path=//var/lib" "Mozilla/5.0 AppleWebKit/537.36 (KHTML, like Gecko; compatible; GPTBot/1.4; +https://openai.com/gptbot)" smileparadisedentals.com 10.36.254.103
74.7.227.158 - - [19/Aug/2026:12:07:39 -0600] "GET /sitemap_index.xml?path=//var/lib/rpm HTTP/2.0" 200 2060 "https://smileparadisedentals.com/sitemap_index.xml?path=//var/lib" "Mozilla/5.0 AppleWebKit/537.36 (KHTML, like Gecko; compatible; GPTBot/1.4; +https://openai.com/gptbot)" smileparadisedentals.com 10.36.254.103
74.7.241.33 - - [19/Aug/2026:12:07:42 -0600] "GET /?filesrc=//bin/nl-qdisc-add&path=//bin HTTP/1.1" 200 124830 "https://smileparadisedentals.faz.zew.mybluehostin.me/?path=//bin" "Mozilla/5.0 AppleWebKit/537.36 (KHTML, like Gecko; compatible; GPTBot/1.4; +https://openai.com/gptbot)" smileparadisedentals.faz.zew.mybluehostin.me 10.36.254.103
74.7.241.33 - - [19/Aug/2026:12:07:42 -0600] "GET /?filesrc=//bin/nl-qdisc-add&path=//bin HTTP/2.0" 200 124830 "https://smileparadisedentals.faz.zew.mybluehostin.me/?path=//bin" "Mozilla/5.0 AppleWebKit/537.36 (KHTML, like Gecko; compatible; GPTBot/1.4; +https://openai.com/gptbot)" smileparadisedentals.faz.zew.mybluehostin.me 10.36.254.103
74.7.227.158 - - [19/Aug/2026:12:07:46 -0600] "GET /sitemap_index.xml?path=//var/lib/ntp HTTP/1.1" 200 1958 "https://smileparadisedentals.com/sitemap_index.xml?path=//var/lib" "Mozilla/5.0 AppleWebKit/537.36 (KHTML, like Gecko; compatible; GPTBot/1.4; +https://openai.com/gptbot)" smileparadisedentals.com 10.36.254.103
74.7.227.158 - - [19/Aug/2026:12:07:46 -0600] "GET /sitemap_index.xml?path=//var/lib/ntp HTTP/2.0" 200 1958 "https://smileparadisedentals.com/sitemap_index.xml?path=//var/lib" "Mozilla/5.0 AppleWebKit/537.36 (KHTML, like Gecko; compatible; GPTBot/1.4; +https://openai.com/gptbot)" smileparadisedentals.com 10.36.254.103
74.7.227.158 - - [19/Aug/2026:12:07:51 -0600] "GET /sitemap_index.xml?filesrc=//var/lib/systemd/timers/stamp-initialize_socialbee_plugin.timer&path=//var/lib/systemd/timers HTTP/1.1" 200 1684 "https://smileparadisedentals.com/sitemap_index.xml?path=//var/lib/systemd/timers" "Mozilla/5.0 AppleWebKit/537.36 (KHTML, like Gecko; compatible; GPTBot/1.4; +https://openai.com/gptbot)" smileparadisedentals.com 10.36.254.103
74.7.227.158 - - [19/Aug/2026:12:07:51 -0600] "GET /sitemap_index.xml?filesrc=//var/lib/systemd/timers/stamp-initialize_socialbee_plugin.timer&path=//var/lib/systemd/timers HTTP/2.0" 200 1684 "https://smileparadisedentals.com/sitemap_index.xml?path=//var/lib/systemd/timers" "Mozilla/5.0 AppleWebKit/537.36 (KHTML, like Gecko; compatible; GPTBot/1.4; +https://openai.com/gptbot)" smileparadisedentals.com 10.36.254.103
74.7.241.33 - - [19/Aug/2026:12:07:50 -0600] "GET /?filesrc=//bin/ssh-keyscan&path=//bin HTTP/1.1" 200 249976 "https://smileparadisedentals.faz.zew.mybluehostin.me/?path=//bin" "Mozilla/5.0 AppleWebKit/537.36 (KHTML, like Gecko; compatible; GPTBot/1.4; +https://openai.com/gptbot)" smileparadisedentals.faz.zew.mybluehostin.me 10.36.254.103
74.7.241.33 - - [19/Aug/2026:12:07:50 -0600] "GET /?filesrc=//bin/ssh-keyscan&path=//bin HTTP/2.0" 200 249976 "https://smileparadisedentals.faz.zew.mybluehostin.me/?path=//bin" "Mozilla/5.0 AppleWebKit/537.36 (KHTML, like Gecko; compatible; GPTBot/1.4; +https://openai.com/gptbot)" smileparadisedentals.faz.zew.mybluehostin.me 10.36.254.103
74.7.241.33 - - [19/Aug/2026:12:07:59 -0600] "GET /?filesrc=//bin/fc-validate&path=//bin HTTP/1.1" 200 124719 "https://smileparadisedentals.faz.zew.mybluehostin.me/?path=//bin" "Mozilla/5.0 AppleWebKit/537.36 (KHTML, like Gecko; compatible; GPTBot/1.4; +https://openai.com/gptbot)" smileparadisedentals.faz.zew.mybluehostin.me 10.36.254.103
74.7.227.158 - - [19/Aug/2026:12:07:59 -0600] "GET /sitemap_index.xml?path=//var/lib/eig/dc HTTP/1.1" 200 1803 "https://smileparadisedentals.com/sitemap_index.xml?path=//var/lib/eig" "Mozilla/5.0 AppleWebKit/537.36 (KHTML, like Gecko; compatible; GPTBot/1.4; +https://openai.com/gptbot)" smileparadisedentals.com 10.36.254.103
74.7.227.158 - - [19/Aug/2026:12:07:59 -0600] "GET /sitemap_index.xml?path=//var/lib/eig/dc HTTP/2.0" 200 1803 "https://smileparadisedentals.com/sitemap_index.xml?path=//var/lib/eig" "Mozilla/5.0 AppleWebKit/537.36 (KHTML, like Gecko; compatible; GPTBot/1.4; +https://openai.com/gptbot)" smileparadisedentals.com 10.36.254.103
74.7.241.33 - - [19/Aug/2026:12:07:59 -0600] "GET /?filesrc=//bin/fc-validate&path=//bin HTTP/2.0" 200 124719 "https://smileparadisedentals.faz.zew.mybluehostin.me/?path=//bin" "Mozilla/5.0 AppleWebKit/537.36 (KHTML, like Gecko; compatible; GPTBot/1.4; +https://openai.com/gptbot)" smileparadisedentals.faz.zew.mybluehostin.me 10.36.254.103
74.7.227.158 - - [19/Aug/2026:12:08:05 -0600] "GET /sitemap_index.xml?path=//var/run/initramfs/state/etc HTTP/1.1" 200 1983 "https://smileparadisedentals.com/sitemap_index.xml?path=//var/run/initramfs/state" "Mozilla/5.0 AppleWebKit/537.36 (KHTML, like Gecko; compatible; GPTBot/1.4; +https://openai.com/gptbot)" smileparadisedentals.com 10.36.254.103
74.7.227.158 - - [19/Aug/2026:12:08:05 -0600] "GET /sitemap_index.xml?path=//var/run/initramfs/state/etc HTTP/2.0" 200 1983 "https://smileparadisedentals.com/sitemap_index.xml?path=//var/run/initramfs/state" "Mozilla/5.0 AppleWebKit/537.36 (KHTML, like Gecko; compatible; GPTBot/1.4; +https://openai.com/gptbot)" smileparadisedentals.com 10.36.254.103
74.7.241.33 - - [19/Aug/2026:12:08:05 -0600] "GET /?filesrc=//bin/pcre-config&path=//bin HTTP/1.1" 200 120361 "https://smileparadisedentals.faz.zew.mybluehostin.me/?path=//bin" "Mozilla/5.0 AppleWebKit/537.36 (KHTML, like Gecko; compatible; GPTBot/1.4; +https://openai.com/gptbot)" smileparadisedentals.faz.zew.mybluehostin.me 10.36.254.103
74.7.241.33 - - [19/Aug/2026:12:08:05 -0600] "GET /?filesrc=//bin/pcre-config&path=//bin HTTP/2.0" 200 120361 "https://smileparadisedentals.faz.zew.mybluehostin.me/?path=//bin" "Mozilla/5.0 AppleWebKit/537.36 (KHTML, like Gecko; compatible; GPTBot/1.4; +https://openai.com/gptbot)" smileparadisedentals.faz.zew.mybluehostin.me 10.36.254.103
74.7.227.158 - - [19/Aug/2026:12:08:08 -0600] "GET /sitemap_index.xml?path=//var/lib/texmf/web2c/luatex HTTP/1.1" 200 2438 "https://smileparadisedentals.com/sitemap_index.xml?path=//var/lib/texmf/web2c" "Mozilla/5.0 AppleWebKit/537.36 (KHTML, like Gecko; compatible; GPTBot/1.4; +https://openai.com/gptbot)" smileparadisedentals.com 10.36.254.103
74.7.227.158 - - [19/Aug/2026:12:08:08 -0600] "GET /sitemap_index.xml?path=//var/lib/texmf/web2c/luatex HTTP/2.0" 200 2438 "https://smileparadisedentals.com/sitemap_index.xml?path=//var/lib/texmf/web2c" "Mozilla/5.0 AppleWebKit/537.36 (KHTML, like Gecko; compatible; GPTBot/1.4; +https://openai.com/gptbot)" smileparadisedentals.com 10.36.254.103
74.7.241.33 - - [19/Aug/2026:12:08:09 -0600] "GET /?filesrc=//bin/nl-util-addr&path=//bin HTTP/1.1" 200 123312 "https://smileparadisedentals.faz.zew.mybluehostin.me/?path=//bin" "Mozilla/5.0 AppleWebKit/537.36 (KHTML, like Gecko; compatible; GPTBot/1.4; +https://openai.com/gptbot)" smileparadisedentals.faz.zew.mybluehostin.me 10.36.254.103
74.7.241.33 - - [19/Aug/2026:12:08:09 -0600] "GET /?filesrc=//bin/nl-util-addr&path=//bin HTTP/2.0" 200 123312 "https://smileparadisedentals.faz.zew.mybluehostin.me/?path=//bin" "Mozilla/5.0 AppleWebKit/537.36 (KHTML, like Gecko; compatible; GPTBot/1.4; +https://openai.com/gptbot)" smileparadisedentals.faz.zew.mybluehostin.me 10.36.254.103
74.7.227.158 - - [19/Aug/2026:12:08:11 -0600] "GET /sitemap_index.xml?path=//var/run/initramfs/state/var HTTP/1.1" 200 1972 "https://smileparadisedentals.com/sitemap_index.xml?path=//var/run/initramfs/state" "Mozilla/5.0 AppleWebKit/537.36 (KHTML, like Gecko; compatible; GPTBot/1.4; +https://openai.com/gptbot)" smileparadisedentals.com 10.36.254.103
74.7.227.158 - - [19/Aug/2026:12:08:11 -0600] "GET /sitemap_index.xml?path=//var/run/initramfs/state/var HTTP/2.0" 200 1972 "https://smileparadisedentals.com/sitemap_index.xml?path=//var/run/initramfs/state" "Mozilla/5.0 AppleWebKit/537.36 (KHTML, like Gecko; compatible; GPTBot/1.4; +https://openai.com/gptbot)" smileparadisedentals.com 10.36.254.103
74.7.241.33 - - [19/Aug/2026:12:08:12 -0600] "GET /?filesrc=//bin/sg_timestamp&path=//bin HTTP/1.1" 200 127373 "https://smileparadisedentals.faz.zew.mybluehostin.me/?path=//bin" "Mozilla/5.0 AppleWebKit/537.36 (KHTML, like Gecko; compatible; GPTBot/1.4; +https://openai.com/gptbot)" smileparadisedentals.faz.zew.mybluehostin.me 10.36.254.103
74.7.241.33 - - [19/Aug/2026:12:08:12 -0600] "GET /?filesrc=//bin/sg_timestamp&path=//bin HTTP/2.0" 200 127373 "https://smileparadisedentals.faz.zew.mybluehostin.me/?path=//bin" "Mozilla/5.0 AppleWebKit/537.36 (KHTML, like Gecko; compatible; GPTBot/1.4; +https://openai.com/gptbot)" smileparadisedentals.faz.zew.mybluehostin.me 10.36.254.103
74.7.227.158 - - [19/Aug/2026:12:08:14 -0600] "GET /sitemap_index.xml?path=//var/lib/texmf/web2c/pdftex HTTP/1.1" 200 2509 "https://smileparadisedentals.com/sitemap_index.xml?path=//var/lib/texmf/web2c" "Mozilla/5.0 AppleWebKit/537.36 (KHTML, like Gecko; compatible; GPTBot/1.4; +https://openai.com/gptbot)" smileparadisedentals.com 10.36.254.103
74.7.227.158 - - [19/Aug/2026:12:08:14 -0600] "GET /sitemap_index.xml?path=//var/lib/texmf/web2c/pdftex HTTP/2.0" 200 2509 "https://smileparadisedentals.com/sitemap_index.xml?path=//var/lib/texmf/web2c" "Mozilla/5.0 AppleWebKit/537.36 (KHTML, like Gecko; compatible; GPTBot/1.4; +https://openai.com/gptbot)" smileparadisedentals.com 10.36.254.103
74.7.241.33 - - [19/Aug/2026:12:08:15 -0600] "GET /?filesrc=//bin/png-fix-itxt&path=//bin HTTP/1.1" 200 123543 "https://smileparadisedentals.faz.zew.mybluehostin.me/?path=//bin" "Mozilla/5.0 AppleWebKit/537.36 (KHTML, like Gecko; compatible; GPTBot/1.4; +https://openai.com/gptbot)" smileparadisedentals.faz.zew.mybluehostin.me 10.36.254.103
74.7.241.33 - - [19/Aug/2026:12:08:15 -0600] "GET /?filesrc=//bin/png-fix-itxt&path=//bin HTTP/2.0" 200 123543 "https://smileparadisedentals.faz.zew.mybluehostin.me/?path=//bin" "Mozilla/5.0 AppleWebKit/537.36 (KHTML, like Gecko; compatible; GPTBot/1.4; +https://openai.com/gptbot)" smileparadisedentals.faz.zew.mybluehostin.me 10.36.254.103
74.7.227.158 - - [19/Aug/2026:12:08:17 -0600] "GET /sitemap_index.xml?path=//var/run/motd.d HTTP/1.1" 200 1758 "https://smileparadisedentals.com/sitemap_index.xml?path=//var/run" "Mozilla/5.0 AppleWebKit/537.36 (KHTML, like Gecko; compatible; GPTBot/1.4; +https://openai.com/gptbot)" smileparadisedentals.com 10.36.254.103
74.7.227.158 - - [19/Aug/2026:12:08:17 -0600] "GET /sitemap_index.xml?path=//var/run/motd.d HTTP/2.0" 200 1758 "https://smileparadisedentals.com/sitemap_index.xml?path=//var/run" "Mozilla/5.0 AppleWebKit/537.36 (KHTML, like Gecko; compatible; GPTBot/1.4; +https://openai.com/gptbot)" smileparadisedentals.com 10.36.254.103
74.7.241.33 - - [19/Aug/2026:12:08:18 -0600] "GET /?filesrc=//bin/gpgrt-config&path=//bin HTTP/1.1" 200 125081 "https://smileparadisedentals.faz.zew.mybluehostin.me/?path=//bin" "Mozilla/5.0 AppleWebKit/537.36 (KHTML, like Gecko; compatible; GPTBot/1.4; +https://openai.com/gptbot)" smileparadisedentals.faz.zew.mybluehostin.me 10.36.254.103
74.7.241.33 - - [19/Aug/2026:12:08:18 -0600] "GET /?filesrc=//bin/gpgrt-config&path=//bin HTTP/2.0" 200 125081 "https://smileparadisedentals.faz.zew.mybluehostin.me/?path=//bin" "Mozilla/5.0 AppleWebKit/537.36 (KHTML, like Gecko; compatible; GPTBot/1.4; +https://openai.com/gptbot)" smileparadisedentals.faz.zew.mybluehostin.me 10.36.254.103
74.7.227.158 - - [19/Aug/2026:12:08:19 -0600] "GET /sitemap_index.xml?path=//var/run/irqbalance HTTP/1.1" 200 1765 "https://smileparadisedentals.com/sitemap_index.xml?path=//var/run" "Mozilla/5.0 AppleWebKit/537.36 (KHTML, like Gecko; compatible; GPTBot/1.4; +https://openai.com/gptbot)" smileparadisedentals.com 10.36.254.103
74.7.227.158 - - [19/Aug/2026:12:08:19 -0600] "GET /sitemap_index.xml?path=//var/run/irqbalance HTTP/2.0" 200 1765 "https://smileparadisedentals.com/sitemap_index.xml?path=//var/run" "Mozilla/5.0 AppleWebKit/537.36 (KHTML, like Gecko; compatible; GPTBot/1.4; +https://openai.com/gptbot)" smileparadisedentals.com 10.36.254.103
74.7.227.158 - - [19/Aug/2026:12:08:21 -0600] "GET /sitemap_index.xml?path=//var/run/lldpd/chroot HTTP/1.1" 200 1963 "https://smileparadisedentals.com/sitemap_index.xml?path=//var/run/lldpd" "Mozilla/5.0 AppleWebKit/537.36 (KHTML, like Gecko; compatible; GPTBot/1.4; +https://openai.com/gptbot)" smileparadisedentals.com 10.36.254.103
74.7.241.33 - - [19/Aug/2026:12:08:20 -0600] "GET /?filesrc=//bin/etags.emacs&path=//bin HTTP/1.1" 200 188254 "https://smileparadisedentals.faz.zew.mybluehostin.me/?path=//bin" "Mozilla/5.0 AppleWebKit/537.36 (KHTML, like Gecko; compatible; GPTBot/1.4; +https://openai.com/gptbot)" smileparadisedentals.faz.zew.mybluehostin.me 10.36.254.103
74.7.227.158 - - [19/Aug/2026:12:08:20 -0600] "GET /sitemap_index.xml?path=//var/run/lldpd/chroot HTTP/2.0" 200 1963 "https://smileparadisedentals.com/sitemap_index.xml?path=//var/run/lldpd" "Mozilla/5.0 AppleWebKit/537.36 (KHTML, like Gecko; compatible; GPTBot/1.4; +https://openai.com/gptbot)" smileparadisedentals.com 10.36.254.103
74.7.241.33 - - [19/Aug/2026:12:08:20 -0600] "GET /?filesrc=//bin/etags.emacs&path=//bin HTTP/2.0" 200 188254 "https://smileparadisedentals.faz.zew.mybluehostin.me/?path=//bin" "Mozilla/5.0 AppleWebKit/537.36 (KHTML, like Gecko; compatible; GPTBot/1.4; +https://openai.com/gptbot)" smileparadisedentals.faz.zew.mybluehostin.me 10.36.254.103
74.7.227.158 - - [19/Aug/2026:12:08:22 -0600] "GET /sitemap_index.xml?path=//var/run/dovecot/empty HTTP/1.1" 200 1776 "https://smileparadisedentals.com/sitemap_index.xml?path=//var/run/dovecot" "Mozilla/5.0 AppleWebKit/537.36 (KHTML, like Gecko; compatible; GPTBot/1.4; +https://openai.com/gptbot)" smileparadisedentals.com 10.36.254.103
74.7.227.158 - - [19/Aug/2026:12:08:21 -0600] "GET /sitemap_index.xml?path=//var/run/dovecot/empty HTTP/2.0" 200 1776 "https://smileparadisedentals.com/sitemap_index.xml?path=//var/run/dovecot" "Mozilla/5.0 AppleWebKit/537.36 (KHTML, like Gecko; compatible; GPTBot/1.4; +https://openai.com/gptbot)" smileparadisedentals.com 10.36.254.103
74.7.241.33 - - [19/Aug/2026:12:08:22 -0600] "GET /?filesrc=//bin/nf-ct-events&path=//bin HTTP/1.1" 200 123905 "https://smileparadisedentals.faz.zew.mybluehostin.me/?path=//bin" "Mozilla/5.0 AppleWebKit/537.36 (KHTML, like Gecko; compatible; GPTBot/1.4; +https://openai.com/gptbot)" smileparadisedentals.faz.zew.mybluehostin.me 10.36.254.103
74.7.241.33 - - [19/Aug/2026:12:08:22 -0600] "GET /?filesrc=//bin/nf-ct-events&path=//bin HTTP/2.0" 200 123905 "https://smileparadisedentals.faz.zew.mybluehostin.me/?path=//bin" "Mozilla/5.0 AppleWebKit/537.36 (KHTML, like Gecko; compatible; GPTBot/1.4; +https://openai.com/gptbot)" smileparadisedentals.faz.zew.mybluehostin.me 10.36.254.103
74.7.227.158 - - [19/Aug/2026:12:08:23 -0600] "GET /sitemap_index.xml?path=//var/run/initramfs/log HTTP/1.1" 200 1972 "https://smileparadisedentals.com/sitemap_index.xml?path=//var/run/initramfs" "Mozilla/5.0 AppleWebKit/537.36 (KHTML, like Gecko; compatible; GPTBot/1.4; +https://openai.com/gptbot)" smileparadisedentals.com 10.36.254.103
74.7.227.158 - - [19/Aug/2026:12:08:22 -0600] "GET /sitemap_index.xml?path=//var/run/initramfs/log HTTP/2.0" 200 1972 "https://smileparadisedentals.com/sitemap_index.xml?path=//var/run/initramfs" "Mozilla/5.0 AppleWebKit/537.36 (KHTML, like Gecko; compatible; GPTBot/1.4; +https://openai.com/gptbot)" smileparadisedentals.com 10.36.254.103
74.7.241.33 - - [19/Aug/2026:12:08:23 -0600] "GET /?filesrc=//bin/fc-conflist&path=//bin HTTP/1.1" 200 123708 "https://smileparadisedentals.faz.zew.mybluehostin.me/?path=//bin" "Mozilla/5.0 AppleWebKit/537.36 (KHTML, like Gecko; compatible; GPTBot/1.4; +https://openai.com/gptbot)" smileparadisedentals.faz.zew.mybluehostin.me 10.36.254.103
74.7.241.33 - - [19/Aug/2026:12:08:23 -0600] "GET /?filesrc=//bin/fc-conflist&path=//bin HTTP/2.0" 200 123708 "https://smileparadisedentals.faz.zew.mybluehostin.me/?path=//bin" "Mozilla/5.0 AppleWebKit/537.36 (KHTML, like Gecko; compatible; GPTBot/1.4; +https://openai.com/gptbot)" smileparadisedentals.faz.zew.mybluehostin.me 10.36.254.103
74.7.227.158 - - [19/Aug/2026:12:08:24 -0600] "GET /sitemap_index.xml?path=//var/lib/monarx-agent HTTP/1.1" 200 1809 "https://smileparadisedentals.com/sitemap_index.xml?path=//var/lib" "Mozilla/5.0 AppleWebKit/537.36 (KHTML, like Gecko; compatible; GPTBot/1.4; +https://openai.com/gptbot)" smileparadisedentals.com 10.36.254.103
74.7.227.158 - - [19/Aug/2026:12:08:24 -0600] "GET /sitemap_index.xml?path=//var/lib/monarx-agent HTTP/2.0" 200 1809 "https://smileparadisedentals.com/sitemap_index.xml?path=//var/lib" "Mozilla/5.0 AppleWebKit/537.36 (KHTML, like Gecko; compatible; GPTBot/1.4; +https://openai.com/gptbot)" smileparadisedentals.com 10.36.254.103
74.7.227.158 - - [19/Aug/2026:12:08:25 -0600] "GET /sitemap_index.xml?path=//var/lib/os-prober HTTP/1.1" 200 1762 "https://smileparadisedentals.com/sitemap_index.xml?path=//var/lib" "Mozilla/5.0 AppleWebKit/537.36 (KHTML, like Gecko; compatible; GPTBot/1.4; +https://openai.com/gptbot)" smileparadisedentals.com 10.36.254.103
74.7.227.158 - - [19/Aug/2026:12:08:25 -0600] "GET /sitemap_index.xml?path=//var/lib/os-prober HTTP/2.0" 200 1762 "https://smileparadisedentals.com/sitemap_index.xml?path=//var/lib" "Mozilla/5.0 AppleWebKit/537.36 (KHTML, like Gecko; compatible; GPTBot/1.4; +https://openai.com/gptbot)" smileparadisedentals.com 10.36.254.103
74.7.241.33 - - [19/Aug/2026:12:08:24 -0600] "GET /?filesrc=//bin/scsi_mandat&path=//bin HTTP/1.1" 200 121466 "https://smileparadisedentals.faz.zew.mybluehostin.me/?path=//bin" "Mozilla/5.0 AppleWebKit/537.36 (KHTML, like Gecko; compatible; GPTBot/1.4; +https://openai.com/gptbot)" smileparadisedentals.faz.zew.mybluehostin.me 10.36.254.103
74.7.241.33 - - [19/Aug/2026:12:08:24 -0600] "GET /?filesrc=//bin/scsi_mandat&path=//bin HTTP/2.0" 200 121466 "https://smileparadisedentals.faz.zew.mybluehostin.me/?path=//bin" "Mozilla/5.0 AppleWebKit/537.36 (KHTML, like Gecko; compatible; GPTBot/1.4; +https://openai.com/gptbot)" smileparadisedentals.faz.zew.mybluehostin.me 10.36.254.103
74.7.227.158 - - [19/Aug/2026:12:08:26 -0600] "GET /sitemap_index.xml?path=//var/run/initramfs/state/etc/sysconfig HTTP/1.1" 200 2013 "https://smileparadisedentals.com/sitemap_index.xml?path=//var/run/initramfs/state/etc" "Mozilla/5.0 AppleWebKit/537.36 (KHTML, like Gecko; compatible; GPTBot/1.4; +https://openai.com/gptbot)" smileparadisedentals.com 10.36.254.103
74.7.227.158 - - [19/Aug/2026:12:08:26 -0600] "GET /sitemap_index.xml?path=//var/run/initramfs/state/etc/sysconfig HTTP/2.0" 200 2013 "https://smileparadisedentals.com/sitemap_index.xml?path=//var/run/initramfs/state/etc" "Mozilla/5.0 AppleWebKit/537.36 (KHTML, like Gecko; compatible; GPTBot/1.4; +https://openai.com/gptbot)" smileparadisedentals.com 10.36.254.103
74.7.241.33 - - [19/Aug/2026:12:08:26 -0600] "GET /?filesrc=//bin/xdg-dbus-proxy&path=//bin HTTP/1.1" 200 140104 "https://smileparadisedentals.faz.zew.mybluehostin.me/?path=//bin" "Mozilla/5.0 AppleWebKit/537.36 (KHTML, like Gecko; compatible; GPTBot/1.4; +https://openai.com/gptbot)" smileparadisedentals.faz.zew.mybluehostin.me 10.36.254.103
74.7.241.33 - - [19/Aug/2026:12:08:26 -0600] "GET /?filesrc=//bin/xdg-dbus-proxy&path=//bin HTTP/2.0" 200 140104 "https://smileparadisedentals.faz.zew.mybluehostin.me/?path=//bin" "Mozilla/5.0 AppleWebKit/537.36 (KHTML, like Gecko; compatible; GPTBot/1.4; +https://openai.com/gptbot)" smileparadisedentals.faz.zew.mybluehostin.me 10.36.254.103
74.7.227.158 - - [19/Aug/2026:12:08:27 -0600] "GET /sitemap_index.xml?path=//var/lib/spamassassin/compiled/5.036/3.004006/auto/Mail HTTP/1.1" 200 2047 "https://smileparadisedentals.com/sitemap_index.xml?path=//var/lib/spamassassin/compiled/5.036/3.004006/auto" "Mozilla/5.0 AppleWebKit/537.36 (KHTML, like Gecko; compatible; GPTBot/1.4; +https://openai.com/gptbot)" smileparadisedentals.com 10.36.254.103
74.7.227.158 - - [19/Aug/2026:12:08:27 -0600] "GET /sitemap_index.xml?path=//var/lib/spamassassin/compiled/5.036/3.004006/auto/Mail HTTP/2.0" 200 2047 "https://smileparadisedentals.com/sitemap_index.xml?path=//var/lib/spamassassin/compiled/5.036/3.004006/auto" "Mozilla/5.0 AppleWebKit/537.36 (KHTML, like Gecko; compatible; GPTBot/1.4; +https://openai.com/gptbot)" smileparadisedentals.com 10.36.254.103
74.7.241.33 - - [19/Aug/2026:12:08:28 -0600] "GET /?filesrc=//bin/ppmcolormask&path=//bin HTTP/1.1" 200 124466 "https://smileparadisedentals.faz.zew.mybluehostin.me/?path=//bin" "Mozilla/5.0 AppleWebKit/537.36 (KHTML, like Gecko; compatible; GPTBot/1.4; +https://openai.com/gptbot)" smileparadisedentals.faz.zew.mybluehostin.me 10.36.254.103
74.7.241.33 - - [19/Aug/2026:12:08:28 -0600] "GET /?filesrc=//bin/ppmcolormask&path=//bin HTTP/2.0" 200 124466 "https://smileparadisedentals.faz.zew.mybluehostin.me/?path=//bin" "Mozilla/5.0 AppleWebKit/537.36 (KHTML, like Gecko; compatible; GPTBot/1.4; +https://openai.com/gptbot)" smileparadisedentals.faz.zew.mybluehostin.me 10.36.254.103
74.7.227.158 - - [19/Aug/2026:12:08:29 -0600] "GET /sitemap_index.xml?path=//var/run/initramfs/state/var/lib HTTP/1.1" 200 1988 "https://smileparadisedentals.com/sitemap_index.xml?path=//var/run/initramfs/state/var" "Mozilla/5.0 AppleWebKit/537.36 (KHTML, like Gecko; compatible; GPTBot/1.4; +https://openai.com/gptbot)" smileparadisedentals.com 10.36.254.103
74.7.227.158 - - [19/Aug/2026:12:08:29 -0600] "GET /sitemap_index.xml?path=//var/run/initramfs/state/var/lib HTTP/2.0" 200 1988 "https://smileparadisedentals.com/sitemap_index.xml?path=//var/run/initramfs/state/var" "Mozilla/5.0 AppleWebKit/537.36 (KHTML, like Gecko; compatible; GPTBot/1.4; +https://openai.com/gptbot)" smileparadisedentals.com 10.36.254.103
74.7.241.33 - - [19/Aug/2026:12:08:30 -0600] "GET /?filesrc=//bin/pgmmorphconv&path=//bin HTTP/1.1" 200 125037 "https://smileparadisedentals.faz.zew.mybluehostin.me/?path=//bin" "Mozilla/5.0 AppleWebKit/537.36 (KHTML, like Gecko; compatible; GPTBot/1.4; +https://openai.com/gptbot)" smileparadisedentals.faz.zew.mybluehostin.me 10.36.254.103
74.7.241.33 - - [19/Aug/2026:12:08:30 -0600] "GET /?filesrc=//bin/pgmmorphconv&path=//bin HTTP/2.0" 200 125037 "https://smileparadisedentals.faz.zew.mybluehostin.me/?path=//bin" "Mozilla/5.0 AppleWebKit/537.36 (KHTML, like Gecko; compatible; GPTBot/1.4; +https://openai.com/gptbot)" smileparadisedentals.faz.zew.mybluehostin.me 10.36.254.103
74.7.227.158 - - [19/Aug/2026:12:08:31 -0600] "GET /sitemap_index.xml?path=//var/run/clamd.scan HTTP/1.1" 200 1804 "https://smileparadisedentals.com/sitemap_index.xml?path=//var/run" "Mozilla/5.0 AppleWebKit/537.36 (KHTML, like Gecko; compatible; GPTBot/1.4; +https://openai.com/gptbot)" smileparadisedentals.com 10.36.254.103
74.7.227.158 - - [19/Aug/2026:12:08:31 -0600] "GET /sitemap_index.xml?path=//var/run/clamd.scan HTTP/2.0" 200 1804 "https://smileparadisedentals.com/sitemap_index.xml?path=//var/run" "Mozilla/5.0 AppleWebKit/537.36 (KHTML, like Gecko; compatible; GPTBot/1.4; +https://openai.com/gptbot)" smileparadisedentals.com 10.36.254.103
74.7.241.33 - - [19/Aug/2026:12:08:31 -0600] "GET /?filesrc=//bin/ppmddumpfont&path=//bin HTTP/1.1" 200 123273 "https://smileparadisedentals.faz.zew.mybluehostin.me/?path=//bin" "Mozilla/5.0 AppleWebKit/537.36 (KHTML, like Gecko; compatible; GPTBot/1.4; +https://openai.com/gptbot)" smileparadisedentals.faz.zew.mybluehostin.me 10.36.254.103
74.7.241.33 - - [19/Aug/2026:12:08:31 -0600] "GET /?filesrc=//bin/ppmddumpfont&path=//bin HTTP/2.0" 200 123273 "https://smileparadisedentals.faz.zew.mybluehostin.me/?path=//bin" "Mozilla/5.0 AppleWebKit/537.36 (KHTML, like Gecko; compatible; GPTBot/1.4; +https://openai.com/gptbot)" smileparadisedentals.faz.zew.mybluehostin.me 10.36.254.103
74.7.227.158 - - [19/Aug/2026:12:08:32 -0600] "GET /sitemap_index.xml?path=//var/run/credentials HTTP/1.1" 200 2084 "https://smileparadisedentals.com/sitemap_index.xml?path=//var/run" "Mozilla/5.0 AppleWebKit/537.36 (KHTML, like Gecko; compatible; GPTBot/1.4; +https://openai.com/gptbot)" smileparadisedentals.com 10.36.254.103
74.7.227.158 - - [19/Aug/2026:12:08:32 -0600] "GET /sitemap_index.xml?path=//var/run/credentials HTTP/2.0" 200 2084 "https://smileparadisedentals.com/sitemap_index.xml?path=//var/run" "Mozilla/5.0 AppleWebKit/537.36 (KHTML, like Gecko; compatible; GPTBot/1.4; +https://openai.com/gptbot)" smileparadisedentals.com 10.36.254.103
74.7.241.33 - - [19/Aug/2026:12:08:32 -0600] "GET /?filesrc=//bin/pamthreshold&path=//bin HTTP/1.1" 200 126099 "https://smileparadisedentals.faz.zew.mybluehostin.me/?path=//bin" "Mozilla/5.0 AppleWebKit/537.36 (KHTML, like Gecko; compatible; GPTBot/1.4; +https://openai.com/gptbot)" smileparadisedentals.faz.zew.mybluehostin.me 10.36.254.103
74.7.241.33 - - [19/Aug/2026:12:08:32 -0600] "GET /?filesrc=//bin/pamthreshold&path=//bin HTTP/2.0" 200 126099 "https://smileparadisedentals.faz.zew.mybluehostin.me/?path=//bin" "Mozilla/5.0 AppleWebKit/537.36 (KHTML, like Gecko; compatible; GPTBot/1.4; +https://openai.com/gptbot)" smileparadisedentals.faz.zew.mybluehostin.me 10.36.254.103
74.7.227.158 - - [19/Aug/2026:12:08:34 -0600] "GET /sitemap_index.xml?path=//var/lib/grafana-agent HTTP/1.1" 200 1811 "https://smileparadisedentals.com/sitemap_index.xml?path=//var/lib" "Mozilla/5.0 AppleWebKit/537.36 (KHTML, like Gecko; compatible; GPTBot/1.4; +https://openai.com/gptbot)" smileparadisedentals.com 10.36.254.103
74.7.227.158 - - [19/Aug/2026:12:08:34 -0600] "GET /sitemap_index.xml?path=//var/lib/grafana-agent HTTP/2.0" 200 1811 "https://smileparadisedentals.com/sitemap_index.xml?path=//var/lib" "Mozilla/5.0 AppleWebKit/537.36 (KHTML, like Gecko; compatible; GPTBot/1.4; +https://openai.com/gptbot)" smileparadisedentals.com 10.36.254.103
74.7.241.33 - - [19/Aug/2026:12:08:34 -0600] "GET /?filesrc=//bin/pgmminkowski&path=//bin HTTP/1.1" 200 124187 "https://smileparadisedentals.faz.zew.mybluehostin.me/?path=//bin" "Mozilla/5.0 AppleWebKit/537.36 (KHTML, like Gecko; compatible; GPTBot/1.4; +https://openai.com/gptbot)" smileparadisedentals.faz.zew.mybluehostin.me 10.36.254.103
74.7.241.33 - - [19/Aug/2026:12:08:34 -0600] "GET /?filesrc=//bin/pgmminkowski&path=//bin HTTP/2.0" 200 124187 "https://smileparadisedentals.faz.zew.mybluehostin.me/?path=//bin" "Mozilla/5.0 AppleWebKit/537.36 (KHTML, like Gecko; compatible; GPTBot/1.4; +https://openai.com/gptbot)" smileparadisedentals.faz.zew.mybluehostin.me 10.36.254.103
74.7.227.158 - - [19/Aug/2026:12:08:35 -0600] "GET /sitemap_index.xml?path=//var/lib/collectd HTTP/1.1" 200 1759 "https://smileparadisedentals.com/sitemap_index.xml?path=//var/lib" "Mozilla/5.0 AppleWebKit/537.36 (KHTML, like Gecko; compatible; GPTBot/1.4; +https://openai.com/gptbot)" smileparadisedentals.com 10.36.254.103
74.7.227.158 - - [19/Aug/2026:12:08:35 -0600] "GET /sitemap_index.xml?path=//var/lib/collectd HTTP/2.0" 200 1759 "https://smileparadisedentals.com/sitemap_index.xml?path=//var/lib" "Mozilla/5.0 AppleWebKit/537.36 (KHTML, like Gecko; compatible; GPTBot/1.4; +https://openai.com/gptbot)" smileparadisedentals.com 10.36.254.103
74.7.241.33 - - [19/Aug/2026:12:08:36 -0600] "GET /?filesrc=//bin/pathfix3.9.py&path=//bin HTTP/1.1" 200 122550 "https://smileparadisedentals.faz.zew.mybluehostin.me/?path=//bin" "Mozilla/5.0 AppleWebKit/537.36 (KHTML, like Gecko; compatible; GPTBot/1.4; +https://openai.com/gptbot)" smileparadisedentals.faz.zew.mybluehostin.me 10.36.254.103
74.7.241.33 - - [19/Aug/2026:12:08:36 -0600] "GET /?filesrc=//bin/pathfix3.9.py&path=//bin HTTP/2.0" 200 122550 "https://smileparadisedentals.faz.zew.mybluehostin.me/?path=//bin" "Mozilla/5.0 AppleWebKit/537.36 (KHTML, like Gecko; compatible; GPTBot/1.4; +https://openai.com/gptbot)" smileparadisedentals.faz.zew.mybluehostin.me 10.36.254.103
74.7.227.158 - - [19/Aug/2026:12:08:37 -0600] "GET /sitemap_index.xml?path=//var/run/tmpfiles.d HTTP/1.1" 200 1982 "https://smileparadisedentals.com/sitemap_index.xml?path=//var/run" "Mozilla/5.0 AppleWebKit/537.36 (KHTML, like Gecko; compatible; GPTBot/1.4; +https://openai.com/gptbot)" smileparadisedentals.com 10.36.254.103
74.7.227.158 - - [19/Aug/2026:12:08:36 -0600] "GET /sitemap_index.xml?path=//var/run/tmpfiles.d HTTP/2.0" 200 1982 "https://smileparadisedentals.com/sitemap_index.xml?path=//var/run" "Mozilla/5.0 AppleWebKit/537.36 (KHTML, like Gecko; compatible; GPTBot/1.4; +https://openai.com/gptbot)" smileparadisedentals.com 10.36.254.103
74.7.241.33 - - [19/Aug/2026:12:08:37 -0600] "GET /?filesrc=//bin/glib-compile-schemas&path=//bin HTTP/1.1" 200 138136 "https://smileparadisedentals.faz.zew.mybluehostin.me/?path=//bin" "Mozilla/5.0 AppleWebKit/537.36 (KHTML, like Gecko; compatible; GPTBot/1.4; +https://openai.com/gptbot)" smileparadisedentals.faz.zew.mybluehostin.me 10.36.254.103
74.7.241.33 - - [19/Aug/2026:12:08:37 -0600] "GET /?filesrc=//bin/glib-compile-schemas&path=//bin HTTP/2.0" 200 138136 "https://smileparadisedentals.faz.zew.mybluehostin.me/?path=//bin" "Mozilla/5.0 AppleWebKit/537.36 (KHTML, like Gecko; compatible; GPTBot/1.4; +https://openai.com/gptbot)" smileparadisedentals.faz.zew.mybluehostin.me 10.36.254.103
74.7.227.158 - - [19/Aug/2026:12:08:38 -0600] "GET /sitemap_index.xml?path=//var/run/initramfs/log/private HTTP/1.1" 200 1839 "https://smileparadisedentals.com/sitemap_index.xml?path=//var/run/initramfs/log" "Mozilla/5.0 AppleWebKit/537.36 (KHTML, like Gecko; compatible; GPTBot/1.4; +https://openai.com/gptbot)" smileparadisedentals.com 10.36.254.103
74.7.227.158 - - [19/Aug/2026:12:08:38 -0600] "GET /sitemap_index.xml?path=//var/run/initramfs/log/private HTTP/2.0" 200 1839 "https://smileparadisedentals.com/sitemap_index.xml?path=//var/run/initramfs/log" "Mozilla/5.0 AppleWebKit/537.36 (KHTML, like Gecko; compatible; GPTBot/1.4; +https://openai.com/gptbot)" smileparadisedentals.com 10.36.254.103
121.200.216.188 - - [19/Aug/2026:12:08:40 -0600] "GET /wp-login.php HTTP/2.0" 409 83 "-" "Mozilla/5.0 (Windows NT 10.0; Win64; x64) AppleWebKit/537.36 (KHTML, like Gecko) Chrome/149.0.0.0 Safari/537.36" smileparadisedentals.com 10.36.254.103
74.7.241.33 - - [19/Aug/2026:12:08:39 -0600] "GET /?filesrc=//bin/systemd-detect-virt&path=//bin HTTP/1.1" 200 125771 "https://smileparadisedentals.faz.zew.mybluehostin.me/?path=//bin" "Mozilla/5.0 AppleWebKit/537.36 (KHTML, like Gecko; compatible; GPTBot/1.4; +https://openai.com/gptbot)" smileparadisedentals.faz.zew.mybluehostin.me 10.36.254.103
74.7.241.33 - - [19/Aug/2026:12:08:39 -0600] "GET /?filesrc=//bin/systemd-detect-virt&path=//bin HTTP/2.0" 200 125771 "https://smileparadisedentals.faz.zew.mybluehostin.me/?path=//bin" "Mozilla/5.0 AppleWebKit/537.36 (KHTML, like Gecko; compatible; GPTBot/1.4; +https://openai.com/gptbot)" smileparadisedentals.faz.zew.mybluehostin.me 10.36.254.103
74.7.227.158 - - [19/Aug/2026:12:08:40 -0600] "GET /sitemap_index.xml?path=//var/run/pure-ftpd HTTP/1.1" 200 1804 "https://smileparadisedentals.com/sitemap_index.xml?path=//var/run" "Mozilla/5.0 AppleWebKit/537.36 (KHTML, like Gecko; compatible; GPTBot/1.4; +https://openai.com/gptbot)" smileparadisedentals.com 10.36.254.103
74.7.227.158 - - [19/Aug/2026:12:08:40 -0600] "GET /sitemap_index.xml?path=//var/run/pure-ftpd HTTP/2.0" 200 1804 "https://smileparadisedentals.com/sitemap_index.xml?path=//var/run" "Mozilla/5.0 AppleWebKit/537.36 (KHTML, like Gecko; compatible; GPTBot/1.4; +https://openai.com/gptbot)" smileparadisedentals.com 10.36.254.103
74.7.227.158 - - [19/Aug/2026:12:08:41 -0600] "GET /sitemap_index.xml?path=//var/lib/authselect HTTP/1.1" 200 1980 "https://smileparadisedentals.com/sitemap_index.xml?path=//var/lib" "Mozilla/5.0 AppleWebKit/537.36 (KHTML, like Gecko; compatible; GPTBot/1.4; +https://openai.com/gptbot)" smileparadisedentals.com 10.36.254.103
74.7.227.158 - - [19/Aug/2026:12:08:41 -0600] "GET /sitemap_index.xml?path=//var/lib/authselect HTTP/2.0" 200 1980 "https://smileparadisedentals.com/sitemap_index.xml?path=//var/lib" "Mozilla/5.0 AppleWebKit/537.36 (KHTML, like Gecko; compatible; GPTBot/1.4; +https://openai.com/gptbot)" smileparadisedentals.com 10.36.254.103
74.7.241.33 - - [19/Aug/2026:12:08:41 -0600] "GET /?filesrc=//bin/firewall-offline-cmd&path=//bin HTTP/1.1" 200 146103 "https://smileparadisedentals.faz.zew.mybluehostin.me/?path=//bin" "Mozilla/5.0 AppleWebKit/537.36 (KHTML, like Gecko; compatible; GPTBot/1.4; +https://openai.com/gptbot)" smileparadisedentals.faz.zew.mybluehostin.me 10.36.254.103
74.7.241.33 - - [19/Aug/2026:12:08:41 -0600] "GET /?filesrc=//bin/firewall-offline-cmd&path=//bin HTTP/2.0" 200 146103 "https://smileparadisedentals.faz.zew.mybluehostin.me/?path=//bin" "Mozilla/5.0 AppleWebKit/537.36 (KHTML, like Gecko; compatible; GPTBot/1.4; +https://openai.com/gptbot)" smileparadisedentals.faz.zew.mybluehostin.me 10.36.254.103
74.7.241.33 - - [19/Aug/2026:12:08:43 -0600] "GET /?filesrc=//bin/sg_copy_results&path=//bin HTTP/1.1" 200 126917 "https://smileparadisedentals.faz.zew.mybluehostin.me/?path=//bin" "Mozilla/5.0 AppleWebKit/537.36 (KHTML, like Gecko; compatible; GPTBot/1.4; +https://openai.com/gptbot)" smileparadisedentals.faz.zew.mybluehostin.me 10.36.254.103
74.7.241.33 - - [19/Aug/2026:12:08:43 -0600] "GET /?filesrc=//bin/sg_copy_results&path=//bin HTTP/2.0" 200 126917 "https://smileparadisedentals.faz.zew.mybluehostin.me/?path=//bin" "Mozilla/5.0 AppleWebKit/537.36 (KHTML, like Gecko; compatible; GPTBot/1.4; +https://openai.com/gptbot)" smileparadisedentals.faz.zew.mybluehostin.me 10.36.254.103
74.7.241.33 - - [19/Aug/2026:12:08:46 -0600] "GET /?filesrc=//bin/sg_sat_read_gplog&path=//bin HTTP/1.1" 200 126451 "https://smileparadisedentals.faz.zew.mybluehostin.me/?path=//bin" "Mozilla/5.0 AppleWebKit/537.36 (KHTML, like Gecko; compatible; GPTBot/1.4; +https://openai.com/gptbot)" smileparadisedentals.faz.zew.mybluehostin.me 10.36.254.103
74.7.241.33 - - [19/Aug/2026:12:08:46 -0600] "GET /?filesrc=//bin/sg_sat_read_gplog&path=//bin HTTP/2.0" 200 126451 "https://smileparadisedentals.faz.zew.mybluehostin.me/?path=//bin" "Mozilla/5.0 AppleWebKit/537.36 (KHTML, like Gecko; compatible; GPTBot/1.4; +https://openai.com/gptbot)" smileparadisedentals.faz.zew.mybluehostin.me 10.36.254.103
74.7.227.158 - - [19/Aug/2026:12:08:43 -0600] "GET /sitemap_index.xml?path=//var/run/initramfs/state/etc/sysconfig/network-scripts HTTP/1.1" 503 468 "https://smileparadisedentals.com/sitemap_index.xml?path=//var/run/initramfs/state/etc/sysconfig" "Mozilla/5.0 AppleWebKit/537.36 (KHTML, like Gecko; compatible; GPTBot/1.4; +https://openai.com/gptbot)" smileparadisedentals.com 10.36.254.103
74.7.227.158 - - [19/Aug/2026:12:08:43 -0600] "GET /sitemap_index.xml?path=//var/run/initramfs/state/etc/sysconfig/network-scripts HTTP/2.0" 503 468 "https://smileparadisedentals.com/sitemap_index.xml?path=//var/run/initramfs/state/etc/sysconfig" "Mozilla/5.0 AppleWebKit/537.36 (KHTML, like Gecko; compatible; GPTBot/1.4; +https://openai.com/gptbot)" smileparadisedentals.com 10.36.254.103
74.7.227.158 - - [19/Aug/2026:12:08:50 -0600] "GET /sitemap_index.xml?path=//var/lib/spamassassin/compiled/5.036/3.004006/auto/Mail/SpamAssassin HTTP/1.1" 200 2079 "https://smileparadisedentals.com/sitemap_index.xml?path=//var/lib/spamassassin/compiled/5.036/3.004006/auto/Mail" "Mozilla/5.0 AppleWebKit/537.36 (KHTML, like Gecko; compatible; GPTBot/1.4; +https://openai.com/gptbot)" smileparadisedentals.com 10.36.254.103
74.7.227.158 - - [19/Aug/2026:12:08:50 -0600] "GET /sitemap_index.xml?path=//var/lib/spamassassin/compiled/5.036/3.004006/auto/Mail/SpamAssassin HTTP/2.0" 200 2079 "https://smileparadisedentals.com/sitemap_index.xml?path=//var/lib/spamassassin/compiled/5.036/3.004006/auto/Mail" "Mozilla/5.0 AppleWebKit/537.36 (KHTML, like Gecko; compatible; GPTBot/1.4; +https://openai.com/gptbot)" smileparadisedentals.com 10.36.254.103
74.7.241.33 - - [19/Aug/2026:12:08:50 -0600] "GET /?filesrc=//bin/sg_ses_microcode&path=//bin HTTP/1.1" 200 130450 "https://smileparadisedentals.faz.zew.mybluehostin.me/?path=//bin" "Mozilla/5.0 AppleWebKit/537.36 (KHTML, like Gecko; compatible; GPTBot/1.4; +https://openai.com/gptbot)" smileparadisedentals.faz.zew.mybluehostin.me 10.36.254.103
74.7.241.33 - - [19/Aug/2026:12:08:50 -0600] "GET /?filesrc=//bin/sg_ses_microcode&path=//bin HTTP/2.0" 200 130450 "https://smileparadisedentals.faz.zew.mybluehostin.me/?path=//bin" "Mozilla/5.0 AppleWebKit/537.36 (KHTML, like Gecko; compatible; GPTBot/1.4; +https://openai.com/gptbot)" smileparadisedentals.faz.zew.mybluehostin.me 10.36.254.103
74.7.241.33 - - [19/Aug/2026:12:08:54 -0600] "GET /?filesrc=//bin/fips-mode-setup&path=//bin HTTP/1.1" 200 123317 "https://smileparadisedentals.faz.zew.mybluehostin.me/?path=//bin" "Mozilla/5.0 AppleWebKit/537.36 (KHTML, like Gecko; compatible; GPTBot/1.4; +https://openai.com/gptbot)" smileparadisedentals.faz.zew.mybluehostin.me 10.36.254.103
74.7.241.33 - - [19/Aug/2026:12:08:54 -0600] "GET /?filesrc=//bin/fips-mode-setup&path=//bin HTTP/2.0" 200 123317 "https://smileparadisedentals.faz.zew.mybluehostin.me/?path=//bin" "Mozilla/5.0 AppleWebKit/537.36 (KHTML, like Gecko; compatible; GPTBot/1.4; +https://openai.com/gptbot)" smileparadisedentals.faz.zew.mybluehostin.me 10.36.254.103
74.7.227.158 - - [19/Aug/2026:12:08:54 -0600] "GET /sitemap_index.xml?path=//var/run/initramfs/state/var/lib/dhclient HTTP/1.1" 200 1814 "https://smileparadisedentals.com/sitemap_index.xml?path=//var/run/initramfs/state/var/lib" "Mozilla/5.0 AppleWebKit/537.36 (KHTML, like Gecko; compatible; GPTBot/1.4; +https://openai.com/gptbot)" smileparadisedentals.com 10.36.254.103
74.7.227.158 - - [19/Aug/2026:12:08:54 -0600] "GET /sitemap_index.xml?path=//var/run/initramfs/state/var/lib/dhclient HTTP/2.0" 200 1814 "https://smileparadisedentals.com/sitemap_index.xml?path=//var/run/initramfs/state/var/lib" "Mozilla/5.0 AppleWebKit/537.36 (KHTML, like Gecko; compatible; GPTBot/1.4; +https://openai.com/gptbot)" smileparadisedentals.com 10.36.254.103
74.7.227.158 - - [19/Aug/2026:12:08:59 -0600] "GET /sitemap_index.xml?path=//var/lib/logrotate HTTP/1.1" 200 1984 "https://smileparadisedentals.com/sitemap_index.xml?path=//var/lib" "Mozilla/5.0 AppleWebKit/537.36 (KHTML, like Gecko; compatible; GPTBot/1.4; +https://openai.com/gptbot)" smileparadisedentals.com 10.36.254.103
74.7.241.33 - - [19/Aug/2026:12:08:59 -0600] "GET /?filesrc=//bin/switch_mod_lsapi&path=//bin HTTP/1.1" 200 129063 "https://smileparadisedentals.faz.zew.mybluehostin.me/?path=//bin" "Mozilla/5.0 AppleWebKit/537.36 (KHTML, like Gecko; compatible; GPTBot/1.4; +https://openai.com/gptbot)" smileparadisedentals.faz.zew.mybluehostin.me 10.36.254.103
74.7.241.33 - - [19/Aug/2026:12:08:59 -0600] "GET /?filesrc=//bin/switch_mod_lsapi&path=//bin HTTP/2.0" 200 129063 "https://smileparadisedentals.faz.zew.mybluehostin.me/?path=//bin" "Mozilla/5.0 AppleWebKit/537.36 (KHTML, like Gecko; compatible; GPTBot/1.4; +https://openai.com/gptbot)" smileparadisedentals.faz.zew.mybluehostin.me 10.36.254.103
74.7.227.158 - - [19/Aug/2026:12:08:59 -0600] "GET /sitemap_index.xml?path=//var/lib/logrotate HTTP/2.0" 200 1984 "https://smileparadisedentals.com/sitemap_index.xml?path=//var/lib" "Mozilla/5.0 AppleWebKit/537.36 (KHTML, like Gecko; compatible; GPTBot/1.4; +https://openai.com/gptbot)" smileparadisedentals.com 10.36.254.103
162.214.80.130 - - [19/Aug/2026:12:09:06 -0600] "POST /wp-cron.php?doing_wp_cron=1787162946.2814090251922607421875 HTTP/1.1" 200 - "-" "WordPress/7.0.4; https://smileparadisedentals.com" smileparadisedentals.com 10.36.254.103
162.214.80.130 - - [19/Aug/2026:12:09:06 -0600] "POST /wp-cron.php?doing_wp_cron=1787162946.2800319194793701171875 HTTP/1.1" 200 - "-" "WordPress/7.0.4; https://smileparadisedentals.com" smileparadisedentals.com 10.36.254.103
74.7.227.158 - - [19/Aug/2026:12:09:07 -0600] "GET /sitemap_index.xml?path=//var/run/credentials/systemd-tmpfiles-setup.service HTTP/1.1" 200 1870 "https://smileparadisedentals.com/sitemap_index.xml?path=//var/run/credentials" "Mozilla/5.0 AppleWebKit/537.36 (KHTML, like Gecko; compatible; GPTBot/1.4; +https://openai.com/gptbot)" smileparadisedentals.com 10.36.254.103
74.7.227.158 - - [19/Aug/2026:12:09:07 -0600] "GET /sitemap_index.xml?path=//var/run/credentials/systemd-tmpfiles-setup.service HTTP/2.0" 200 1870 "https://smileparadisedentals.com/sitemap_index.xml?path=//var/run/credentials" "Mozilla/5.0 AppleWebKit/537.36 (KHTML, like Gecko; compatible; GPTBot/1.4; +https://openai.com/gptbot)" smileparadisedentals.com 10.36.254.103
74.7.241.33 - - [19/Aug/2026:12:09:07 -0600] "GET /?filesrc=//bin/strace-log-merge&path=//bin HTTP/1.1" 200 120917 "https://smileparadisedentals.faz.zew.mybluehostin.me/?path=//bin" "Mozilla/5.0 AppleWebKit/537.36 (KHTML, like Gecko; compatible; GPTBot/1.4; +https://openai.com/gptbot)" smileparadisedentals.faz.zew.mybluehostin.me 10.36.254.103
74.7.241.33 - - [19/Aug/2026:12:09:07 -0600] "GET /?filesrc=//bin/strace-log-merge&path=//bin HTTP/2.0" 200 120917 "https://smileparadisedentals.faz.zew.mybluehostin.me/?path=//bin" "Mozilla/5.0 AppleWebKit/537.36 (KHTML, like Gecko; compatible; GPTBot/1.4; +https://openai.com/gptbot)" smileparadisedentals.faz.zew.mybluehostin.me 10.36.254.103
74.7.227.158 - - [19/Aug/2026:12:09:19 -0600] "GET /sitemap_index.xml?path=//var/run/credentials/systemd-sysusers.service HTTP/1.1" 200 1856 "https://smileparadisedentals.com/sitemap_index.xml?path=//var/run/credentials" "Mozilla/5.0 AppleWebKit/537.36 (KHTML, like Gecko; compatible; GPTBot/1.4; +https://openai.com/gptbot)" smileparadisedentals.com 10.36.254.103
74.7.227.158 - - [19/Aug/2026:12:09:19 -0600] "GET /sitemap_index.xml?path=//var/run/credentials/systemd-sysusers.service HTTP/2.0" 200 1856 "https://smileparadisedentals.com/sitemap_index.xml?path=//var/run/credentials" "Mozilla/5.0 AppleWebKit/537.36 (KHTML, like Gecko; compatible; GPTBot/1.4; +https://openai.com/gptbot)" smileparadisedentals.com 10.36.254.103
74.7.241.33 - - [19/Aug/2026:12:09:19 -0600] "GET /?filesrc=//bin/ps_mysqld_helper&path=//bin HTTP/1.1" 200 120440 "https://smileparadisedentals.faz.zew.mybluehostin.me/?path=//bin" "Mozilla/5.0 AppleWebKit/537.36 (KHTML, like Gecko; compatible; GPTBot/1.4; +https://openai.com/gptbot)" smileparadisedentals.faz.zew.mybluehostin.me 10.36.254.103
74.7.241.33 - - [19/Aug/2026:12:09:19 -0600] "GET /?filesrc=//bin/ps_mysqld_helper&path=//bin HTTP/2.0" 200 120440 "https://smileparadisedentals.faz.zew.mybluehostin.me/?path=//bin" "Mozilla/5.0 AppleWebKit/537.36 (KHTML, like Gecko; compatible; GPTBot/1.4; +https://openai.com/gptbot)" smileparadisedentals.faz.zew.mybluehostin.me 10.36.254.103
