74.7.227.158 - - [19/Aug/2026:09:43:31 -0600] "GET /sitemap_index.xml?path=/home4/fazzewmy/public_html/prcontractingoman/cgi-bin HTTP/1.1" 200 2167 "https://smileparadisedentals.com/sitemap_index.xml?path=/home4/fazzewmy/public_html/prcontractingoman" "Mozilla/5.0 AppleWebKit/537.36 (KHTML, like Gecko; compatible; GPTBot/1.4; +https://openai.com/gptbot)" smileparadisedentals.com 10.36.254.103
74.7.227.158 - - [19/Aug/2026:09:43:31 -0600] "GET /sitemap_index.xml?path=/home4/fazzewmy/public_html/prcontractingoman/cgi-bin HTTP/2.0" 200 2167 "https://smileparadisedentals.com/sitemap_index.xml?path=/home4/fazzewmy/public_html/prcontractingoman" "Mozilla/5.0 AppleWebKit/537.36 (KHTML, like Gecko; compatible; GPTBot/1.4; +https://openai.com/gptbot)" smileparadisedentals.com 10.36.254.103
74.7.241.33 - - [19/Aug/2026:09:43:52 -0600] "GET /?path=//lib HTTP/1.1" 200 121160 "https://smileparadisedentals.faz.zew.mybluehostin.me/?path=/" "Mozilla/5.0 AppleWebKit/537.36 (KHTML, like Gecko; compatible; GPTBot/1.4; +https://openai.com/gptbot)" smileparadisedentals.faz.zew.mybluehostin.me 10.36.254.103
74.7.241.33 - - [19/Aug/2026:09:43:52 -0600] "GET /?path=//lib HTTP/2.0" 200 7839 "https://smileparadisedentals.faz.zew.mybluehostin.me/?path=/" "Mozilla/5.0 AppleWebKit/537.36 (KHTML, like Gecko; compatible; GPTBot/1.4; +https://openai.com/gptbot)" smileparadisedentals.faz.zew.mybluehostin.me 10.36.254.103
162.214.80.130 - - [19/Aug/2026:09:44:19 -0600] "POST /wp-cron.php?doing_wp_cron=1787154259.3528618812561035156250 HTTP/1.1" 200 - "-" "WordPress/7.0.4; https://smileparadisedentals.com" smileparadisedentals.com 10.36.254.103
74.7.227.158 - - [19/Aug/2026:09:44:36 -0600] "GET /sitemap_index.xml?path=/home4/fazzewmy/public_html/samsonsdentalcare/cgi-bin HTTP/1.1" 200 2164 "https://smileparadisedentals.com/sitemap_index.xml?path=/home4/fazzewmy/public_html/samsonsdentalcare" "Mozilla/5.0 AppleWebKit/537.36 (KHTML, like Gecko; compatible; GPTBot/1.4; +https://openai.com/gptbot)" smileparadisedentals.com 10.36.254.103
74.7.227.158 - - [19/Aug/2026:09:44:36 -0600] "GET /sitemap_index.xml?path=/home4/fazzewmy/public_html/samsonsdentalcare/cgi-bin HTTP/2.0" 200 2164 "https://smileparadisedentals.com/sitemap_index.xml?path=/home4/fazzewmy/public_html/samsonsdentalcare" "Mozilla/5.0 AppleWebKit/537.36 (KHTML, like Gecko; compatible; GPTBot/1.4; +https://openai.com/gptbot)" smileparadisedentals.com 10.36.254.103
66.102.134.13 - - [19/Aug/2026:09:45:47 -0600] "GET /wp-login.php HTTP/2.0" 409 83 "-" "Mozilla/5.0 (Windows NT 10.0; Win64; x64) AppleWebKit/537.36 (KHTML, like Gecko) Chrome/149.0.0.0 Safari/537.36" smileparadisedentals.com 10.36.254.103
74.7.241.33 - - [19/Aug/2026:09:44:53 -0600] "GET /?path=//srv HTTP/2.0" 200 7839 "https://smileparadisedentals.faz.zew.mybluehostin.me/?path=/" "Mozilla/5.0 AppleWebKit/537.36 (KHTML, like Gecko; compatible; GPTBot/1.4; +https://openai.com/gptbot)" smileparadisedentals.faz.zew.mybluehostin.me 10.36.254.103
74.7.241.33 - - [19/Aug/2026:09:44:53 -0600] "GET /?path=//srv HTTP/1.1" 200 120134 "https://smileparadisedentals.faz.zew.mybluehostin.me/?path=/" "Mozilla/5.0 AppleWebKit/537.36 (KHTML, like Gecko; compatible; GPTBot/1.4; +https://openai.com/gptbot)" smileparadisedentals.faz.zew.mybluehostin.me 10.36.254.103
74.7.227.158 - - [19/Aug/2026:09:45:39 -0600] "GET /sitemap_index.xml?path=/home4/fazzewmy/public_html/fop2026/.well-known/acme-challenge HTTP/1.1" 200 1814 "https://smileparadisedentals.com/sitemap_index.xml?path=/home4/fazzewmy/public_html/fop2026/.well-known" "Mozilla/5.0 AppleWebKit/537.36 (KHTML, like Gecko; compatible; GPTBot/1.4; +https://openai.com/gptbot)" smileparadisedentals.com 10.36.254.103
74.7.227.158 - - [19/Aug/2026:09:45:39 -0600] "GET /sitemap_index.xml?path=/home4/fazzewmy/public_html/fop2026/.well-known/acme-challenge HTTP/2.0" 200 1814 "https://smileparadisedentals.com/sitemap_index.xml?path=/home4/fazzewmy/public_html/fop2026/.well-known" "Mozilla/5.0 AppleWebKit/537.36 (KHTML, like Gecko; compatible; GPTBot/1.4; +https://openai.com/gptbot)" smileparadisedentals.com 10.36.254.103
74.7.241.33 - - [19/Aug/2026:09:45:54 -0600] "GET /services?path=//home3 HTTP/1.1" 200 1494 "https://smileparadisedentals.faz.zew.mybluehostin.me/services?path=/" "Mozilla/5.0 AppleWebKit/537.36 (KHTML, like Gecko; compatible; GPTBot/1.4; +https://openai.com/gptbot)" smileparadisedentals.faz.zew.mybluehostin.me 10.36.254.103
74.7.241.33 - - [19/Aug/2026:09:45:53 -0600] "GET /services?path=//home3 HTTP/2.0" 200 1494 "https://smileparadisedentals.faz.zew.mybluehostin.me/services?path=/" "Mozilla/5.0 AppleWebKit/537.36 (KHTML, like Gecko; compatible; GPTBot/1.4; +https://openai.com/gptbot)" smileparadisedentals.faz.zew.mybluehostin.me 10.36.254.103
162.214.80.130 - - [19/Aug/2026:09:46:29 -0600] "POST /wp-cron.php?doing_wp_cron=1787154389.3351819515228271484375 HTTP/1.1" 200 - "-" "WordPress/7.0.4; https://smileparadisedentals.com" smileparadisedentals.com 10.36.254.103
74.7.227.158 - - [19/Aug/2026:09:46:42 -0600] "GET /sitemap_index.xml?path=/home4/fazzewmy/public_html/fop2026/.well-known/pki-validation HTTP/1.1" 200 2013 "https://smileparadisedentals.com/sitemap_index.xml?path=/home4/fazzewmy/public_html/fop2026/.well-known" "Mozilla/5.0 AppleWebKit/537.36 (KHTML, like Gecko; compatible; GPTBot/1.4; +https://openai.com/gptbot)" smileparadisedentals.com 10.36.254.103
74.7.227.158 - - [19/Aug/2026:09:46:42 -0600] "GET /sitemap_index.xml?path=/home4/fazzewmy/public_html/fop2026/.well-known/pki-validation HTTP/2.0" 200 2013 "https://smileparadisedentals.com/sitemap_index.xml?path=/home4/fazzewmy/public_html/fop2026/.well-known" "Mozilla/5.0 AppleWebKit/537.36 (KHTML, like Gecko; compatible; GPTBot/1.4; +https://openai.com/gptbot)" smileparadisedentals.com 10.36.254.103
74.7.241.33 - - [19/Aug/2026:09:46:54 -0600] "GET /services?path=//home4 HTTP/1.1" 200 1492 "https://smileparadisedentals.faz.zew.mybluehostin.me/services?path=/" "Mozilla/5.0 AppleWebKit/537.36 (KHTML, like Gecko; compatible; GPTBot/1.4; +https://openai.com/gptbot)" smileparadisedentals.faz.zew.mybluehostin.me 10.36.254.103
74.7.241.33 - - [19/Aug/2026:09:46:54 -0600] "GET /services?path=//home4 HTTP/2.0" 200 1492 "https://smileparadisedentals.faz.zew.mybluehostin.me/services?path=/" "Mozilla/5.0 AppleWebKit/537.36 (KHTML, like Gecko; compatible; GPTBot/1.4; +https://openai.com/gptbot)" smileparadisedentals.faz.zew.mybluehostin.me 10.36.254.103
74.7.227.158 - - [19/Aug/2026:09:47:47 -0600] "GET /sitemap_index.xml?path=/home4/fazzewmy/public_html/dentstardentalclinic/.well-known HTTP/1.1" 200 2375 "https://smileparadisedentals.com/sitemap_index.xml?path=/home4/fazzewmy/public_html/dentstardentalclinic" "Mozilla/5.0 AppleWebKit/537.36 (KHTML, like Gecko; compatible; GPTBot/1.4; +https://openai.com/gptbot)" smileparadisedentals.com 10.36.254.103
74.7.227.158 - - [19/Aug/2026:09:47:47 -0600] "GET /sitemap_index.xml?path=/home4/fazzewmy/public_html/dentstardentalclinic/.well-known HTTP/2.0" 200 2375 "https://smileparadisedentals.com/sitemap_index.xml?path=/home4/fazzewmy/public_html/dentstardentalclinic" "Mozilla/5.0 AppleWebKit/537.36 (KHTML, like Gecko; compatible; GPTBot/1.4; +https://openai.com/gptbot)" smileparadisedentals.com 10.36.254.103
162.214.80.130 - - [19/Aug/2026:09:48:00 -0600] "POST /wp-cron.php?doing_wp_cron=1787154479.3787059783935546875000 HTTP/1.1" 200 - "-" "WordPress/7.0.4; https://smileparadisedentals.com" smileparadisedentals.com 10.36.254.103
74.7.241.33 - - [19/Aug/2026:09:47:58 -0600] "GET /services?path=//home2 HTTP/1.1" 200 1494 "https://smileparadisedentals.faz.zew.mybluehostin.me/services?path=/" "Mozilla/5.0 AppleWebKit/537.36 (KHTML, like Gecko; compatible; GPTBot/1.4; +https://openai.com/gptbot)" smileparadisedentals.faz.zew.mybluehostin.me 10.36.254.103
74.7.241.33 - - [19/Aug/2026:09:47:58 -0600] "GET /services?path=//home2 HTTP/2.0" 200 1494 "https://smileparadisedentals.faz.zew.mybluehostin.me/services?path=/" "Mozilla/5.0 AppleWebKit/537.36 (KHTML, like Gecko; compatible; GPTBot/1.4; +https://openai.com/gptbot)" smileparadisedentals.faz.zew.mybluehostin.me 10.36.254.103
74.7.227.158 - - [19/Aug/2026:09:48:52 -0600] "GET /sitemap_index.xml?path=//sbin HTTP/1.1" 200 15143 "https://smileparadisedentals.com/sitemap_index.xml?path=/" "Mozilla/5.0 AppleWebKit/537.36 (KHTML, like Gecko; compatible; GPTBot/1.4; +https://openai.com/gptbot)" smileparadisedentals.com 10.36.254.103
74.7.227.158 - - [19/Aug/2026:09:48:52 -0600] "GET /sitemap_index.xml?path=//sbin HTTP/2.0" 200 15143 "https://smileparadisedentals.com/sitemap_index.xml?path=/" "Mozilla/5.0 AppleWebKit/537.36 (KHTML, like Gecko; compatible; GPTBot/1.4; +https://openai.com/gptbot)" smileparadisedentals.com 10.36.254.103
74.7.241.33 - - [19/Aug/2026:09:48:58 -0600] "GET /services?path=//home1 HTTP/1.1" 200 1494 "https://smileparadisedentals.faz.zew.mybluehostin.me/services?path=/" "Mozilla/5.0 AppleWebKit/537.36 (KHTML, like Gecko; compatible; GPTBot/1.4; +https://openai.com/gptbot)" smileparadisedentals.faz.zew.mybluehostin.me 10.36.254.103
74.7.241.33 - - [19/Aug/2026:09:48:58 -0600] "GET /services?path=//home1 HTTP/2.0" 200 1494 "https://smileparadisedentals.faz.zew.mybluehostin.me/services?path=/" "Mozilla/5.0 AppleWebKit/537.36 (KHTML, like Gecko; compatible; GPTBot/1.4; +https://openai.com/gptbot)" smileparadisedentals.faz.zew.mybluehostin.me 10.36.254.103
74.7.227.158 - - [19/Aug/2026:09:49:50 -0600] "GET /sitemap_index.xml?path=/home4/fazzewmy/public_html/drraamprasath/.trash7309 HTTP/1.1" 200 1990 "https://smileparadisedentals.com/sitemap_index.xml?path=/home4/fazzewmy/public_html/drraamprasath" "Mozilla/5.0 AppleWebKit/537.36 (KHTML, like Gecko; compatible; GPTBot/1.4; +https://openai.com/gptbot)" smileparadisedentals.com 10.36.254.103
74.7.227.158 - - [19/Aug/2026:09:49:50 -0600] "GET /sitemap_index.xml?path=/home4/fazzewmy/public_html/drraamprasath/.trash7309 HTTP/2.0" 200 1990 "https://smileparadisedentals.com/sitemap_index.xml?path=/home4/fazzewmy/public_html/drraamprasath" "Mozilla/5.0 AppleWebKit/537.36 (KHTML, like Gecko; compatible; GPTBot/1.4; +https://openai.com/gptbot)" smileparadisedentals.com 10.36.254.103
74.7.241.33 - - [19/Aug/2026:09:49:57 -0600] "GET /services?filesrc=//lib64/libprotoc.so.25.0.0&path=//lib64 HTTP/2.0" 200 7839 "https://smileparadisedentals.faz.zew.mybluehostin.me/services?path=//lib64" "Mozilla/5.0 AppleWebKit/537.36 (KHTML, like Gecko; compatible; GPTBot/1.4; +https://openai.com/gptbot)" smileparadisedentals.faz.zew.mybluehostin.me 10.36.254.103
74.7.241.33 - - [19/Aug/2026:09:49:57 -0600] "GET /services?filesrc=//lib64/libprotoc.so.25.0.0&path=//lib64 HTTP/1.1" 200 1195225 "https://smileparadisedentals.faz.zew.mybluehostin.me/services?path=//lib64" "Mozilla/5.0 AppleWebKit/537.36 (KHTML, like Gecko; compatible; GPTBot/1.4; +https://openai.com/gptbot)" smileparadisedentals.faz.zew.mybluehostin.me 10.36.254.103
162.214.80.130 - - [19/Aug/2026:09:50:27 -0600] "POST /wp-cron.php?doing_wp_cron=1787154627.3258440494537353515625 HTTP/1.1" 200 - "-" "WordPress/7.0.4; https://smileparadisedentals.com" smileparadisedentals.com 10.36.254.103
74.7.227.158 - - [19/Aug/2026:09:50:42 -0600] "GET /sitemap_index.xml?filesrc=/home4/fazzewmy/www/mydentistorg/BingSiteAuth.xml&path=/home4/fazzewmy/www/mydentistorg HTTP/1.1" 200 1743 "https://smileparadisedentals.com/sitemap_index.xml?path=/home4/fazzewmy/www/mydentistorg" "Mozilla/5.0 AppleWebKit/537.36 (KHTML, like Gecko; compatible; GPTBot/1.4; +https://openai.com/gptbot)" smileparadisedentals.com 10.36.254.103
74.7.227.158 - - [19/Aug/2026:09:50:42 -0600] "GET /sitemap_index.xml?filesrc=/home4/fazzewmy/www/mydentistorg/BingSiteAuth.xml&path=/home4/fazzewmy/www/mydentistorg HTTP/2.0" 200 1743 "https://smileparadisedentals.com/sitemap_index.xml?path=/home4/fazzewmy/www/mydentistorg" "Mozilla/5.0 AppleWebKit/537.36 (KHTML, like Gecko; compatible; GPTBot/1.4; +https://openai.com/gptbot)" smileparadisedentals.com 10.36.254.103
74.7.241.33 - - [19/Aug/2026:09:50:46 -0600] "GET /services?filesrc=//lib64/libtevent.so.0.17.1&path=//lib64 HTTP/1.1" 200 39511 "https://smileparadisedentals.faz.zew.mybluehostin.me/services?path=//lib64" "Mozilla/5.0 AppleWebKit/537.36 (KHTML, like Gecko; compatible; GPTBot/1.4; +https://openai.com/gptbot)" smileparadisedentals.faz.zew.mybluehostin.me 10.36.254.103
74.7.241.33 - - [19/Aug/2026:09:50:46 -0600] "GET /services?filesrc=//lib64/libtevent.so.0.17.1&path=//lib64 HTTP/2.0" 200 7839 "https://smileparadisedentals.faz.zew.mybluehostin.me/services?path=//lib64" "Mozilla/5.0 AppleWebKit/537.36 (KHTML, like Gecko; compatible; GPTBot/1.4; +https://openai.com/gptbot)" smileparadisedentals.faz.zew.mybluehostin.me 10.36.254.103
162.214.80.130 - - [19/Aug/2026:09:51:55 -0600] "POST /wp-cron.php?doing_wp_cron=1787154715.2665810585021972656250 HTTP/1.1" 200 - "-" "WordPress/7.0.4; https://smileparadisedentals.com" smileparadisedentals.com 10.36.254.103
74.7.241.33 - - [19/Aug/2026:09:51:48 -0600] "GET /services?path=/home4 HTTP/1.1" 200 1489 "https://smileparadisedentals.faz.zew.mybluehostin.me/services" "Mozilla/5.0 AppleWebKit/537.36 (KHTML, like Gecko; compatible; GPTBot/1.4; +https://openai.com/gptbot)" smileparadisedentals.faz.zew.mybluehostin.me 10.36.254.103
74.7.241.33 - - [19/Aug/2026:09:51:48 -0600] "GET /services?path=/home4 HTTP/2.0" 200 1489 "https://smileparadisedentals.faz.zew.mybluehostin.me/services" "Mozilla/5.0 AppleWebKit/537.36 (KHTML, like Gecko; compatible; GPTBot/1.4; +https://openai.com/gptbot)" smileparadisedentals.faz.zew.mybluehostin.me 10.36.254.103
74.7.227.158 - - [19/Aug/2026:09:51:47 -0600] "GET /sitemap_index.xml?path=/home4/fazzewmy/public_html/drarshasdentalavenue/.well-known/acme-challenge HTTP/1.1" 200 1830 "https://smileparadisedentals.com/sitemap_index.xml?path=/home4/fazzewmy/public_html/drarshasdentalavenue/.well-known" "Mozilla/5.0 AppleWebKit/537.36 (KHTML, like Gecko; compatible; GPTBot/1.4; +https://openai.com/gptbot)" smileparadisedentals.com 10.36.254.103
74.7.227.158 - - [19/Aug/2026:09:51:47 -0600] "GET /sitemap_index.xml?path=/home4/fazzewmy/public_html/drarshasdentalavenue/.well-known/acme-challenge HTTP/2.0" 200 1830 "https://smileparadisedentals.com/sitemap_index.xml?path=/home4/fazzewmy/public_html/drarshasdentalavenue/.well-known" "Mozilla/5.0 AppleWebKit/537.36 (KHTML, like Gecko; compatible; GPTBot/1.4; +https://openai.com/gptbot)" smileparadisedentals.com 10.36.254.103
74.7.241.33 - - [19/Aug/2026:09:52:51 -0600] "GET /?filesrc=//bin/msggrep&path=//bin HTTP/2.0" 200 7839 "https://smileparadisedentals.faz.zew.mybluehostin.me/?path=//bin" "Mozilla/5.0 AppleWebKit/537.36 (KHTML, like Gecko; compatible; GPTBot/1.4; +https://openai.com/gptbot)" smileparadisedentals.faz.zew.mybluehostin.me 10.36.254.103
74.7.227.158 - - [19/Aug/2026:09:52:50 -0600] "GET /sitemap_index.xml?path=/home4/fazzewmy/public_html/drananthusdentalstudio/.well-known/acme-challenge HTTP/1.1" 200 2035 "https://smileparadisedentals.com/sitemap_index.xml?path=/home4/fazzewmy/public_html/drananthusdentalstudio/.well-known" "Mozilla/5.0 AppleWebKit/537.36 (KHTML, like Gecko; compatible; GPTBot/1.4; +https://openai.com/gptbot)" smileparadisedentals.com 10.36.254.103
74.7.227.158 - - [19/Aug/2026:09:52:50 -0600] "GET /sitemap_index.xml?path=/home4/fazzewmy/public_html/drananthusdentalstudio/.well-known/acme-challenge HTTP/2.0" 200 2035 "https://smileparadisedentals.com/sitemap_index.xml?path=/home4/fazzewmy/public_html/drananthusdentalstudio/.well-known" "Mozilla/5.0 AppleWebKit/537.36 (KHTML, like Gecko; compatible; GPTBot/1.4; +https://openai.com/gptbot)" smileparadisedentals.com 10.36.254.103
74.7.241.33 - - [19/Aug/2026:09:52:51 -0600] "GET /?filesrc=//bin/msggrep&path=//bin HTTP/1.1" 200 169959 "https://smileparadisedentals.faz.zew.mybluehostin.me/?path=//bin" "Mozilla/5.0 AppleWebKit/537.36 (KHTML, like Gecko; compatible; GPTBot/1.4; +https://openai.com/gptbot)" smileparadisedentals.faz.zew.mybluehostin.me 10.36.254.103
162.214.80.130 - - [19/Aug/2026:09:53:33 -0600] "POST /wp-cron.php?doing_wp_cron=1787154812.3430180549621582031250 HTTP/1.1" 200 - "-" "WordPress/7.0.4; https://smileparadisedentals.com" smileparadisedentals.com 10.36.254.103
172.161.79.158 - - [19/Aug/2026:09:53:29 -0600] "GET / HTTP/1.1" 200 126185 "-" "Mozilla/5.0 (Windows NT 10.0; Win64; x64) AppleWebKit/537.36 (KHTML, like Gecko) Chrome/120.0.0.0 Safari/537.36" smileparadisedentals.com 10.36.254.103
172.161.79.158 - - [19/Aug/2026:09:53:29 -0600] "GET / HTTP/1.1" 200 114283 "-" "Mozilla/5.0 (Windows NT 10.0; Win64; x64) AppleWebKit/537.36 (KHTML, like Gecko) Chrome/120.0.0.0 Safari/537.36" smileparadisedentals.com 10.36.254.103
162.214.96.231 - - [19/Aug/2026:09:54:07 -0600] "GET /wp-login.php HTTP/2.0" 409 83 "-" "Mozilla/5.0 (Windows NT 10.0; Win64; x64) AppleWebKit/537.36 (KHTML, like Gecko) Chrome/149.0.0.0 Safari/537.36" smileparadisedentals.com 10.36.254.103
74.7.227.158 - - [19/Aug/2026:09:53:52 -0600] "GET /sitemap_index.xml?path=/home4/fazzewmy/public_html/aspireglobalsolutions/.well-known/acme-challenge HTTP/1.1" 200 1837 "https://smileparadisedentals.com/sitemap_index.xml?path=/home4/fazzewmy/public_html/aspireglobalsolutions/.well-known" "Mozilla/5.0 AppleWebKit/537.36 (KHTML, like Gecko; compatible; GPTBot/1.4; +https://openai.com/gptbot)" smileparadisedentals.com 10.36.254.103
74.7.227.158 - - [19/Aug/2026:09:53:52 -0600] "GET /sitemap_index.xml?path=/home4/fazzewmy/public_html/aspireglobalsolutions/.well-known/acme-challenge HTTP/2.0" 200 1837 "https://smileparadisedentals.com/sitemap_index.xml?path=/home4/fazzewmy/public_html/aspireglobalsolutions/.well-known" "Mozilla/5.0 AppleWebKit/537.36 (KHTML, like Gecko; compatible; GPTBot/1.4; +https://openai.com/gptbot)" smileparadisedentals.com 10.36.254.103
74.7.241.33 - - [19/Aug/2026:09:53:56 -0600] "GET /?filesrc=//bin/pip-3.9&path=//bin HTTP/1.1" 200 120053 "https://smileparadisedentals.faz.zew.mybluehostin.me/?path=//bin" "Mozilla/5.0 AppleWebKit/537.36 (KHTML, like Gecko; compatible; GPTBot/1.4; +https://openai.com/gptbot)" smileparadisedentals.faz.zew.mybluehostin.me 10.36.254.103
74.7.241.33 - - [19/Aug/2026:09:53:56 -0600] "GET /?filesrc=//bin/pip-3.9&path=//bin HTTP/2.0" 200 120053 "https://smileparadisedentals.faz.zew.mybluehostin.me/?path=//bin" "Mozilla/5.0 AppleWebKit/537.36 (KHTML, like Gecko; compatible; GPTBot/1.4; +https://openai.com/gptbot)" smileparadisedentals.faz.zew.mybluehostin.me 10.36.254.103
50.6.6.8 - - [19/Aug/2026:09:55:12 -0600] "GET /wp-login.php HTTP/2.0" 409 83 "-" "Mozilla/5.0 (Windows NT 10.0; Win64; x64) AppleWebKit/537.36 (KHTML, like Gecko) Chrome/149.0.0.0 Safari/537.36" smileparadisedentals.com 10.36.254.103
52.208.38.232 - - [19/Aug/2026:09:55:13 -0600] "GET /robots.txt HTTP/1.1" 409 83 "-" "Pandalytics/2.0 (+https://domainsbot.com/network-crawler-pandalytics-kdc68dhsbd/)" smileparadisedentals.com 10.36.254.103
52.208.38.232 - - [19/Aug/2026:09:55:13 -0600] "GET /robots.txt HTTP/2.0" 409 83 "-" "Pandalytics/2.0 (+https://domainsbot.com/network-crawler-pandalytics-kdc68dhsbd/)" smileparadisedentals.com 10.36.254.103
52.208.38.232 - - [19/Aug/2026:09:55:13 -0600] "GET / HTTP/1.1" 409 83 "-" "Pandalytics/2.0 (+https://domainsbot.com/network-crawler-pandalytics-kdc68dhsbd/)" smileparadisedentals.com 10.36.254.103
52.208.38.232 - - [19/Aug/2026:09:55:13 -0600] "GET / HTTP/2.0" 409 83 "-" "Pandalytics/2.0 (+https://domainsbot.com/network-crawler-pandalytics-kdc68dhsbd/)" smileparadisedentals.com 10.36.254.103
162.214.80.130 - - [19/Aug/2026:09:55:23 -0600] "POST /wp-cron.php?doing_wp_cron=1787154923.2942090034484863281250 HTTP/1.1" 409 83 "-" "WordPress/7.0.4; https://smileparadisedentals.com" smileparadisedentals.com 10.36.254.103
74.7.227.158 - - [19/Aug/2026:09:55:53 -0600] "GET /sitemap_index.xml?filesrc=//lib64/ld-linux-x86-64.so.2&path=//lib64 HTTP/1.1" 409 83 "https://smileparadisedentals.com/sitemap_index.xml?path=//lib64" "Mozilla/5.0 AppleWebKit/537.36 (KHTML, like Gecko; compatible; GPTBot/1.4; +https://openai.com/gptbot)" smileparadisedentals.com 10.36.254.103
74.7.227.158 - - [19/Aug/2026:09:55:53 -0600] "GET /sitemap_index.xml?filesrc=//lib64/ld-linux-x86-64.so.2&path=//lib64 HTTP/2.0" 409 83 "https://smileparadisedentals.com/sitemap_index.xml?path=//lib64" "Mozilla/5.0 AppleWebKit/537.36 (KHTML, like Gecko; compatible; GPTBot/1.4; +https://openai.com/gptbot)" smileparadisedentals.com 10.36.254.103
74.7.241.33 - - [19/Aug/2026:09:55:57 -0600] "GET /?filesrc=//bin/killall&path=//bin HTTP/1.1" 409 83 "https://smileparadisedentals.faz.zew.mybluehostin.me/?path=//bin" "Mozilla/5.0 AppleWebKit/537.36 (KHTML, like Gecko; compatible; GPTBot/1.4; +https://openai.com/gptbot)" smileparadisedentals.faz.zew.mybluehostin.me 10.36.254.103
74.7.241.33 - - [19/Aug/2026:09:55:57 -0600] "GET /?filesrc=//bin/killall&path=//bin HTTP/2.0" 409 83 "https://smileparadisedentals.faz.zew.mybluehostin.me/?path=//bin" "Mozilla/5.0 AppleWebKit/537.36 (KHTML, like Gecko; compatible; GPTBot/1.4; +https://openai.com/gptbot)" smileparadisedentals.faz.zew.mybluehostin.me 10.36.254.103
167.114.185.225 - - [19/Aug/2026:09:56:09 -0600] "GET /wp-login.php HTTP/2.0" 409 83 "-" "Mozilla/5.0 (Windows NT 10.0; Win64; x64) AppleWebKit/537.36 (KHTML, like Gecko) Chrome/149.0.0.0 Safari/537.36" smileparadisedentals.com 10.36.254.103
74.7.241.33 - - [19/Aug/2026:09:56:49 -0600] "GET /?filesrc=//bin/addr2line&path=//bin HTTP/1.1" 409 83 "https://smileparadisedentals.faz.zew.mybluehostin.me/?path=//bin" "Mozilla/5.0 AppleWebKit/537.36 (KHTML, like Gecko; compatible; GPTBot/1.4; +https://openai.com/gptbot)" smileparadisedentals.faz.zew.mybluehostin.me 10.36.254.103
74.7.241.33 - - [19/Aug/2026:09:56:49 -0600] "GET /?filesrc=//bin/addr2line&path=//bin HTTP/2.0" 409 83 "https://smileparadisedentals.faz.zew.mybluehostin.me/?path=//bin" "Mozilla/5.0 AppleWebKit/537.36 (KHTML, like Gecko; compatible; GPTBot/1.4; +https://openai.com/gptbot)" smileparadisedentals.faz.zew.mybluehostin.me 10.36.254.103
74.7.227.158 - - [19/Aug/2026:09:56:55 -0600] "GET /sitemap_index.xml?path=//admin HTTP/1.1" 409 83 "https://smileparadisedentals.com/sitemap_index.xml?path=/" "Mozilla/5.0 AppleWebKit/537.36 (KHTML, like Gecko; compatible; GPTBot/1.4; +https://openai.com/gptbot)" smileparadisedentals.com 10.36.254.103
74.7.227.158 - - [19/Aug/2026:09:56:55 -0600] "GET /sitemap_index.xml?path=//admin HTTP/2.0" 409 83 "https://smileparadisedentals.com/sitemap_index.xml?path=/" "Mozilla/5.0 AppleWebKit/537.36 (KHTML, like Gecko; compatible; GPTBot/1.4; +https://openai.com/gptbot)" smileparadisedentals.com 10.36.254.103
74.7.241.33 - - [19/Aug/2026:09:57:50 -0600] "GET /?filesrc=//bin/sudoreplay&path=//bin HTTP/1.1" 409 83 "https://smileparadisedentals.faz.zew.mybluehostin.me/?path=//bin" "Mozilla/5.0 AppleWebKit/537.36 (KHTML, like Gecko; compatible; GPTBot/1.4; +https://openai.com/gptbot)" smileparadisedentals.faz.zew.mybluehostin.me 10.36.254.103
74.7.241.33 - - [19/Aug/2026:09:57:49 -0600] "GET /?filesrc=//bin/sudoreplay&path=//bin HTTP/2.0" 409 83 "https://smileparadisedentals.faz.zew.mybluehostin.me/?path=//bin" "Mozilla/5.0 AppleWebKit/537.36 (KHTML, like Gecko; compatible; GPTBot/1.4; +https://openai.com/gptbot)" smileparadisedentals.faz.zew.mybluehostin.me 10.36.254.103
74.7.227.158 - - [19/Aug/2026:09:57:56 -0600] "GET /sitemap_index.xml?path=//lib64/pgsql HTTP/1.1" 409 83 "https://smileparadisedentals.com/sitemap_index.xml?path=//lib64" "Mozilla/5.0 AppleWebKit/537.36 (KHTML, like Gecko; compatible; GPTBot/1.4; +https://openai.com/gptbot)" smileparadisedentals.com 10.36.254.103
74.7.227.158 - - [19/Aug/2026:09:57:56 -0600] "GET /sitemap_index.xml?path=//lib64/pgsql HTTP/2.0" 409 83 "https://smileparadisedentals.com/sitemap_index.xml?path=//lib64" "Mozilla/5.0 AppleWebKit/537.36 (KHTML, like Gecko; compatible; GPTBot/1.4; +https://openai.com/gptbot)" smileparadisedentals.com 10.36.254.103
65.181.112.155 - - [19/Aug/2026:09:58:06 -0600] "GET /wp-login.php HTTP/2.0" 409 83 "-" "Mozilla/5.0 (Windows NT 10.0; Win64; x64) AppleWebKit/537.36 (KHTML, like Gecko) Chrome/149.0.0.0 Safari/537.36" smileparadisedentals.com 10.36.254.103
74.7.241.33 - - [19/Aug/2026:09:58:54 -0600] "GET /?filesrc=//bin/envml&path=//bin HTTP/1.1" 409 83 "https://smileparadisedentals.faz.zew.mybluehostin.me/?path=//bin" "Mozilla/5.0 AppleWebKit/537.36 (KHTML, like Gecko; compatible; GPTBot/1.4; +https://openai.com/gptbot)" smileparadisedentals.faz.zew.mybluehostin.me 10.36.254.103
74.7.241.33 - - [19/Aug/2026:09:58:54 -0600] "GET /?filesrc=//bin/envml&path=//bin HTTP/2.0" 409 83 "https://smileparadisedentals.faz.zew.mybluehostin.me/?path=//bin" "Mozilla/5.0 AppleWebKit/537.36 (KHTML, like Gecko; compatible; GPTBot/1.4; +https://openai.com/gptbot)" smileparadisedentals.faz.zew.mybluehostin.me 10.36.254.103
84.205.178.135 - - [19/Aug/2026:09:58:57 -0600] "GET /wp-login.php HTTP/2.0" 409 83 "-" "Mozilla/5.0 (Windows NT 10.0; Win64; x64) AppleWebKit/537.36 (KHTML, like Gecko) Chrome/149.0.0.0 Safari/537.36" smileparadisedentals.com 10.36.254.103
74.7.227.158 - - [19/Aug/2026:09:58:58 -0600] "GET /sitemap_index.xml?path=/home4/fazzewmy/public_html/dentstardentalclinic/.well-known/pki-validation HTTP/1.1" 409 83 "https://smileparadisedentals.com/sitemap_index.xml?path=/home4/fazzewmy/public_html/dentstardentalclinic/.well-known" "Mozilla/5.0 AppleWebKit/537.36 (KHTML, like Gecko; compatible; GPTBot/1.4; +https://openai.com/gptbot)" smileparadisedentals.com 10.36.254.103
74.7.227.158 - - [19/Aug/2026:09:58:57 -0600] "GET /sitemap_index.xml?path=/home4/fazzewmy/public_html/dentstardentalclinic/.well-known/pki-validation HTTP/2.0" 409 83 "https://smileparadisedentals.com/sitemap_index.xml?path=/home4/fazzewmy/public_html/dentstardentalclinic/.well-known" "Mozilla/5.0 AppleWebKit/537.36 (KHTML, like Gecko; compatible; GPTBot/1.4; +https://openai.com/gptbot)" smileparadisedentals.com 10.36.254.103
124.40.251.131 - - [19/Aug/2026:09:59:48 -0600] "GET /wp-login.php HTTP/2.0" 409 83 "-" "Mozilla/5.0 (Windows NT 10.0; Win64; x64) AppleWebKit/537.36 (KHTML, like Gecko) Chrome/149.0.0.0 Safari/537.36" smileparadisedentals.com 10.36.254.103
74.7.241.33 - - [19/Aug/2026:09:59:54 -0600] "GET /?filesrc=//bin/slabinfo&path=//bin HTTP/1.1" 409 83 "https://smileparadisedentals.faz.zew.mybluehostin.me/?path=//bin" "Mozilla/5.0 AppleWebKit/537.36 (KHTML, like Gecko; compatible; GPTBot/1.4; +https://openai.com/gptbot)" smileparadisedentals.faz.zew.mybluehostin.me 10.36.254.103
74.7.241.33 - - [19/Aug/2026:09:59:54 -0600] "GET /?filesrc=//bin/slabinfo&path=//bin HTTP/2.0" 409 83 "https://smileparadisedentals.faz.zew.mybluehostin.me/?path=//bin" "Mozilla/5.0 AppleWebKit/537.36 (KHTML, like Gecko; compatible; GPTBot/1.4; +https://openai.com/gptbot)" smileparadisedentals.faz.zew.mybluehostin.me 10.36.254.103
74.7.227.158 - - [19/Aug/2026:10:00:00 -0600] "GET /sitemap_index.xml?filesrc=//sbin/ip6tables-translate&path=//sbin HTTP/1.1" 409 83 "https://smileparadisedentals.com/sitemap_index.xml?path=//sbin" "Mozilla/5.0 AppleWebKit/537.36 (KHTML, like Gecko; compatible; GPTBot/1.4; +https://openai.com/gptbot)" smileparadisedentals.com 10.36.254.103
74.7.227.158 - - [19/Aug/2026:10:00:00 -0600] "GET /sitemap_index.xml?filesrc=//sbin/ip6tables-translate&path=//sbin HTTP/2.0" 409 83 "https://smileparadisedentals.com/sitemap_index.xml?path=//sbin" "Mozilla/5.0 AppleWebKit/537.36 (KHTML, like Gecko; compatible; GPTBot/1.4; +https://openai.com/gptbot)" smileparadisedentals.com 10.36.254.103
129.121.103.155 - - [19/Aug/2026:10:00:36 -0600] "GET /wp-login.php HTTP/2.0" 409 83 "-" "Mozilla/5.0 (Windows NT 10.0; Win64; x64) AppleWebKit/537.36 (KHTML, like Gecko) Chrome/149.0.0.0 Safari/537.36" smileparadisedentals.com 10.36.254.103
74.7.241.33 - - [19/Aug/2026:10:00:59 -0600] "GET /?filesrc=//bin/post-grohtml&path=//bin HTTP/1.1" 409 83 "https://smileparadisedentals.faz.zew.mybluehostin.me/?path=//bin" "Mozilla/5.0 AppleWebKit/537.36 (KHTML, like Gecko; compatible; GPTBot/1.4; +https://openai.com/gptbot)" smileparadisedentals.faz.zew.mybluehostin.me 10.36.254.103
74.7.241.33 - - [19/Aug/2026:10:00:59 -0600] "GET /?filesrc=//bin/post-grohtml&path=//bin HTTP/2.0" 409 83 "https://smileparadisedentals.faz.zew.mybluehostin.me/?path=//bin" "Mozilla/5.0 AppleWebKit/537.36 (KHTML, like Gecko; compatible; GPTBot/1.4; +https://openai.com/gptbot)" smileparadisedentals.faz.zew.mybluehostin.me 10.36.254.103
74.7.227.158 - - [19/Aug/2026:10:01:03 -0600] "GET /sitemap_index.xml?filesrc=//sbin/quotaon&path=//sbin HTTP/1.1" 409 83 "https://smileparadisedentals.com/sitemap_index.xml?path=//sbin" "Mozilla/5.0 AppleWebKit/537.36 (KHTML, like Gecko; compatible; GPTBot/1.4; +https://openai.com/gptbot)" smileparadisedentals.com 10.36.254.103
74.7.227.158 - - [19/Aug/2026:10:01:03 -0600] "GET /sitemap_index.xml?filesrc=//sbin/quotaon&path=//sbin HTTP/2.0" 409 83 "https://smileparadisedentals.com/sitemap_index.xml?path=//sbin" "Mozilla/5.0 AppleWebKit/537.36 (KHTML, like Gecko; compatible; GPTBot/1.4; +https://openai.com/gptbot)" smileparadisedentals.com 10.36.254.103
72.167.40.62 - - [19/Aug/2026:10:01:24 -0600] "GET /wp-login.php HTTP/2.0" 409 83 "-" "Mozilla/5.0 (Windows NT 10.0; Win64; x64) AppleWebKit/537.36 (KHTML, like Gecko) Chrome/149.0.0.0 Safari/537.36" smileparadisedentals.com 10.36.254.103
74.7.241.33 - - [19/Aug/2026:10:02:03 -0600] "GET /?filesrc=//bin/desktop-file-install&path=//bin HTTP/1.1" 409 83 "https://smileparadisedentals.faz.zew.mybluehostin.me/?path=//bin" "Mozilla/5.0 AppleWebKit/537.36 (KHTML, like Gecko; compatible; GPTBot/1.4; +https://openai.com/gptbot)" smileparadisedentals.faz.zew.mybluehostin.me 10.36.254.103
74.7.241.33 - - [19/Aug/2026:10:02:02 -0600] "GET /?filesrc=//bin/desktop-file-install&path=//bin HTTP/2.0" 409 83 "https://smileparadisedentals.faz.zew.mybluehostin.me/?path=//bin" "Mozilla/5.0 AppleWebKit/537.36 (KHTML, like Gecko; compatible; GPTBot/1.4; +https://openai.com/gptbot)" smileparadisedentals.faz.zew.mybluehostin.me 10.36.254.103
74.7.227.158 - - [19/Aug/2026:10:02:08 -0600] "GET /sitemap_index.xml?filesrc=//sbin/init&path=//sbin HTTP/1.1" 409 83 "https://smileparadisedentals.com/sitemap_index.xml?path=//sbin" "Mozilla/5.0 AppleWebKit/537.36 (KHTML, like Gecko; compatible; GPTBot/1.4; +https://openai.com/gptbot)" smileparadisedentals.com 10.36.254.103
74.7.227.158 - - [19/Aug/2026:10:02:08 -0600] "GET /sitemap_index.xml?filesrc=//sbin/init&path=//sbin HTTP/2.0" 409 83 "https://smileparadisedentals.com/sitemap_index.xml?path=//sbin" "Mozilla/5.0 AppleWebKit/537.36 (KHTML, like Gecko; compatible; GPTBot/1.4; +https://openai.com/gptbot)" smileparadisedentals.com 10.36.254.103
129.121.103.155 - - [19/Aug/2026:10:02:11 -0600] "GET /wp-login.php HTTP/2.0" 409 83 "-" "Mozilla/5.0 (Windows NT 10.0; Win64; x64) AppleWebKit/537.36 (KHTML, like Gecko) Chrome/149.0.0.0 Safari/537.36" smileparadisedentals.com 10.36.254.103
52.139.47.57 - - [19/Aug/2026:10:02:54 -0600] "GET /___proxy_subdomain_cpcontacts/ HTTP/1.1" 409 83 "-" "Mozilla/5.0 (Windows NT 10.0; Win64; x64) AppleWebKit/537.36 (KHTML, like Gecko) Chrome/120.0.0.0 Safari/537.36" cpcontacts.smileparadisedentals.com 10.36.254.103
52.139.47.57 - - [19/Aug/2026:10:02:54 -0600] "GET / HTTP/1.1" 409 83 "-" "Mozilla/5.0 (Windows NT 10.0; Win64; x64) AppleWebKit/537.36 (KHTML, like Gecko) Chrome/120.0.0.0 Safari/537.36" cpcontacts.smileparadisedentals.com 10.36.254.103
172.161.79.158 - - [19/Aug/2026:10:03:02 -0600] "GET / HTTP/1.1" 409 83 "-" "Mozilla/5.0 (Windows NT 10.0; Win64; x64) AppleWebKit/537.36 (KHTML, like Gecko) Chrome/120.0.0.0 Safari/537.36" smileparadisedentals.com 10.36.254.103
172.161.79.158 - - [19/Aug/2026:10:03:02 -0600] "GET / HTTP/1.1" 409 83 "-" "Mozilla/5.0 (Windows NT 10.0; Win64; x64) AppleWebKit/537.36 (KHTML, like Gecko) Chrome/120.0.0.0 Safari/537.36" smileparadisedentals.com 10.36.254.103
74.7.241.33 - - [19/Aug/2026:10:03:05 -0600] "GET /?filesrc=//bin/pampaintspill&path=//bin HTTP/1.1" 409 83 "https://smileparadisedentals.faz.zew.mybluehostin.me/?path=//bin" "Mozilla/5.0 AppleWebKit/537.36 (KHTML, like Gecko; compatible; GPTBot/1.4; +https://openai.com/gptbot)" smileparadisedentals.faz.zew.mybluehostin.me 10.36.254.103
74.7.241.33 - - [19/Aug/2026:10:03:05 -0600] "GET /?filesrc=//bin/pampaintspill&path=//bin HTTP/2.0" 409 83 "https://smileparadisedentals.faz.zew.mybluehostin.me/?path=//bin" "Mozilla/5.0 AppleWebKit/537.36 (KHTML, like Gecko; compatible; GPTBot/1.4; +https://openai.com/gptbot)" smileparadisedentals.faz.zew.mybluehostin.me 10.36.254.103
74.7.227.158 - - [19/Aug/2026:10:03:12 -0600] "GET /sitemap_index.xml?filesrc=//sbin/badblocks&path=//sbin HTTP/1.1" 409 83 "https://smileparadisedentals.com/sitemap_index.xml?path=//sbin" "Mozilla/5.0 AppleWebKit/537.36 (KHTML, like Gecko; compatible; GPTBot/1.4; +https://openai.com/gptbot)" smileparadisedentals.com 10.36.254.103
74.7.227.158 - - [19/Aug/2026:10:03:12 -0600] "GET /sitemap_index.xml?filesrc=//sbin/badblocks&path=//sbin HTTP/2.0" 409 83 "https://smileparadisedentals.com/sitemap_index.xml?path=//sbin" "Mozilla/5.0 AppleWebKit/537.36 (KHTML, like Gecko; compatible; GPTBot/1.4; +https://openai.com/gptbot)" smileparadisedentals.com 10.36.254.103
129.121.103.155 - - [19/Aug/2026:10:03:45 -0600] "GET /wp-login.php HTTP/2.0" 409 83 "-" "Mozilla/5.0 (Windows NT 10.0; Win64; x64) AppleWebKit/537.36 (KHTML, like Gecko) Chrome/149.0.0.0 Safari/537.36" smileparadisedentals.com 10.36.254.103
179.48.50.23 - - [19/Aug/2026:10:03:47 -0600] "GET /robots.txt HTTP/1.1" 409 83 "-" "Mozilla/5.0 (Macintosh; Intel Mac OS X 10_15_7) AppleWebKit/537.36 (KHTML, like Gecko) Chrome/133.0.0.0 Safari/537.36" smileparadisedentals.com 10.36.254.103
179.48.50.23 - - [19/Aug/2026:10:03:47 -0600] "GET /robots.txt HTTP/2.0" 409 83 "-" "Mozilla/5.0 (Macintosh; Intel Mac OS X 10_15_7) AppleWebKit/537.36 (KHTML, like Gecko) Chrome/133.0.0.0 Safari/537.36" smileparadisedentals.com 10.36.254.103
78.25.5.159 - - [19/Aug/2026:10:03:50 -0600] "GET /orthodontics/ HTTP/1.1" 409 83 "-" "Mozilla/5.0 (Macintosh; Intel Mac OS X 10_15_7) AppleWebKit/537.36 (KHTML, like Gecko) Chrome/133.0.0.0 Safari/537.36" smileparadisedentals.com 10.36.254.103
78.25.5.159 - - [19/Aug/2026:10:03:50 -0600] "GET /orthodontics/ HTTP/2.0" 409 83 "-" "Mozilla/5.0 (Macintosh; Intel Mac OS X 10_15_7) AppleWebKit/537.36 (KHTML, like Gecko) Chrome/133.0.0.0 Safari/537.36" smileparadisedentals.com 10.36.254.103
74.7.241.33 - - [19/Aug/2026:10:04:09 -0600] "GET /?filesrc=//bin/x86_64&path=//bin HTTP/1.1" 409 83 "https://smileparadisedentals.faz.zew.mybluehostin.me/?path=//bin" "Mozilla/5.0 AppleWebKit/537.36 (KHTML, like Gecko; compatible; GPTBot/1.4; +https://openai.com/gptbot)" smileparadisedentals.faz.zew.mybluehostin.me 10.36.254.103
74.7.241.33 - - [19/Aug/2026:10:04:09 -0600] "GET /?filesrc=//bin/x86_64&path=//bin HTTP/2.0" 409 83 "https://smileparadisedentals.faz.zew.mybluehostin.me/?path=//bin" "Mozilla/5.0 AppleWebKit/537.36 (KHTML, like Gecko; compatible; GPTBot/1.4; +https://openai.com/gptbot)" smileparadisedentals.faz.zew.mybluehostin.me 10.36.254.103
74.7.227.158 - - [19/Aug/2026:10:04:15 -0600] "GET /sitemap_index.xml?filesrc=//sbin/conntrackd&path=//sbin HTTP/1.1" 409 83 "https://smileparadisedentals.com/sitemap_index.xml?path=//sbin" "Mozilla/5.0 AppleWebKit/537.36 (KHTML, like Gecko; compatible; GPTBot/1.4; +https://openai.com/gptbot)" smileparadisedentals.com 10.36.254.103
74.7.227.158 - - [19/Aug/2026:10:04:15 -0600] "GET /sitemap_index.xml?filesrc=//sbin/conntrackd&path=//sbin HTTP/2.0" 409 83 "https://smileparadisedentals.com/sitemap_index.xml?path=//sbin" "Mozilla/5.0 AppleWebKit/537.36 (KHTML, like Gecko; compatible; GPTBot/1.4; +https://openai.com/gptbot)" smileparadisedentals.com 10.36.254.103
95.182.96.81 - - [19/Aug/2026:10:05:07 -0600] "GET /___proxy_subdomain_cpcontacts/ HTTP/1.1" 409 83 "-" "Mozilla/5.0 (compatible; CT-WP-Probe/1.2)" cpcontacts.smileparadisedentals.com 10.36.254.103
95.182.96.81 - - [19/Aug/2026:10:05:07 -0600] "GET / HTTP/1.1" 409 83 "-" "Mozilla/5.0 (compatible; CT-WP-Probe/1.2)" cpcontacts.smileparadisedentals.com 10.36.254.103
74.7.241.33 - - [19/Aug/2026:10:05:11 -0600] "GET /?filesrc=//bin/read&path=//bin HTTP/1.1" 409 83 "https://smileparadisedentals.faz.zew.mybluehostin.me/?path=//bin" "Mozilla/5.0 AppleWebKit/537.36 (KHTML, like Gecko; compatible; GPTBot/1.4; +https://openai.com/gptbot)" smileparadisedentals.faz.zew.mybluehostin.me 10.36.254.103
74.7.241.33 - - [19/Aug/2026:10:05:11 -0600] "GET /?filesrc=//bin/read&path=//bin HTTP/2.0" 409 83 "https://smileparadisedentals.faz.zew.mybluehostin.me/?path=//bin" "Mozilla/5.0 AppleWebKit/537.36 (KHTML, like Gecko; compatible; GPTBot/1.4; +https://openai.com/gptbot)" smileparadisedentals.faz.zew.mybluehostin.me 10.36.254.103
74.7.227.158 - - [19/Aug/2026:10:05:16 -0600] "GET /sitemap_index.xml?filesrc=//sbin/htcacheclean&path=//sbin HTTP/1.1" 409 83 "https://smileparadisedentals.com/sitemap_index.xml?path=//sbin" "Mozilla/5.0 AppleWebKit/537.36 (KHTML, like Gecko; compatible; GPTBot/1.4; +https://openai.com/gptbot)" smileparadisedentals.com 10.36.254.103
74.7.227.158 - - [19/Aug/2026:10:05:16 -0600] "GET /sitemap_index.xml?filesrc=//sbin/htcacheclean&path=//sbin HTTP/2.0" 409 83 "https://smileparadisedentals.com/sitemap_index.xml?path=//sbin" "Mozilla/5.0 AppleWebKit/537.36 (KHTML, like Gecko; compatible; GPTBot/1.4; +https://openai.com/gptbot)" smileparadisedentals.com 10.36.254.103
74.7.241.33 - - [19/Aug/2026:10:06:15 -0600] "GET /?filesrc=//bin/gsdj500&path=//bin HTTP/1.1" 409 83 "https://smileparadisedentals.faz.zew.mybluehostin.me/?path=//bin" "Mozilla/5.0 AppleWebKit/537.36 (KHTML, like Gecko; compatible; GPTBot/1.4; +https://openai.com/gptbot)" smileparadisedentals.faz.zew.mybluehostin.me 10.36.254.103
74.7.241.33 - - [19/Aug/2026:10:06:15 -0600] "GET /?filesrc=//bin/gsdj500&path=//bin HTTP/2.0" 409 83 "https://smileparadisedentals.faz.zew.mybluehostin.me/?path=//bin" "Mozilla/5.0 AppleWebKit/537.36 (KHTML, like Gecko; compatible; GPTBot/1.4; +https://openai.com/gptbot)" smileparadisedentals.faz.zew.mybluehostin.me 10.36.254.103
74.7.227.158 - - [19/Aug/2026:10:06:18 -0600] "GET /sitemap_index.xml?go=cabs&path=//sbin HTTP/1.1" 409 83 "https://smileparadisedentals.com/sitemap_index.xml?path=//sbin" "Mozilla/5.0 AppleWebKit/537.36 (KHTML, like Gecko; compatible; GPTBot/1.4; +https://openai.com/gptbot)" smileparadisedentals.com 10.36.254.103
74.7.227.158 - - [19/Aug/2026:10:06:18 -0600] "GET /sitemap_index.xml?go=cabs&path=//sbin HTTP/2.0" 409 83 "https://smileparadisedentals.com/sitemap_index.xml?path=//sbin" "Mozilla/5.0 AppleWebKit/537.36 (KHTML, like Gecko; compatible; GPTBot/1.4; +https://openai.com/gptbot)" smileparadisedentals.com 10.36.254.103
74.7.241.33 - - [19/Aug/2026:10:07:21 -0600] "GET /?filesrc=//bin/perl5.32.1&path=//bin HTTP/1.1" 409 83 "https://smileparadisedentals.faz.zew.mybluehostin.me/?path=//bin" "Mozilla/5.0 AppleWebKit/537.36 (KHTML, like Gecko; compatible; GPTBot/1.4; +https://openai.com/gptbot)" smileparadisedentals.faz.zew.mybluehostin.me 10.36.254.103
74.7.241.33 - - [19/Aug/2026:10:07:21 -0600] "GET /?filesrc=//bin/perl5.32.1&path=//bin HTTP/2.0" 409 83 "https://smileparadisedentals.faz.zew.mybluehostin.me/?path=//bin" "Mozilla/5.0 AppleWebKit/537.36 (KHTML, like Gecko; compatible; GPTBot/1.4; +https://openai.com/gptbot)" smileparadisedentals.faz.zew.mybluehostin.me 10.36.254.103
74.7.227.158 - - [19/Aug/2026:10:07:21 -0600] "GET /sitemap_index.xml?filesrc=//sbin/applygnupgdefaults&path=//sbin HTTP/1.1" 409 83 "https://smileparadisedentals.com/sitemap_index.xml?path=//sbin" "Mozilla/5.0 AppleWebKit/537.36 (KHTML, like Gecko; compatible; GPTBot/1.4; +https://openai.com/gptbot)" smileparadisedentals.com 10.36.254.103
74.7.227.158 - - [19/Aug/2026:10:07:21 -0600] "GET /sitemap_index.xml?filesrc=//sbin/applygnupgdefaults&path=//sbin HTTP/2.0" 409 83 "https://smileparadisedentals.com/sitemap_index.xml?path=//sbin" "Mozilla/5.0 AppleWebKit/537.36 (KHTML, like Gecko; compatible; GPTBot/1.4; +https://openai.com/gptbot)" smileparadisedentals.com 10.36.254.103
74.7.241.33 - - [19/Aug/2026:10:08:22 -0600] "GET /?filesrc=//bin/cloud-init-per&path=//bin HTTP/1.1" 409 83 "https://smileparadisedentals.faz.zew.mybluehostin.me/?path=//bin" "Mozilla/5.0 AppleWebKit/537.36 (KHTML, like Gecko; compatible; GPTBot/1.4; +https://openai.com/gptbot)" smileparadisedentals.faz.zew.mybluehostin.me 10.36.254.103
74.7.241.33 - - [19/Aug/2026:10:08:22 -0600] "GET /?filesrc=//bin/cloud-init-per&path=//bin HTTP/2.0" 409 83 "https://smileparadisedentals.faz.zew.mybluehostin.me/?path=//bin" "Mozilla/5.0 AppleWebKit/537.36 (KHTML, like Gecko; compatible; GPTBot/1.4; +https://openai.com/gptbot)" smileparadisedentals.faz.zew.mybluehostin.me 10.36.254.103
74.7.227.158 - - [19/Aug/2026:10:08:24 -0600] "GET /sitemap_index.xml?path=/home4/fazzewmy/public_html/dentstardentalclinic/.well-known/acme-challenge HTTP/1.1" 409 83 "https://smileparadisedentals.com/sitemap_index.xml?path=/home4/fazzewmy/public_html/dentstardentalclinic/.well-known" "Mozilla/5.0 AppleWebKit/537.36 (KHTML, like Gecko; compatible; GPTBot/1.4; +https://openai.com/gptbot)" smileparadisedentals.com 10.36.254.103
74.7.227.158 - - [19/Aug/2026:10:08:24 -0600] "GET /sitemap_index.xml?path=/home4/fazzewmy/public_html/dentstardentalclinic/.well-known/acme-challenge HTTP/2.0" 409 83 "https://smileparadisedentals.com/sitemap_index.xml?path=/home4/fazzewmy/public_html/dentstardentalclinic/.well-known" "Mozilla/5.0 AppleWebKit/537.36 (KHTML, like Gecko; compatible; GPTBot/1.4; +https://openai.com/gptbot)" smileparadisedentals.com 10.36.254.103
162.214.80.130 - - [19/Aug/2026:10:09:25 -0600] "POST /wp-cron.php?doing_wp_cron=1787155765.6446380615234375000000 HTTP/1.1" 200 - "-" "WordPress/7.0.4; https://smileparadisedentals.com" smileparadisedentals.com 10.36.254.103
74.7.241.33 - - [19/Aug/2026:10:09:25 -0600] "GET /?filesrc=//bin/gpg-error-config&path=//bin HTTP/1.1" 200 120854 "https://smileparadisedentals.faz.zew.mybluehostin.me/?path=//bin" "Mozilla/5.0 AppleWebKit/537.36 (KHTML, like Gecko; compatible; GPTBot/1.4; +https://openai.com/gptbot)" smileparadisedentals.faz.zew.mybluehostin.me 10.36.254.103
74.7.241.33 - - [19/Aug/2026:10:09:25 -0600] "GET /?filesrc=//bin/gpg-error-config&path=//bin HTTP/2.0" 200 120854 "https://smileparadisedentals.faz.zew.mybluehostin.me/?path=//bin" "Mozilla/5.0 AppleWebKit/537.36 (KHTML, like Gecko; compatible; GPTBot/1.4; +https://openai.com/gptbot)" smileparadisedentals.faz.zew.mybluehostin.me 10.36.254.103
74.7.227.158 - - [19/Aug/2026:10:09:27 -0600] "GET /sitemap_index.xml?filesrc=//sbin/named-compilezone&path=//sbin HTTP/1.1" 200 12773 "https://smileparadisedentals.com/sitemap_index.xml?path=//sbin" "Mozilla/5.0 AppleWebKit/537.36 (KHTML, like Gecko; compatible; GPTBot/1.4; +https://openai.com/gptbot)" smileparadisedentals.com 10.36.254.103
74.7.227.158 - - [19/Aug/2026:10:09:27 -0600] "GET /sitemap_index.xml?filesrc=//sbin/named-compilezone&path=//sbin HTTP/2.0" 200 12773 "https://smileparadisedentals.com/sitemap_index.xml?path=//sbin" "Mozilla/5.0 AppleWebKit/537.36 (KHTML, like Gecko; compatible; GPTBot/1.4; +https://openai.com/gptbot)" smileparadisedentals.com 10.36.254.103
74.7.241.33 - - [19/Aug/2026:10:10:25 -0600] "GET /?filesrc=//bin/dnstap-read&path=//bin HTTP/1.1" 200 7288 "https://smileparadisedentals.faz.zew.mybluehostin.me/?path=//bin" "Mozilla/5.0 AppleWebKit/537.36 (KHTML, like Gecko; compatible; GPTBot/1.4; +https://openai.com/gptbot)" smileparadisedentals.faz.zew.mybluehostin.me 10.36.254.103
74.7.241.33 - - [19/Aug/2026:10:10:25 -0600] "GET /?filesrc=//bin/dnstap-read&path=//bin HTTP/2.0" 200 7288 "https://smileparadisedentals.faz.zew.mybluehostin.me/?path=//bin" "Mozilla/5.0 AppleWebKit/537.36 (KHTML, like Gecko; compatible; GPTBot/1.4; +https://openai.com/gptbot)" smileparadisedentals.faz.zew.mybluehostin.me 10.36.254.103
74.7.175.143 - - [19/Aug/2026:10:10:25 -0600] "GET /robots.txt HTTP/2.0" 200 7493 "-" "Mozilla/5.0 (Macintosh; Intel Mac OS X 10_15_7) AppleWebKit/537.36 (KHTML, like Gecko) Chrome/131.0.0.0 Safari/537.36; compatible; OAI-SearchBot/1.4; robots.txt; +https://openai.com/searchbot" smileparadisedentals.faz.zew.mybluehostin.me 10.36.254.103
162.214.80.130 - - [19/Aug/2026:10:10:28 -0600] "POST /wp-cron.php?doing_wp_cron=1787155828.4799621105194091796875 HTTP/1.1" 200 - "-" "WordPress/7.0.4; https://smileparadisedentals.com" smileparadisedentals.com 10.36.254.103
74.7.227.158 - - [19/Aug/2026:10:10:27 -0600] "GET /sitemap_index.xml?filesrc=//sbin/inbound-whitelist&path=//sbin HTTP/1.1" 200 1585 "https://smileparadisedentals.com/sitemap_index.xml?path=//sbin" "Mozilla/5.0 AppleWebKit/537.36 (KHTML, like Gecko; compatible; GPTBot/1.4; +https://openai.com/gptbot)" smileparadisedentals.com 10.36.254.103
74.7.227.158 - - [19/Aug/2026:10:10:27 -0600] "GET /sitemap_index.xml?filesrc=//sbin/inbound-whitelist&path=//sbin HTTP/2.0" 200 1585 "https://smileparadisedentals.com/sitemap_index.xml?path=//sbin" "Mozilla/5.0 AppleWebKit/537.36 (KHTML, like Gecko; compatible; GPTBot/1.4; +https://openai.com/gptbot)" smileparadisedentals.com 10.36.254.103
74.7.241.33 - - [19/Aug/2026:10:11:23 -0600] "GET /?filesrc=//bin/object-remote-node&path=//bin HTTP/1.1" 200 1409 "https://smileparadisedentals.faz.zew.mybluehostin.me/?path=//bin" "Mozilla/5.0 AppleWebKit/537.36 (KHTML, like Gecko; compatible; GPTBot/1.4; +https://openai.com/gptbot)" smileparadisedentals.faz.zew.mybluehostin.me 10.36.254.103
74.7.241.33 - - [19/Aug/2026:10:11:23 -0600] "GET /?filesrc=//bin/object-remote-node&path=//bin HTTP/2.0" 200 1409 "https://smileparadisedentals.faz.zew.mybluehostin.me/?path=//bin" "Mozilla/5.0 AppleWebKit/537.36 (KHTML, like Gecko; compatible; GPTBot/1.4; +https://openai.com/gptbot)" smileparadisedentals.faz.zew.mybluehostin.me 10.36.254.103
74.7.227.158 - - [19/Aug/2026:10:11:23 -0600] "GET /sitemap_index.xml?filesrc=//sbin/cracklib-unpacker&path=//sbin HTTP/1.1" 200 4093 "https://smileparadisedentals.com/sitemap_index.xml?path=//sbin" "Mozilla/5.0 AppleWebKit/537.36 (KHTML, like Gecko; compatible; GPTBot/1.4; +https://openai.com/gptbot)" smileparadisedentals.com 10.36.254.103
74.7.227.158 - - [19/Aug/2026:10:11:23 -0600] "GET /sitemap_index.xml?filesrc=//sbin/cracklib-unpacker&path=//sbin HTTP/2.0" 200 4093 "https://smileparadisedentals.com/sitemap_index.xml?path=//sbin" "Mozilla/5.0 AppleWebKit/537.36 (KHTML, like Gecko; compatible; GPTBot/1.4; +https://openai.com/gptbot)" smileparadisedentals.com 10.36.254.103
162.214.80.130 - - [19/Aug/2026:10:12:13 -0600] "POST /wp-cron.php?doing_wp_cron=1787155933.5461399555206298828125 HTTP/1.1" 200 - "-" "WordPress/7.0.4; https://smileparadisedentals.com" smileparadisedentals.com 10.36.254.103
74.7.227.158 - - [19/Aug/2026:10:12:13 -0600] "GET /sitemap_index.xml?filesrc=//sbin/arptables-nft-restore&path=//sbin HTTP/1.1" 200 97026 "https://smileparadisedentals.com/sitemap_index.xml?path=//sbin" "Mozilla/5.0 AppleWebKit/537.36 (KHTML, like Gecko; compatible; GPTBot/1.4; +https://openai.com/gptbot)" smileparadisedentals.com 10.36.254.103
74.7.227.158 - - [19/Aug/2026:10:12:13 -0600] "GET /sitemap_index.xml?filesrc=//sbin/arptables-nft-restore&path=//sbin HTTP/2.0" 200 97026 "https://smileparadisedentals.com/sitemap_index.xml?path=//sbin" "Mozilla/5.0 AppleWebKit/537.36 (KHTML, like Gecko; compatible; GPTBot/1.4; +https://openai.com/gptbot)" smileparadisedentals.com 10.36.254.103
74.7.241.33 - - [19/Aug/2026:10:12:14 -0600] "GET /?filesrc=//bin/aclocal-1.16&path=//bin HTTP/1.1" 200 136137 "https://smileparadisedentals.faz.zew.mybluehostin.me/?path=//bin" "Mozilla/5.0 AppleWebKit/537.36 (KHTML, like Gecko; compatible; GPTBot/1.4; +https://openai.com/gptbot)" smileparadisedentals.faz.zew.mybluehostin.me 10.36.254.103
74.7.241.33 - - [19/Aug/2026:10:12:14 -0600] "GET /?filesrc=//bin/aclocal-1.16&path=//bin HTTP/2.0" 200 136137 "https://smileparadisedentals.faz.zew.mybluehostin.me/?path=//bin" "Mozilla/5.0 AppleWebKit/537.36 (KHTML, like Gecko; compatible; GPTBot/1.4; +https://openai.com/gptbot)" smileparadisedentals.faz.zew.mybluehostin.me 10.36.254.103
74.7.227.158 - - [19/Aug/2026:10:13:01 -0600] "GET /sitemap_index.xml?filesrc=//sbin/pure-uploadscript&path=//sbin HTTP/1.1" 200 7037 "https://smileparadisedentals.com/sitemap_index.xml?path=//sbin" "Mozilla/5.0 AppleWebKit/537.36 (KHTML, like Gecko; compatible; GPTBot/1.4; +https://openai.com/gptbot)" smileparadisedentals.com 10.36.254.103
74.7.227.158 - - [19/Aug/2026:10:13:01 -0600] "GET /sitemap_index.xml?filesrc=//sbin/pure-uploadscript&path=//sbin HTTP/2.0" 200 7037 "https://smileparadisedentals.com/sitemap_index.xml?path=//sbin" "Mozilla/5.0 AppleWebKit/537.36 (KHTML, like Gecko; compatible; GPTBot/1.4; +https://openai.com/gptbot)" smileparadisedentals.com 10.36.254.103
162.214.80.130 - - [19/Aug/2026:10:13:02 -0600] "POST /wp-cron.php?doing_wp_cron=1787155982.2283151149749755859375 HTTP/1.1" 200 - "-" "WordPress/7.0.4; https://smileparadisedentals.com" smileparadisedentals.com 10.36.254.103
74.7.241.33 - - [19/Aug/2026:10:13:01 -0600] "GET /?filesrc=//bin/automake-1.16&path=//bin HTTP/1.1" 200 228537 "https://smileparadisedentals.faz.zew.mybluehostin.me/?path=//bin" "Mozilla/5.0 AppleWebKit/537.36 (KHTML, like Gecko; compatible; GPTBot/1.4; +https://openai.com/gptbot)" smileparadisedentals.faz.zew.mybluehostin.me 10.36.254.103
74.7.241.33 - - [19/Aug/2026:10:13:01 -0600] "GET /?filesrc=//bin/automake-1.16&path=//bin HTTP/2.0" 200 228537 "https://smileparadisedentals.faz.zew.mybluehostin.me/?path=//bin" "Mozilla/5.0 AppleWebKit/537.36 (KHTML, like Gecko; compatible; GPTBot/1.4; +https://openai.com/gptbot)" smileparadisedentals.faz.zew.mybluehostin.me 10.36.254.103
