74.7.227.158 - - [19/Aug/2026:12:36:15 -0600] "GET /sitemap_index.xml?path=//var/cache/man/de HTTP/1.1" 200 2019 "https://smileparadisedentals.com/sitemap_index.xml?path=//var/cache/man" "Mozilla/5.0 AppleWebKit/537.36 (KHTML, like Gecko; compatible; GPTBot/1.4; +https://openai.com/gptbot)" smileparadisedentals.com 10.36.254.103
74.7.227.158 - - [19/Aug/2026:12:36:15 -0600] "GET /sitemap_index.xml?path=//var/cache/man/de HTTP/2.0" 200 2019 "https://smileparadisedentals.com/sitemap_index.xml?path=//var/cache/man" "Mozilla/5.0 AppleWebKit/537.36 (KHTML, like Gecko; compatible; GPTBot/1.4; +https://openai.com/gptbot)" smileparadisedentals.com 10.36.254.103
74.7.227.158 - - [19/Aug/2026:12:36:17 -0600] "GET /sitemap_index.xml?path=//var/cache/man/es HTTP/1.1" 200 2020 "https://smileparadisedentals.com/sitemap_index.xml?path=//var/cache/man" "Mozilla/5.0 AppleWebKit/537.36 (KHTML, like Gecko; compatible; GPTBot/1.4; +https://openai.com/gptbot)" smileparadisedentals.com 10.36.254.103
74.7.227.158 - - [19/Aug/2026:12:36:17 -0600] "GET /sitemap_index.xml?path=//var/cache/man/es HTTP/2.0" 200 2020 "https://smileparadisedentals.com/sitemap_index.xml?path=//var/cache/man" "Mozilla/5.0 AppleWebKit/537.36 (KHTML, like Gecko; compatible; GPTBot/1.4; +https://openai.com/gptbot)" smileparadisedentals.com 10.36.254.103
74.7.241.33 - - [19/Aug/2026:12:36:17 -0600] "GET /?filesrc=//bin/troff&path=//bin HTTP/1.1" 200 375492 "https://smileparadisedentals.faz.zew.mybluehostin.me/?path=//bin" "Mozilla/5.0 AppleWebKit/537.36 (KHTML, like Gecko; compatible; GPTBot/1.4; +https://openai.com/gptbot)" smileparadisedentals.faz.zew.mybluehostin.me 10.36.254.103
74.7.241.33 - - [19/Aug/2026:12:36:17 -0600] "GET /?filesrc=//bin/troff&path=//bin HTTP/2.0" 200 375492 "https://smileparadisedentals.faz.zew.mybluehostin.me/?path=//bin" "Mozilla/5.0 AppleWebKit/537.36 (KHTML, like Gecko; compatible; GPTBot/1.4; +https://openai.com/gptbot)" smileparadisedentals.faz.zew.mybluehostin.me 10.36.254.103
162.214.80.130 - - [19/Aug/2026:12:36:21 -0600] "POST /wp-cron.php?doing_wp_cron=1787164581.5584349632263183593750 HTTP/1.1" 200 - "-" "WordPress/7.0.4; https://smileparadisedentals.com" smileparadisedentals.com 10.36.254.103
74.7.227.158 - - [19/Aug/2026:12:36:20 -0600] "GET /sitemap_index.xml?path=//var/cache/man/pt HTTP/1.1" 200 2020 "https://smileparadisedentals.com/sitemap_index.xml?path=//var/cache/man" "Mozilla/5.0 AppleWebKit/537.36 (KHTML, like Gecko; compatible; GPTBot/1.4; +https://openai.com/gptbot)" smileparadisedentals.com 10.36.254.103
74.7.227.158 - - [19/Aug/2026:12:36:20 -0600] "GET /sitemap_index.xml?path=//var/cache/man/pt HTTP/2.0" 200 2020 "https://smileparadisedentals.com/sitemap_index.xml?path=//var/cache/man" "Mozilla/5.0 AppleWebKit/537.36 (KHTML, like Gecko; compatible; GPTBot/1.4; +https://openai.com/gptbot)" smileparadisedentals.com 10.36.254.103
162.214.80.130 - - [19/Aug/2026:12:36:21 -0600] "POST /wp-cron.php?doing_wp_cron=1787164581.6329319477081298828125 HTTP/1.1" 200 - "-" "WordPress/7.0.4; https://smileparadisedentals.com" smileparadisedentals.com 10.36.254.103
74.7.241.33 - - [19/Aug/2026:12:36:20 -0600] "GET /?filesrc=//bin/shred&path=//bin HTTP/1.1" 200 140190 "https://smileparadisedentals.faz.zew.mybluehostin.me/?path=//bin" "Mozilla/5.0 AppleWebKit/537.36 (KHTML, like Gecko; compatible; GPTBot/1.4; +https://openai.com/gptbot)" smileparadisedentals.faz.zew.mybluehostin.me 10.36.254.103
74.7.241.33 - - [19/Aug/2026:12:36:20 -0600] "GET /?filesrc=//bin/shred&path=//bin HTTP/2.0" 200 140190 "https://smileparadisedentals.faz.zew.mybluehostin.me/?path=//bin" "Mozilla/5.0 AppleWebKit/537.36 (KHTML, like Gecko; compatible; GPTBot/1.4; +https://openai.com/gptbot)" smileparadisedentals.faz.zew.mybluehostin.me 10.36.254.103
74.7.227.158 - - [19/Aug/2026:12:36:21 -0600] "GET /sitemap_index.xml?path=//var/cache/man/pl HTTP/1.1" 200 2021 "https://smileparadisedentals.com/sitemap_index.xml?path=//var/cache/man" "Mozilla/5.0 AppleWebKit/537.36 (KHTML, like Gecko; compatible; GPTBot/1.4; +https://openai.com/gptbot)" smileparadisedentals.com 10.36.254.103
74.7.241.33 - - [19/Aug/2026:12:36:21 -0600] "GET /?filesrc=//bin/trust&path=//bin HTTP/1.1" 200 88437 "https://smileparadisedentals.faz.zew.mybluehostin.me/?path=//bin" "Mozilla/5.0 AppleWebKit/537.36 (KHTML, like Gecko; compatible; GPTBot/1.4; +https://openai.com/gptbot)" smileparadisedentals.faz.zew.mybluehostin.me 10.36.254.103
74.7.227.158 - - [19/Aug/2026:12:36:21 -0600] "GET /sitemap_index.xml?path=//var/cache/man/pl HTTP/2.0" 200 2021 "https://smileparadisedentals.com/sitemap_index.xml?path=//var/cache/man" "Mozilla/5.0 AppleWebKit/537.36 (KHTML, like Gecko; compatible; GPTBot/1.4; +https://openai.com/gptbot)" smileparadisedentals.com 10.36.254.103
74.7.241.33 - - [19/Aug/2026:12:36:21 -0600] "GET /?filesrc=//bin/trust&path=//bin HTTP/2.0" 200 88437 "https://smileparadisedentals.faz.zew.mybluehostin.me/?path=//bin" "Mozilla/5.0 AppleWebKit/537.36 (KHTML, like Gecko; compatible; GPTBot/1.4; +https://openai.com/gptbot)" smileparadisedentals.faz.zew.mybluehostin.me 10.36.254.103
74.7.227.158 - - [19/Aug/2026:12:36:23 -0600] "GET /sitemap_index.xml?path=//var/cache/man/it HTTP/1.1" 200 1747 "https://smileparadisedentals.com/sitemap_index.xml?path=//var/cache/man" "Mozilla/5.0 AppleWebKit/537.36 (KHTML, like Gecko; compatible; GPTBot/1.4; +https://openai.com/gptbot)" smileparadisedentals.com 10.36.254.103
74.7.241.33 - - [19/Aug/2026:12:36:23 -0600] "GET /?filesrc=//bin/arping&path=//bin HTTP/1.1" 200 10785 "https://smileparadisedentals.faz.zew.mybluehostin.me/?path=//bin" "Mozilla/5.0 AppleWebKit/537.36 (KHTML, like Gecko; compatible; GPTBot/1.4; +https://openai.com/gptbot)" smileparadisedentals.faz.zew.mybluehostin.me 10.36.254.103
74.7.241.33 - - [19/Aug/2026:12:36:23 -0600] "GET /?filesrc=//bin/arping&path=//bin HTTP/2.0" 200 10785 "https://smileparadisedentals.faz.zew.mybluehostin.me/?path=//bin" "Mozilla/5.0 AppleWebKit/537.36 (KHTML, like Gecko; compatible; GPTBot/1.4; +https://openai.com/gptbot)" smileparadisedentals.faz.zew.mybluehostin.me 10.36.254.103
74.7.227.158 - - [19/Aug/2026:12:36:23 -0600] "GET /sitemap_index.xml?path=//var/cache/man/it HTTP/2.0" 200 1747 "https://smileparadisedentals.com/sitemap_index.xml?path=//var/cache/man" "Mozilla/5.0 AppleWebKit/537.36 (KHTML, like Gecko; compatible; GPTBot/1.4; +https://openai.com/gptbot)" smileparadisedentals.com 10.36.254.103
74.7.241.33 - - [19/Aug/2026:12:36:25 -0600] "GET /?filesrc=//bin/locale&path=//bin HTTP/1.1" 200 18462 "https://smileparadisedentals.faz.zew.mybluehostin.me/?path=//bin" "Mozilla/5.0 AppleWebKit/537.36 (KHTML, like Gecko; compatible; GPTBot/1.4; +https://openai.com/gptbot)" smileparadisedentals.faz.zew.mybluehostin.me 10.36.254.103
74.7.241.33 - - [19/Aug/2026:12:36:25 -0600] "GET /?filesrc=//bin/locale&path=//bin HTTP/2.0" 200 18462 "https://smileparadisedentals.faz.zew.mybluehostin.me/?path=//bin" "Mozilla/5.0 AppleWebKit/537.36 (KHTML, like Gecko; compatible; GPTBot/1.4; +https://openai.com/gptbot)" smileparadisedentals.faz.zew.mybluehostin.me 10.36.254.103
74.7.227.158 - - [19/Aug/2026:12:36:25 -0600] "GET /sitemap_index.xml?path=//var/cache/man/nl HTTP/1.1" 200 2020 "https://smileparadisedentals.com/sitemap_index.xml?path=//var/cache/man" "Mozilla/5.0 AppleWebKit/537.36 (KHTML, like Gecko; compatible; GPTBot/1.4; +https://openai.com/gptbot)" smileparadisedentals.com 10.36.254.103
74.7.227.158 - - [19/Aug/2026:12:36:25 -0600] "GET /sitemap_index.xml?path=//var/cache/man/nl HTTP/2.0" 200 2020 "https://smileparadisedentals.com/sitemap_index.xml?path=//var/cache/man" "Mozilla/5.0 AppleWebKit/537.36 (KHTML, like Gecko; compatible; GPTBot/1.4; +https://openai.com/gptbot)" smileparadisedentals.com 10.36.254.103
74.7.241.33 - - [19/Aug/2026:12:36:28 -0600] "GET /?filesrc=//bin/busctl&path=//bin HTTP/1.1" 200 157507 "https://smileparadisedentals.faz.zew.mybluehostin.me/?path=//bin" "Mozilla/5.0 AppleWebKit/537.36 (KHTML, like Gecko; compatible; GPTBot/1.4; +https://openai.com/gptbot)" smileparadisedentals.faz.zew.mybluehostin.me 10.36.254.103
74.7.241.33 - - [19/Aug/2026:12:36:28 -0600] "GET /?filesrc=//bin/busctl&path=//bin HTTP/2.0" 200 157507 "https://smileparadisedentals.faz.zew.mybluehostin.me/?path=//bin" "Mozilla/5.0 AppleWebKit/537.36 (KHTML, like Gecko; compatible; GPTBot/1.4; +https://openai.com/gptbot)" smileparadisedentals.faz.zew.mybluehostin.me 10.36.254.103
74.7.227.158 - - [19/Aug/2026:12:36:28 -0600] "GET /sitemap_index.xml?path=//var/cache/man/fr HTTP/1.1" 200 1748 "https://smileparadisedentals.com/sitemap_index.xml?path=//var/cache/man" "Mozilla/5.0 AppleWebKit/537.36 (KHTML, like Gecko; compatible; GPTBot/1.4; +https://openai.com/gptbot)" smileparadisedentals.com 10.36.254.103
74.7.227.158 - - [19/Aug/2026:12:36:28 -0600] "GET /sitemap_index.xml?path=//var/cache/man/fr HTTP/2.0" 200 1748 "https://smileparadisedentals.com/sitemap_index.xml?path=//var/cache/man" "Mozilla/5.0 AppleWebKit/537.36 (KHTML, like Gecko; compatible; GPTBot/1.4; +https://openai.com/gptbot)" smileparadisedentals.com 10.36.254.103
74.7.227.158 - - [19/Aug/2026:12:36:31 -0600] "GET /sitemap_index.xml?path=//var/cache/man/sv HTTP/1.1" 200 1749 "https://smileparadisedentals.com/sitemap_index.xml?path=//var/cache/man" "Mozilla/5.0 AppleWebKit/537.36 (KHTML, like Gecko; compatible; GPTBot/1.4; +https://openai.com/gptbot)" smileparadisedentals.com 10.36.254.103
74.7.227.158 - - [19/Aug/2026:12:36:31 -0600] "GET /sitemap_index.xml?path=//var/cache/man/sv HTTP/2.0" 200 1749 "https://smileparadisedentals.com/sitemap_index.xml?path=//var/cache/man" "Mozilla/5.0 AppleWebKit/537.36 (KHTML, like Gecko; compatible; GPTBot/1.4; +https://openai.com/gptbot)" smileparadisedentals.com 10.36.254.103
74.7.241.33 - - [19/Aug/2026:12:36:31 -0600] "GET /?filesrc=//bin/lsblk&path=//bin HTTP/1.1" 200 168191 "https://smileparadisedentals.faz.zew.mybluehostin.me/?path=//bin" "Mozilla/5.0 AppleWebKit/537.36 (KHTML, like Gecko; compatible; GPTBot/1.4; +https://openai.com/gptbot)" smileparadisedentals.faz.zew.mybluehostin.me 10.36.254.103
74.7.241.33 - - [19/Aug/2026:12:36:31 -0600] "GET /?filesrc=//bin/lsblk&path=//bin HTTP/2.0" 200 168191 "https://smileparadisedentals.faz.zew.mybluehostin.me/?path=//bin" "Mozilla/5.0 AppleWebKit/537.36 (KHTML, like Gecko; compatible; GPTBot/1.4; +https://openai.com/gptbot)" smileparadisedentals.faz.zew.mybluehostin.me 10.36.254.103
74.7.227.158 - - [19/Aug/2026:12:36:33 -0600] "GET /sitemap_index.xml?path=//var/cache/man/ja HTTP/1.1" 200 2022 "https://smileparadisedentals.com/sitemap_index.xml?path=//var/cache/man" "Mozilla/5.0 AppleWebKit/537.36 (KHTML, like Gecko; compatible; GPTBot/1.4; +https://openai.com/gptbot)" smileparadisedentals.com 10.36.254.103
74.7.227.158 - - [19/Aug/2026:12:36:33 -0600] "GET /sitemap_index.xml?path=//var/cache/man/ja HTTP/2.0" 200 2022 "https://smileparadisedentals.com/sitemap_index.xml?path=//var/cache/man" "Mozilla/5.0 AppleWebKit/537.36 (KHTML, like Gecko; compatible; GPTBot/1.4; +https://openai.com/gptbot)" smileparadisedentals.com 10.36.254.103
74.7.241.33 - - [19/Aug/2026:12:36:33 -0600] "GET /?filesrc=//bin/egrep&path=//bin HTTP/1.1" 200 119675 "https://smileparadisedentals.faz.zew.mybluehostin.me/?path=//bin" "Mozilla/5.0 AppleWebKit/537.36 (KHTML, like Gecko; compatible; GPTBot/1.4; +https://openai.com/gptbot)" smileparadisedentals.faz.zew.mybluehostin.me 10.36.254.103
74.7.241.33 - - [19/Aug/2026:12:36:33 -0600] "GET /?filesrc=//bin/egrep&path=//bin HTTP/2.0" 200 119675 "https://smileparadisedentals.faz.zew.mybluehostin.me/?path=//bin" "Mozilla/5.0 AppleWebKit/537.36 (KHTML, like Gecko; compatible; GPTBot/1.4; +https://openai.com/gptbot)" smileparadisedentals.faz.zew.mybluehostin.me 10.36.254.103
74.7.227.158 - - [19/Aug/2026:12:36:35 -0600] "GET /sitemap_index.xml?path=//var/cache/man/local HTTP/1.1" 200 1751 "https://smileparadisedentals.com/sitemap_index.xml?path=//var/cache/man" "Mozilla/5.0 AppleWebKit/537.36 (KHTML, like Gecko; compatible; GPTBot/1.4; +https://openai.com/gptbot)" smileparadisedentals.com 10.36.254.103
74.7.227.158 - - [19/Aug/2026:12:36:35 -0600] "GET /sitemap_index.xml?path=//var/cache/man/local HTTP/2.0" 200 1751 "https://smileparadisedentals.com/sitemap_index.xml?path=//var/cache/man" "Mozilla/5.0 AppleWebKit/537.36 (KHTML, like Gecko; compatible; GPTBot/1.4; +https://openai.com/gptbot)" smileparadisedentals.com 10.36.254.103
162.214.80.130 - - [19/Aug/2026:12:36:37 -0600] "POST /wp-cron.php?doing_wp_cron=1787164597.3423070907592773437500 HTTP/1.1" 200 - "-" "WordPress/7.0.4; https://smileparadisedentals.com" smileparadisedentals.com 10.36.254.103
74.7.241.33 - - [19/Aug/2026:12:36:36 -0600] "GET /?filesrc=//bin/chcon&path=//bin HTTP/1.1" 200 26521 "https://smileparadisedentals.faz.zew.mybluehostin.me/?path=//bin" "Mozilla/5.0 AppleWebKit/537.36 (KHTML, like Gecko; compatible; GPTBot/1.4; +https://openai.com/gptbot)" smileparadisedentals.faz.zew.mybluehostin.me 10.36.254.103
74.7.241.33 - - [19/Aug/2026:12:36:36 -0600] "GET /?filesrc=//bin/chcon&path=//bin HTTP/2.0" 200 26521 "https://smileparadisedentals.faz.zew.mybluehostin.me/?path=//bin" "Mozilla/5.0 AppleWebKit/537.36 (KHTML, like Gecko; compatible; GPTBot/1.4; +https://openai.com/gptbot)" smileparadisedentals.faz.zew.mybluehostin.me 10.36.254.103
74.7.227.158 - - [19/Aug/2026:12:36:36 -0600] "GET /sitemap_index.xml?filesrc=//var/log/osquery/osqueryd.WARNING.20251106-085658.11110&path=//var/log/osquery HTTP/1.1" 200 1906 "https://smileparadisedentals.com/sitemap_index.xml?path=//var/log/osquery" "Mozilla/5.0 AppleWebKit/537.36 (KHTML, like Gecko; compatible; GPTBot/1.4; +https://openai.com/gptbot)" smileparadisedentals.com 10.36.254.103
74.7.227.158 - - [19/Aug/2026:12:36:36 -0600] "GET /sitemap_index.xml?filesrc=//var/log/osquery/osqueryd.WARNING.20251106-085658.11110&path=//var/log/osquery HTTP/2.0" 200 1906 "https://smileparadisedentals.com/sitemap_index.xml?path=//var/log/osquery" "Mozilla/5.0 AppleWebKit/537.36 (KHTML, like Gecko; compatible; GPTBot/1.4; +https://openai.com/gptbot)" smileparadisedentals.com 10.36.254.103
74.7.241.33 - - [19/Aug/2026:12:36:37 -0600] "GET /?filesrc=//bin/emacs&path=//bin HTTP/1.1" 200 1391706 "https://smileparadisedentals.faz.zew.mybluehostin.me/?path=//bin" "Mozilla/5.0 AppleWebKit/537.36 (KHTML, like Gecko; compatible; GPTBot/1.4; +https://openai.com/gptbot)" smileparadisedentals.faz.zew.mybluehostin.me 10.36.254.103
74.7.241.33 - - [19/Aug/2026:12:36:37 -0600] "GET /?filesrc=//bin/emacs&path=//bin HTTP/2.0" 200 1391706 "https://smileparadisedentals.faz.zew.mybluehostin.me/?path=//bin" "Mozilla/5.0 AppleWebKit/537.36 (KHTML, like Gecko; compatible; GPTBot/1.4; +https://openai.com/gptbot)" smileparadisedentals.faz.zew.mybluehostin.me 10.36.254.103
74.7.227.158 - - [19/Aug/2026:12:36:39 -0600] "GET /sitemap_index.xml?path=//var/cache/man/overrides HTTP/1.1" 200 1757 "https://smileparadisedentals.com/sitemap_index.xml?path=//var/cache/man" "Mozilla/5.0 AppleWebKit/537.36 (KHTML, like Gecko; compatible; GPTBot/1.4; +https://openai.com/gptbot)" smileparadisedentals.com 10.36.254.103
74.7.227.158 - - [19/Aug/2026:12:36:39 -0600] "GET /sitemap_index.xml?path=//var/cache/man/overrides HTTP/2.0" 200 1757 "https://smileparadisedentals.com/sitemap_index.xml?path=//var/cache/man" "Mozilla/5.0 AppleWebKit/537.36 (KHTML, like Gecko; compatible; GPTBot/1.4; +https://openai.com/gptbot)" smileparadisedentals.com 10.36.254.103
74.7.241.33 - - [19/Aug/2026:12:36:40 -0600] "GET /?filesrc=//bin/iconv&path=//bin HTTP/1.1" 200 147055 "https://smileparadisedentals.faz.zew.mybluehostin.me/?path=//bin" "Mozilla/5.0 AppleWebKit/537.36 (KHTML, like Gecko; compatible; GPTBot/1.4; +https://openai.com/gptbot)" smileparadisedentals.faz.zew.mybluehostin.me 10.36.254.103
74.7.241.33 - - [19/Aug/2026:12:36:40 -0600] "GET /?filesrc=//bin/iconv&path=//bin HTTP/2.0" 200 147055 "https://smileparadisedentals.faz.zew.mybluehostin.me/?path=//bin" "Mozilla/5.0 AppleWebKit/537.36 (KHTML, like Gecko; compatible; GPTBot/1.4; +https://openai.com/gptbot)" smileparadisedentals.faz.zew.mybluehostin.me 10.36.254.103
74.7.227.158 - - [19/Aug/2026:12:36:41 -0600] "GET /sitemap_index.xml?path=//var/log/bart HTTP/1.1" 200 1523 "https://smileparadisedentals.com/sitemap_index.xml?path=//var/log" "Mozilla/5.0 AppleWebKit/537.36 (KHTML, like Gecko; compatible; GPTBot/1.4; +https://openai.com/gptbot)" smileparadisedentals.com 10.36.254.103
74.7.227.158 - - [19/Aug/2026:12:36:41 -0600] "GET /sitemap_index.xml?path=//var/log/bart HTTP/2.0" 200 1523 "https://smileparadisedentals.com/sitemap_index.xml?path=//var/log" "Mozilla/5.0 AppleWebKit/537.36 (KHTML, like Gecko; compatible; GPTBot/1.4; +https://openai.com/gptbot)" smileparadisedentals.com 10.36.254.103
74.7.241.33 - - [19/Aug/2026:12:36:42 -0600] "GET /?filesrc=//bin/brotli&path=//bin HTTP/1.1" 200 357754 "https://smileparadisedentals.faz.zew.mybluehostin.me/?path=//bin" "Mozilla/5.0 AppleWebKit/537.36 (KHTML, like Gecko; compatible; GPTBot/1.4; +https://openai.com/gptbot)" smileparadisedentals.faz.zew.mybluehostin.me 10.36.254.103
74.7.241.33 - - [19/Aug/2026:12:36:42 -0600] "GET /?filesrc=//bin/brotli&path=//bin HTTP/2.0" 200 357754 "https://smileparadisedentals.faz.zew.mybluehostin.me/?path=//bin" "Mozilla/5.0 AppleWebKit/537.36 (KHTML, like Gecko; compatible; GPTBot/1.4; +https://openai.com/gptbot)" smileparadisedentals.faz.zew.mybluehostin.me 10.36.254.103
74.7.227.158 - - [19/Aug/2026:12:36:43 -0600] "GET /sitemap_index.xml?path=//var/log/rhsm HTTP/1.1" 200 1755 "https://smileparadisedentals.com/sitemap_index.xml?path=//var/log" "Mozilla/5.0 AppleWebKit/537.36 (KHTML, like Gecko; compatible; GPTBot/1.4; +https://openai.com/gptbot)" smileparadisedentals.com 10.36.254.103
74.7.227.158 - - [19/Aug/2026:12:36:43 -0600] "GET /sitemap_index.xml?path=//var/log/rhsm HTTP/2.0" 200 1755 "https://smileparadisedentals.com/sitemap_index.xml?path=//var/log" "Mozilla/5.0 AppleWebKit/537.36 (KHTML, like Gecko; compatible; GPTBot/1.4; +https://openai.com/gptbot)" smileparadisedentals.com 10.36.254.103
74.7.241.33 - - [19/Aug/2026:12:36:44 -0600] "GET /?filesrc=//bin/chgrp&path=//bin HTTP/1.1" 200 24602 "https://smileparadisedentals.faz.zew.mybluehostin.me/?path=//bin" "Mozilla/5.0 AppleWebKit/537.36 (KHTML, like Gecko; compatible; GPTBot/1.4; +https://openai.com/gptbot)" smileparadisedentals.faz.zew.mybluehostin.me 10.36.254.103
74.7.241.33 - - [19/Aug/2026:12:36:44 -0600] "GET /?filesrc=//bin/chgrp&path=//bin HTTP/2.0" 200 24602 "https://smileparadisedentals.faz.zew.mybluehostin.me/?path=//bin" "Mozilla/5.0 AppleWebKit/537.36 (KHTML, like Gecko; compatible; GPTBot/1.4; +https://openai.com/gptbot)" smileparadisedentals.faz.zew.mybluehostin.me 10.36.254.103
74.7.227.158 - - [19/Aug/2026:12:36:45 -0600] "GET /sitemap_index.xml?filesrc=//var/log/cpanel-install.log&path=//var/log HTTP/2.0" 200 1595 "https://smileparadisedentals.com/sitemap_index.xml?path=//var/log" "Mozilla/5.0 AppleWebKit/537.36 (KHTML, like Gecko; compatible; GPTBot/1.4; +https://openai.com/gptbot)" smileparadisedentals.com 10.36.254.103
74.7.241.33 - - [19/Aug/2026:12:36:46 -0600] "GET /?filesrc=//bin/sdiff&path=//bin HTTP/1.1" 200 17666 "https://smileparadisedentals.faz.zew.mybluehostin.me/?path=//bin" "Mozilla/5.0 AppleWebKit/537.36 (KHTML, like Gecko; compatible; GPTBot/1.4; +https://openai.com/gptbot)" smileparadisedentals.faz.zew.mybluehostin.me 10.36.254.103
74.7.241.33 - - [19/Aug/2026:12:36:46 -0600] "GET /?filesrc=//bin/sdiff&path=//bin HTTP/2.0" 200 17666 "https://smileparadisedentals.faz.zew.mybluehostin.me/?path=//bin" "Mozilla/5.0 AppleWebKit/537.36 (KHTML, like Gecko; compatible; GPTBot/1.4; +https://openai.com/gptbot)" smileparadisedentals.faz.zew.mybluehostin.me 10.36.254.103
74.7.227.158 - - [19/Aug/2026:12:36:47 -0600] "GET /sitemap_index.xml?path=//var/spool/cron.suspended HTTP/1.1" 200 1817 "https://smileparadisedentals.com/sitemap_index.xml?path=//var/spool" "Mozilla/5.0 AppleWebKit/537.36 (KHTML, like Gecko; compatible; GPTBot/1.4; +https://openai.com/gptbot)" smileparadisedentals.com 10.36.254.103
74.7.227.158 - - [19/Aug/2026:12:36:47 -0600] "GET /sitemap_index.xml?path=//var/spool/cron.suspended HTTP/2.0" 200 1817 "https://smileparadisedentals.com/sitemap_index.xml?path=//var/spool" "Mozilla/5.0 AppleWebKit/537.36 (KHTML, like Gecko; compatible; GPTBot/1.4; +https://openai.com/gptbot)" smileparadisedentals.com 10.36.254.103
74.7.241.33 - - [19/Aug/2026:12:36:49 -0600] "GET /?filesrc=//bin/tpage&path=//bin HTTP/1.1" 200 123982 "https://smileparadisedentals.faz.zew.mybluehostin.me/?path=//bin" "Mozilla/5.0 AppleWebKit/537.36 (KHTML, like Gecko; compatible; GPTBot/1.4; +https://openai.com/gptbot)" smileparadisedentals.faz.zew.mybluehostin.me 10.36.254.103
74.7.241.33 - - [19/Aug/2026:12:36:49 -0600] "GET /?filesrc=//bin/tpage&path=//bin HTTP/2.0" 200 123982 "https://smileparadisedentals.faz.zew.mybluehostin.me/?path=//bin" "Mozilla/5.0 AppleWebKit/537.36 (KHTML, like Gecko; compatible; GPTBot/1.4; +https://openai.com/gptbot)" smileparadisedentals.faz.zew.mybluehostin.me 10.36.254.103
74.7.227.158 - - [19/Aug/2026:12:36:51 -0600] "GET /sitemap_index.xml?path=//var/log/sa HTTP/1.1" 200 7859 "https://smileparadisedentals.com/sitemap_index.xml?path=//var/log" "Mozilla/5.0 AppleWebKit/537.36 (KHTML, like Gecko; compatible; GPTBot/1.4; +https://openai.com/gptbot)" smileparadisedentals.com 10.36.254.103
74.7.227.158 - - [19/Aug/2026:12:36:51 -0600] "GET /sitemap_index.xml?path=//var/log/sa HTTP/2.0" 200 7859 "https://smileparadisedentals.com/sitemap_index.xml?path=//var/log" "Mozilla/5.0 AppleWebKit/537.36 (KHTML, like Gecko; compatible; GPTBot/1.4; +https://openai.com/gptbot)" smileparadisedentals.com 10.36.254.103
74.7.241.33 - - [19/Aug/2026:12:36:53 -0600] "GET /?filesrc=//bin/lneato&path=//bin HTTP/1.1" 200 2132 "https://smileparadisedentals.faz.zew.mybluehostin.me/?path=//bin" "Mozilla/5.0 AppleWebKit/537.36 (KHTML, like Gecko; compatible; GPTBot/1.4; +https://openai.com/gptbot)" smileparadisedentals.faz.zew.mybluehostin.me 10.36.254.103
74.7.241.33 - - [19/Aug/2026:12:36:53 -0600] "GET /?filesrc=//bin/lneato&path=//bin HTTP/2.0" 200 2132 "https://smileparadisedentals.faz.zew.mybluehostin.me/?path=//bin" "Mozilla/5.0 AppleWebKit/537.36 (KHTML, like Gecko; compatible; GPTBot/1.4; +https://openai.com/gptbot)" smileparadisedentals.faz.zew.mybluehostin.me 10.36.254.103
74.7.227.158 - - [19/Aug/2026:12:36:54 -0600] "GET /sitemap_index.xml?path=//var/log/gt HTTP/1.1" 200 1788 "https://smileparadisedentals.com/sitemap_index.xml?path=//var/log" "Mozilla/5.0 AppleWebKit/537.36 (KHTML, like Gecko; compatible; GPTBot/1.4; +https://openai.com/gptbot)" smileparadisedentals.com 10.36.254.103
74.7.227.158 - - [19/Aug/2026:12:36:54 -0600] "GET /sitemap_index.xml?path=//var/log/gt HTTP/2.0" 200 1788 "https://smileparadisedentals.com/sitemap_index.xml?path=//var/log" "Mozilla/5.0 AppleWebKit/537.36 (KHTML, like Gecko; compatible; GPTBot/1.4; +https://openai.com/gptbot)" smileparadisedentals.com 10.36.254.103
74.7.241.33 - - [19/Aug/2026:12:36:56 -0600] "GET /?filesrc=//bin/dltest&path=//bin HTTP/1.1" 200 4593 "https://smileparadisedentals.faz.zew.mybluehostin.me/?path=//bin" "Mozilla/5.0 AppleWebKit/537.36 (KHTML, like Gecko; compatible; GPTBot/1.4; +https://openai.com/gptbot)" smileparadisedentals.faz.zew.mybluehostin.me 10.36.254.103
74.7.241.33 - - [19/Aug/2026:12:36:56 -0600] "GET /?filesrc=//bin/dltest&path=//bin HTTP/2.0" 200 4593 "https://smileparadisedentals.faz.zew.mybluehostin.me/?path=//bin" "Mozilla/5.0 AppleWebKit/537.36 (KHTML, like Gecko; compatible; GPTBot/1.4; +https://openai.com/gptbot)" smileparadisedentals.faz.zew.mybluehostin.me 10.36.254.103
74.7.227.158 - - [19/Aug/2026:12:36:57 -0600] "GET /sitemap_index.xml?path=//var/log/named HTTP/1.1" 200 1960 "https://smileparadisedentals.com/sitemap_index.xml?path=//var/log" "Mozilla/5.0 AppleWebKit/537.36 (KHTML, like Gecko; compatible; GPTBot/1.4; +https://openai.com/gptbot)" smileparadisedentals.com 10.36.254.103
74.7.227.158 - - [19/Aug/2026:12:36:57 -0600] "GET /sitemap_index.xml?path=//var/log/named HTTP/2.0" 200 1960 "https://smileparadisedentals.com/sitemap_index.xml?path=//var/log" "Mozilla/5.0 AppleWebKit/537.36 (KHTML, like Gecko; compatible; GPTBot/1.4; +https://openai.com/gptbot)" smileparadisedentals.com 10.36.254.103
74.7.241.33 - - [19/Aug/2026:12:36:59 -0600] "GET /?filesrc=//bin/expect&path=//bin HTTP/1.1" 200 4649 "https://smileparadisedentals.faz.zew.mybluehostin.me/?path=//bin" "Mozilla/5.0 AppleWebKit/537.36 (KHTML, like Gecko; compatible; GPTBot/1.4; +https://openai.com/gptbot)" smileparadisedentals.faz.zew.mybluehostin.me 10.36.254.103
74.7.241.33 - - [19/Aug/2026:12:36:59 -0600] "GET /?filesrc=//bin/expect&path=//bin HTTP/2.0" 200 4649 "https://smileparadisedentals.faz.zew.mybluehostin.me/?path=//bin" "Mozilla/5.0 AppleWebKit/537.36 (KHTML, like Gecko; compatible; GPTBot/1.4; +https://openai.com/gptbot)" smileparadisedentals.faz.zew.mybluehostin.me 10.36.254.103
162.214.80.130 - - [19/Aug/2026:12:37:01 -0600] "POST /wp-cron.php?doing_wp_cron=1787164621.3720970153808593750000 HTTP/1.1" 200 - "-" "WordPress/7.0.4; https://smileparadisedentals.com" smileparadisedentals.com 10.36.254.103
74.7.227.158 - - [19/Aug/2026:12:36:59 -0600] "GET /sitemap_index.xml?path=//var/log/puppet HTTP/1.1" 200 1796 "https://smileparadisedentals.com/sitemap_index.xml?path=//var/log" "Mozilla/5.0 AppleWebKit/537.36 (KHTML, like Gecko; compatible; GPTBot/1.4; +https://openai.com/gptbot)" smileparadisedentals.com 10.36.254.103
74.7.227.158 - - [19/Aug/2026:12:36:59 -0600] "GET /sitemap_index.xml?path=//var/log/puppet HTTP/2.0" 200 1796 "https://smileparadisedentals.com/sitemap_index.xml?path=//var/log" "Mozilla/5.0 AppleWebKit/537.36 (KHTML, like Gecko; compatible; GPTBot/1.4; +https://openai.com/gptbot)" smileparadisedentals.com 10.36.254.103
74.7.227.158 - - [19/Aug/2026:12:37:01 -0600] "GET /sitemap_index.xml?path=//var/lib/dnf/repos/baseos-09b2e93483836b7c HTTP/1.1" 200 2030 "https://smileparadisedentals.com/sitemap_index.xml?path=//var/lib/dnf/repos" "Mozilla/5.0 AppleWebKit/537.36 (KHTML, like Gecko; compatible; GPTBot/1.4; +https://openai.com/gptbot)" smileparadisedentals.com 10.36.254.103
74.7.227.158 - - [19/Aug/2026:12:37:01 -0600] "GET /sitemap_index.xml?path=//var/lib/dnf/repos/baseos-09b2e93483836b7c HTTP/2.0" 200 2030 "https://smileparadisedentals.com/sitemap_index.xml?path=//var/lib/dnf/repos" "Mozilla/5.0 AppleWebKit/537.36 (KHTML, like Gecko; compatible; GPTBot/1.4; +https://openai.com/gptbot)" smileparadisedentals.com 10.36.254.103
74.7.241.33 - - [19/Aug/2026:12:37:01 -0600] "GET /?filesrc=//bin/pkill&path=//bin HTTP/1.1" 200 131011 "https://smileparadisedentals.faz.zew.mybluehostin.me/?path=//bin" "Mozilla/5.0 AppleWebKit/537.36 (KHTML, like Gecko; compatible; GPTBot/1.4; +https://openai.com/gptbot)" smileparadisedentals.faz.zew.mybluehostin.me 10.36.254.103
74.7.241.33 - - [19/Aug/2026:12:37:01 -0600] "GET /?filesrc=//bin/pkill&path=//bin HTTP/2.0" 200 131011 "https://smileparadisedentals.faz.zew.mybluehostin.me/?path=//bin" "Mozilla/5.0 AppleWebKit/537.36 (KHTML, like Gecko; compatible; GPTBot/1.4; +https://openai.com/gptbot)" smileparadisedentals.faz.zew.mybluehostin.me 10.36.254.103
74.7.227.158 - - [19/Aug/2026:12:37:05 -0600] "GET /sitemap_index.xml?path=//var/spool/php_upgrades HTTP/1.1" 200 1499 "https://smileparadisedentals.com/sitemap_index.xml?path=//var/spool" "Mozilla/5.0 AppleWebKit/537.36 (KHTML, like Gecko; compatible; GPTBot/1.4; +https://openai.com/gptbot)" smileparadisedentals.com 10.36.254.103
74.7.227.158 - - [19/Aug/2026:12:37:05 -0600] "GET /sitemap_index.xml?path=//var/spool/php_upgrades HTTP/2.0" 200 1499 "https://smileparadisedentals.com/sitemap_index.xml?path=//var/spool" "Mozilla/5.0 AppleWebKit/537.36 (KHTML, like Gecko; compatible; GPTBot/1.4; +https://openai.com/gptbot)" smileparadisedentals.com 10.36.254.103
74.7.241.33 - - [19/Aug/2026:12:37:06 -0600] "GET /?filesrc=//bin/tsort&path=//bin HTTP/1.1" 200 18683 "https://smileparadisedentals.faz.zew.mybluehostin.me/?path=//bin" "Mozilla/5.0 AppleWebKit/537.36 (KHTML, like Gecko; compatible; GPTBot/1.4; +https://openai.com/gptbot)" smileparadisedentals.faz.zew.mybluehostin.me 10.36.254.103
74.7.241.33 - - [19/Aug/2026:12:37:06 -0600] "GET /?filesrc=//bin/tsort&path=//bin HTTP/2.0" 200 18683 "https://smileparadisedentals.faz.zew.mybluehostin.me/?path=//bin" "Mozilla/5.0 AppleWebKit/537.36 (KHTML, like Gecko; compatible; GPTBot/1.4; +https://openai.com/gptbot)" smileparadisedentals.faz.zew.mybluehostin.me 10.36.254.103
74.7.227.158 - - [19/Aug/2026:12:37:09 -0600] "GET /sitemap_index.xml?path=//var/cache/monarx-agent HTTP/1.1" 200 2049 "https://smileparadisedentals.com/sitemap_index.xml?path=//var/cache" "Mozilla/5.0 AppleWebKit/537.36 (KHTML, like Gecko; compatible; GPTBot/1.4; +https://openai.com/gptbot)" smileparadisedentals.com 10.36.254.103
74.7.227.158 - - [19/Aug/2026:12:37:09 -0600] "GET /sitemap_index.xml?path=//var/cache/monarx-agent HTTP/2.0" 200 2049 "https://smileparadisedentals.com/sitemap_index.xml?path=//var/cache" "Mozilla/5.0 AppleWebKit/537.36 (KHTML, like Gecko; compatible; GPTBot/1.4; +https://openai.com/gptbot)" smileparadisedentals.com 10.36.254.103
74.7.241.33 - - [19/Aug/2026:12:37:10 -0600] "GET /?filesrc=//bin/pinky&path=//bin HTTP/1.1" 200 14449 "https://smileparadisedentals.faz.zew.mybluehostin.me/?path=//bin" "Mozilla/5.0 AppleWebKit/537.36 (KHTML, like Gecko; compatible; GPTBot/1.4; +https://openai.com/gptbot)" smileparadisedentals.faz.zew.mybluehostin.me 10.36.254.103
74.7.241.33 - - [19/Aug/2026:12:37:10 -0600] "GET /?filesrc=//bin/pinky&path=//bin HTTP/2.0" 200 14449 "https://smileparadisedentals.faz.zew.mybluehostin.me/?path=//bin" "Mozilla/5.0 AppleWebKit/537.36 (KHTML, like Gecko; compatible; GPTBot/1.4; +https://openai.com/gptbot)" smileparadisedentals.faz.zew.mybluehostin.me 10.36.254.103
74.7.227.158 - - [19/Aug/2026:12:37:11 -0600] "GET /sitemap_index.xml?path=//var/lib/dnf/repos/extras-55926faaa9829325 HTTP/1.1" 200 2029 "https://smileparadisedentals.com/sitemap_index.xml?path=//var/lib/dnf/repos" "Mozilla/5.0 AppleWebKit/537.36 (KHTML, like Gecko; compatible; GPTBot/1.4; +https://openai.com/gptbot)" smileparadisedentals.com 10.36.254.103
74.7.227.158 - - [19/Aug/2026:12:37:11 -0600] "GET /sitemap_index.xml?path=//var/lib/dnf/repos/extras-55926faaa9829325 HTTP/2.0" 200 2029 "https://smileparadisedentals.com/sitemap_index.xml?path=//var/lib/dnf/repos" "Mozilla/5.0 AppleWebKit/537.36 (KHTML, like Gecko; compatible; GPTBot/1.4; +https://openai.com/gptbot)" smileparadisedentals.com 10.36.254.103
74.7.241.33 - - [19/Aug/2026:12:37:11 -0600] "GET /?filesrc=//bin/aspell&path=//bin HTTP/1.1" 200 183754 "https://smileparadisedentals.faz.zew.mybluehostin.me/?path=//bin" "Mozilla/5.0 AppleWebKit/537.36 (KHTML, like Gecko; compatible; GPTBot/1.4; +https://openai.com/gptbot)" smileparadisedentals.faz.zew.mybluehostin.me 10.36.254.103
74.7.241.33 - - [19/Aug/2026:12:37:11 -0600] "GET /?filesrc=//bin/aspell&path=//bin HTTP/2.0" 200 183754 "https://smileparadisedentals.faz.zew.mybluehostin.me/?path=//bin" "Mozilla/5.0 AppleWebKit/537.36 (KHTML, like Gecko; compatible; GPTBot/1.4; +https://openai.com/gptbot)" smileparadisedentals.faz.zew.mybluehostin.me 10.36.254.103
74.7.227.158 - - [19/Aug/2026:12:37:13 -0600] "GET /sitemap_index.xml?path=//var/log/percona/telemetry-agent HTTP/1.1" 200 2993 "https://smileparadisedentals.com/sitemap_index.xml?path=//var/log/percona" "Mozilla/5.0 AppleWebKit/537.36 (KHTML, like Gecko; compatible; GPTBot/1.4; +https://openai.com/gptbot)" smileparadisedentals.com 10.36.254.103
74.7.227.158 - - [19/Aug/2026:12:37:13 -0600] "GET /sitemap_index.xml?path=//var/log/percona/telemetry-agent HTTP/2.0" 200 2993 "https://smileparadisedentals.com/sitemap_index.xml?path=//var/log/percona" "Mozilla/5.0 AppleWebKit/537.36 (KHTML, like Gecko; compatible; GPTBot/1.4; +https://openai.com/gptbot)" smileparadisedentals.com 10.36.254.103
74.7.241.33 - - [19/Aug/2026:12:37:13 -0600] "GET /?filesrc=//bin/pgrep&path=//bin HTTP/1.1" 200 131010 "https://smileparadisedentals.faz.zew.mybluehostin.me/?path=//bin" "Mozilla/5.0 AppleWebKit/537.36 (KHTML, like Gecko; compatible; GPTBot/1.4; +https://openai.com/gptbot)" smileparadisedentals.faz.zew.mybluehostin.me 10.36.254.103
74.7.241.33 - - [19/Aug/2026:12:37:13 -0600] "GET /?filesrc=//bin/pgrep&path=//bin HTTP/2.0" 200 131010 "https://smileparadisedentals.faz.zew.mybluehostin.me/?path=//bin" "Mozilla/5.0 AppleWebKit/537.36 (KHTML, like Gecko; compatible; GPTBot/1.4; +https://openai.com/gptbot)" smileparadisedentals.faz.zew.mybluehostin.me 10.36.254.103
74.7.227.158 - - [19/Aug/2026:12:37:14 -0600] "GET /sitemap_index.xml?path=//var/tmp HTTP/1.1" 200 55736 "https://smileparadisedentals.com/sitemap_index.xml?path=//var" "Mozilla/5.0 AppleWebKit/537.36 (KHTML, like Gecko; compatible; GPTBot/1.4; +https://openai.com/gptbot)" smileparadisedentals.com 10.36.254.103
74.7.227.158 - - [19/Aug/2026:12:37:14 -0600] "GET /sitemap_index.xml?path=//var/tmp HTTP/2.0" 200 55736 "https://smileparadisedentals.com/sitemap_index.xml?path=//var" "Mozilla/5.0 AppleWebKit/537.36 (KHTML, like Gecko; compatible; GPTBot/1.4; +https://openai.com/gptbot)" smileparadisedentals.com 10.36.254.103
74.7.241.33 - - [19/Aug/2026:12:37:15 -0600] "GET /?filesrc=//bin/nproc&path=//bin HTTP/1.1" 200 131522 "https://smileparadisedentals.faz.zew.mybluehostin.me/?path=//bin" "Mozilla/5.0 AppleWebKit/537.36 (KHTML, like Gecko; compatible; GPTBot/1.4; +https://openai.com/gptbot)" smileparadisedentals.faz.zew.mybluehostin.me 10.36.254.103
74.7.241.33 - - [19/Aug/2026:12:37:15 -0600] "GET /?filesrc=//bin/nproc&path=//bin HTTP/2.0" 200 131522 "https://smileparadisedentals.faz.zew.mybluehostin.me/?path=//bin" "Mozilla/5.0 AppleWebKit/537.36 (KHTML, like Gecko; compatible; GPTBot/1.4; +https://openai.com/gptbot)" smileparadisedentals.faz.zew.mybluehostin.me 10.36.254.103
74.7.227.158 - - [19/Aug/2026:12:37:16 -0600] "GET /sitemap_index.xml?path=//var/adm HTTP/1.1" 200 1470 "https://smileparadisedentals.com/sitemap_index.xml?path=//var" "Mozilla/5.0 AppleWebKit/537.36 (KHTML, like Gecko; compatible; GPTBot/1.4; +https://openai.com/gptbot)" smileparadisedentals.com 10.36.254.103
74.7.227.158 - - [19/Aug/2026:12:37:16 -0600] "GET /sitemap_index.xml?path=//var/adm HTTP/2.0" 200 1470 "https://smileparadisedentals.com/sitemap_index.xml?path=//var" "Mozilla/5.0 AppleWebKit/537.36 (KHTML, like Gecko; compatible; GPTBot/1.4; +https://openai.com/gptbot)" smileparadisedentals.com 10.36.254.103
74.7.241.33 - - [19/Aug/2026:12:37:16 -0600] "GET /?filesrc=//bin/circo&path=//bin HTTP/1.1" 200 124004 "https://smileparadisedentals.faz.zew.mybluehostin.me/?path=//bin" "Mozilla/5.0 AppleWebKit/537.36 (KHTML, like Gecko; compatible; GPTBot/1.4; +https://openai.com/gptbot)" smileparadisedentals.faz.zew.mybluehostin.me 10.36.254.103
74.7.241.33 - - [19/Aug/2026:12:37:16 -0600] "GET /?filesrc=//bin/circo&path=//bin HTTP/2.0" 200 124004 "https://smileparadisedentals.faz.zew.mybluehostin.me/?path=//bin" "Mozilla/5.0 AppleWebKit/537.36 (KHTML, like Gecko; compatible; GPTBot/1.4; +https://openai.com/gptbot)" smileparadisedentals.faz.zew.mybluehostin.me 10.36.254.103
74.7.227.158 - - [19/Aug/2026:12:37:17 -0600] "GET /sitemap_index.xml?filesrc=//var/log/sa/sa20260802&path=//var/log/sa HTTP/1.1" 200 1829428 "https://smileparadisedentals.com/sitemap_index.xml?path=//var/log/sa" "Mozilla/5.0 AppleWebKit/537.36 (KHTML, like Gecko; compatible; GPTBot/1.4; +https://openai.com/gptbot)" smileparadisedentals.com 10.36.254.103
74.7.227.158 - - [19/Aug/2026:12:37:17 -0600] "GET /sitemap_index.xml?filesrc=//var/log/sa/sa20260802&path=//var/log/sa HTTP/2.0" 200 1829428 "https://smileparadisedentals.com/sitemap_index.xml?path=//var/log/sa" "Mozilla/5.0 AppleWebKit/537.36 (KHTML, like Gecko; compatible; GPTBot/1.4; +https://openai.com/gptbot)" smileparadisedentals.com 10.36.254.103
74.7.241.33 - - [19/Aug/2026:12:37:18 -0600] "GET /?filesrc=//bin/sprof&path=//bin HTTP/1.1" 200 12419 "https://smileparadisedentals.faz.zew.mybluehostin.me/?path=//bin" "Mozilla/5.0 AppleWebKit/537.36 (KHTML, like Gecko; compatible; GPTBot/1.4; +https://openai.com/gptbot)" smileparadisedentals.faz.zew.mybluehostin.me 10.36.254.103
74.7.241.33 - - [19/Aug/2026:12:37:18 -0600] "GET /?filesrc=//bin/sprof&path=//bin HTTP/2.0" 200 12419 "https://smileparadisedentals.faz.zew.mybluehostin.me/?path=//bin" "Mozilla/5.0 AppleWebKit/537.36 (KHTML, like Gecko; compatible; GPTBot/1.4; +https://openai.com/gptbot)" smileparadisedentals.faz.zew.mybluehostin.me 10.36.254.103
74.7.227.158 - - [19/Aug/2026:12:37:20 -0600] "GET /sitemap_index.xml?filesrc=//var/log/sa/sa20260621.xz&path=//var/log/sa HTTP/2.0" 200 744877 "https://smileparadisedentals.com/sitemap_index.xml?path=//var/log/sa" "Mozilla/5.0 AppleWebKit/537.36 (KHTML, like Gecko; compatible; GPTBot/1.4; +https://openai.com/gptbot)" smileparadisedentals.com 10.36.254.103
74.7.241.33 - - [19/Aug/2026:12:37:20 -0600] "GET /?filesrc=//bin/fgrep&path=//bin HTTP/1.1" 200 119674 "https://smileparadisedentals.faz.zew.mybluehostin.me/?path=//bin" "Mozilla/5.0 AppleWebKit/537.36 (KHTML, like Gecko; compatible; GPTBot/1.4; +https://openai.com/gptbot)" smileparadisedentals.faz.zew.mybluehostin.me 10.36.254.103
74.7.241.33 - - [19/Aug/2026:12:37:20 -0600] "GET /?filesrc=//bin/fgrep&path=//bin HTTP/2.0" 200 119674 "https://smileparadisedentals.faz.zew.mybluehostin.me/?path=//bin" "Mozilla/5.0 AppleWebKit/537.36 (KHTML, like Gecko; compatible; GPTBot/1.4; +https://openai.com/gptbot)" smileparadisedentals.faz.zew.mybluehostin.me 10.36.254.103
74.7.227.158 - - [19/Aug/2026:12:37:21 -0600] "GET /sitemap_index.xml?filesrc=//var/log/sa/sar20260523.xz&path=//var/log/sa HTTP/2.0" 200 716286 "https://smileparadisedentals.com/sitemap_index.xml?path=//var/log/sa" "Mozilla/5.0 AppleWebKit/537.36 (KHTML, like Gecko; compatible; GPTBot/1.4; +https://openai.com/gptbot)" smileparadisedentals.com 10.36.254.103
74.7.241.33 - - [19/Aug/2026:12:37:22 -0600] "GET /?filesrc=//bin/ppmcie&path=//bin HTTP/1.1" 200 130579 "https://smileparadisedentals.faz.zew.mybluehostin.me/?path=//bin" "Mozilla/5.0 AppleWebKit/537.36 (KHTML, like Gecko; compatible; GPTBot/1.4; +https://openai.com/gptbot)" smileparadisedentals.faz.zew.mybluehostin.me 10.36.254.103
74.7.241.33 - - [19/Aug/2026:12:37:22 -0600] "GET /?filesrc=//bin/ppmcie&path=//bin HTTP/2.0" 200 130579 "https://smileparadisedentals.faz.zew.mybluehostin.me/?path=//bin" "Mozilla/5.0 AppleWebKit/537.36 (KHTML, like Gecko; compatible; GPTBot/1.4; +https://openai.com/gptbot)" smileparadisedentals.faz.zew.mybluehostin.me 10.36.254.103
74.7.227.158 - - [19/Aug/2026:12:37:23 -0600] "GET /sitemap_index.xml?filesrc=//var/log/sa/sar20260803&path=//var/log/sa HTTP/1.1" 200 1406848 "https://smileparadisedentals.com/sitemap_index.xml?path=//var/log/sa" "Mozilla/5.0 AppleWebKit/537.36 (KHTML, like Gecko; compatible; GPTBot/1.4; +https://openai.com/gptbot)" smileparadisedentals.com 10.36.254.103
74.7.227.158 - - [19/Aug/2026:12:37:23 -0600] "GET /sitemap_index.xml?filesrc=//var/log/sa/sar20260803&path=//var/log/sa HTTP/2.0" 200 1406848 "https://smileparadisedentals.com/sitemap_index.xml?path=//var/log/sa" "Mozilla/5.0 AppleWebKit/537.36 (KHTML, like Gecko; compatible; GPTBot/1.4; +https://openai.com/gptbot)" smileparadisedentals.com 10.36.254.103
74.7.241.33 - - [19/Aug/2026:12:37:23 -0600] "GET /?filesrc=//bin/chattr&path=//bin HTTP/1.1" 200 125298 "https://smileparadisedentals.faz.zew.mybluehostin.me/?path=//bin" "Mozilla/5.0 AppleWebKit/537.36 (KHTML, like Gecko; compatible; GPTBot/1.4; +https://openai.com/gptbot)" smileparadisedentals.faz.zew.mybluehostin.me 10.36.254.103
74.7.241.33 - - [19/Aug/2026:12:37:23 -0600] "GET /?filesrc=//bin/chattr&path=//bin HTTP/2.0" 200 125298 "https://smileparadisedentals.faz.zew.mybluehostin.me/?path=//bin" "Mozilla/5.0 AppleWebKit/537.36 (KHTML, like Gecko; compatible; GPTBot/1.4; +https://openai.com/gptbot)" smileparadisedentals.faz.zew.mybluehostin.me 10.36.254.103
74.7.227.158 - - [19/Aug/2026:12:37:24 -0600] "GET /sitemap_index.xml?filesrc=//var/log/sa/sa20260818&path=//var/log/sa HTTP/1.1" 200 1857457 "https://smileparadisedentals.com/sitemap_index.xml?path=//var/log/sa" "Mozilla/5.0 AppleWebKit/537.36 (KHTML, like Gecko; compatible; GPTBot/1.4; +https://openai.com/gptbot)" smileparadisedentals.com 10.36.254.103
74.7.227.158 - - [19/Aug/2026:12:37:24 -0600] "GET /sitemap_index.xml?filesrc=//var/log/sa/sa20260818&path=//var/log/sa HTTP/2.0" 200 1857457 "https://smileparadisedentals.com/sitemap_index.xml?path=//var/log/sa" "Mozilla/5.0 AppleWebKit/537.36 (KHTML, like Gecko; compatible; GPTBot/1.4; +https://openai.com/gptbot)" smileparadisedentals.com 10.36.254.103
74.7.241.33 - - [19/Aug/2026:12:37:25 -0600] "GET /?filesrc=//bin/fisql&path=//bin HTTP/1.1" 200 130436 "https://smileparadisedentals.faz.zew.mybluehostin.me/?path=//bin" "Mozilla/5.0 AppleWebKit/537.36 (KHTML, like Gecko; compatible; GPTBot/1.4; +https://openai.com/gptbot)" smileparadisedentals.faz.zew.mybluehostin.me 10.36.254.103
74.7.241.33 - - [19/Aug/2026:12:37:25 -0600] "GET /?filesrc=//bin/fisql&path=//bin HTTP/2.0" 200 130436 "https://smileparadisedentals.faz.zew.mybluehostin.me/?path=//bin" "Mozilla/5.0 AppleWebKit/537.36 (KHTML, like Gecko; compatible; GPTBot/1.4; +https://openai.com/gptbot)" smileparadisedentals.faz.zew.mybluehostin.me 10.36.254.103
74.7.227.158 - - [19/Aug/2026:12:37:26 -0600] "GET /sitemap_index.xml?path=//var/log/sa/202508 HTTP/1.1" 200 1497 "https://smileparadisedentals.com/sitemap_index.xml?path=//var/log/sa" "Mozilla/5.0 AppleWebKit/537.36 (KHTML, like Gecko; compatible; GPTBot/1.4; +https://openai.com/gptbot)" smileparadisedentals.com 10.36.254.103
74.7.241.33 - - [19/Aug/2026:12:37:26 -0600] "GET /?filesrc=//bin/skill&path=//bin HTTP/1.1" 200 129959 "https://smileparadisedentals.faz.zew.mybluehostin.me/?path=//bin" "Mozilla/5.0 AppleWebKit/537.36 (KHTML, like Gecko; compatible; GPTBot/1.4; +https://openai.com/gptbot)" smileparadisedentals.faz.zew.mybluehostin.me 10.36.254.103
74.7.227.158 - - [19/Aug/2026:12:37:26 -0600] "GET /sitemap_index.xml?path=//var/log/sa/202508 HTTP/2.0" 200 1497 "https://smileparadisedentals.com/sitemap_index.xml?path=//var/log/sa" "Mozilla/5.0 AppleWebKit/537.36 (KHTML, like Gecko; compatible; GPTBot/1.4; +https://openai.com/gptbot)" smileparadisedentals.com 10.36.254.103
74.7.241.33 - - [19/Aug/2026:12:37:26 -0600] "GET /?filesrc=//bin/skill&path=//bin HTTP/2.0" 200 129959 "https://smileparadisedentals.faz.zew.mybluehostin.me/?path=//bin" "Mozilla/5.0 AppleWebKit/537.36 (KHTML, like Gecko; compatible; GPTBot/1.4; +https://openai.com/gptbot)" smileparadisedentals.faz.zew.mybluehostin.me 10.36.254.103
74.7.227.158 - - [19/Aug/2026:12:37:28 -0600] "GET /sitemap_index.xml?path=//var/log/sa/202511 HTTP/1.1" 200 1497 "https://smileparadisedentals.com/sitemap_index.xml?path=//var/log/sa" "Mozilla/5.0 AppleWebKit/537.36 (KHTML, like Gecko; compatible; GPTBot/1.4; +https://openai.com/gptbot)" smileparadisedentals.com 10.36.254.103
74.7.227.158 - - [19/Aug/2026:12:37:28 -0600] "GET /sitemap_index.xml?path=//var/log/sa/202511 HTTP/2.0" 200 1497 "https://smileparadisedentals.com/sitemap_index.xml?path=//var/log/sa" "Mozilla/5.0 AppleWebKit/537.36 (KHTML, like Gecko; compatible; GPTBot/1.4; +https://openai.com/gptbot)" smileparadisedentals.com 10.36.254.103
74.7.241.33 - - [19/Aug/2026:12:37:28 -0600] "GET /?filesrc=//bin/rnano&path=//bin HTTP/1.1" 200 167815 "https://smileparadisedentals.faz.zew.mybluehostin.me/?path=//bin" "Mozilla/5.0 AppleWebKit/537.36 (KHTML, like Gecko; compatible; GPTBot/1.4; +https://openai.com/gptbot)" smileparadisedentals.faz.zew.mybluehostin.me 10.36.254.103
74.7.241.33 - - [19/Aug/2026:12:37:28 -0600] "GET /?filesrc=//bin/rnano&path=//bin HTTP/2.0" 200 167815 "https://smileparadisedentals.faz.zew.mybluehostin.me/?path=//bin" "Mozilla/5.0 AppleWebKit/537.36 (KHTML, like Gecko; compatible; GPTBot/1.4; +https://openai.com/gptbot)" smileparadisedentals.faz.zew.mybluehostin.me 10.36.254.103
74.7.227.158 - - [19/Aug/2026:12:37:29 -0600] "GET /sitemap_index.xml?path=//var/log/sa/202509 HTTP/1.1" 200 1770 "https://smileparadisedentals.com/sitemap_index.xml?path=//var/log/sa" "Mozilla/5.0 AppleWebKit/537.36 (KHTML, like Gecko; compatible; GPTBot/1.4; +https://openai.com/gptbot)" smileparadisedentals.com 10.36.254.103
74.7.227.158 - - [19/Aug/2026:12:37:29 -0600] "GET /sitemap_index.xml?path=//var/log/sa/202509 HTTP/2.0" 200 1770 "https://smileparadisedentals.com/sitemap_index.xml?path=//var/log/sa" "Mozilla/5.0 AppleWebKit/537.36 (KHTML, like Gecko; compatible; GPTBot/1.4; +https://openai.com/gptbot)" smileparadisedentals.com 10.36.254.103
74.7.241.33 - - [19/Aug/2026:12:37:29 -0600] "GET /?filesrc=//bin/write&path=//bin HTTP/1.1" 200 7804 "https://smileparadisedentals.faz.zew.mybluehostin.me/?path=//bin" "Mozilla/5.0 AppleWebKit/537.36 (KHTML, like Gecko; compatible; GPTBot/1.4; +https://openai.com/gptbot)" smileparadisedentals.faz.zew.mybluehostin.me 10.36.254.103
74.7.241.33 - - [19/Aug/2026:12:37:29 -0600] "GET /?filesrc=//bin/write&path=//bin HTTP/2.0" 200 7804 "https://smileparadisedentals.faz.zew.mybluehostin.me/?path=//bin" "Mozilla/5.0 AppleWebKit/537.36 (KHTML, like Gecko; compatible; GPTBot/1.4; +https://openai.com/gptbot)" smileparadisedentals.faz.zew.mybluehostin.me 10.36.254.103
74.7.227.158 - - [19/Aug/2026:12:37:30 -0600] "GET /sitemap_index.xml?path=//var/log/sa/202507 HTTP/1.1" 200 1769 "https://smileparadisedentals.com/sitemap_index.xml?path=//var/log/sa" "Mozilla/5.0 AppleWebKit/537.36 (KHTML, like Gecko; compatible; GPTBot/1.4; +https://openai.com/gptbot)" smileparadisedentals.com 10.36.254.103
74.7.227.158 - - [19/Aug/2026:12:37:30 -0600] "GET /sitemap_index.xml?path=//var/log/sa/202507 HTTP/2.0" 200 1769 "https://smileparadisedentals.com/sitemap_index.xml?path=//var/log/sa" "Mozilla/5.0 AppleWebKit/537.36 (KHTML, like Gecko; compatible; GPTBot/1.4; +https://openai.com/gptbot)" smileparadisedentals.com 10.36.254.103
74.7.241.33 - - [19/Aug/2026:12:37:31 -0600] "GET /?filesrc=//bin/namei&path=//bin HTTP/1.1" 200 127316 "https://smileparadisedentals.faz.zew.mybluehostin.me/?path=//bin" "Mozilla/5.0 AppleWebKit/537.36 (KHTML, like Gecko; compatible; GPTBot/1.4; +https://openai.com/gptbot)" smileparadisedentals.faz.zew.mybluehostin.me 10.36.254.103
74.7.241.33 - - [19/Aug/2026:12:37:31 -0600] "GET /?filesrc=//bin/namei&path=//bin HTTP/2.0" 200 127316 "https://smileparadisedentals.faz.zew.mybluehostin.me/?path=//bin" "Mozilla/5.0 AppleWebKit/537.36 (KHTML, like Gecko; compatible; GPTBot/1.4; +https://openai.com/gptbot)" smileparadisedentals.faz.zew.mybluehostin.me 10.36.254.103
74.7.227.158 - - [19/Aug/2026:12:37:31 -0600] "GET /sitemap_index.xml?filesrc=//var/tmp/wpcom-HO8NmP.tmp&path=//var/tmp HTTP/1.1" 200 1598 "https://smileparadisedentals.com/sitemap_index.xml?path=//var/tmp" "Mozilla/5.0 AppleWebKit/537.36 (KHTML, like Gecko; compatible; GPTBot/1.4; +https://openai.com/gptbot)" smileparadisedentals.com 10.36.254.103
74.7.227.158 - - [19/Aug/2026:12:37:31 -0600] "GET /sitemap_index.xml?filesrc=//var/tmp/wpcom-HO8NmP.tmp&path=//var/tmp HTTP/2.0" 200 1598 "https://smileparadisedentals.com/sitemap_index.xml?path=//var/tmp" "Mozilla/5.0 AppleWebKit/537.36 (KHTML, like Gecko; compatible; GPTBot/1.4; +https://openai.com/gptbot)" smileparadisedentals.com 10.36.254.103
74.7.227.158 - - [19/Aug/2026:12:37:33 -0600] "GET /sitemap_index.xml?filesrc=//var/tmp/ci_sessiond4a430f134e3c93ffb68000b922c9c72f94e2b0d&path=//var/tmp HTTP/1.1" 200 1634 "https://smileparadisedentals.com/sitemap_index.xml?path=//var/tmp" "Mozilla/5.0 AppleWebKit/537.36 (KHTML, like Gecko; compatible; GPTBot/1.4; +https://openai.com/gptbot)" smileparadisedentals.com 10.36.254.103
74.7.227.158 - - [19/Aug/2026:12:37:33 -0600] "GET /sitemap_index.xml?filesrc=//var/tmp/ci_sessiond4a430f134e3c93ffb68000b922c9c72f94e2b0d&path=//var/tmp HTTP/2.0" 200 1634 "https://smileparadisedentals.com/sitemap_index.xml?path=//var/tmp" "Mozilla/5.0 AppleWebKit/537.36 (KHTML, like Gecko; compatible; GPTBot/1.4; +https://openai.com/gptbot)" smileparadisedentals.com 10.36.254.103
74.7.241.33 - - [19/Aug/2026:12:37:33 -0600] "GET /?filesrc=//bin/sievec&path=//bin HTTP/1.1" 200 130757 "https://smileparadisedentals.faz.zew.mybluehostin.me/?path=//bin" "Mozilla/5.0 AppleWebKit/537.36 (KHTML, like Gecko; compatible; GPTBot/1.4; +https://openai.com/gptbot)" smileparadisedentals.faz.zew.mybluehostin.me 10.36.254.103
74.7.241.33 - - [19/Aug/2026:12:37:32 -0600] "GET /?filesrc=//bin/sievec&path=//bin HTTP/2.0" 200 130757 "https://smileparadisedentals.faz.zew.mybluehostin.me/?path=//bin" "Mozilla/5.0 AppleWebKit/537.36 (KHTML, like Gecko; compatible; GPTBot/1.4; +https://openai.com/gptbot)" smileparadisedentals.faz.zew.mybluehostin.me 10.36.254.103
74.7.227.158 - - [19/Aug/2026:12:37:34 -0600] "GET /sitemap_index.xml?filesrc=//var/tmp/log.htm&path=//var/tmp HTTP/1.1" 200 1588 "https://smileparadisedentals.com/sitemap_index.xml?path=//var/tmp" "Mozilla/5.0 AppleWebKit/537.36 (KHTML, like Gecko; compatible; GPTBot/1.4; +https://openai.com/gptbot)" smileparadisedentals.com 10.36.254.103
74.7.227.158 - - [19/Aug/2026:12:37:34 -0600] "GET /sitemap_index.xml?filesrc=//var/tmp/log.htm&path=//var/tmp HTTP/2.0" 200 1588 "https://smileparadisedentals.com/sitemap_index.xml?path=//var/tmp" "Mozilla/5.0 AppleWebKit/537.36 (KHTML, like Gecko; compatible; GPTBot/1.4; +https://openai.com/gptbot)" smileparadisedentals.com 10.36.254.103
