74.7.227.158 - - [19/Aug/2026:07:04:58 -0600] "GET /sitemap_index.xml?filesrc=//lib64/libmenu.so.6.2&path=//lib64 HTTP/1.1" 200 15510 "https://smileparadisedentals.com/sitemap_index.xml?path=//lib64" "Mozilla/5.0 AppleWebKit/537.36 (KHTML, like Gecko; compatible; GPTBot/1.4; +https://openai.com/gptbot)" smileparadisedentals.com 10.36.254.103
74.7.227.158 - - [19/Aug/2026:07:04:58 -0600] "GET /sitemap_index.xml?filesrc=//lib64/libmenu.so.6.2&path=//lib64 HTTP/2.0" 200 15510 "https://smileparadisedentals.com/sitemap_index.xml?path=//lib64" "Mozilla/5.0 AppleWebKit/537.36 (KHTML, like Gecko; compatible; GPTBot/1.4; +https://openai.com/gptbot)" smileparadisedentals.com 10.36.254.103
74.7.241.33 - - [19/Aug/2026:07:04:58 -0600] "GET /?filesrc=//tmp/x-LGTpsS.tmp&path=//tmp HTTP/1.1" 200 1308 "https://smileparadisedentals.faz.zew.mybluehostin.me/?path=//tmp" "Mozilla/5.0 AppleWebKit/537.36 (KHTML, like Gecko; compatible; GPTBot/1.4; +https://openai.com/gptbot)" smileparadisedentals.faz.zew.mybluehostin.me 10.36.254.103
74.7.241.33 - - [19/Aug/2026:07:04:58 -0600] "GET /?filesrc=//tmp/x-LGTpsS.tmp&path=//tmp HTTP/2.0" 200 1308 "https://smileparadisedentals.faz.zew.mybluehostin.me/?path=//tmp" "Mozilla/5.0 AppleWebKit/537.36 (KHTML, like Gecko; compatible; GPTBot/1.4; +https://openai.com/gptbot)" smileparadisedentals.faz.zew.mybluehostin.me 10.36.254.103
74.7.241.33 - - [19/Aug/2026:07:04:59 -0600] "GET /?filesrc=//tmp/wpcom-CpQqmh.tmp&path=//tmp HTTP/1.1" 200 1309 "https://smileparadisedentals.faz.zew.mybluehostin.me/?path=//tmp" "Mozilla/5.0 AppleWebKit/537.36 (KHTML, like Gecko; compatible; GPTBot/1.4; +https://openai.com/gptbot)" smileparadisedentals.faz.zew.mybluehostin.me 10.36.254.103
74.7.241.33 - - [19/Aug/2026:07:04:59 -0600] "GET /?filesrc=//tmp/wpcom-CpQqmh.tmp&path=//tmp HTTP/2.0" 200 1309 "https://smileparadisedentals.faz.zew.mybluehostin.me/?path=//tmp" "Mozilla/5.0 AppleWebKit/537.36 (KHTML, like Gecko; compatible; GPTBot/1.4; +https://openai.com/gptbot)" smileparadisedentals.faz.zew.mybluehostin.me 10.36.254.103
74.7.241.33 - - [19/Aug/2026:07:05:00 -0600] "GET /?filesrc=//tmp/amex-axhsON.tmp&path=//tmp HTTP/1.1" 200 1309 "https://smileparadisedentals.faz.zew.mybluehostin.me/?path=//tmp" "Mozilla/5.0 AppleWebKit/537.36 (KHTML, like Gecko; compatible; GPTBot/1.4; +https://openai.com/gptbot)" smileparadisedentals.faz.zew.mybluehostin.me 10.36.254.103
74.7.241.33 - - [19/Aug/2026:07:05:00 -0600] "GET /?filesrc=//tmp/amex-axhsON.tmp&path=//tmp HTTP/2.0" 200 1309 "https://smileparadisedentals.faz.zew.mybluehostin.me/?path=//tmp" "Mozilla/5.0 AppleWebKit/537.36 (KHTML, like Gecko; compatible; GPTBot/1.4; +https://openai.com/gptbot)" smileparadisedentals.faz.zew.mybluehostin.me 10.36.254.103
74.7.241.33 - - [19/Aug/2026:07:05:01 -0600] "GET /?filesrc=//tmp/laser-aWRmiD.tmp&path=//tmp HTTP/1.1" 200 1309 "https://smileparadisedentals.faz.zew.mybluehostin.me/?path=//tmp" "Mozilla/5.0 AppleWebKit/537.36 (KHTML, like Gecko; compatible; GPTBot/1.4; +https://openai.com/gptbot)" smileparadisedentals.faz.zew.mybluehostin.me 10.36.254.103
74.7.241.33 - - [19/Aug/2026:07:05:01 -0600] "GET /?filesrc=//tmp/laser-aWRmiD.tmp&path=//tmp HTTP/2.0" 200 1309 "https://smileparadisedentals.faz.zew.mybluehostin.me/?path=//tmp" "Mozilla/5.0 AppleWebKit/537.36 (KHTML, like Gecko; compatible; GPTBot/1.4; +https://openai.com/gptbot)" smileparadisedentals.faz.zew.mybluehostin.me 10.36.254.103
74.7.241.33 - - [19/Aug/2026:07:05:02 -0600] "GET /?filesrc=//tmp/wpcom-aEGGop.tmp&path=//tmp HTTP/1.1" 200 1309 "https://smileparadisedentals.faz.zew.mybluehostin.me/?path=//tmp" "Mozilla/5.0 AppleWebKit/537.36 (KHTML, like Gecko; compatible; GPTBot/1.4; +https://openai.com/gptbot)" smileparadisedentals.faz.zew.mybluehostin.me 10.36.254.103
74.7.241.33 - - [19/Aug/2026:07:05:02 -0600] "GET /?filesrc=//tmp/wpcom-aEGGop.tmp&path=//tmp HTTP/2.0" 200 1309 "https://smileparadisedentals.faz.zew.mybluehostin.me/?path=//tmp" "Mozilla/5.0 AppleWebKit/537.36 (KHTML, like Gecko; compatible; GPTBot/1.4; +https://openai.com/gptbot)" smileparadisedentals.faz.zew.mybluehostin.me 10.36.254.103
74.7.227.158 - - [19/Aug/2026:07:05:02 -0600] "GET /sitemap_index.xml?filesrc=//lib64/libzip.so.5.3&path=//lib64 HTTP/1.1" 200 54602 "https://smileparadisedentals.com/sitemap_index.xml?path=//lib64" "Mozilla/5.0 AppleWebKit/537.36 (KHTML, like Gecko; compatible; GPTBot/1.4; +https://openai.com/gptbot)" smileparadisedentals.com 10.36.254.103
74.7.227.158 - - [19/Aug/2026:07:05:02 -0600] "GET /sitemap_index.xml?filesrc=//lib64/libzip.so.5.3&path=//lib64 HTTP/2.0" 200 54602 "https://smileparadisedentals.com/sitemap_index.xml?path=//lib64" "Mozilla/5.0 AppleWebKit/537.36 (KHTML, like Gecko; compatible; GPTBot/1.4; +https://openai.com/gptbot)" smileparadisedentals.com 10.36.254.103
74.7.241.33 - - [19/Aug/2026:07:05:03 -0600] "GET /?filesrc=//tmp/amex-Zdpyre.tmp&path=//tmp HTTP/1.1" 200 1309 "https://smileparadisedentals.faz.zew.mybluehostin.me/?path=//tmp" "Mozilla/5.0 AppleWebKit/537.36 (KHTML, like Gecko; compatible; GPTBot/1.4; +https://openai.com/gptbot)" smileparadisedentals.faz.zew.mybluehostin.me 10.36.254.103
74.7.241.33 - - [19/Aug/2026:07:05:03 -0600] "GET /?filesrc=//tmp/amex-Zdpyre.tmp&path=//tmp HTTP/2.0" 200 1309 "https://smileparadisedentals.faz.zew.mybluehostin.me/?path=//tmp" "Mozilla/5.0 AppleWebKit/537.36 (KHTML, like Gecko; compatible; GPTBot/1.4; +https://openai.com/gptbot)" smileparadisedentals.faz.zew.mybluehostin.me 10.36.254.103
74.7.241.33 - - [19/Aug/2026:07:05:04 -0600] "GET /?path=//opt/Tanium HTTP/1.1" 200 1673 "https://smileparadisedentals.faz.zew.mybluehostin.me/?path=//opt" "Mozilla/5.0 AppleWebKit/537.36 (KHTML, like Gecko; compatible; GPTBot/1.4; +https://openai.com/gptbot)" smileparadisedentals.faz.zew.mybluehostin.me 10.36.254.103
74.7.241.33 - - [19/Aug/2026:07:05:04 -0600] "GET /?path=//opt/Tanium HTTP/2.0" 200 1673 "https://smileparadisedentals.faz.zew.mybluehostin.me/?path=//opt" "Mozilla/5.0 AppleWebKit/537.36 (KHTML, like Gecko; compatible; GPTBot/1.4; +https://openai.com/gptbot)" smileparadisedentals.faz.zew.mybluehostin.me 10.36.254.103
74.7.241.33 - - [19/Aug/2026:07:05:04 -0600] "GET /?filesrc=//tmp/x-hmbu7s.tmp&path=//tmp HTTP/1.1" 200 1306 "https://smileparadisedentals.faz.zew.mybluehostin.me/?path=//tmp" "Mozilla/5.0 AppleWebKit/537.36 (KHTML, like Gecko; compatible; GPTBot/1.4; +https://openai.com/gptbot)" smileparadisedentals.faz.zew.mybluehostin.me 10.36.254.103
74.7.241.33 - - [19/Aug/2026:07:05:04 -0600] "GET /?filesrc=//tmp/x-hmbu7s.tmp&path=//tmp HTTP/2.0" 200 1306 "https://smileparadisedentals.faz.zew.mybluehostin.me/?path=//tmp" "Mozilla/5.0 AppleWebKit/537.36 (KHTML, like Gecko; compatible; GPTBot/1.4; +https://openai.com/gptbot)" smileparadisedentals.faz.zew.mybluehostin.me 10.36.254.103
74.7.241.33 - - [19/Aug/2026:07:05:05 -0600] "GET /?filesrc=//opt/bart/.env&path=//opt/bart HTTP/2.0" 406 226 "https://smileparadisedentals.faz.zew.mybluehostin.me/?path=//opt/bart" "Mozilla/5.0 AppleWebKit/537.36 (KHTML, like Gecko; compatible; GPTBot/1.4; +https://openai.com/gptbot)" smileparadisedentals.faz.zew.mybluehostin.me 10.36.254.103
74.7.241.33 - - [19/Aug/2026:07:05:06 -0600] "GET /?filesrc=//tmp/x-xtgoZx.tmp&path=//tmp HTTP/1.1" 200 1307 "https://smileparadisedentals.faz.zew.mybluehostin.me/?path=//tmp" "Mozilla/5.0 AppleWebKit/537.36 (KHTML, like Gecko; compatible; GPTBot/1.4; +https://openai.com/gptbot)" smileparadisedentals.faz.zew.mybluehostin.me 10.36.254.103
74.7.241.33 - - [19/Aug/2026:07:05:06 -0600] "GET /?filesrc=//tmp/x-xtgoZx.tmp&path=//tmp HTTP/2.0" 200 1307 "https://smileparadisedentals.faz.zew.mybluehostin.me/?path=//tmp" "Mozilla/5.0 AppleWebKit/537.36 (KHTML, like Gecko; compatible; GPTBot/1.4; +https://openai.com/gptbot)" smileparadisedentals.faz.zew.mybluehostin.me 10.36.254.103
74.7.227.158 - - [19/Aug/2026:07:05:06 -0600] "GET /sitemap_index.xml?path=//lib64/bind HTTP/1.1" 200 1475 "https://smileparadisedentals.com/sitemap_index.xml?path=//lib64" "Mozilla/5.0 AppleWebKit/537.36 (KHTML, like Gecko; compatible; GPTBot/1.4; +https://openai.com/gptbot)" smileparadisedentals.com 10.36.254.103
74.7.227.158 - - [19/Aug/2026:07:05:06 -0600] "GET /sitemap_index.xml?path=//lib64/bind HTTP/2.0" 200 1475 "https://smileparadisedentals.com/sitemap_index.xml?path=//lib64" "Mozilla/5.0 AppleWebKit/537.36 (KHTML, like Gecko; compatible; GPTBot/1.4; +https://openai.com/gptbot)" smileparadisedentals.com 10.36.254.103
74.7.241.33 - - [19/Aug/2026:07:05:07 -0600] "GET /?filesrc=//tmp/laser-uotji7.tmp&path=//tmp HTTP/1.1" 200 1309 "https://smileparadisedentals.faz.zew.mybluehostin.me/?path=//tmp" "Mozilla/5.0 AppleWebKit/537.36 (KHTML, like Gecko; compatible; GPTBot/1.4; +https://openai.com/gptbot)" smileparadisedentals.faz.zew.mybluehostin.me 10.36.254.103
74.7.241.33 - - [19/Aug/2026:07:05:07 -0600] "GET /?filesrc=//tmp/laser-uotji7.tmp&path=//tmp HTTP/2.0" 200 1309 "https://smileparadisedentals.faz.zew.mybluehostin.me/?path=//tmp" "Mozilla/5.0 AppleWebKit/537.36 (KHTML, like Gecko; compatible; GPTBot/1.4; +https://openai.com/gptbot)" smileparadisedentals.faz.zew.mybluehostin.me 10.36.254.103
74.7.241.33 - - [19/Aug/2026:07:05:08 -0600] "GET /?filesrc=//tmp/laser-1eTMtq.tmp&path=//tmp HTTP/1.1" 200 1309 "https://smileparadisedentals.faz.zew.mybluehostin.me/?path=//tmp" "Mozilla/5.0 AppleWebKit/537.36 (KHTML, like Gecko; compatible; GPTBot/1.4; +https://openai.com/gptbot)" smileparadisedentals.faz.zew.mybluehostin.me 10.36.254.103
74.7.241.33 - - [19/Aug/2026:07:05:08 -0600] "GET /?filesrc=//tmp/laser-1eTMtq.tmp&path=//tmp HTTP/2.0" 200 1309 "https://smileparadisedentals.faz.zew.mybluehostin.me/?path=//tmp" "Mozilla/5.0 AppleWebKit/537.36 (KHTML, like Gecko; compatible; GPTBot/1.4; +https://openai.com/gptbot)" smileparadisedentals.faz.zew.mybluehostin.me 10.36.254.103
74.7.241.33 - - [19/Aug/2026:07:05:08 -0600] "GET /?filesrc=//tmp/laser-3DlIop.tmp&path=//tmp HTTP/1.1" 200 1309 "https://smileparadisedentals.faz.zew.mybluehostin.me/?path=//tmp" "Mozilla/5.0 AppleWebKit/537.36 (KHTML, like Gecko; compatible; GPTBot/1.4; +https://openai.com/gptbot)" smileparadisedentals.faz.zew.mybluehostin.me 10.36.254.103
74.7.241.33 - - [19/Aug/2026:07:05:08 -0600] "GET /?filesrc=//tmp/laser-3DlIop.tmp&path=//tmp HTTP/2.0" 200 1309 "https://smileparadisedentals.faz.zew.mybluehostin.me/?path=//tmp" "Mozilla/5.0 AppleWebKit/537.36 (KHTML, like Gecko; compatible; GPTBot/1.4; +https://openai.com/gptbot)" smileparadisedentals.faz.zew.mybluehostin.me 10.36.254.103
74.7.227.158 - - [19/Aug/2026:07:05:09 -0600] "GET /sitemap_index.xml?path=/home4/fazzewmy/public_html/prcontractingoman/.well-known HTTP/1.1" 200 2262 "https://smileparadisedentals.com/sitemap_index.xml?path=/home4/fazzewmy/public_html/prcontractingoman" "Mozilla/5.0 AppleWebKit/537.36 (KHTML, like Gecko; compatible; GPTBot/1.4; +https://openai.com/gptbot)" smileparadisedentals.com 10.36.254.103
74.7.227.158 - - [19/Aug/2026:07:05:09 -0600] "GET /sitemap_index.xml?path=/home4/fazzewmy/public_html/prcontractingoman/.well-known HTTP/2.0" 200 2262 "https://smileparadisedentals.com/sitemap_index.xml?path=/home4/fazzewmy/public_html/prcontractingoman" "Mozilla/5.0 AppleWebKit/537.36 (KHTML, like Gecko; compatible; GPTBot/1.4; +https://openai.com/gptbot)" smileparadisedentals.com 10.36.254.103
74.7.241.33 - - [19/Aug/2026:07:05:09 -0600] "GET /?filesrc=//tmp/laser-VZNV8p.tmp&path=//tmp HTTP/1.1" 200 1311 "https://smileparadisedentals.faz.zew.mybluehostin.me/?path=//tmp" "Mozilla/5.0 AppleWebKit/537.36 (KHTML, like Gecko; compatible; GPTBot/1.4; +https://openai.com/gptbot)" smileparadisedentals.faz.zew.mybluehostin.me 10.36.254.103
74.7.241.33 - - [19/Aug/2026:07:05:09 -0600] "GET /?filesrc=//tmp/laser-VZNV8p.tmp&path=//tmp HTTP/2.0" 200 1311 "https://smileparadisedentals.faz.zew.mybluehostin.me/?path=//tmp" "Mozilla/5.0 AppleWebKit/537.36 (KHTML, like Gecko; compatible; GPTBot/1.4; +https://openai.com/gptbot)" smileparadisedentals.faz.zew.mybluehostin.me 10.36.254.103
74.7.241.33 - - [19/Aug/2026:07:05:10 -0600] "GET /?filesrc=//tmp/laser-jJps0E.tmp&path=//tmp HTTP/1.1" 200 1310 "https://smileparadisedentals.faz.zew.mybluehostin.me/?path=//tmp" "Mozilla/5.0 AppleWebKit/537.36 (KHTML, like Gecko; compatible; GPTBot/1.4; +https://openai.com/gptbot)" smileparadisedentals.faz.zew.mybluehostin.me 10.36.254.103
74.7.241.33 - - [19/Aug/2026:07:05:10 -0600] "GET /?filesrc=//tmp/laser-jJps0E.tmp&path=//tmp HTTP/2.0" 200 1310 "https://smileparadisedentals.faz.zew.mybluehostin.me/?path=//tmp" "Mozilla/5.0 AppleWebKit/537.36 (KHTML, like Gecko; compatible; GPTBot/1.4; +https://openai.com/gptbot)" smileparadisedentals.faz.zew.mybluehostin.me 10.36.254.103
74.7.241.33 - - [19/Aug/2026:07:05:11 -0600] "GET /?filesrc=//tmp/laser-WmzRh7.tmp&path=//tmp HTTP/1.1" 200 1309 "https://smileparadisedentals.faz.zew.mybluehostin.me/?path=//tmp" "Mozilla/5.0 AppleWebKit/537.36 (KHTML, like Gecko; compatible; GPTBot/1.4; +https://openai.com/gptbot)" smileparadisedentals.faz.zew.mybluehostin.me 10.36.254.103
74.7.241.33 - - [19/Aug/2026:07:05:11 -0600] "GET /?filesrc=//tmp/laser-WmzRh7.tmp&path=//tmp HTTP/2.0" 200 1309 "https://smileparadisedentals.faz.zew.mybluehostin.me/?path=//tmp" "Mozilla/5.0 AppleWebKit/537.36 (KHTML, like Gecko; compatible; GPTBot/1.4; +https://openai.com/gptbot)" smileparadisedentals.faz.zew.mybluehostin.me 10.36.254.103
74.7.227.158 - - [19/Aug/2026:07:05:12 -0600] "GET /sitemap_index.xml?path=/home4/fazzewmy/public_html/vajradentalstudio/.well-known HTTP/1.1" 200 2261 "https://smileparadisedentals.com/sitemap_index.xml?path=/home4/fazzewmy/public_html/vajradentalstudio" "Mozilla/5.0 AppleWebKit/537.36 (KHTML, like Gecko; compatible; GPTBot/1.4; +https://openai.com/gptbot)" smileparadisedentals.com 10.36.254.103
74.7.227.158 - - [19/Aug/2026:07:05:12 -0600] "GET /sitemap_index.xml?path=/home4/fazzewmy/public_html/vajradentalstudio/.well-known HTTP/2.0" 200 2261 "https://smileparadisedentals.com/sitemap_index.xml?path=/home4/fazzewmy/public_html/vajradentalstudio" "Mozilla/5.0 AppleWebKit/537.36 (KHTML, like Gecko; compatible; GPTBot/1.4; +https://openai.com/gptbot)" smileparadisedentals.com 10.36.254.103
74.7.241.33 - - [19/Aug/2026:07:05:12 -0600] "GET /?filesrc=//tmp/amex-ftWEx8.tmp&path=//tmp HTTP/1.1" 200 1309 "https://smileparadisedentals.faz.zew.mybluehostin.me/?path=//tmp" "Mozilla/5.0 AppleWebKit/537.36 (KHTML, like Gecko; compatible; GPTBot/1.4; +https://openai.com/gptbot)" smileparadisedentals.faz.zew.mybluehostin.me 10.36.254.103
74.7.241.33 - - [19/Aug/2026:07:05:12 -0600] "GET /?filesrc=//tmp/amex-ftWEx8.tmp&path=//tmp HTTP/2.0" 200 1309 "https://smileparadisedentals.faz.zew.mybluehostin.me/?path=//tmp" "Mozilla/5.0 AppleWebKit/537.36 (KHTML, like Gecko; compatible; GPTBot/1.4; +https://openai.com/gptbot)" smileparadisedentals.faz.zew.mybluehostin.me 10.36.254.103
66.249.74.43 - - [19/Aug/2026:07:05:12 -0600] "GET / HTTP/1.1" 200 7493 "-" "Mozilla/5.0 (compatible; Googlebot/2.1; +http://www.google.com/bot.html)" smileparadisedentals.com 10.36.254.103
66.249.74.43 - - [19/Aug/2026:07:05:12 -0600] "GET / HTTP/1.1" 200 7493 "-" "Mozilla/5.0 (compatible; Googlebot/2.1; +http://www.google.com/bot.html)" smileparadisedentals.com 10.36.254.103
74.7.241.33 - - [19/Aug/2026:07:05:13 -0600] "GET /?filesrc=//tmp/amex-BeUHa4.tmp&path=//tmp HTTP/1.1" 200 1309 "https://smileparadisedentals.faz.zew.mybluehostin.me/?path=//tmp" "Mozilla/5.0 AppleWebKit/537.36 (KHTML, like Gecko; compatible; GPTBot/1.4; +https://openai.com/gptbot)" smileparadisedentals.faz.zew.mybluehostin.me 10.36.254.103
74.7.241.33 - - [19/Aug/2026:07:05:13 -0600] "GET /?filesrc=//tmp/amex-BeUHa4.tmp&path=//tmp HTTP/2.0" 200 1309 "https://smileparadisedentals.faz.zew.mybluehostin.me/?path=//tmp" "Mozilla/5.0 AppleWebKit/537.36 (KHTML, like Gecko; compatible; GPTBot/1.4; +https://openai.com/gptbot)" smileparadisedentals.faz.zew.mybluehostin.me 10.36.254.103
74.7.227.158 - - [19/Aug/2026:07:05:15 -0600] "GET /sitemap_index.xml?path=/home4/fazzewmy/public_html/unismartlogistics/.well-known HTTP/1.1" 200 2265 "https://smileparadisedentals.com/sitemap_index.xml?path=/home4/fazzewmy/public_html/unismartlogistics" "Mozilla/5.0 AppleWebKit/537.36 (KHTML, like Gecko; compatible; GPTBot/1.4; +https://openai.com/gptbot)" smileparadisedentals.com 10.36.254.103
74.7.227.158 - - [19/Aug/2026:07:05:15 -0600] "GET /sitemap_index.xml?path=/home4/fazzewmy/public_html/unismartlogistics/.well-known HTTP/2.0" 200 2265 "https://smileparadisedentals.com/sitemap_index.xml?path=/home4/fazzewmy/public_html/unismartlogistics" "Mozilla/5.0 AppleWebKit/537.36 (KHTML, like Gecko; compatible; GPTBot/1.4; +https://openai.com/gptbot)" smileparadisedentals.com 10.36.254.103
74.7.241.33 - - [19/Aug/2026:07:05:15 -0600] "GET /?filesrc=//tmp/amex-2mznLp.tmp&path=//tmp HTTP/1.1" 200 1309 "https://smileparadisedentals.faz.zew.mybluehostin.me/?path=//tmp" "Mozilla/5.0 AppleWebKit/537.36 (KHTML, like Gecko; compatible; GPTBot/1.4; +https://openai.com/gptbot)" smileparadisedentals.faz.zew.mybluehostin.me 10.36.254.103
74.7.241.33 - - [19/Aug/2026:07:05:14 -0600] "GET /?filesrc=//tmp/amex-2mznLp.tmp&path=//tmp HTTP/2.0" 200 1309 "https://smileparadisedentals.faz.zew.mybluehostin.me/?path=//tmp" "Mozilla/5.0 AppleWebKit/537.36 (KHTML, like Gecko; compatible; GPTBot/1.4; +https://openai.com/gptbot)" smileparadisedentals.faz.zew.mybluehostin.me 10.36.254.103
74.7.241.33 - - [19/Aug/2026:07:05:15 -0600] "GET /?filesrc=//tmp/wpcom-t9ntOT.tmp&path=//tmp HTTP/1.1" 200 1308 "https://smileparadisedentals.faz.zew.mybluehostin.me/?path=//tmp" "Mozilla/5.0 AppleWebKit/537.36 (KHTML, like Gecko; compatible; GPTBot/1.4; +https://openai.com/gptbot)" smileparadisedentals.faz.zew.mybluehostin.me 10.36.254.103
74.7.241.33 - - [19/Aug/2026:07:05:15 -0600] "GET /?filesrc=//tmp/wpcom-t9ntOT.tmp&path=//tmp HTTP/2.0" 200 1308 "https://smileparadisedentals.faz.zew.mybluehostin.me/?path=//tmp" "Mozilla/5.0 AppleWebKit/537.36 (KHTML, like Gecko; compatible; GPTBot/1.4; +https://openai.com/gptbot)" smileparadisedentals.faz.zew.mybluehostin.me 10.36.254.103
74.7.241.33 - - [19/Aug/2026:07:05:17 -0600] "GET /?filesrc=//tmp/laser-0yUVtt.tmp&path=//tmp HTTP/1.1" 200 1309 "https://smileparadisedentals.faz.zew.mybluehostin.me/?path=//tmp" "Mozilla/5.0 AppleWebKit/537.36 (KHTML, like Gecko; compatible; GPTBot/1.4; +https://openai.com/gptbot)" smileparadisedentals.faz.zew.mybluehostin.me 10.36.254.103
74.7.241.33 - - [19/Aug/2026:07:05:16 -0600] "GET /?filesrc=//tmp/laser-0yUVtt.tmp&path=//tmp HTTP/2.0" 200 1309 "https://smileparadisedentals.faz.zew.mybluehostin.me/?path=//tmp" "Mozilla/5.0 AppleWebKit/537.36 (KHTML, like Gecko; compatible; GPTBot/1.4; +https://openai.com/gptbot)" smileparadisedentals.faz.zew.mybluehostin.me 10.36.254.103
74.7.227.158 - - [19/Aug/2026:07:05:17 -0600] "GET /sitemap_index.xml?path=/home4/fazzewmy/www/ezanasolutions HTTP/1.1" 200 6421 "https://smileparadisedentals.com/sitemap_index.xml?path=/home4/fazzewmy/www" "Mozilla/5.0 AppleWebKit/537.36 (KHTML, like Gecko; compatible; GPTBot/1.4; +https://openai.com/gptbot)" smileparadisedentals.com 10.36.254.103
74.7.227.158 - - [19/Aug/2026:07:05:17 -0600] "GET /sitemap_index.xml?path=/home4/fazzewmy/www/ezanasolutions HTTP/2.0" 200 6421 "https://smileparadisedentals.com/sitemap_index.xml?path=/home4/fazzewmy/www" "Mozilla/5.0 AppleWebKit/537.36 (KHTML, like Gecko; compatible; GPTBot/1.4; +https://openai.com/gptbot)" smileparadisedentals.com 10.36.254.103
74.7.241.33 - - [19/Aug/2026:07:05:17 -0600] "GET /?filesrc=//tmp/wpcom-I6Brft.tmp&path=//tmp HTTP/1.1" 200 1308 "https://smileparadisedentals.faz.zew.mybluehostin.me/?path=//tmp" "Mozilla/5.0 AppleWebKit/537.36 (KHTML, like Gecko; compatible; GPTBot/1.4; +https://openai.com/gptbot)" smileparadisedentals.faz.zew.mybluehostin.me 10.36.254.103
74.7.241.33 - - [19/Aug/2026:07:05:17 -0600] "GET /?filesrc=//tmp/wpcom-I6Brft.tmp&path=//tmp HTTP/2.0" 200 1308 "https://smileparadisedentals.faz.zew.mybluehostin.me/?path=//tmp" "Mozilla/5.0 AppleWebKit/537.36 (KHTML, like Gecko; compatible; GPTBot/1.4; +https://openai.com/gptbot)" smileparadisedentals.faz.zew.mybluehostin.me 10.36.254.103
74.7.241.33 - - [19/Aug/2026:07:05:18 -0600] "GET /?filesrc=//tmp/laser-rtFMU2.tmp&path=//tmp HTTP/1.1" 200 1309 "https://smileparadisedentals.faz.zew.mybluehostin.me/?path=//tmp" "Mozilla/5.0 AppleWebKit/537.36 (KHTML, like Gecko; compatible; GPTBot/1.4; +https://openai.com/gptbot)" smileparadisedentals.faz.zew.mybluehostin.me 10.36.254.103
74.7.241.33 - - [19/Aug/2026:07:05:18 -0600] "GET /?filesrc=//tmp/laser-rtFMU2.tmp&path=//tmp HTTP/2.0" 200 1309 "https://smileparadisedentals.faz.zew.mybluehostin.me/?path=//tmp" "Mozilla/5.0 AppleWebKit/537.36 (KHTML, like Gecko; compatible; GPTBot/1.4; +https://openai.com/gptbot)" smileparadisedentals.faz.zew.mybluehostin.me 10.36.254.103
74.7.227.158 - - [19/Aug/2026:07:05:19 -0600] "GET /sitemap_index.xml?path=//lib64/apache2 HTTP/1.1" 200 1671 "https://smileparadisedentals.com/sitemap_index.xml?path=//lib64" "Mozilla/5.0 AppleWebKit/537.36 (KHTML, like Gecko; compatible; GPTBot/1.4; +https://openai.com/gptbot)" smileparadisedentals.com 10.36.254.103
74.7.227.158 - - [19/Aug/2026:07:05:19 -0600] "GET /sitemap_index.xml?path=//lib64/apache2 HTTP/2.0" 200 1671 "https://smileparadisedentals.com/sitemap_index.xml?path=//lib64" "Mozilla/5.0 AppleWebKit/537.36 (KHTML, like Gecko; compatible; GPTBot/1.4; +https://openai.com/gptbot)" smileparadisedentals.com 10.36.254.103
74.7.241.33 - - [19/Aug/2026:07:05:19 -0600] "GET /?filesrc=//tmp/vk-fa-0sllfT.tmp&path=//tmp HTTP/1.1" 200 1310 "https://smileparadisedentals.faz.zew.mybluehostin.me/?path=//tmp" "Mozilla/5.0 AppleWebKit/537.36 (KHTML, like Gecko; compatible; GPTBot/1.4; +https://openai.com/gptbot)" smileparadisedentals.faz.zew.mybluehostin.me 10.36.254.103
74.7.241.33 - - [19/Aug/2026:07:05:19 -0600] "GET /?filesrc=//tmp/vk-fa-0sllfT.tmp&path=//tmp HTTP/2.0" 200 1310 "https://smileparadisedentals.faz.zew.mybluehostin.me/?path=//tmp" "Mozilla/5.0 AppleWebKit/537.36 (KHTML, like Gecko; compatible; GPTBot/1.4; +https://openai.com/gptbot)" smileparadisedentals.faz.zew.mybluehostin.me 10.36.254.103
74.7.241.33 - - [19/Aug/2026:07:05:20 -0600] "GET /?filesrc=//tmp/x-DfZhmC.tmp&path=//tmp HTTP/1.1" 200 1307 "https://smileparadisedentals.faz.zew.mybluehostin.me/?path=//tmp" "Mozilla/5.0 AppleWebKit/537.36 (KHTML, like Gecko; compatible; GPTBot/1.4; +https://openai.com/gptbot)" smileparadisedentals.faz.zew.mybluehostin.me 10.36.254.103
74.7.241.33 - - [19/Aug/2026:07:05:20 -0600] "GET /?filesrc=//tmp/x-DfZhmC.tmp&path=//tmp HTTP/2.0" 200 1307 "https://smileparadisedentals.faz.zew.mybluehostin.me/?path=//tmp" "Mozilla/5.0 AppleWebKit/537.36 (KHTML, like Gecko; compatible; GPTBot/1.4; +https://openai.com/gptbot)" smileparadisedentals.faz.zew.mybluehostin.me 10.36.254.103
74.7.227.158 - - [19/Aug/2026:07:05:21 -0600] "GET /sitemap_index.xml?path=//lib64/nss HTTP/1.1" 200 1702 "https://smileparadisedentals.com/sitemap_index.xml?path=//lib64" "Mozilla/5.0 AppleWebKit/537.36 (KHTML, like Gecko; compatible; GPTBot/1.4; +https://openai.com/gptbot)" smileparadisedentals.com 10.36.254.103
74.7.227.158 - - [19/Aug/2026:07:05:21 -0600] "GET /sitemap_index.xml?path=//lib64/nss HTTP/2.0" 200 1702 "https://smileparadisedentals.com/sitemap_index.xml?path=//lib64" "Mozilla/5.0 AppleWebKit/537.36 (KHTML, like Gecko; compatible; GPTBot/1.4; +https://openai.com/gptbot)" smileparadisedentals.com 10.36.254.103
74.7.241.33 - - [19/Aug/2026:07:05:21 -0600] "GET /?filesrc=//tmp/x-ZDXpdt.tmp&path=//tmp HTTP/1.1" 200 1307 "https://smileparadisedentals.faz.zew.mybluehostin.me/?path=//tmp" "Mozilla/5.0 AppleWebKit/537.36 (KHTML, like Gecko; compatible; GPTBot/1.4; +https://openai.com/gptbot)" smileparadisedentals.faz.zew.mybluehostin.me 10.36.254.103
74.7.241.33 - - [19/Aug/2026:07:05:21 -0600] "GET /?filesrc=//tmp/x-ZDXpdt.tmp&path=//tmp HTTP/2.0" 200 1307 "https://smileparadisedentals.faz.zew.mybluehostin.me/?path=//tmp" "Mozilla/5.0 AppleWebKit/537.36 (KHTML, like Gecko; compatible; GPTBot/1.4; +https://openai.com/gptbot)" smileparadisedentals.faz.zew.mybluehostin.me 10.36.254.103
74.7.227.158 - - [19/Aug/2026:07:05:22 -0600] "GET /sitemap_index.xml?filesrc=//run/systemd/generator/local-fs.target.wants/systemd-fsck-root.service&path=//run/systemd/generator/local-fs.target.wants HTTP/2.0" 200 1865 "https://smileparadisedentals.com/sitemap_index.xml?path=//run/systemd/generator/local-fs.target.wants" "Mozilla/5.0 AppleWebKit/537.36 (KHTML, like Gecko; compatible; GPTBot/1.4; +https://openai.com/gptbot)" smileparadisedentals.com 10.36.254.103
74.7.241.33 - - [19/Aug/2026:07:05:23 -0600] "GET /?filesrc=//tmp/yahoo-rejBeP.tmp&path=//tmp HTTP/1.1" 200 1309 "https://smileparadisedentals.faz.zew.mybluehostin.me/?path=//tmp" "Mozilla/5.0 AppleWebKit/537.36 (KHTML, like Gecko; compatible; GPTBot/1.4; +https://openai.com/gptbot)" smileparadisedentals.faz.zew.mybluehostin.me 10.36.254.103
74.7.241.33 - - [19/Aug/2026:07:05:22 -0600] "GET /?filesrc=//tmp/yahoo-rejBeP.tmp&path=//tmp HTTP/2.0" 200 1309 "https://smileparadisedentals.faz.zew.mybluehostin.me/?path=//tmp" "Mozilla/5.0 AppleWebKit/537.36 (KHTML, like Gecko; compatible; GPTBot/1.4; +https://openai.com/gptbot)" smileparadisedentals.faz.zew.mybluehostin.me 10.36.254.103
74.7.227.158 - - [19/Aug/2026:07:05:24 -0600] "GET /sitemap_index.xml?filesrc=//lib64/libmlx5.so.1.25.61.0&path=//lib64 HTTP/1.1" 200 216709 "https://smileparadisedentals.com/sitemap_index.xml?path=//lib64" "Mozilla/5.0 AppleWebKit/537.36 (KHTML, like Gecko; compatible; GPTBot/1.4; +https://openai.com/gptbot)" smileparadisedentals.com 10.36.254.103
74.7.227.158 - - [19/Aug/2026:07:05:24 -0600] "GET /sitemap_index.xml?filesrc=//lib64/libmlx5.so.1.25.61.0&path=//lib64 HTTP/2.0" 200 216709 "https://smileparadisedentals.com/sitemap_index.xml?path=//lib64" "Mozilla/5.0 AppleWebKit/537.36 (KHTML, like Gecko; compatible; GPTBot/1.4; +https://openai.com/gptbot)" smileparadisedentals.com 10.36.254.103
74.7.241.33 - - [19/Aug/2026:07:05:24 -0600] "GET /?filesrc=//tmp/tick-ZrxQJi.tmp&path=//tmp HTTP/1.1" 200 1311 "https://smileparadisedentals.faz.zew.mybluehostin.me/?path=//tmp" "Mozilla/5.0 AppleWebKit/537.36 (KHTML, like Gecko; compatible; GPTBot/1.4; +https://openai.com/gptbot)" smileparadisedentals.faz.zew.mybluehostin.me 10.36.254.103
74.7.241.33 - - [19/Aug/2026:07:05:24 -0600] "GET /?filesrc=//tmp/tick-ZrxQJi.tmp&path=//tmp HTTP/2.0" 200 1311 "https://smileparadisedentals.faz.zew.mybluehostin.me/?path=//tmp" "Mozilla/5.0 AppleWebKit/537.36 (KHTML, like Gecko; compatible; GPTBot/1.4; +https://openai.com/gptbot)" smileparadisedentals.faz.zew.mybluehostin.me 10.36.254.103
74.7.227.158 - - [19/Aug/2026:07:05:26 -0600] "GET /sitemap_index.xml?filesrc=//lib64/libldap-2.4.so.2.0.200&path=//lib64 HTTP/1.1" 200 3359 "https://smileparadisedentals.com/sitemap_index.xml?path=//lib64" "Mozilla/5.0 AppleWebKit/537.36 (KHTML, like Gecko; compatible; GPTBot/1.4; +https://openai.com/gptbot)" smileparadisedentals.com 10.36.254.103
74.7.241.33 - - [19/Aug/2026:07:05:25 -0600] "GET /?filesrc=//tmp/wpcom-tLo9l5.tmp&path=//tmp HTTP/1.1" 200 1308 "https://smileparadisedentals.faz.zew.mybluehostin.me/?path=//tmp" "Mozilla/5.0 AppleWebKit/537.36 (KHTML, like Gecko; compatible; GPTBot/1.4; +https://openai.com/gptbot)" smileparadisedentals.faz.zew.mybluehostin.me 10.36.254.103
74.7.227.158 - - [19/Aug/2026:07:05:26 -0600] "GET /sitemap_index.xml?filesrc=//lib64/libldap-2.4.so.2.0.200&path=//lib64 HTTP/2.0" 200 3359 "https://smileparadisedentals.com/sitemap_index.xml?path=//lib64" "Mozilla/5.0 AppleWebKit/537.36 (KHTML, like Gecko; compatible; GPTBot/1.4; +https://openai.com/gptbot)" smileparadisedentals.com 10.36.254.103
74.7.241.33 - - [19/Aug/2026:07:05:25 -0600] "GET /?filesrc=//tmp/wpcom-tLo9l5.tmp&path=//tmp HTTP/2.0" 200 1308 "https://smileparadisedentals.faz.zew.mybluehostin.me/?path=//tmp" "Mozilla/5.0 AppleWebKit/537.36 (KHTML, like Gecko; compatible; GPTBot/1.4; +https://openai.com/gptbot)" smileparadisedentals.faz.zew.mybluehostin.me 10.36.254.103
74.7.227.158 - - [19/Aug/2026:07:05:27 -0600] "GET /sitemap_index.xml?filesrc=//lib64/libibverbs.so.1.15.61.0&path=//lib64 HTTP/1.1" 200 59473 "https://smileparadisedentals.com/sitemap_index.xml?path=//lib64" "Mozilla/5.0 AppleWebKit/537.36 (KHTML, like Gecko; compatible; GPTBot/1.4; +https://openai.com/gptbot)" smileparadisedentals.com 10.36.254.103
74.7.241.33 - - [19/Aug/2026:07:05:27 -0600] "GET /?filesrc=//tmp/laser-24KlTa.tmp&path=//tmp HTTP/1.1" 200 1309 "https://smileparadisedentals.faz.zew.mybluehostin.me/?path=//tmp" "Mozilla/5.0 AppleWebKit/537.36 (KHTML, like Gecko; compatible; GPTBot/1.4; +https://openai.com/gptbot)" smileparadisedentals.faz.zew.mybluehostin.me 10.36.254.103
74.7.227.158 - - [19/Aug/2026:07:05:27 -0600] "GET /sitemap_index.xml?filesrc=//lib64/libibverbs.so.1.15.61.0&path=//lib64 HTTP/2.0" 200 59473 "https://smileparadisedentals.com/sitemap_index.xml?path=//lib64" "Mozilla/5.0 AppleWebKit/537.36 (KHTML, like Gecko; compatible; GPTBot/1.4; +https://openai.com/gptbot)" smileparadisedentals.com 10.36.254.103
74.7.241.33 - - [19/Aug/2026:07:05:27 -0600] "GET /?filesrc=//tmp/laser-24KlTa.tmp&path=//tmp HTTP/2.0" 200 1309 "https://smileparadisedentals.faz.zew.mybluehostin.me/?path=//tmp" "Mozilla/5.0 AppleWebKit/537.36 (KHTML, like Gecko; compatible; GPTBot/1.4; +https://openai.com/gptbot)" smileparadisedentals.faz.zew.mybluehostin.me 10.36.254.103
74.7.227.158 - - [19/Aug/2026:07:05:28 -0600] "GET /sitemap_index.xml?filesrc=//lib64/liblber-2.4.so.2.0.200&path=//lib64 HTTP/1.1" 200 3348 "https://smileparadisedentals.com/sitemap_index.xml?path=//lib64" "Mozilla/5.0 AppleWebKit/537.36 (KHTML, like Gecko; compatible; GPTBot/1.4; +https://openai.com/gptbot)" smileparadisedentals.com 10.36.254.103
74.7.227.158 - - [19/Aug/2026:07:05:28 -0600] "GET /sitemap_index.xml?filesrc=//lib64/liblber-2.4.so.2.0.200&path=//lib64 HTTP/2.0" 200 3348 "https://smileparadisedentals.com/sitemap_index.xml?path=//lib64" "Mozilla/5.0 AppleWebKit/537.36 (KHTML, like Gecko; compatible; GPTBot/1.4; +https://openai.com/gptbot)" smileparadisedentals.com 10.36.254.103
74.7.241.33 - - [19/Aug/2026:07:05:28 -0600] "GET /?filesrc=//tmp/amex-pU2x9b.tmp&path=//tmp HTTP/1.1" 200 1308 "https://smileparadisedentals.faz.zew.mybluehostin.me/?path=//tmp" "Mozilla/5.0 AppleWebKit/537.36 (KHTML, like Gecko; compatible; GPTBot/1.4; +https://openai.com/gptbot)" smileparadisedentals.faz.zew.mybluehostin.me 10.36.254.103
74.7.241.33 - - [19/Aug/2026:07:05:28 -0600] "GET /?filesrc=//tmp/amex-pU2x9b.tmp&path=//tmp HTTP/2.0" 200 1308 "https://smileparadisedentals.faz.zew.mybluehostin.me/?path=//tmp" "Mozilla/5.0 AppleWebKit/537.36 (KHTML, like Gecko; compatible; GPTBot/1.4; +https://openai.com/gptbot)" smileparadisedentals.faz.zew.mybluehostin.me 10.36.254.103
74.7.227.158 - - [19/Aug/2026:07:05:30 -0600] "GET /sitemap_index.xml?path=/home4/fazzewmy/public_html/prcontractingoman/.well-known/pki-validation HTTP/1.1" 200 1755 "https://smileparadisedentals.com/sitemap_index.xml?path=/home4/fazzewmy/public_html/prcontractingoman/.well-known" "Mozilla/5.0 AppleWebKit/537.36 (KHTML, like Gecko; compatible; GPTBot/1.4; +https://openai.com/gptbot)" smileparadisedentals.com 10.36.254.103
74.7.227.158 - - [19/Aug/2026:07:05:30 -0600] "GET /sitemap_index.xml?path=/home4/fazzewmy/public_html/prcontractingoman/.well-known/pki-validation HTTP/2.0" 200 1755 "https://smileparadisedentals.com/sitemap_index.xml?path=/home4/fazzewmy/public_html/prcontractingoman/.well-known" "Mozilla/5.0 AppleWebKit/537.36 (KHTML, like Gecko; compatible; GPTBot/1.4; +https://openai.com/gptbot)" smileparadisedentals.com 10.36.254.103
74.7.241.33 - - [19/Aug/2026:07:05:30 -0600] "GET /?path=//opt/alt HTTP/1.1" 200 2283 "https://smileparadisedentals.faz.zew.mybluehostin.me/?path=//opt" "Mozilla/5.0 AppleWebKit/537.36 (KHTML, like Gecko; compatible; GPTBot/1.4; +https://openai.com/gptbot)" smileparadisedentals.faz.zew.mybluehostin.me 10.36.254.103
74.7.241.33 - - [19/Aug/2026:07:05:30 -0600] "GET /?path=//opt/alt HTTP/2.0" 200 2283 "https://smileparadisedentals.faz.zew.mybluehostin.me/?path=//opt" "Mozilla/5.0 AppleWebKit/537.36 (KHTML, like Gecko; compatible; GPTBot/1.4; +https://openai.com/gptbot)" smileparadisedentals.faz.zew.mybluehostin.me 10.36.254.103
74.7.227.158 - - [19/Aug/2026:07:05:32 -0600] "GET /sitemap_index.xml?path=/home4/fazzewmy/public_html/vajradentalstudio/.well-known/acme-challenge HTTP/1.1" 200 1757 "https://smileparadisedentals.com/sitemap_index.xml?path=/home4/fazzewmy/public_html/vajradentalstudio/.well-known" "Mozilla/5.0 AppleWebKit/537.36 (KHTML, like Gecko; compatible; GPTBot/1.4; +https://openai.com/gptbot)" smileparadisedentals.com 10.36.254.103
74.7.227.158 - - [19/Aug/2026:07:05:31 -0600] "GET /sitemap_index.xml?path=/home4/fazzewmy/public_html/vajradentalstudio/.well-known/acme-challenge HTTP/2.0" 200 1757 "https://smileparadisedentals.com/sitemap_index.xml?path=/home4/fazzewmy/public_html/vajradentalstudio/.well-known" "Mozilla/5.0 AppleWebKit/537.36 (KHTML, like Gecko; compatible; GPTBot/1.4; +https://openai.com/gptbot)" smileparadisedentals.com 10.36.254.103
74.7.241.33 - - [19/Aug/2026:07:05:32 -0600] "GET /?filesrc=//tmp/laser-3tgmbt.tmp&path=//tmp HTTP/1.1" 200 1309 "https://smileparadisedentals.faz.zew.mybluehostin.me/?path=//tmp" "Mozilla/5.0 AppleWebKit/537.36 (KHTML, like Gecko; compatible; GPTBot/1.4; +https://openai.com/gptbot)" smileparadisedentals.faz.zew.mybluehostin.me 10.36.254.103
74.7.241.33 - - [19/Aug/2026:07:05:32 -0600] "GET /?filesrc=//tmp/laser-3tgmbt.tmp&path=//tmp HTTP/2.0" 200 1309 "https://smileparadisedentals.faz.zew.mybluehostin.me/?path=//tmp" "Mozilla/5.0 AppleWebKit/537.36 (KHTML, like Gecko; compatible; GPTBot/1.4; +https://openai.com/gptbot)" smileparadisedentals.faz.zew.mybluehostin.me 10.36.254.103
74.7.241.33 - - [19/Aug/2026:07:05:33 -0600] "GET /?filesrc=//tmp/jcb-axaaG1.tmp&path=//tmp HTTP/1.1" 200 1308 "https://smileparadisedentals.faz.zew.mybluehostin.me/?path=//tmp" "Mozilla/5.0 AppleWebKit/537.36 (KHTML, like Gecko; compatible; GPTBot/1.4; +https://openai.com/gptbot)" smileparadisedentals.faz.zew.mybluehostin.me 10.36.254.103
74.7.227.158 - - [19/Aug/2026:07:05:33 -0600] "GET /sitemap_index.xml?path=/home4/fazzewmy/public_html/unismartlogistics/.well-known/acme-challenge HTTP/1.1" 200 1760 "https://smileparadisedentals.com/sitemap_index.xml?path=/home4/fazzewmy/public_html/unismartlogistics/.well-known" "Mozilla/5.0 AppleWebKit/537.36 (KHTML, like Gecko; compatible; GPTBot/1.4; +https://openai.com/gptbot)" smileparadisedentals.com 10.36.254.103
74.7.227.158 - - [19/Aug/2026:07:05:33 -0600] "GET /sitemap_index.xml?path=/home4/fazzewmy/public_html/unismartlogistics/.well-known/acme-challenge HTTP/2.0" 200 1760 "https://smileparadisedentals.com/sitemap_index.xml?path=/home4/fazzewmy/public_html/unismartlogistics/.well-known" "Mozilla/5.0 AppleWebKit/537.36 (KHTML, like Gecko; compatible; GPTBot/1.4; +https://openai.com/gptbot)" smileparadisedentals.com 10.36.254.103
74.7.241.33 - - [19/Aug/2026:07:05:33 -0600] "GET /?filesrc=//tmp/jcb-axaaG1.tmp&path=//tmp HTTP/2.0" 200 1308 "https://smileparadisedentals.faz.zew.mybluehostin.me/?path=//tmp" "Mozilla/5.0 AppleWebKit/537.36 (KHTML, like Gecko; compatible; GPTBot/1.4; +https://openai.com/gptbot)" smileparadisedentals.faz.zew.mybluehostin.me 10.36.254.103
74.7.227.158 - - [19/Aug/2026:07:05:35 -0600] "GET /sitemap_index.xml?path=/home4/fazzewmy/public_html/vajradentalstudio/.well-known/pki-validation HTTP/1.1" 200 1754 "https://smileparadisedentals.com/sitemap_index.xml?path=/home4/fazzewmy/public_html/vajradentalstudio/.well-known" "Mozilla/5.0 AppleWebKit/537.36 (KHTML, like Gecko; compatible; GPTBot/1.4; +https://openai.com/gptbot)" smileparadisedentals.com 10.36.254.103
74.7.227.158 - - [19/Aug/2026:07:05:35 -0600] "GET /sitemap_index.xml?path=/home4/fazzewmy/public_html/vajradentalstudio/.well-known/pki-validation HTTP/2.0" 200 1754 "https://smileparadisedentals.com/sitemap_index.xml?path=/home4/fazzewmy/public_html/vajradentalstudio/.well-known" "Mozilla/5.0 AppleWebKit/537.36 (KHTML, like Gecko; compatible; GPTBot/1.4; +https://openai.com/gptbot)" smileparadisedentals.com 10.36.254.103
74.7.241.33 - - [19/Aug/2026:07:05:35 -0600] "GET /?path=//opt/cpanel/ea-profiles-cpanel HTTP/1.1" 200 4572 "https://smileparadisedentals.faz.zew.mybluehostin.me/?path=//opt/cpanel" "Mozilla/5.0 AppleWebKit/537.36 (KHTML, like Gecko; compatible; GPTBot/1.4; +https://openai.com/gptbot)" smileparadisedentals.faz.zew.mybluehostin.me 10.36.254.103
74.7.241.33 - - [19/Aug/2026:07:05:35 -0600] "GET /?path=//opt/cpanel/ea-profiles-cpanel HTTP/2.0" 200 4572 "https://smileparadisedentals.faz.zew.mybluehostin.me/?path=//opt/cpanel" "Mozilla/5.0 AppleWebKit/537.36 (KHTML, like Gecko; compatible; GPTBot/1.4; +https://openai.com/gptbot)" smileparadisedentals.faz.zew.mybluehostin.me 10.36.254.103
74.7.227.158 - - [19/Aug/2026:07:05:35 -0600] "GET /sitemap_index.xml?path=//lib64/apache2/modules HTTP/1.1" 200 5208 "https://smileparadisedentals.com/sitemap_index.xml?path=//lib64/apache2" "Mozilla/5.0 AppleWebKit/537.36 (KHTML, like Gecko; compatible; GPTBot/1.4; +https://openai.com/gptbot)" smileparadisedentals.com 10.36.254.103
74.7.227.158 - - [19/Aug/2026:07:05:35 -0600] "GET /sitemap_index.xml?path=//lib64/apache2/modules HTTP/2.0" 200 5208 "https://smileparadisedentals.com/sitemap_index.xml?path=//lib64/apache2" "Mozilla/5.0 AppleWebKit/537.36 (KHTML, like Gecko; compatible; GPTBot/1.4; +https://openai.com/gptbot)" smileparadisedentals.com 10.36.254.103
74.7.241.33 - - [19/Aug/2026:07:05:36 -0600] "GET /?filesrc=//tmp/jcb-85C4Wd.tmp&path=//tmp HTTP/1.1" 200 1310 "https://smileparadisedentals.faz.zew.mybluehostin.me/?path=//tmp" "Mozilla/5.0 AppleWebKit/537.36 (KHTML, like Gecko; compatible; GPTBot/1.4; +https://openai.com/gptbot)" smileparadisedentals.faz.zew.mybluehostin.me 10.36.254.103
74.7.241.33 - - [19/Aug/2026:07:05:35 -0600] "GET /?filesrc=//tmp/jcb-85C4Wd.tmp&path=//tmp HTTP/2.0" 200 1310 "https://smileparadisedentals.faz.zew.mybluehostin.me/?path=//tmp" "Mozilla/5.0 AppleWebKit/537.36 (KHTML, like Gecko; compatible; GPTBot/1.4; +https://openai.com/gptbot)" smileparadisedentals.faz.zew.mybluehostin.me 10.36.254.103
74.7.227.158 - - [19/Aug/2026:07:05:37 -0600] "GET /sitemap_index.xml?path=//lib64/nss/unsupported-tools HTTP/1.1" 200 2307 "https://smileparadisedentals.com/sitemap_index.xml?path=//lib64/nss" "Mozilla/5.0 AppleWebKit/537.36 (KHTML, like Gecko; compatible; GPTBot/1.4; +https://openai.com/gptbot)" smileparadisedentals.com 10.36.254.103
74.7.227.158 - - [19/Aug/2026:07:05:37 -0600] "GET /sitemap_index.xml?path=//lib64/nss/unsupported-tools HTTP/2.0" 200 2307 "https://smileparadisedentals.com/sitemap_index.xml?path=//lib64/nss" "Mozilla/5.0 AppleWebKit/537.36 (KHTML, like Gecko; compatible; GPTBot/1.4; +https://openai.com/gptbot)" smileparadisedentals.com 10.36.254.103
74.7.241.33 - - [19/Aug/2026:07:05:37 -0600] "GET /?filesrc=//tmp/amex-95hqpt.tmp&path=//tmp HTTP/1.1" 200 1309 "https://smileparadisedentals.faz.zew.mybluehostin.me/?path=//tmp" "Mozilla/5.0 AppleWebKit/537.36 (KHTML, like Gecko; compatible; GPTBot/1.4; +https://openai.com/gptbot)" smileparadisedentals.faz.zew.mybluehostin.me 10.36.254.103
74.7.241.33 - - [19/Aug/2026:07:05:37 -0600] "GET /?filesrc=//tmp/amex-95hqpt.tmp&path=//tmp HTTP/2.0" 200 1309 "https://smileparadisedentals.faz.zew.mybluehostin.me/?path=//tmp" "Mozilla/5.0 AppleWebKit/537.36 (KHTML, like Gecko; compatible; GPTBot/1.4; +https://openai.com/gptbot)" smileparadisedentals.faz.zew.mybluehostin.me 10.36.254.103
74.7.227.158 - - [19/Aug/2026:07:05:38 -0600] "GET /sitemap_index.xml?path=//lib64/nss/saved HTTP/1.1" 200 1487 "https://smileparadisedentals.com/sitemap_index.xml?path=//lib64/nss" "Mozilla/5.0 AppleWebKit/537.36 (KHTML, like Gecko; compatible; GPTBot/1.4; +https://openai.com/gptbot)" smileparadisedentals.com 10.36.254.103
74.7.227.158 - - [19/Aug/2026:07:05:38 -0600] "GET /sitemap_index.xml?path=//lib64/nss/saved HTTP/2.0" 200 1487 "https://smileparadisedentals.com/sitemap_index.xml?path=//lib64/nss" "Mozilla/5.0 AppleWebKit/537.36 (KHTML, like Gecko; compatible; GPTBot/1.4; +https://openai.com/gptbot)" smileparadisedentals.com 10.36.254.103
74.7.241.33 - - [19/Aug/2026:07:05:38 -0600] "GET /?filesrc=//tmp/amex-lesc1D.tmp&path=//tmp HTTP/1.1" 200 1308 "https://smileparadisedentals.faz.zew.mybluehostin.me/?path=//tmp" "Mozilla/5.0 AppleWebKit/537.36 (KHTML, like Gecko; compatible; GPTBot/1.4; +https://openai.com/gptbot)" smileparadisedentals.faz.zew.mybluehostin.me 10.36.254.103
74.7.241.33 - - [19/Aug/2026:07:05:38 -0600] "GET /?filesrc=//tmp/amex-lesc1D.tmp&path=//tmp HTTP/2.0" 200 1308 "https://smileparadisedentals.faz.zew.mybluehostin.me/?path=//tmp" "Mozilla/5.0 AppleWebKit/537.36 (KHTML, like Gecko; compatible; GPTBot/1.4; +https://openai.com/gptbot)" smileparadisedentals.faz.zew.mybluehostin.me 10.36.254.103
64.233.173.200 - - [19/Aug/2026:07:05:39 -0600] "GET /.well-known/traffic-advice HTTP/1.1" 200 7493 "-" "Chrome Privacy Preserving Prefetch Proxy" smileparadisedentals.com 10.36.254.103
64.233.173.200 - - [19/Aug/2026:07:05:39 -0600] "GET /.well-known/traffic-advice HTTP/1.1" 200 7493 "-" "Chrome Privacy Preserving Prefetch Proxy" smileparadisedentals.com 10.36.254.103
74.7.227.158 - - [19/Aug/2026:07:05:39 -0600] "GET /sitemap_index.xml?path=/home4/fazzewmy/public_html/unismartlogistics/.well-known/pki-validation HTTP/1.1" 200 1759 "https://smileparadisedentals.com/sitemap_index.xml?path=/home4/fazzewmy/public_html/unismartlogistics/.well-known" "Mozilla/5.0 AppleWebKit/537.36 (KHTML, like Gecko; compatible; GPTBot/1.4; +https://openai.com/gptbot)" smileparadisedentals.com 10.36.254.103
74.7.227.158 - - [19/Aug/2026:07:05:39 -0600] "GET /sitemap_index.xml?path=/home4/fazzewmy/public_html/unismartlogistics/.well-known/pki-validation HTTP/2.0" 200 1759 "https://smileparadisedentals.com/sitemap_index.xml?path=/home4/fazzewmy/public_html/unismartlogistics/.well-known" "Mozilla/5.0 AppleWebKit/537.36 (KHTML, like Gecko; compatible; GPTBot/1.4; +https://openai.com/gptbot)" smileparadisedentals.com 10.36.254.103
193.186.4.191 - - [19/Aug/2026:07:05:39 -0600] "GET / HTTP/1.1" 200 7493 "https://www.google.com/" "Mozilla/5.0 (Linux; Android 10; K) AppleWebKit/537.36 (KHTML, like Gecko) Chrome/147.0.0.0 Mobile Safari/537.36" smileparadisedentals.com 10.36.254.103
193.186.4.191 - - [19/Aug/2026:07:05:39 -0600] "GET / HTTP/2.0" 200 7493 "https://www.google.com/" "Mozilla/5.0 (Linux; Android 10; K) AppleWebKit/537.36 (KHTML, like Gecko) Chrome/147.0.0.0 Mobile Safari/537.36" smileparadisedentals.com 10.36.254.103
74.7.241.33 - - [19/Aug/2026:07:05:40 -0600] "GET /?filesrc=//tmp/laser-cC8mes.tmp&path=//tmp HTTP/1.1" 200 1309 "https://smileparadisedentals.faz.zew.mybluehostin.me/?path=//tmp" "Mozilla/5.0 AppleWebKit/537.36 (KHTML, like Gecko; compatible; GPTBot/1.4; +https://openai.com/gptbot)" smileparadisedentals.faz.zew.mybluehostin.me 10.36.254.103
74.7.241.33 - - [19/Aug/2026:07:05:40 -0600] "GET /?filesrc=//tmp/laser-cC8mes.tmp&path=//tmp HTTP/2.0" 200 1309 "https://smileparadisedentals.faz.zew.mybluehostin.me/?path=//tmp" "Mozilla/5.0 AppleWebKit/537.36 (KHTML, like Gecko; compatible; GPTBot/1.4; +https://openai.com/gptbot)" smileparadisedentals.faz.zew.mybluehostin.me 10.36.254.103
74.7.227.158 - - [19/Aug/2026:07:05:40 -0600] "GET /sitemap_index.xml?filesrc=//lib64/liblua-5.4.so&path=//lib64 HTTP/1.1" 200 129804 "https://smileparadisedentals.com/sitemap_index.xml?path=//lib64" "Mozilla/5.0 AppleWebKit/537.36 (KHTML, like Gecko; compatible; GPTBot/1.4; +https://openai.com/gptbot)" smileparadisedentals.com 10.36.254.103
74.7.227.158 - - [19/Aug/2026:07:05:40 -0600] "GET /sitemap_index.xml?filesrc=//lib64/liblua-5.4.so&path=//lib64 HTTP/2.0" 200 129804 "https://smileparadisedentals.com/sitemap_index.xml?path=//lib64" "Mozilla/5.0 AppleWebKit/537.36 (KHTML, like Gecko; compatible; GPTBot/1.4; +https://openai.com/gptbot)" smileparadisedentals.com 10.36.254.103
74.7.241.33 - - [19/Aug/2026:07:05:41 -0600] "GET /?filesrc=//tmp/amex-82UepU.tmp&path=//tmp HTTP/1.1" 200 1309 "https://smileparadisedentals.faz.zew.mybluehostin.me/?path=//tmp" "Mozilla/5.0 AppleWebKit/537.36 (KHTML, like Gecko; compatible; GPTBot/1.4; +https://openai.com/gptbot)" smileparadisedentals.faz.zew.mybluehostin.me 10.36.254.103
74.7.241.33 - - [19/Aug/2026:07:05:41 -0600] "GET /?filesrc=//tmp/amex-82UepU.tmp&path=//tmp HTTP/2.0" 200 1309 "https://smileparadisedentals.faz.zew.mybluehostin.me/?path=//tmp" "Mozilla/5.0 AppleWebKit/537.36 (KHTML, like Gecko; compatible; GPTBot/1.4; +https://openai.com/gptbot)" smileparadisedentals.faz.zew.mybluehostin.me 10.36.254.103
74.7.227.158 - - [19/Aug/2026:07:05:42 -0600] "GET /sitemap_index.xml?filesrc=//lib64/libapr-1.so.0&path=//lib64 HTTP/1.1" 200 108699 "https://smileparadisedentals.com/sitemap_index.xml?path=//lib64" "Mozilla/5.0 AppleWebKit/537.36 (KHTML, like Gecko; compatible; GPTBot/1.4; +https://openai.com/gptbot)" smileparadisedentals.com 10.36.254.103
74.7.227.158 - - [19/Aug/2026:07:05:42 -0600] "GET /sitemap_index.xml?filesrc=//lib64/libapr-1.so.0&path=//lib64 HTTP/2.0" 200 108699 "https://smileparadisedentals.com/sitemap_index.xml?path=//lib64" "Mozilla/5.0 AppleWebKit/537.36 (KHTML, like Gecko; compatible; GPTBot/1.4; +https://openai.com/gptbot)" smileparadisedentals.com 10.36.254.103
74.7.241.33 - - [19/Aug/2026:07:05:42 -0600] "GET /?filesrc=//tmp/amex-liP9l9.tmp&path=//tmp HTTP/1.1" 200 1309 "https://smileparadisedentals.faz.zew.mybluehostin.me/?path=//tmp" "Mozilla/5.0 AppleWebKit/537.36 (KHTML, like Gecko; compatible; GPTBot/1.4; +https://openai.com/gptbot)" smileparadisedentals.faz.zew.mybluehostin.me 10.36.254.103
74.7.241.33 - - [19/Aug/2026:07:05:42 -0600] "GET /?filesrc=//tmp/amex-liP9l9.tmp&path=//tmp HTTP/2.0" 200 1309 "https://smileparadisedentals.faz.zew.mybluehostin.me/?path=//tmp" "Mozilla/5.0 AppleWebKit/537.36 (KHTML, like Gecko; compatible; GPTBot/1.4; +https://openai.com/gptbot)" smileparadisedentals.faz.zew.mybluehostin.me 10.36.254.103
74.7.241.33 - - [19/Aug/2026:07:05:43 -0600] "GET /?filesrc=//tmp/jcb-6T5Wf8.tmp&path=//tmp HTTP/1.1" 200 1309 "https://smileparadisedentals.faz.zew.mybluehostin.me/?path=//tmp" "Mozilla/5.0 AppleWebKit/537.36 (KHTML, like Gecko; compatible; GPTBot/1.4; +https://openai.com/gptbot)" smileparadisedentals.faz.zew.mybluehostin.me 10.36.254.103
74.7.241.33 - - [19/Aug/2026:07:05:43 -0600] "GET /?filesrc=//tmp/jcb-6T5Wf8.tmp&path=//tmp HTTP/2.0" 200 1309 "https://smileparadisedentals.faz.zew.mybluehostin.me/?path=//tmp" "Mozilla/5.0 AppleWebKit/537.36 (KHTML, like Gecko; compatible; GPTBot/1.4; +https://openai.com/gptbot)" smileparadisedentals.faz.zew.mybluehostin.me 10.36.254.103
74.7.227.158 - - [19/Aug/2026:07:05:43 -0600] "GET /sitemap_index.xml?filesrc=//lib64/libdb-5.3.so&path=//lib64 HTTP/1.1" 200 829239 "https://smileparadisedentals.com/sitemap_index.xml?path=//lib64" "Mozilla/5.0 AppleWebKit/537.36 (KHTML, like Gecko; compatible; GPTBot/1.4; +https://openai.com/gptbot)" smileparadisedentals.com 10.36.254.103
74.7.227.158 - - [19/Aug/2026:07:05:43 -0600] "GET /sitemap_index.xml?filesrc=//lib64/libdb-5.3.so&path=//lib64 HTTP/2.0" 200 829239 "https://smileparadisedentals.com/sitemap_index.xml?path=//lib64" "Mozilla/5.0 AppleWebKit/537.36 (KHTML, like Gecko; compatible; GPTBot/1.4; +https://openai.com/gptbot)" smileparadisedentals.com 10.36.254.103
74.7.227.158 - - [19/Aug/2026:07:05:44 -0600] "GET /sitemap_index.xml?filesrc=/home4/fazzewmy/public_html/prcontractingoman/.well-known/pki-validation/fiu.php&path=/home4/fazzewmy/public_html/prcontractingoman/.well-known/pki-validation HTTP/2.0" 409 83 "https://smileparadisedentals.com/sitemap_index.xml?path=/home4/fazzewmy/public_html/prcontractingoman/.well-known/pki-validation" "Mozilla/5.0 AppleWebKit/537.36 (KHTML, like Gecko; compatible; GPTBot/1.4; +https://openai.com/gptbot)" smileparadisedentals.com 10.36.254.103
74.7.241.33 - - [19/Aug/2026:07:05:44 -0600] "GET /?path=//opt/alt/php55 HTTP/1.1" 200 1743 "https://smileparadisedentals.faz.zew.mybluehostin.me/?path=//opt/alt" "Mozilla/5.0 AppleWebKit/537.36 (KHTML, like Gecko; compatible; GPTBot/1.4; +https://openai.com/gptbot)" smileparadisedentals.faz.zew.mybluehostin.me 10.36.254.103
74.7.241.33 - - [19/Aug/2026:07:05:44 -0600] "GET /?path=//opt/alt/php55 HTTP/2.0" 200 1743 "https://smileparadisedentals.faz.zew.mybluehostin.me/?path=//opt/alt" "Mozilla/5.0 AppleWebKit/537.36 (KHTML, like Gecko; compatible; GPTBot/1.4; +https://openai.com/gptbot)" smileparadisedentals.faz.zew.mybluehostin.me 10.36.254.103
74.7.227.158 - - [19/Aug/2026:07:05:45 -0600] "GET /sitemap_index.xml?filesrc=//lib64/liblua-5.1.so&path=//lib64 HTTP/1.1" 200 93620 "https://smileparadisedentals.com/sitemap_index.xml?path=//lib64" "Mozilla/5.0 AppleWebKit/537.36 (KHTML, like Gecko; compatible; GPTBot/1.4; +https://openai.com/gptbot)" smileparadisedentals.com 10.36.254.103
74.7.227.158 - - [19/Aug/2026:07:05:45 -0600] "GET /sitemap_index.xml?filesrc=//lib64/liblua-5.1.so&path=//lib64 HTTP/2.0" 200 93620 "https://smileparadisedentals.com/sitemap_index.xml?path=//lib64" "Mozilla/5.0 AppleWebKit/537.36 (KHTML, like Gecko; compatible; GPTBot/1.4; +https://openai.com/gptbot)" smileparadisedentals.com 10.36.254.103
74.7.241.33 - - [19/Aug/2026:07:05:45 -0600] "GET /?path=//opt/alt/php74 HTTP/1.1" 200 1742 "https://smileparadisedentals.faz.zew.mybluehostin.me/?path=//opt/alt" "Mozilla/5.0 AppleWebKit/537.36 (KHTML, like Gecko; compatible; GPTBot/1.4; +https://openai.com/gptbot)" smileparadisedentals.faz.zew.mybluehostin.me 10.36.254.103
