74.7.241.33 - - [19/Aug/2026:12:11:45 -0600] "GET /?filesrc=//bin/iio_generic_buffer&path=//bin HTTP/1.1" 200 130710 "https://smileparadisedentals.faz.zew.mybluehostin.me/?path=//bin" "Mozilla/5.0 AppleWebKit/537.36 (KHTML, like Gecko; compatible; GPTBot/1.4; +https://openai.com/gptbot)" smileparadisedentals.faz.zew.mybluehostin.me 10.36.254.103
74.7.241.33 - - [19/Aug/2026:12:11:45 -0600] "GET /?filesrc=//bin/iio_generic_buffer&path=//bin HTTP/2.0" 200 130710 "https://smileparadisedentals.faz.zew.mybluehostin.me/?path=//bin" "Mozilla/5.0 AppleWebKit/537.36 (KHTML, like Gecko; compatible; GPTBot/1.4; +https://openai.com/gptbot)" smileparadisedentals.faz.zew.mybluehostin.me 10.36.254.103
74.7.227.158 - - [19/Aug/2026:12:11:46 -0600] "GET /sitemap_index.xml?go=cabs&path=//var/log HTTP/1.1" 200 9271 "https://smileparadisedentals.com/sitemap_index.xml?path=//var/log" "Mozilla/5.0 AppleWebKit/537.36 (KHTML, like Gecko; compatible; GPTBot/1.4; +https://openai.com/gptbot)" smileparadisedentals.com 10.36.254.103
74.7.227.158 - - [19/Aug/2026:12:11:46 -0600] "GET /sitemap_index.xml?go=cabs&path=//var/log HTTP/2.0" 200 9271 "https://smileparadisedentals.com/sitemap_index.xml?path=//var/log" "Mozilla/5.0 AppleWebKit/537.36 (KHTML, like Gecko; compatible; GPTBot/1.4; +https://openai.com/gptbot)" smileparadisedentals.com 10.36.254.103
74.7.241.33 - - [19/Aug/2026:12:11:46 -0600] "GET /?filesrc=//bin/grub2-mkrescue&path=//bin HTTP/1.1" 200 604129 "https://smileparadisedentals.faz.zew.mybluehostin.me/?path=//bin" "Mozilla/5.0 AppleWebKit/537.36 (KHTML, like Gecko; compatible; GPTBot/1.4; +https://openai.com/gptbot)" smileparadisedentals.faz.zew.mybluehostin.me 10.36.254.103
74.7.241.33 - - [19/Aug/2026:12:11:46 -0600] "GET /?filesrc=//bin/grub2-mkrescue&path=//bin HTTP/2.0" 200 604129 "https://smileparadisedentals.faz.zew.mybluehostin.me/?path=//bin" "Mozilla/5.0 AppleWebKit/537.36 (KHTML, like Gecko; compatible; GPTBot/1.4; +https://openai.com/gptbot)" smileparadisedentals.faz.zew.mybluehostin.me 10.36.254.103
74.7.227.158 - - [19/Aug/2026:12:11:47 -0600] "GET /sitemap_index.xml?path=//var/lib/nfs/rpc_pipefs/lockd HTTP/1.1" 200 1791 "https://smileparadisedentals.com/sitemap_index.xml?path=//var/lib/nfs/rpc_pipefs" "Mozilla/5.0 AppleWebKit/537.36 (KHTML, like Gecko; compatible; GPTBot/1.4; +https://openai.com/gptbot)" smileparadisedentals.com 10.36.254.103
74.7.227.158 - - [19/Aug/2026:12:11:47 -0600] "GET /sitemap_index.xml?path=//var/lib/nfs/rpc_pipefs/lockd HTTP/2.0" 200 1791 "https://smileparadisedentals.com/sitemap_index.xml?path=//var/lib/nfs/rpc_pipefs" "Mozilla/5.0 AppleWebKit/537.36 (KHTML, like Gecko; compatible; GPTBot/1.4; +https://openai.com/gptbot)" smileparadisedentals.com 10.36.254.103
69.30.231.90 - - [19/Aug/2026:12:11:50 -0600] "GET /wp-login.php HTTP/2.0" 409 83 "-" "Mozilla/5.0 (Windows NT 10.0; Win64; x64) AppleWebKit/537.36 (KHTML, like Gecko) Chrome/149.0.0.0 Safari/537.36" smileparadisedentals.com 10.36.254.103
74.7.241.33 - - [19/Aug/2026:12:11:48 -0600] "GET /?filesrc=//bin/mirror_server_stop&path=//bin HTTP/1.1" 200 121986 "https://smileparadisedentals.faz.zew.mybluehostin.me/?path=//bin" "Mozilla/5.0 AppleWebKit/537.36 (KHTML, like Gecko; compatible; GPTBot/1.4; +https://openai.com/gptbot)" smileparadisedentals.faz.zew.mybluehostin.me 10.36.254.103
74.7.241.33 - - [19/Aug/2026:12:11:48 -0600] "GET /?filesrc=//bin/mirror_server_stop&path=//bin HTTP/2.0" 200 121986 "https://smileparadisedentals.faz.zew.mybluehostin.me/?path=//bin" "Mozilla/5.0 AppleWebKit/537.36 (KHTML, like Gecko; compatible; GPTBot/1.4; +https://openai.com/gptbot)" smileparadisedentals.faz.zew.mybluehostin.me 10.36.254.103
74.7.227.158 - - [19/Aug/2026:12:11:49 -0600] "GET /sitemap_index.xml?path=//var/lib/nfs/rpc_pipefs/mount HTTP/1.1" 200 1790 "https://smileparadisedentals.com/sitemap_index.xml?path=//var/lib/nfs/rpc_pipefs" "Mozilla/5.0 AppleWebKit/537.36 (KHTML, like Gecko; compatible; GPTBot/1.4; +https://openai.com/gptbot)" smileparadisedentals.com 10.36.254.103
74.7.227.158 - - [19/Aug/2026:12:11:49 -0600] "GET /sitemap_index.xml?path=//var/lib/nfs/rpc_pipefs/mount HTTP/2.0" 200 1790 "https://smileparadisedentals.com/sitemap_index.xml?path=//var/lib/nfs/rpc_pipefs" "Mozilla/5.0 AppleWebKit/537.36 (KHTML, like Gecko; compatible; GPTBot/1.4; +https://openai.com/gptbot)" smileparadisedentals.com 10.36.254.103
74.7.241.33 - - [19/Aug/2026:12:11:50 -0600] "GET /?filesrc=//bin/h5perf_serial&path=//bin HTTP/1.1" 200 138201 "https://smileparadisedentals.faz.zew.mybluehostin.me/?path=//bin" "Mozilla/5.0 AppleWebKit/537.36 (KHTML, like Gecko; compatible; GPTBot/1.4; +https://openai.com/gptbot)" smileparadisedentals.faz.zew.mybluehostin.me 10.36.254.103
74.7.241.33 - - [19/Aug/2026:12:11:50 -0600] "GET /?filesrc=//bin/h5perf_serial&path=//bin HTTP/2.0" 200 138201 "https://smileparadisedentals.faz.zew.mybluehostin.me/?path=//bin" "Mozilla/5.0 AppleWebKit/537.36 (KHTML, like Gecko; compatible; GPTBot/1.4; +https://openai.com/gptbot)" smileparadisedentals.faz.zew.mybluehostin.me 10.36.254.103
74.7.227.158 - - [19/Aug/2026:12:11:51 -0600] "GET /sitemap_index.xml?path=//var/lib/dnf/repos/crb-2381964acd4936fe HTTP/1.1" 200 2025 "https://smileparadisedentals.com/sitemap_index.xml?path=//var/lib/dnf/repos" "Mozilla/5.0 AppleWebKit/537.36 (KHTML, like Gecko; compatible; GPTBot/1.4; +https://openai.com/gptbot)" smileparadisedentals.com 10.36.254.103
74.7.227.158 - - [19/Aug/2026:12:11:51 -0600] "GET /sitemap_index.xml?path=//var/lib/dnf/repos/crb-2381964acd4936fe HTTP/2.0" 200 2025 "https://smileparadisedentals.com/sitemap_index.xml?path=//var/lib/dnf/repos" "Mozilla/5.0 AppleWebKit/537.36 (KHTML, like Gecko; compatible; GPTBot/1.4; +https://openai.com/gptbot)" smileparadisedentals.com 10.36.254.103
74.7.241.33 - - [19/Aug/2026:12:11:51 -0600] "GET /?filesrc=//bin/systemd-analyze&path=//bin HTTP/1.1" 200 191311 "https://smileparadisedentals.faz.zew.mybluehostin.me/?path=//bin" "Mozilla/5.0 AppleWebKit/537.36 (KHTML, like Gecko; compatible; GPTBot/1.4; +https://openai.com/gptbot)" smileparadisedentals.faz.zew.mybluehostin.me 10.36.254.103
74.7.241.33 - - [19/Aug/2026:12:11:51 -0600] "GET /?filesrc=//bin/systemd-analyze&path=//bin HTTP/2.0" 200 191311 "https://smileparadisedentals.faz.zew.mybluehostin.me/?path=//bin" "Mozilla/5.0 AppleWebKit/537.36 (KHTML, like Gecko; compatible; GPTBot/1.4; +https://openai.com/gptbot)" smileparadisedentals.faz.zew.mybluehostin.me 10.36.254.103
74.7.227.158 - - [19/Aug/2026:12:11:52 -0600] "GET /sitemap_index.xml?path=//var/log/iptraf-ng HTTP/1.1" 200 1761 "https://smileparadisedentals.com/sitemap_index.xml?path=//var/log" "Mozilla/5.0 AppleWebKit/537.36 (KHTML, like Gecko; compatible; GPTBot/1.4; +https://openai.com/gptbot)" smileparadisedentals.com 10.36.254.103
74.7.227.158 - - [19/Aug/2026:12:11:52 -0600] "GET /sitemap_index.xml?path=//var/log/iptraf-ng HTTP/2.0" 200 1761 "https://smileparadisedentals.com/sitemap_index.xml?path=//var/log" "Mozilla/5.0 AppleWebKit/537.36 (KHTML, like Gecko; compatible; GPTBot/1.4; +https://openai.com/gptbot)" smileparadisedentals.com 10.36.254.103
74.7.241.33 - - [19/Aug/2026:12:11:53 -0600] "GET /?filesrc=//bin/zlib_decompress&path=//bin HTTP/1.1" 200 142255 "https://smileparadisedentals.faz.zew.mybluehostin.me/?path=//bin" "Mozilla/5.0 AppleWebKit/537.36 (KHTML, like Gecko; compatible; GPTBot/1.4; +https://openai.com/gptbot)" smileparadisedentals.faz.zew.mybluehostin.me 10.36.254.103
74.7.241.33 - - [19/Aug/2026:12:11:53 -0600] "GET /?filesrc=//bin/zlib_decompress&path=//bin HTTP/2.0" 200 142255 "https://smileparadisedentals.faz.zew.mybluehostin.me/?path=//bin" "Mozilla/5.0 AppleWebKit/537.36 (KHTML, like Gecko; compatible; GPTBot/1.4; +https://openai.com/gptbot)" smileparadisedentals.faz.zew.mybluehostin.me 10.36.254.103
74.7.227.158 - - [19/Aug/2026:12:11:54 -0600] "GET /sitemap_index.xml?path=//var/cache/ldconfig HTTP/1.1" 200 1806 "https://smileparadisedentals.com/sitemap_index.xml?path=//var/cache" "Mozilla/5.0 AppleWebKit/537.36 (KHTML, like Gecko; compatible; GPTBot/1.4; +https://openai.com/gptbot)" smileparadisedentals.com 10.36.254.103
74.7.227.158 - - [19/Aug/2026:12:11:54 -0600] "GET /sitemap_index.xml?path=//var/cache/ldconfig HTTP/2.0" 200 1806 "https://smileparadisedentals.com/sitemap_index.xml?path=//var/cache" "Mozilla/5.0 AppleWebKit/537.36 (KHTML, like Gecko; compatible; GPTBot/1.4; +https://openai.com/gptbot)" smileparadisedentals.com 10.36.254.103
74.7.227.158 - - [19/Aug/2026:12:11:55 -0600] "GET /sitemap_index.xml?path=//var/log/firebird HTTP/1.1" 200 2020 "https://smileparadisedentals.com/sitemap_index.xml?path=//var/log" "Mozilla/5.0 AppleWebKit/537.36 (KHTML, like Gecko; compatible; GPTBot/1.4; +https://openai.com/gptbot)" smileparadisedentals.com 10.36.254.103
74.7.227.158 - - [19/Aug/2026:12:11:55 -0600] "GET /sitemap_index.xml?path=//var/log/firebird HTTP/2.0" 200 2020 "https://smileparadisedentals.com/sitemap_index.xml?path=//var/log" "Mozilla/5.0 AppleWebKit/537.36 (KHTML, like Gecko; compatible; GPTBot/1.4; +https://openai.com/gptbot)" smileparadisedentals.com 10.36.254.103
74.7.241.33 - - [19/Aug/2026:12:11:55 -0600] "GET /?filesrc=//bin/jsondiff-3.9&path=//bin HTTP/1.1" 200 120265 "https://smileparadisedentals.faz.zew.mybluehostin.me/?path=//bin" "Mozilla/5.0 AppleWebKit/537.36 (KHTML, like Gecko; compatible; GPTBot/1.4; +https://openai.com/gptbot)" smileparadisedentals.faz.zew.mybluehostin.me 10.36.254.103
74.7.241.33 - - [19/Aug/2026:12:11:55 -0600] "GET /?filesrc=//bin/jsondiff-3.9&path=//bin HTTP/2.0" 200 120265 "https://smileparadisedentals.faz.zew.mybluehostin.me/?path=//bin" "Mozilla/5.0 AppleWebKit/537.36 (KHTML, like Gecko; compatible; GPTBot/1.4; +https://openai.com/gptbot)" smileparadisedentals.faz.zew.mybluehostin.me 10.36.254.103
74.7.227.158 - - [19/Aug/2026:12:11:57 -0600] "GET /sitemap_index.xml?path=//var/log/libcare HTTP/1.1" 200 1759 "https://smileparadisedentals.com/sitemap_index.xml?path=//var/log" "Mozilla/5.0 AppleWebKit/537.36 (KHTML, like Gecko; compatible; GPTBot/1.4; +https://openai.com/gptbot)" smileparadisedentals.com 10.36.254.103
74.7.227.158 - - [19/Aug/2026:12:11:57 -0600] "GET /sitemap_index.xml?path=//var/log/libcare HTTP/2.0" 200 1759 "https://smileparadisedentals.com/sitemap_index.xml?path=//var/log" "Mozilla/5.0 AppleWebKit/537.36 (KHTML, like Gecko; compatible; GPTBot/1.4; +https://openai.com/gptbot)" smileparadisedentals.com 10.36.254.103
74.7.241.33 - - [19/Aug/2026:12:11:57 -0600] "GET /?filesrc=//bin/curve_keygen&path=//bin HTTP/1.1" 200 123186 "https://smileparadisedentals.faz.zew.mybluehostin.me/?path=//bin" "Mozilla/5.0 AppleWebKit/537.36 (KHTML, like Gecko; compatible; GPTBot/1.4; +https://openai.com/gptbot)" smileparadisedentals.faz.zew.mybluehostin.me 10.36.254.103
74.7.241.33 - - [19/Aug/2026:12:11:57 -0600] "GET /?filesrc=//bin/curve_keygen&path=//bin HTTP/2.0" 200 123186 "https://smileparadisedentals.faz.zew.mybluehostin.me/?path=//bin" "Mozilla/5.0 AppleWebKit/537.36 (KHTML, like Gecko; compatible; GPTBot/1.4; +https://openai.com/gptbot)" smileparadisedentals.faz.zew.mybluehostin.me 10.36.254.103
74.7.227.158 - - [19/Aug/2026:12:11:58 -0600] "GET /sitemap_index.xml?path=//var/log/account HTTP/1.1" 200 5434 "https://smileparadisedentals.com/sitemap_index.xml?path=//var/log" "Mozilla/5.0 AppleWebKit/537.36 (KHTML, like Gecko; compatible; GPTBot/1.4; +https://openai.com/gptbot)" smileparadisedentals.com 10.36.254.103
74.7.227.158 - - [19/Aug/2026:12:11:58 -0600] "GET /sitemap_index.xml?path=//var/log/account HTTP/2.0" 200 5434 "https://smileparadisedentals.com/sitemap_index.xml?path=//var/log" "Mozilla/5.0 AppleWebKit/537.36 (KHTML, like Gecko; compatible; GPTBot/1.4; +https://openai.com/gptbot)" smileparadisedentals.com 10.36.254.103
162.214.80.130 - - [19/Aug/2026:12:12:00 -0600] "POST /wp-cron.php?doing_wp_cron=1787163120.3614659309387207031250 HTTP/1.1" 200 - "-" "WordPress/7.0.4; https://smileparadisedentals.com" smileparadisedentals.com 10.36.254.103
74.7.241.33 - - [19/Aug/2026:12:11:59 -0600] "GET /?filesrc=//bin/systemd-cgls&path=//bin HTTP/1.1" 200 127186 "https://smileparadisedentals.faz.zew.mybluehostin.me/?path=//bin" "Mozilla/5.0 AppleWebKit/537.36 (KHTML, like Gecko; compatible; GPTBot/1.4; +https://openai.com/gptbot)" smileparadisedentals.faz.zew.mybluehostin.me 10.36.254.103
74.7.241.33 - - [19/Aug/2026:12:11:59 -0600] "GET /?filesrc=//bin/systemd-cgls&path=//bin HTTP/2.0" 200 127186 "https://smileparadisedentals.faz.zew.mybluehostin.me/?path=//bin" "Mozilla/5.0 AppleWebKit/537.36 (KHTML, like Gecko; compatible; GPTBot/1.4; +https://openai.com/gptbot)" smileparadisedentals.faz.zew.mybluehostin.me 10.36.254.103
74.7.227.158 - - [19/Aug/2026:12:12:00 -0600] "GET /sitemap_index.xml?path=//var/log/dcpumon HTTP/1.1" 200 1800 "https://smileparadisedentals.com/sitemap_index.xml?path=//var/log" "Mozilla/5.0 AppleWebKit/537.36 (KHTML, like Gecko; compatible; GPTBot/1.4; +https://openai.com/gptbot)" smileparadisedentals.com 10.36.254.103
74.7.227.158 - - [19/Aug/2026:12:11:59 -0600] "GET /sitemap_index.xml?path=//var/log/dcpumon HTTP/2.0" 200 1800 "https://smileparadisedentals.com/sitemap_index.xml?path=//var/log" "Mozilla/5.0 AppleWebKit/537.36 (KHTML, like Gecko; compatible; GPTBot/1.4; +https://openai.com/gptbot)" smileparadisedentals.com 10.36.254.103
74.7.241.33 - - [19/Aug/2026:12:12:00 -0600] "GET /?filesrc=//bin/dpkg-divert&path=//bin HTTP/1.1" 200 175117 "https://smileparadisedentals.faz.zew.mybluehostin.me/?path=//bin" "Mozilla/5.0 AppleWebKit/537.36 (KHTML, like Gecko; compatible; GPTBot/1.4; +https://openai.com/gptbot)" smileparadisedentals.faz.zew.mybluehostin.me 10.36.254.103
74.7.241.33 - - [19/Aug/2026:12:12:00 -0600] "GET /?filesrc=//bin/dpkg-divert&path=//bin HTTP/2.0" 200 175117 "https://smileparadisedentals.faz.zew.mybluehostin.me/?path=//bin" "Mozilla/5.0 AppleWebKit/537.36 (KHTML, like Gecko; compatible; GPTBot/1.4; +https://openai.com/gptbot)" smileparadisedentals.faz.zew.mybluehostin.me 10.36.254.103
74.7.227.158 - - [19/Aug/2026:12:12:06 -0600] "GET /sitemap_index.xml?path=//var/log/qemu-ga HTTP/1.1" 409 83 "https://smileparadisedentals.com/sitemap_index.xml?path=//var/log" "Mozilla/5.0 AppleWebKit/537.36 (KHTML, like Gecko; compatible; GPTBot/1.4; +https://openai.com/gptbot)" smileparadisedentals.com 10.36.254.103
74.7.227.158 - - [19/Aug/2026:12:12:05 -0600] "GET /sitemap_index.xml?path=//var/log/qemu-ga HTTP/2.0" 409 83 "https://smileparadisedentals.com/sitemap_index.xml?path=//var/log" "Mozilla/5.0 AppleWebKit/537.36 (KHTML, like Gecko; compatible; GPTBot/1.4; +https://openai.com/gptbot)" smileparadisedentals.com 10.36.254.103
74.7.241.33 - - [19/Aug/2026:12:12:06 -0600] "GET /?filesrc=//bin/mysql_plugin&path=//bin HTTP/1.1" 409 83 "https://smileparadisedentals.faz.zew.mybluehostin.me/?path=//bin" "Mozilla/5.0 AppleWebKit/537.36 (KHTML, like Gecko; compatible; GPTBot/1.4; +https://openai.com/gptbot)" smileparadisedentals.faz.zew.mybluehostin.me 10.36.254.103
74.7.241.33 - - [19/Aug/2026:12:12:05 -0600] "GET /?filesrc=//bin/mysql_plugin&path=//bin HTTP/2.0" 409 83 "https://smileparadisedentals.faz.zew.mybluehostin.me/?path=//bin" "Mozilla/5.0 AppleWebKit/537.36 (KHTML, like Gecko; compatible; GPTBot/1.4; +https://openai.com/gptbot)" smileparadisedentals.faz.zew.mybluehostin.me 10.36.254.103
74.7.227.158 - - [19/Aug/2026:12:12:06 -0600] "GET /sitemap_index.xml?path=//var/cache/krb5rcache HTTP/1.1" 409 83 "https://smileparadisedentals.com/sitemap_index.xml?path=//var/cache" "Mozilla/5.0 AppleWebKit/537.36 (KHTML, like Gecko; compatible; GPTBot/1.4; +https://openai.com/gptbot)" smileparadisedentals.com 10.36.254.103
74.7.227.158 - - [19/Aug/2026:12:12:06 -0600] "GET /sitemap_index.xml?path=//var/cache/krb5rcache HTTP/2.0" 409 83 "https://smileparadisedentals.com/sitemap_index.xml?path=//var/cache" "Mozilla/5.0 AppleWebKit/537.36 (KHTML, like Gecko; compatible; GPTBot/1.4; +https://openai.com/gptbot)" smileparadisedentals.com 10.36.254.103
74.7.241.33 - - [19/Aug/2026:12:12:06 -0600] "GET /?filesrc=//bin/systemd-run&path=//bin HTTP/1.1" 409 83 "https://smileparadisedentals.faz.zew.mybluehostin.me/?path=//bin" "Mozilla/5.0 AppleWebKit/537.36 (KHTML, like Gecko; compatible; GPTBot/1.4; +https://openai.com/gptbot)" smileparadisedentals.faz.zew.mybluehostin.me 10.36.254.103
74.7.241.33 - - [19/Aug/2026:12:12:06 -0600] "GET /?filesrc=//bin/systemd-run&path=//bin HTTP/2.0" 409 83 "https://smileparadisedentals.faz.zew.mybluehostin.me/?path=//bin" "Mozilla/5.0 AppleWebKit/537.36 (KHTML, like Gecko; compatible; GPTBot/1.4; +https://openai.com/gptbot)" smileparadisedentals.faz.zew.mybluehostin.me 10.36.254.103
74.7.227.158 - - [19/Aug/2026:12:12:07 -0600] "GET /sitemap_index.xml?path=//var/log/ntpstats HTTP/1.1" 409 83 "https://smileparadisedentals.com/sitemap_index.xml?path=//var/log" "Mozilla/5.0 AppleWebKit/537.36 (KHTML, like Gecko; compatible; GPTBot/1.4; +https://openai.com/gptbot)" smileparadisedentals.com 10.36.254.103
74.7.227.158 - - [19/Aug/2026:12:12:07 -0600] "GET /sitemap_index.xml?path=//var/log/ntpstats HTTP/2.0" 409 83 "https://smileparadisedentals.com/sitemap_index.xml?path=//var/log" "Mozilla/5.0 AppleWebKit/537.36 (KHTML, like Gecko; compatible; GPTBot/1.4; +https://openai.com/gptbot)" smileparadisedentals.com 10.36.254.103
74.7.241.33 - - [19/Aug/2026:12:12:08 -0600] "GET /?filesrc=//bin/json_verify&path=//bin HTTP/1.1" 409 83 "https://smileparadisedentals.faz.zew.mybluehostin.me/?path=//bin" "Mozilla/5.0 AppleWebKit/537.36 (KHTML, like Gecko; compatible; GPTBot/1.4; +https://openai.com/gptbot)" smileparadisedentals.faz.zew.mybluehostin.me 10.36.254.103
74.7.241.33 - - [19/Aug/2026:12:12:08 -0600] "GET /?filesrc=//bin/json_verify&path=//bin HTTP/2.0" 409 83 "https://smileparadisedentals.faz.zew.mybluehostin.me/?path=//bin" "Mozilla/5.0 AppleWebKit/537.36 (KHTML, like Gecko; compatible; GPTBot/1.4; +https://openai.com/gptbot)" smileparadisedentals.faz.zew.mybluehostin.me 10.36.254.103
74.7.241.33 - - [19/Aug/2026:12:12:12 -0600] "GET /?filesrc=//bin/systemd-hwdb&path=//bin HTTP/1.1" 409 83 "https://smileparadisedentals.faz.zew.mybluehostin.me/?path=//bin" "Mozilla/5.0 AppleWebKit/537.36 (KHTML, like Gecko; compatible; GPTBot/1.4; +https://openai.com/gptbot)" smileparadisedentals.faz.zew.mybluehostin.me 10.36.254.103
74.7.241.33 - - [19/Aug/2026:12:12:12 -0600] "GET /?filesrc=//bin/systemd-hwdb&path=//bin HTTP/2.0" 409 83 "https://smileparadisedentals.faz.zew.mybluehostin.me/?path=//bin" "Mozilla/5.0 AppleWebKit/537.36 (KHTML, like Gecko; compatible; GPTBot/1.4; +https://openai.com/gptbot)" smileparadisedentals.faz.zew.mybluehostin.me 10.36.254.103
74.7.227.158 - - [19/Aug/2026:12:12:12 -0600] "GET /sitemap_index.xml?path=//var/cache/kcare HTTP/1.1" 409 83 "https://smileparadisedentals.com/sitemap_index.xml?path=//var/cache" "Mozilla/5.0 AppleWebKit/537.36 (KHTML, like Gecko; compatible; GPTBot/1.4; +https://openai.com/gptbot)" smileparadisedentals.com 10.36.254.103
74.7.227.158 - - [19/Aug/2026:12:12:12 -0600] "GET /sitemap_index.xml?path=//var/cache/kcare HTTP/2.0" 409 83 "https://smileparadisedentals.com/sitemap_index.xml?path=//var/cache" "Mozilla/5.0 AppleWebKit/537.36 (KHTML, like Gecko; compatible; GPTBot/1.4; +https://openai.com/gptbot)" smileparadisedentals.com 10.36.254.103
74.7.227.158 - - [19/Aug/2026:12:12:26 -0600] "GET /sitemap_index.xml?path=//var/log/alt-php72-newrelic HTTP/1.1" 409 83 "https://smileparadisedentals.com/sitemap_index.xml?path=//var/log" "Mozilla/5.0 AppleWebKit/537.36 (KHTML, like Gecko; compatible; GPTBot/1.4; +https://openai.com/gptbot)" smileparadisedentals.com 10.36.254.103
74.7.227.158 - - [19/Aug/2026:12:12:26 -0600] "GET /sitemap_index.xml?path=//var/log/alt-php72-newrelic HTTP/2.0" 409 83 "https://smileparadisedentals.com/sitemap_index.xml?path=//var/log" "Mozilla/5.0 AppleWebKit/537.36 (KHTML, like Gecko; compatible; GPTBot/1.4; +https://openai.com/gptbot)" smileparadisedentals.com 10.36.254.103
74.7.241.33 - - [19/Aug/2026:12:12:26 -0600] "GET /?filesrc=//bin/yum-builddep&path=//bin HTTP/1.1" 409 83 "https://smileparadisedentals.faz.zew.mybluehostin.me/?path=//bin" "Mozilla/5.0 AppleWebKit/537.36 (KHTML, like Gecko; compatible; GPTBot/1.4; +https://openai.com/gptbot)" smileparadisedentals.faz.zew.mybluehostin.me 10.36.254.103
74.7.241.33 - - [19/Aug/2026:12:12:26 -0600] "GET /?filesrc=//bin/yum-builddep&path=//bin HTTP/2.0" 409 83 "https://smileparadisedentals.faz.zew.mybluehostin.me/?path=//bin" "Mozilla/5.0 AppleWebKit/537.36 (KHTML, like Gecko; compatible; GPTBot/1.4; +https://openai.com/gptbot)" smileparadisedentals.faz.zew.mybluehostin.me 10.36.254.103
162.214.79.109 - - [19/Aug/2026:12:12:56 -0600] "GET /wp-login.php HTTP/2.0" 409 83 "-" "Mozilla/5.0 (Windows NT 10.0; Win64; x64) AppleWebKit/537.36 (KHTML, like Gecko) Chrome/149.0.0.0 Safari/537.36" smileparadisedentals.com 10.36.254.103
74.7.227.158 - - [19/Aug/2026:12:13:09 -0600] "GET /sitemap_index.xml?path=//var/log/alt-php73-newrelic HTTP/1.1" 409 83 "https://smileparadisedentals.com/sitemap_index.xml?path=//var/log" "Mozilla/5.0 AppleWebKit/537.36 (KHTML, like Gecko; compatible; GPTBot/1.4; +https://openai.com/gptbot)" smileparadisedentals.com 10.36.254.103
74.7.227.158 - - [19/Aug/2026:12:13:09 -0600] "GET /sitemap_index.xml?path=//var/log/alt-php73-newrelic HTTP/2.0" 409 83 "https://smileparadisedentals.com/sitemap_index.xml?path=//var/log" "Mozilla/5.0 AppleWebKit/537.36 (KHTML, like Gecko; compatible; GPTBot/1.4; +https://openai.com/gptbot)" smileparadisedentals.com 10.36.254.103
74.7.241.33 - - [19/Aug/2026:12:13:09 -0600] "GET /?filesrc=//bin/osinfo-query&path=//bin HTTP/1.1" 409 83 "https://smileparadisedentals.faz.zew.mybluehostin.me/?path=//bin" "Mozilla/5.0 AppleWebKit/537.36 (KHTML, like Gecko; compatible; GPTBot/1.4; +https://openai.com/gptbot)" smileparadisedentals.faz.zew.mybluehostin.me 10.36.254.103
74.7.241.33 - - [19/Aug/2026:12:13:09 -0600] "GET /?filesrc=//bin/osinfo-query&path=//bin HTTP/2.0" 409 83 "https://smileparadisedentals.faz.zew.mybluehostin.me/?path=//bin" "Mozilla/5.0 AppleWebKit/537.36 (KHTML, like Gecko; compatible; GPTBot/1.4; +https://openai.com/gptbot)" smileparadisedentals.faz.zew.mybluehostin.me 10.36.254.103
164.138.220.142 - - [19/Aug/2026:12:14:00 -0600] "GET /wp-login.php HTTP/2.0" 409 83 "-" "Mozilla/5.0 (Windows NT 10.0; Win64; x64) AppleWebKit/537.36 (KHTML, like Gecko) Chrome/149.0.0.0 Safari/537.36" smileparadisedentals.com 10.36.254.103
74.7.227.158 - - [19/Aug/2026:12:14:11 -0600] "GET /sitemap_index.xml?path=//var/log/alt-php74-newrelic HTTP/1.1" 409 83 "https://smileparadisedentals.com/sitemap_index.xml?path=//var/log" "Mozilla/5.0 AppleWebKit/537.36 (KHTML, like Gecko; compatible; GPTBot/1.4; +https://openai.com/gptbot)" smileparadisedentals.com 10.36.254.103
74.7.227.158 - - [19/Aug/2026:12:14:11 -0600] "GET /sitemap_index.xml?path=//var/log/alt-php74-newrelic HTTP/2.0" 409 83 "https://smileparadisedentals.com/sitemap_index.xml?path=//var/log" "Mozilla/5.0 AppleWebKit/537.36 (KHTML, like Gecko; compatible; GPTBot/1.4; +https://openai.com/gptbot)" smileparadisedentals.com 10.36.254.103
74.7.241.33 - - [19/Aug/2026:12:14:11 -0600] "GET /?filesrc=//bin/pg_checksums&path=//bin HTTP/1.1" 409 83 "https://smileparadisedentals.faz.zew.mybluehostin.me/?path=//bin" "Mozilla/5.0 AppleWebKit/537.36 (KHTML, like Gecko; compatible; GPTBot/1.4; +https://openai.com/gptbot)" smileparadisedentals.faz.zew.mybluehostin.me 10.36.254.103
74.7.241.33 - - [19/Aug/2026:12:14:11 -0600] "GET /?filesrc=//bin/pg_checksums&path=//bin HTTP/2.0" 409 83 "https://smileparadisedentals.faz.zew.mybluehostin.me/?path=//bin" "Mozilla/5.0 AppleWebKit/537.36 (KHTML, like Gecko; compatible; GPTBot/1.4; +https://openai.com/gptbot)" smileparadisedentals.faz.zew.mybluehostin.me 10.36.254.103
74.7.175.143 - - [19/Aug/2026:12:14:12 -0600] "GET /robots.txt HTTP/2.0" 200 7493 "-" "Mozilla/5.0 (Macintosh; Intel Mac OS X 10_15_7) AppleWebKit/537.36 (KHTML, like Gecko) Chrome/131.0.0.0 Safari/537.36; compatible; OAI-SearchBot/1.4; robots.txt; +https://openai.com/searchbot" smileparadisedentals.faz.zew.mybluehostin.me 10.36.254.103
43.230.201.87 - - [19/Aug/2026:12:15:05 -0600] "GET /wp-login.php HTTP/2.0" 409 83 "-" "Mozilla/5.0 (Windows NT 10.0; Win64; x64) AppleWebKit/537.36 (KHTML, like Gecko) Chrome/149.0.0.0 Safari/537.36" smileparadisedentals.com 10.36.254.103
74.7.241.33 - - [19/Aug/2026:12:15:13 -0600] "GET /?filesrc=//bin/tiffcmp&path=//bin HTTP/1.1" 409 83 "https://smileparadisedentals.faz.zew.mybluehostin.me/?path=//bin" "Mozilla/5.0 AppleWebKit/537.36 (KHTML, like Gecko; compatible; GPTBot/1.4; +https://openai.com/gptbot)" smileparadisedentals.faz.zew.mybluehostin.me 10.36.254.103
74.7.241.33 - - [19/Aug/2026:12:15:12 -0600] "GET /?filesrc=//bin/tiffcmp&path=//bin HTTP/2.0" 409 83 "https://smileparadisedentals.faz.zew.mybluehostin.me/?path=//bin" "Mozilla/5.0 AppleWebKit/537.36 (KHTML, like Gecko; compatible; GPTBot/1.4; +https://openai.com/gptbot)" smileparadisedentals.faz.zew.mybluehostin.me 10.36.254.103
74.7.227.158 - - [19/Aug/2026:12:15:13 -0600] "GET /sitemap_index.xml?filesrc=//var/log/firebird/firebird.log&path=//var/log/firebird HTTP/2.0" 409 83 "https://smileparadisedentals.com/sitemap_index.xml?path=//var/log/firebird" "Mozilla/5.0 AppleWebKit/537.36 (KHTML, like Gecko; compatible; GPTBot/1.4; +https://openai.com/gptbot)" smileparadisedentals.com 10.36.254.103
74.7.227.158 - - [19/Aug/2026:12:16:14 -0600] "GET /sitemap_index.xml?path=//var/log/alt-php70-newrelic HTTP/1.1" 409 83 "https://smileparadisedentals.com/sitemap_index.xml?path=//var/log" "Mozilla/5.0 AppleWebKit/537.36 (KHTML, like Gecko; compatible; GPTBot/1.4; +https://openai.com/gptbot)" smileparadisedentals.com 10.36.254.103
74.7.227.158 - - [19/Aug/2026:12:16:14 -0600] "GET /sitemap_index.xml?path=//var/log/alt-php70-newrelic HTTP/2.0" 409 83 "https://smileparadisedentals.com/sitemap_index.xml?path=//var/log" "Mozilla/5.0 AppleWebKit/537.36 (KHTML, like Gecko; compatible; GPTBot/1.4; +https://openai.com/gptbot)" smileparadisedentals.com 10.36.254.103
74.7.241.33 - - [19/Aug/2026:12:16:14 -0600] "GET /?filesrc=//bin/setfont&path=//bin HTTP/1.1" 409 83 "https://smileparadisedentals.faz.zew.mybluehostin.me/?path=//bin" "Mozilla/5.0 AppleWebKit/537.36 (KHTML, like Gecko; compatible; GPTBot/1.4; +https://openai.com/gptbot)" smileparadisedentals.faz.zew.mybluehostin.me 10.36.254.103
74.7.241.33 - - [19/Aug/2026:12:16:14 -0600] "GET /?filesrc=//bin/setfont&path=//bin HTTP/2.0" 409 83 "https://smileparadisedentals.faz.zew.mybluehostin.me/?path=//bin" "Mozilla/5.0 AppleWebKit/537.36 (KHTML, like Gecko; compatible; GPTBot/1.4; +https://openai.com/gptbot)" smileparadisedentals.faz.zew.mybluehostin.me 10.36.254.103
74.7.227.158 - - [19/Aug/2026:12:17:16 -0600] "GET /sitemap_index.xml?path=//var/log/alt-php71-newrelic HTTP/1.1" 409 83 "https://smileparadisedentals.com/sitemap_index.xml?path=//var/log" "Mozilla/5.0 AppleWebKit/537.36 (KHTML, like Gecko; compatible; GPTBot/1.4; +https://openai.com/gptbot)" smileparadisedentals.com 10.36.254.103
74.7.227.158 - - [19/Aug/2026:12:17:16 -0600] "GET /sitemap_index.xml?path=//var/log/alt-php71-newrelic HTTP/2.0" 409 83 "https://smileparadisedentals.com/sitemap_index.xml?path=//var/log" "Mozilla/5.0 AppleWebKit/537.36 (KHTML, like Gecko; compatible; GPTBot/1.4; +https://openai.com/gptbot)" smileparadisedentals.com 10.36.254.103
74.7.241.33 - - [19/Aug/2026:12:17:17 -0600] "GET /?filesrc=//bin/ppmntsc&path=//bin HTTP/1.1" 409 83 "https://smileparadisedentals.faz.zew.mybluehostin.me/?path=//bin" "Mozilla/5.0 AppleWebKit/537.36 (KHTML, like Gecko; compatible; GPTBot/1.4; +https://openai.com/gptbot)" smileparadisedentals.faz.zew.mybluehostin.me 10.36.254.103
74.7.241.33 - - [19/Aug/2026:12:17:17 -0600] "GET /?filesrc=//bin/ppmntsc&path=//bin HTTP/2.0" 409 83 "https://smileparadisedentals.faz.zew.mybluehostin.me/?path=//bin" "Mozilla/5.0 AppleWebKit/537.36 (KHTML, like Gecko; compatible; GPTBot/1.4; +https://openai.com/gptbot)" smileparadisedentals.faz.zew.mybluehostin.me 10.36.254.103
74.7.241.33 - - [19/Aug/2026:12:18:21 -0600] "GET /?filesrc=//bin/prlimit&path=//bin HTTP/1.1" 409 83 "https://smileparadisedentals.faz.zew.mybluehostin.me/?path=//bin" "Mozilla/5.0 AppleWebKit/537.36 (KHTML, like Gecko; compatible; GPTBot/1.4; +https://openai.com/gptbot)" smileparadisedentals.faz.zew.mybluehostin.me 10.36.254.103
74.7.241.33 - - [19/Aug/2026:12:18:21 -0600] "GET /?filesrc=//bin/prlimit&path=//bin HTTP/2.0" 409 83 "https://smileparadisedentals.faz.zew.mybluehostin.me/?path=//bin" "Mozilla/5.0 AppleWebKit/537.36 (KHTML, like Gecko; compatible; GPTBot/1.4; +https://openai.com/gptbot)" smileparadisedentals.faz.zew.mybluehostin.me 10.36.254.103
74.7.227.158 - - [19/Aug/2026:12:18:22 -0600] "GET /sitemap_index.xml?path=//var/cache/libX11 HTTP/1.1" 409 83 "https://smileparadisedentals.com/sitemap_index.xml?path=//var/cache" "Mozilla/5.0 AppleWebKit/537.36 (KHTML, like Gecko; compatible; GPTBot/1.4; +https://openai.com/gptbot)" smileparadisedentals.com 10.36.254.103
74.7.227.158 - - [19/Aug/2026:12:18:22 -0600] "GET /sitemap_index.xml?path=//var/cache/libX11 HTTP/2.0" 409 83 "https://smileparadisedentals.com/sitemap_index.xml?path=//var/cache" "Mozilla/5.0 AppleWebKit/537.36 (KHTML, like Gecko; compatible; GPTBot/1.4; +https://openai.com/gptbot)" smileparadisedentals.com 10.36.254.103
74.7.241.33 - - [19/Aug/2026:12:19:24 -0600] "GET /?filesrc=//bin/pnmflip&path=//bin HTTP/1.1" 409 83 "https://smileparadisedentals.faz.zew.mybluehostin.me/?path=//bin" "Mozilla/5.0 AppleWebKit/537.36 (KHTML, like Gecko; compatible; GPTBot/1.4; +https://openai.com/gptbot)" smileparadisedentals.faz.zew.mybluehostin.me 10.36.254.103
74.7.241.33 - - [19/Aug/2026:12:19:24 -0600] "GET /?filesrc=//bin/pnmflip&path=//bin HTTP/2.0" 409 83 "https://smileparadisedentals.faz.zew.mybluehostin.me/?path=//bin" "Mozilla/5.0 AppleWebKit/537.36 (KHTML, like Gecko; compatible; GPTBot/1.4; +https://openai.com/gptbot)" smileparadisedentals.faz.zew.mybluehostin.me 10.36.254.103
74.7.227.158 - - [19/Aug/2026:12:19:27 -0600] "GET /sitemap_index.xml?path=//var/lib/dnf/repos/epel-c7df521793401cea HTTP/1.1" 409 83 "https://smileparadisedentals.com/sitemap_index.xml?path=//var/lib/dnf/repos" "Mozilla/5.0 AppleWebKit/537.36 (KHTML, like Gecko; compatible; GPTBot/1.4; +https://openai.com/gptbot)" smileparadisedentals.com 10.36.254.103
74.7.227.158 - - [19/Aug/2026:12:19:27 -0600] "GET /sitemap_index.xml?path=//var/lib/dnf/repos/epel-c7df521793401cea HTTP/2.0" 409 83 "https://smileparadisedentals.com/sitemap_index.xml?path=//var/lib/dnf/repos" "Mozilla/5.0 AppleWebKit/537.36 (KHTML, like Gecko; compatible; GPTBot/1.4; +https://openai.com/gptbot)" smileparadisedentals.com 10.36.254.103
74.7.241.33 - - [19/Aug/2026:12:20:28 -0600] "GET /?filesrc=//bin/crlutil&path=//bin HTTP/1.1" 409 83 "https://smileparadisedentals.faz.zew.mybluehostin.me/?path=//bin" "Mozilla/5.0 AppleWebKit/537.36 (KHTML, like Gecko; compatible; GPTBot/1.4; +https://openai.com/gptbot)" smileparadisedentals.faz.zew.mybluehostin.me 10.36.254.103
74.7.241.33 - - [19/Aug/2026:12:20:28 -0600] "GET /?filesrc=//bin/crlutil&path=//bin HTTP/2.0" 409 83 "https://smileparadisedentals.faz.zew.mybluehostin.me/?path=//bin" "Mozilla/5.0 AppleWebKit/537.36 (KHTML, like Gecko; compatible; GPTBot/1.4; +https://openai.com/gptbot)" smileparadisedentals.faz.zew.mybluehostin.me 10.36.254.103
74.7.227.158 - - [19/Aug/2026:12:20:29 -0600] "GET /sitemap_index.xml?path=//var/log/cbs HTTP/1.1" 409 83 "https://smileparadisedentals.com/sitemap_index.xml?path=//var/log" "Mozilla/5.0 AppleWebKit/537.36 (KHTML, like Gecko; compatible; GPTBot/1.4; +https://openai.com/gptbot)" smileparadisedentals.com 10.36.254.103
74.7.227.158 - - [19/Aug/2026:12:20:29 -0600] "GET /sitemap_index.xml?path=//var/log/cbs HTTP/2.0" 409 83 "https://smileparadisedentals.com/sitemap_index.xml?path=//var/log" "Mozilla/5.0 AppleWebKit/537.36 (KHTML, like Gecko; compatible; GPTBot/1.4; +https://openai.com/gptbot)" smileparadisedentals.com 10.36.254.103
74.7.241.33 - - [19/Aug/2026:12:21:28 -0600] "GET /?filesrc=//bin/pamtilt&path=//bin HTTP/1.1" 409 83 "https://smileparadisedentals.faz.zew.mybluehostin.me/?path=//bin" "Mozilla/5.0 AppleWebKit/537.36 (KHTML, like Gecko; compatible; GPTBot/1.4; +https://openai.com/gptbot)" smileparadisedentals.faz.zew.mybluehostin.me 10.36.254.103
74.7.241.33 - - [19/Aug/2026:12:21:28 -0600] "GET /?filesrc=//bin/pamtilt&path=//bin HTTP/2.0" 409 83 "https://smileparadisedentals.faz.zew.mybluehostin.me/?path=//bin" "Mozilla/5.0 AppleWebKit/537.36 (KHTML, like Gecko; compatible; GPTBot/1.4; +https://openai.com/gptbot)" smileparadisedentals.faz.zew.mybluehostin.me 10.36.254.103
74.7.227.158 - - [19/Aug/2026:12:21:33 -0600] "GET /sitemap_index.xml?path=//var/log/apache2 HTTP/1.1" 409 83 "https://smileparadisedentals.com/sitemap_index.xml?path=//var/log" "Mozilla/5.0 AppleWebKit/537.36 (KHTML, like Gecko; compatible; GPTBot/1.4; +https://openai.com/gptbot)" smileparadisedentals.com 10.36.254.103
74.7.227.158 - - [19/Aug/2026:12:21:33 -0600] "GET /sitemap_index.xml?path=//var/log/apache2 HTTP/2.0" 409 83 "https://smileparadisedentals.com/sitemap_index.xml?path=//var/log" "Mozilla/5.0 AppleWebKit/537.36 (KHTML, like Gecko; compatible; GPTBot/1.4; +https://openai.com/gptbot)" smileparadisedentals.com 10.36.254.103
74.7.241.33 - - [19/Aug/2026:12:22:33 -0600] "GET /?filesrc=//bin/setleds&path=//bin HTTP/1.1" 409 83 "https://smileparadisedentals.faz.zew.mybluehostin.me/?path=//bin" "Mozilla/5.0 AppleWebKit/537.36 (KHTML, like Gecko; compatible; GPTBot/1.4; +https://openai.com/gptbot)" smileparadisedentals.faz.zew.mybluehostin.me 10.36.254.103
74.7.241.33 - - [19/Aug/2026:12:22:33 -0600] "GET /?filesrc=//bin/setleds&path=//bin HTTP/2.0" 409 83 "https://smileparadisedentals.faz.zew.mybluehostin.me/?path=//bin" "Mozilla/5.0 AppleWebKit/537.36 (KHTML, like Gecko; compatible; GPTBot/1.4; +https://openai.com/gptbot)" smileparadisedentals.faz.zew.mybluehostin.me 10.36.254.103
74.7.227.158 - - [19/Aug/2026:12:22:37 -0600] "GET /sitemap_index.xml?path=//var/log/cpanel-server-traffic HTTP/1.1" 409 83 "https://smileparadisedentals.com/sitemap_index.xml?path=//var/log" "Mozilla/5.0 AppleWebKit/537.36 (KHTML, like Gecko; compatible; GPTBot/1.4; +https://openai.com/gptbot)" smileparadisedentals.com 10.36.254.103
74.7.227.158 - - [19/Aug/2026:12:22:37 -0600] "GET /sitemap_index.xml?path=//var/log/cpanel-server-traffic HTTP/2.0" 409 83 "https://smileparadisedentals.com/sitemap_index.xml?path=//var/log" "Mozilla/5.0 AppleWebKit/537.36 (KHTML, like Gecko; compatible; GPTBot/1.4; +https://openai.com/gptbot)" smileparadisedentals.com 10.36.254.103
74.7.241.33 - - [19/Aug/2026:12:23:35 -0600] "GET /?filesrc=//bin/icuinfo&path=//bin HTTP/1.1" 409 83 "https://smileparadisedentals.faz.zew.mybluehostin.me/?path=//bin" "Mozilla/5.0 AppleWebKit/537.36 (KHTML, like Gecko; compatible; GPTBot/1.4; +https://openai.com/gptbot)" smileparadisedentals.faz.zew.mybluehostin.me 10.36.254.103
74.7.241.33 - - [19/Aug/2026:12:23:35 -0600] "GET /?filesrc=//bin/icuinfo&path=//bin HTTP/2.0" 409 83 "https://smileparadisedentals.faz.zew.mybluehostin.me/?path=//bin" "Mozilla/5.0 AppleWebKit/537.36 (KHTML, like Gecko; compatible; GPTBot/1.4; +https://openai.com/gptbot)" smileparadisedentals.faz.zew.mybluehostin.me 10.36.254.103
74.7.227.158 - - [19/Aug/2026:12:23:39 -0600] "GET /sitemap_index.xml?path=//var/log/oracle-cloud-agent HTTP/1.1" 409 83 "https://smileparadisedentals.com/sitemap_index.xml?path=//var/log" "Mozilla/5.0 AppleWebKit/537.36 (KHTML, like Gecko; compatible; GPTBot/1.4; +https://openai.com/gptbot)" smileparadisedentals.com 10.36.254.103
74.7.227.158 - - [19/Aug/2026:12:23:39 -0600] "GET /sitemap_index.xml?path=//var/log/oracle-cloud-agent HTTP/2.0" 409 83 "https://smileparadisedentals.com/sitemap_index.xml?path=//var/log" "Mozilla/5.0 AppleWebKit/537.36 (KHTML, like Gecko; compatible; GPTBot/1.4; +https://openai.com/gptbot)" smileparadisedentals.com 10.36.254.103
74.7.241.33 - - [19/Aug/2026:12:24:41 -0600] "GET /?filesrc=//bin/unalias&path=//bin HTTP/1.1" 409 83 "https://smileparadisedentals.faz.zew.mybluehostin.me/?path=//bin" "Mozilla/5.0 AppleWebKit/537.36 (KHTML, like Gecko; compatible; GPTBot/1.4; +https://openai.com/gptbot)" smileparadisedentals.faz.zew.mybluehostin.me 10.36.254.103
74.7.241.33 - - [19/Aug/2026:12:24:41 -0600] "GET /?filesrc=//bin/unalias&path=//bin HTTP/2.0" 409 83 "https://smileparadisedentals.faz.zew.mybluehostin.me/?path=//bin" "Mozilla/5.0 AppleWebKit/537.36 (KHTML, like Gecko; compatible; GPTBot/1.4; +https://openai.com/gptbot)" smileparadisedentals.faz.zew.mybluehostin.me 10.36.254.103
74.7.227.158 - - [19/Aug/2026:12:24:43 -0600] "GET /sitemap_index.xml?path=//var/log/sw-cp-server HTTP/1.1" 409 83 "https://smileparadisedentals.com/sitemap_index.xml?path=//var/log" "Mozilla/5.0 AppleWebKit/537.36 (KHTML, like Gecko; compatible; GPTBot/1.4; +https://openai.com/gptbot)" smileparadisedentals.com 10.36.254.103
74.7.227.158 - - [19/Aug/2026:12:24:43 -0600] "GET /sitemap_index.xml?path=//var/log/sw-cp-server HTTP/2.0" 409 83 "https://smileparadisedentals.com/sitemap_index.xml?path=//var/log" "Mozilla/5.0 AppleWebKit/537.36 (KHTML, like Gecko; compatible; GPTBot/1.4; +https://openai.com/gptbot)" smileparadisedentals.com 10.36.254.103
74.7.241.33 - - [19/Aug/2026:12:25:46 -0600] "GET /?filesrc=//bin/freebcp&path=//bin HTTP/1.1" 200 8935 "https://smileparadisedentals.faz.zew.mybluehostin.me/?path=//bin" "Mozilla/5.0 AppleWebKit/537.36 (KHTML, like Gecko; compatible; GPTBot/1.4; +https://openai.com/gptbot)" smileparadisedentals.faz.zew.mybluehostin.me 10.36.254.103
74.7.241.33 - - [19/Aug/2026:12:25:46 -0600] "GET /?filesrc=//bin/freebcp&path=//bin HTTP/2.0" 200 8935 "https://smileparadisedentals.faz.zew.mybluehostin.me/?path=//bin" "Mozilla/5.0 AppleWebKit/537.36 (KHTML, like Gecko; compatible; GPTBot/1.4; +https://openai.com/gptbot)" smileparadisedentals.faz.zew.mybluehostin.me 10.36.254.103
74.7.227.158 - - [19/Aug/2026:12:25:48 -0600] "GET /sitemap_index.xml?path=//var/lib/dnf/repos/crb-12ba6db2b2cdbbb9 HTTP/1.1" 200 1748 "https://smileparadisedentals.com/sitemap_index.xml?path=//var/lib/dnf/repos" "Mozilla/5.0 AppleWebKit/537.36 (KHTML, like Gecko; compatible; GPTBot/1.4; +https://openai.com/gptbot)" smileparadisedentals.com 10.36.254.103
74.7.227.158 - - [19/Aug/2026:12:25:48 -0600] "GET /sitemap_index.xml?path=//var/lib/dnf/repos/crb-12ba6db2b2cdbbb9 HTTP/2.0" 200 1748 "https://smileparadisedentals.com/sitemap_index.xml?path=//var/lib/dnf/repos" "Mozilla/5.0 AppleWebKit/537.36 (KHTML, like Gecko; compatible; GPTBot/1.4; +https://openai.com/gptbot)" smileparadisedentals.com 10.36.254.103
74.7.241.33 - - [19/Aug/2026:12:26:48 -0600] "GET /?filesrc=//bin/rpcinfo&path=//bin HTTP/1.1" 200 13278 "https://smileparadisedentals.faz.zew.mybluehostin.me/?path=//bin" "Mozilla/5.0 AppleWebKit/537.36 (KHTML, like Gecko; compatible; GPTBot/1.4; +https://openai.com/gptbot)" smileparadisedentals.faz.zew.mybluehostin.me 10.36.254.103
74.7.241.33 - - [19/Aug/2026:12:26:48 -0600] "GET /?filesrc=//bin/rpcinfo&path=//bin HTTP/2.0" 200 13278 "https://smileparadisedentals.faz.zew.mybluehostin.me/?path=//bin" "Mozilla/5.0 AppleWebKit/537.36 (KHTML, like Gecko; compatible; GPTBot/1.4; +https://openai.com/gptbot)" smileparadisedentals.faz.zew.mybluehostin.me 10.36.254.103
74.7.227.158 - - [19/Aug/2026:12:26:50 -0600] "GET /sitemap_index.xml?path=//var/spool/anacron HTTP/1.1" 200 1765 "https://smileparadisedentals.com/sitemap_index.xml?path=//var/spool" "Mozilla/5.0 AppleWebKit/537.36 (KHTML, like Gecko; compatible; GPTBot/1.4; +https://openai.com/gptbot)" smileparadisedentals.com 10.36.254.103
74.7.227.158 - - [19/Aug/2026:12:26:50 -0600] "GET /sitemap_index.xml?path=//var/spool/anacron HTTP/2.0" 200 1765 "https://smileparadisedentals.com/sitemap_index.xml?path=//var/spool" "Mozilla/5.0 AppleWebKit/537.36 (KHTML, like Gecko; compatible; GPTBot/1.4; +https://openai.com/gptbot)" smileparadisedentals.com 10.36.254.103
162.214.80.130 - - [19/Aug/2026:12:27:46 -0600] "POST /wp-cron.php?doing_wp_cron=1787164066.2141959667205810546875 HTTP/1.1" 200 - "-" "WordPress/7.0.4; https://smileparadisedentals.com" smileparadisedentals.com 10.36.254.103
74.7.241.33 - - [19/Aug/2026:12:27:45 -0600] "GET /?filesrc=//bin/pamtris&path=//bin HTTP/1.1" 200 130099 "https://smileparadisedentals.faz.zew.mybluehostin.me/?path=//bin" "Mozilla/5.0 AppleWebKit/537.36 (KHTML, like Gecko; compatible; GPTBot/1.4; +https://openai.com/gptbot)" smileparadisedentals.faz.zew.mybluehostin.me 10.36.254.103
74.7.241.33 - - [19/Aug/2026:12:27:45 -0600] "GET /?filesrc=//bin/pamtris&path=//bin HTTP/2.0" 200 130099 "https://smileparadisedentals.faz.zew.mybluehostin.me/?path=//bin" "Mozilla/5.0 AppleWebKit/537.36 (KHTML, like Gecko; compatible; GPTBot/1.4; +https://openai.com/gptbot)" smileparadisedentals.faz.zew.mybluehostin.me 10.36.254.103
74.7.227.158 - - [19/Aug/2026:12:27:46 -0600] "GET /sitemap_index.xml?path=//var/spool/eig_backup HTTP/1.1" 200 1495 "https://smileparadisedentals.com/sitemap_index.xml?path=//var/spool" "Mozilla/5.0 AppleWebKit/537.36 (KHTML, like Gecko; compatible; GPTBot/1.4; +https://openai.com/gptbot)" smileparadisedentals.com 10.36.254.103
74.7.227.158 - - [19/Aug/2026:12:27:46 -0600] "GET /sitemap_index.xml?path=//var/spool/eig_backup HTTP/2.0" 200 1495 "https://smileparadisedentals.com/sitemap_index.xml?path=//var/spool" "Mozilla/5.0 AppleWebKit/537.36 (KHTML, like Gecko; compatible; GPTBot/1.4; +https://openai.com/gptbot)" smileparadisedentals.com 10.36.254.103
66.249.74.41 - - [19/Aug/2026:12:27:50 -0600] "GET /contact/ HTTP/1.1" 200 100121 "-" "Mozilla/5.0 (Linux; Android 6.0.1; Nexus 5X Build/MMB29P) AppleWebKit/537.36 (KHTML, like Gecko) Chrome/151.0.7922.137 Mobile Safari/537.36 (compatible; Googlebot/2.1; +http://www.google.com/bot.html)" smileparadisedentals.com 10.36.254.103
66.249.74.41 - - [19/Aug/2026:12:27:50 -0600] "GET /contact/ HTTP/1.1" 200 100121 "-" "Mozilla/5.0 (Linux; Android 6.0.1; Nexus 5X Build/MMB29P) AppleWebKit/537.36 (KHTML, like Gecko) Chrome/151.0.7922.137 Mobile Safari/537.36 (compatible; Googlebot/2.1; +http://www.google.com/bot.html)" smileparadisedentals.com 10.36.254.103
157.51.215.99 - - [19/Aug/2026:12:28:26 -0600] "GET /?filesrc=/home4/fazzewmy/public_html/smileparadisedentals/about.php&path=/home4/fazzewmy/public_html/smileparadisedentals HTTP/2.0" 200 1334 "-" "Mozilla/5.0 (X11; Linux x86_64) AppleWebKit/537.36 (KHTML, like Gecko) Chrome/129.0.0.0 Safari/537.36" www.smileparadisedentals.com 10.36.254.103
74.7.241.33 - - [19/Aug/2026:12:28:38 -0600] "GET /?filesrc=//bin/ntpfrob&path=//bin HTTP/1.1" 200 8766 "https://smileparadisedentals.faz.zew.mybluehostin.me/?path=//bin" "Mozilla/5.0 AppleWebKit/537.36 (KHTML, like Gecko; compatible; GPTBot/1.4; +https://openai.com/gptbot)" smileparadisedentals.faz.zew.mybluehostin.me 10.36.254.103
74.7.241.33 - - [19/Aug/2026:12:28:38 -0600] "GET /?filesrc=//bin/ntpfrob&path=//bin HTTP/2.0" 200 8766 "https://smileparadisedentals.faz.zew.mybluehostin.me/?path=//bin" "Mozilla/5.0 AppleWebKit/537.36 (KHTML, like Gecko; compatible; GPTBot/1.4; +https://openai.com/gptbot)" smileparadisedentals.faz.zew.mybluehostin.me 10.36.254.103
74.7.227.158 - - [19/Aug/2026:12:28:40 -0600] "GET /sitemap_index.xml?path=//var/log/eig_backup HTTP/1.1" 200 1537 "https://smileparadisedentals.com/sitemap_index.xml?path=//var/log" "Mozilla/5.0 AppleWebKit/537.36 (KHTML, like Gecko; compatible; GPTBot/1.4; +https://openai.com/gptbot)" smileparadisedentals.com 10.36.254.103
74.7.227.158 - - [19/Aug/2026:12:28:40 -0600] "GET /sitemap_index.xml?path=//var/log/eig_backup HTTP/2.0" 200 1537 "https://smileparadisedentals.com/sitemap_index.xml?path=//var/log" "Mozilla/5.0 AppleWebKit/537.36 (KHTML, like Gecko; compatible; GPTBot/1.4; +https://openai.com/gptbot)" smileparadisedentals.com 10.36.254.103
89.185.225.24 - - [19/Aug/2026:12:29:24 -0600] "GET /wp-login.php HTTP/2.0" 409 83 "-" "Mozilla/5.0 (Windows NT 10.0; Win64; x64) AppleWebKit/537.36 (KHTML, like Gecko) Chrome/149.0.0.0 Safari/537.36" smileparadisedentals.com 10.36.254.103
74.7.241.33 - - [19/Aug/2026:12:29:24 -0600] "GET /?filesrc=//bin/perlivp&path=//bin HTTP/1.1" 200 5749 "https://smileparadisedentals.faz.zew.mybluehostin.me/?path=//bin" "Mozilla/5.0 AppleWebKit/537.36 (KHTML, like Gecko; compatible; GPTBot/1.4; +https://openai.com/gptbot)" smileparadisedentals.faz.zew.mybluehostin.me 10.36.254.103
74.7.241.33 - - [19/Aug/2026:12:29:24 -0600] "GET /?filesrc=//bin/perlivp&path=//bin HTTP/2.0" 200 5749 "https://smileparadisedentals.faz.zew.mybluehostin.me/?path=//bin" "Mozilla/5.0 AppleWebKit/537.36 (KHTML, like Gecko; compatible; GPTBot/1.4; +https://openai.com/gptbot)" smileparadisedentals.faz.zew.mybluehostin.me 10.36.254.103
74.7.227.158 - - [19/Aug/2026:12:29:26 -0600] "GET /sitemap_index.xml?path=//var/log/eigshell_restores HTTP/1.1" 200 1546 "https://smileparadisedentals.com/sitemap_index.xml?path=//var/log" "Mozilla/5.0 AppleWebKit/537.36 (KHTML, like Gecko; compatible; GPTBot/1.4; +https://openai.com/gptbot)" smileparadisedentals.com 10.36.254.103
74.7.227.158 - - [19/Aug/2026:12:29:26 -0600] "GET /sitemap_index.xml?path=//var/log/eigshell_restores HTTP/2.0" 200 1546 "https://smileparadisedentals.com/sitemap_index.xml?path=//var/log" "Mozilla/5.0 AppleWebKit/537.36 (KHTML, like Gecko; compatible; GPTBot/1.4; +https://openai.com/gptbot)" smileparadisedentals.com 10.36.254.103
74.7.241.33 - - [19/Aug/2026:12:30:04 -0600] "GET /?filesrc=//bin/isosize&path=//bin HTTP/1.1" 200 6107 "https://smileparadisedentals.faz.zew.mybluehostin.me/?path=//bin" "Mozilla/5.0 AppleWebKit/537.36 (KHTML, like Gecko; compatible; GPTBot/1.4; +https://openai.com/gptbot)" smileparadisedentals.faz.zew.mybluehostin.me 10.36.254.103
74.7.241.33 - - [19/Aug/2026:12:30:04 -0600] "GET /?filesrc=//bin/isosize&path=//bin HTTP/2.0" 200 6107 "https://smileparadisedentals.faz.zew.mybluehostin.me/?path=//bin" "Mozilla/5.0 AppleWebKit/537.36 (KHTML, like Gecko; compatible; GPTBot/1.4; +https://openai.com/gptbot)" smileparadisedentals.faz.zew.mybluehostin.me 10.36.254.103
74.7.227.158 - - [19/Aug/2026:12:30:07 -0600] "GET /sitemap_index.xml?path=//var/lib/dnf/repos/baseos-47590113fc8e0ccc HTTP/1.1" 200 1755 "https://smileparadisedentals.com/sitemap_index.xml?path=//var/lib/dnf/repos" "Mozilla/5.0 AppleWebKit/537.36 (KHTML, like Gecko; compatible; GPTBot/1.4; +https://openai.com/gptbot)" smileparadisedentals.com 10.36.254.103
74.7.227.158 - - [19/Aug/2026:12:30:07 -0600] "GET /sitemap_index.xml?path=//var/lib/dnf/repos/baseos-47590113fc8e0ccc HTTP/2.0" 200 1755 "https://smileparadisedentals.com/sitemap_index.xml?path=//var/lib/dnf/repos" "Mozilla/5.0 AppleWebKit/537.36 (KHTML, like Gecko; compatible; GPTBot/1.4; +https://openai.com/gptbot)" smileparadisedentals.com 10.36.254.103
66.249.74.42 - - [19/Aug/2026:12:30:09 -0600] "GET /wp-content/themes/wb4wp-wordpress-theme-production/dist/navigation-5/navigation-5.css?ver=1.0.1314 HTTP/1.1" 200 3172 "https://smileparadisedentals.com/contact/" "Mozilla/5.0 (Linux; Android 6.0.1; Nexus 5X Build/MMB29P) AppleWebKit/537.36 (KHTML, like Gecko) Chrome/151.0.7922.137 Mobile Safari/537.36 (compatible; Googlebot/2.1; +http://www.google.com/bot.html)" smileparadisedentals.com 10.36.254.103
66.249.74.42 - - [19/Aug/2026:12:30:09 -0600] "GET /wp-content/themes/wb4wp-wordpress-theme-production/dist/navigation-5/navigation-5.js?ver=1.0.1314 HTTP/1.1" 200 2350 "https://smileparadisedentals.com/contact/" "Mozilla/5.0 (Linux; Android 6.0.1; Nexus 5X Build/MMB29P) AppleWebKit/537.36 (KHTML, like Gecko) Chrome/151.0.7922.137 Mobile Safari/537.36 (compatible; Googlebot/2.1; +http://www.google.com/bot.html)" smileparadisedentals.com 10.36.254.103
66.249.74.42 - - [19/Aug/2026:12:30:09 -0600] "GET /wp-content/plugins/chaty/js/cht-front-script.min.js?ver=3.6.01633971247 HTTP/1.1" 200 31999 "https://smileparadisedentals.com/contact/" "Mozilla/5.0 (Linux; Android 6.0.1; Nexus 5X Build/MMB29P) AppleWebKit/537.36 (KHTML, like Gecko) Chrome/151.0.7922.137 Mobile Safari/537.36 (compatible; Googlebot/2.1; +http://www.google.com/bot.html)" smileparadisedentals.com 10.36.254.103
66.249.74.41 - - [19/Aug/2026:12:30:09 -0600] "GET /wp-content/themes/wb4wp-wordpress-theme-production/dist/jetpack/jetpack.css?ver=1.0.1314 HTTP/1.1" 200 178 "https://smileparadisedentals.com/contact/" "Mozilla/5.0 (Linux; Android 6.0.1; Nexus 5X Build/MMB29P) AppleWebKit/537.36 (KHTML, like Gecko) Chrome/151.0.7922.137 Mobile Safari/537.36 (compatible; Googlebot/2.1; +http://www.google.com/bot.html)" smileparadisedentals.com 10.36.254.103
74.7.241.33 - - [19/Aug/2026:12:30:41 -0600] "GET /?filesrc=//bin/pamflip&path=//bin HTTP/1.1" 200 9610 "https://smileparadisedentals.faz.zew.mybluehostin.me/?path=//bin" "Mozilla/5.0 AppleWebKit/537.36 (KHTML, like Gecko; compatible; GPTBot/1.4; +https://openai.com/gptbot)" smileparadisedentals.faz.zew.mybluehostin.me 10.36.254.103
74.7.241.33 - - [19/Aug/2026:12:30:41 -0600] "GET /?filesrc=//bin/pamflip&path=//bin HTTP/2.0" 200 9610 "https://smileparadisedentals.faz.zew.mybluehostin.me/?path=//bin" "Mozilla/5.0 AppleWebKit/537.36 (KHTML, like Gecko; compatible; GPTBot/1.4; +https://openai.com/gptbot)" smileparadisedentals.faz.zew.mybluehostin.me 10.36.254.103
74.7.227.158 - - [19/Aug/2026:12:30:44 -0600] "GET /sitemap_index.xml?path=//var/spool/at HTTP/1.1" 200 1523 "https://smileparadisedentals.com/sitemap_index.xml?path=//var/spool" "Mozilla/5.0 AppleWebKit/537.36 (KHTML, like Gecko; compatible; GPTBot/1.4; +https://openai.com/gptbot)" smileparadisedentals.com 10.36.254.103
